-- Table structure for table `parts`
--

CREATE TABLE `parts` (
  `id` bigint(20) unsigned NOT NULL AUTO_INCREMENT,
  `name` varchar(255) COLLATE utf8mb4_unicode_ci NOT NULL,
  `description` longtext COLLATE utf8mb4_unicode_ci,
  `model_number` varchar(255) COLLATE utf8mb4_unicode_ci DEFAULT NULL,
  `tag` varchar(255) COLLATE utf8mb4_unicode_ci DEFAULT NULL,
  `price` decimal(15,2) DEFAULT NULL,
  `type` varchar(255) COLLATE utf8mb4_unicode_ci NOT NULL,
  `max_childs` int(11) DEFAULT NULL,
  `sort_index` int(11) DEFAULT NULL,
  `required` tinyint(1) DEFAULT '0',
  `code` varchar(255) COLLATE utf8mb4_unicode_ci DEFAULT NULL,
  `note` varchar(255) COLLATE utf8mb4_unicode_ci DEFAULT NULL,
  `created_at` timestamp NULL DEFAULT NULL,
  `updated_at` timestamp NULL DEFAULT NULL,
  `deleted_at` timestamp NULL DEFAULT NULL,
  PRIMARY KEY (`id`) USING BTREE
) ENGINE=InnoDB DEFAULT CHARSET=utf8mb4 COLLATE=utf8mb4_unicode_ci;

--
-- Dumping data for table `parts`
--


--
-- Table structure for table `password_resets`
--

CREATE TABLE `password_resets` (
  `email` varchar(255) COLLATE utf8mb4_unicode_ci NOT NULL,
  `token` varchar(255) COLLATE utf8mb4_unicode_ci NOT NULL,
  `created_at` timestamp NULL DEFAULT NULL,
  KEY `password_resets_email_index` (`email`) USING BTREE
) ENGINE=InnoDB DEFAULT CHARSET=utf8mb4 COLLATE=utf8mb4_unicode_ci;

--
-- Dumping data for table `password_resets`
--

INSERT INTO `password_resets` VALUES ('admin@admin.com','$2y$10$bULcTCNoAZ/LKaJ2.HDS2O9TY2TOo6NrVIauuKoZdUGjG1uGxr7Nm','2021-05-20 17:42:10'),('0664719862@ukr.net','$2y$10$NuiWEA1r0fztPR2bOmGSIuIzFrCKkExK7yp1aWExv/YXr90gN2Fre','2021-05-24 17:28:30'),('h2tpanelbuilder@gmail.com','$2y$10$gOFT.6MHgQ5KOHkD/Cie5.3jY6CvhzFj6XERnFyDK/CQgu2kwTKJm','2021-09-23 00:53:52'),('lkovalch@yahoo.com','$2y$10$HMonBaY0qXO9a3PBqRdgo.J48c.67sRO2jSy0.vILwUF1fBn9k9sa','2021-11-09 19:46:48'),('dbrown@aquaphoenixsci.com','$2y$10$30ggrGZ.VldFadTxXaG1reTuGulXSGv.pq7/qWaWGbGd2xxtydDm2','2021-11-11 17:15:13'),('bnagao@mechnicalchemistry.com','$2y$10$eadSzJ7a9Dd8Gd66haVQ..dHHi5eegByT7vYHD4LJ923LaXoMGGte','2021-11-11 23:16:37'),('backyardbrewlab@gmail.com','$2y$10$ENYQEpXPWRRLKWE2m44PZurKxtanAfzqLiOi31LgVuEnH46q9CxjK','2021-11-11 23:35:40'),('bpunt@jaytech.com','$2y$10$oxAr5I00F/pZckiKXnQTgu/oB9wr0bfK5MfQHpu8fjIqiG40APBg2','2021-11-23 09:01:54'),('taylor.wilson@vincitgroup.com','$2y$10$ZbAeg5clMglWBE9EpghXhu6fIApuQMFfyduEVU4I786tHlMs2Lb0u','2021-12-01 21:08:27'),('wlad202007@gmail.com','$2y$10$lVLYJkVZzDldlfr55f9CAumRpa.e.KAJIIHtsM.58C6X4IzPUaLYm','2021-12-15 19:28:17'),('gkong@barclaywater.com','$2y$10$NC73jZEzeIP43d0OqClJYe822R6BxTy80kw3aClLw4ck7QUATmowK','2022-01-08 18:32:30'),('jharrelson@kroff.com','$2y$10$olnJjwmPmqUaZKKcfqUuSOK7UdYGAXL8PDdviJQdDyFqxDXs03wUa','2022-01-09 19:31:01'),('cowboys@awt.com','$2y$10$.hClvOjT6INuF.qUmC3I8uAlAtJ/F747XBq4RLkn9.kjsp0APcVe.','2022-02-15 00:02:59'),('chris.roberts@apollowaterservices.com','$2y$10$QccCRfjWdY6FEXnKFTgqlOoIeIavIM4cin8mxJRKRa7OJxmGg.GLS','2022-03-08 06:17:51'),('romanantoniv8@gmail.com','$2y$10$2YCjISoZ8Euj1Dn6dV3G7eQNrLXxn0lOgGP6BxsHkpgnollsoWbY6','2022-03-30 23:01:35'),('mike.walrath@apollowaterservices.com','$2y$10$V.bUCSIthn8I3j.j1keExe9iGTWvs8On1sIpYeDWVW7IXRYYcf4k.','2022-06-06 22:44:51'),('eservice@gothamtechnologiesinc.com','$2y$10$18sYZTz68EaIZw22tVc5ceEm6f9Q3zMlunlPX8rGWbSD22VRh7Uby','2022-08-18 15:38:02'),('wtabor@aquasolutionswc.com','$2y$10$noljT9eV9HT2L96yk3DbvOtEr96WU27V4K4jHb.krMaYLNfqVpCw.','2022-09-17 11:26:03'),('abryant@aquaphoenixsci.com','$2y$10$u5mmMqnW/X5uAV6oTcObGOK20JeYUIn61E4.uu6fRbbZDHmtqidYe','2022-10-19 01:45:21'),('dkarr@aquaphoenixsci.com','$2y$10$If4/ii/HaA/IvYibrIiu8OUEkUSBWIIILeZYYJlop/UJUe.6z9trq','2022-12-19 21:21:28'),('tsegov89@gmail.com','$2y$10$0w68dTK7yYQp6zdpLjIWveBAMUuK7HryaJkyBHAnXX16UYHvkUzQO','2023-01-04 19:24:02'),('tsegovia@aquaphoenixsci.com','$2y$10$nZAQNZJlXbEvoSLZqlyhS.dVhnfuFzh7Z3RbDbJvmKgLfCnW.TEJS','2023-01-06 00:59:24'),('jgouge@lonewolftech.com','$2y$10$veru1xT7.Yv2Za.mt5SOK.Ak2JBH0SwUapU9Rs2h5v7gtq3iiKZa2','2023-02-23 01:29:59'),('mike@chemicalsystemsinc.com','$2y$10$6.w1QaYCSqcpmDFHv3mFieBEHN4piR7/iOnAuUJkvYWgDx3OKRIp6','2023-04-11 01:11:23'),('rwiedner@accomn.com','$2y$10$P8zpwKeSNtxri5xI9.EZBOqQbvpFD.CJiaB66m0vnU76QoSFNds62','2023-04-25 01:40:54');

--
-- Table structure for table `permission_role`
--

CREATE TABLE `permission_role` (
  `role_id` bigint(20) unsigned NOT NULL,
  `permission_id` bigint(20) unsigned NOT NULL,
  KEY `role_id_fk_3645516` (`role_id`) USING BTREE,
  KEY `permission_id_fk_3645516` (`permission_id`) USING BTREE,
  CONSTRAINT `permission_id_fk_3645516` FOREIGN KEY (`permission_id`) REFERENCES `permissions` (`id`) ON DELETE CASCADE,
  CONSTRAINT `role_id_fk_3645516` FOREIGN KEY (`role_id`) REFERENCES `roles` (`id`) ON DELETE CASCADE
) ENGINE=InnoDB DEFAULT CHARSET=utf8mb4 COLLATE=utf8mb4_unicode_ci;

--
-- Dumping data for table `permission_role`
--

INSERT INTO `permission_role` VALUES (1,1),(1,2),(1,3),(1,4),(1,5),(1,6),(1,7),(1,8),(1,9),(1,10),(1,11),(1,12),(1,13),(1,14),(1,15),(1,16),(1,17),(1,18),(1,19),(1,20),(1,21),(1,22),(1,23),(1,24),(1,25),(1,26),(1,27),(1,28),(1,29),(1,30),(1,31),(1,32),(1,33),(1,34),(1,35),(1,36),(1,37),(1,38),(1,39),(1,40),(1,41),(1,42),(1,43),(1,44),(1,45),(1,46),(1,47),(1,48),(1,49),(1,50),(1,51),(1,52),(1,53),(1,54),(1,55),(1,56),(1,57),(1,58),(1,59),(1,60),(1,61),(1,62),(1,63),(1,64),(1,65),(1,66),(1,67),(1,68),(1,69),(1,70),(1,71),(1,72),(2,17),(2,18),(2,19),(2,20),(2,21),(2,22),(2,25),(2,27),(2,28),(2,29),(2,30),(2,31),(2,32),(2,33),(2,34),(2,36),(2,39),(2,41),(2,44),(2,46),(2,49),(2,50),(2,51),(2,53),(2,54),(2,55),(2,56),(2,59),(2,61),(2,63),(2,64),(2,65),(2,66),(2,69),(2,71),(2,72),(3,1),(3,2),(3,3),(3,4),(3,5),(3,6),(3,7),(3,8),(3,9),(3,10),(3,11),(3,12),(3,13),(3,14),(3,15),(3,16),(3,17),(3,18),(3,19),(3,20),(3,21),(3,22),(3,23),(3,24),(3,25),(3,26),(3,27),(3,28),(3,29),(3,30),(3,31),(3,32),(3,33),(3,34),(3,35),(3,36),(3,37),(3,38),(3,39),(3,40),(3,41),(3,42),(3,43),(3,44),(3,45),(3,46),(3,47),(3,48),(3,49),(3,50),(3,51),(3,52),(3,53),(3,54),(3,55),(3,56),(3,57),(3,58),(3,59),(3,60),(3,61),(3,62),(3,63),(3,64),(3,65),(3,66),(3,67),(3,68),(3,69),(3,70),(3,71),(3,72),(4,1),(4,2),(4,3),(4,4),(4,5),(4,6),(4,7),(4,8),(4,9),(4,10),(4,11),(4,12),(4,13),(4,14),(4,15),(4,16),(4,17),(4,18),(4,19),(4,20),(4,21),(4,22),(4,23),(4,24),(4,25),(4,26),(4,27),(4,28),(4,29),(4,30),(4,31),(4,32),(4,33),(4,34),(4,35),(4,36),(4,37),(4,38),(4,39),(4,40),(4,41),(4,42),(4,43),(4,44),(4,45),(4,46),(4,47),(4,48),(4,49),(4,50),(4,51),(4,52),(4,53),(4,54),(4,55),(4,56),(4,57),(4,58),(4,59),(4,60),(4,61),(4,62),(4,63),(4,64),(4,65),(4,66),(4,67),(4,68),(4,69),(4,70),(4,71),(4,72),(4,74),(4,75),(4,76),(4,77),(4,78),(1,74),(1,75),(1,76),(1,77),(1,78);

--
-- Table structure for table `permissions`
--

CREATE TABLE `permissions` (
  `id` bigint(20) unsigned NOT NULL AUTO_INCREMENT,
  `title` varchar(255) COLLATE utf8mb4_unicode_ci DEFAULT NULL,
  `created_at` timestamp NULL DEFAULT NULL,
  `updated_at` timestamp NULL DEFAULT NULL,
  `deleted_at` timestamp NULL DEFAULT NULL,
  PRIMARY KEY (`id`) USING BTREE
) ENGINE=InnoDB AUTO_INCREMENT=79 DEFAULT CHARSET=utf8mb4 COLLATE=utf8mb4_unicode_ci;

--
-- Dumping data for table `permissions`
--

INSERT INTO `permissions` VALUES (1,'user_management_access',NULL,NULL,NULL),(2,'permission_create',NULL,NULL,NULL),(3,'permission_edit',NULL,NULL,NULL),(4,'permission_show',NULL,NULL,NULL),(5,'permission_delete',NULL,NULL,NULL),(6,'permission_access',NULL,NULL,NULL),(7,'role_create',NULL,NULL,NULL),(8,'role_edit',NULL,NULL,NULL),(9,'role_show',NULL,NULL,NULL),(10,'role_delete',NULL,NULL,NULL),(11,'role_access',NULL,NULL,NULL),(12,'user_create',NULL,NULL,NULL),(13,'user_edit',NULL,NULL,NULL),(14,'user_show',NULL,NULL,NULL),(15,'user_delete',NULL,NULL,NULL),(16,'user_access',NULL,NULL,NULL),(17,'quotes_management_access',NULL,NULL,NULL),(18,'quote_create',NULL,NULL,NULL),(19,'quote_edit',NULL,NULL,NULL),(20,'quote_show',NULL,NULL,NULL),(21,'quote_delete',NULL,NULL,NULL),(22,'quote_access',NULL,NULL,NULL),(23,'organization_create',NULL,NULL,NULL),(24,'organization_edit',NULL,NULL,NULL),(25,'organization_show',NULL,NULL,NULL),(26,'organization_delete',NULL,NULL,NULL),(27,'organization_access',NULL,NULL,NULL),(28,'part_create',NULL,NULL,NULL),(29,'part_edit',NULL,NULL,NULL),(30,'part_show',NULL,NULL,NULL),(31,'part_delete',NULL,NULL,NULL),(32,'part_access',NULL,NULL,NULL),(33,'manufacturer_create',NULL,NULL,NULL),(34,'manufacturer_edit',NULL,NULL,NULL),(35,'manufacturer_delete',NULL,NULL,NULL),(36,'manufacturer_access',NULL,NULL,NULL),(37,'panel_controller_create',NULL,NULL,NULL),(38,'panel_controller_edit',NULL,NULL,NULL),(39,'panel_controller_show',NULL,NULL,NULL),(40,'panel_controller_delete',NULL,NULL,NULL),(41,'panel_controller_access',NULL,NULL,NULL),(42,'card_create',NULL,NULL,NULL),(43,'card_edit',NULL,NULL,NULL),(44,'card_show',NULL,NULL,NULL),(45,'card_delete',NULL,NULL,NULL),(46,'card_access',NULL,NULL,NULL),(47,'sensor_create',NULL,NULL,NULL),(48,'sensor_edit',NULL,NULL,NULL),(49,'sensor_show',NULL,NULL,NULL),(50,'sensor_delete',NULL,NULL,NULL),(51,'sensor_access',NULL,NULL,NULL),(52,'panel_option_create',NULL,NULL,NULL),(53,'panel_option_edit',NULL,NULL,NULL),(54,'panel_option_show',NULL,NULL,NULL),(55,'panel_option_delete',NULL,NULL,NULL),(56,'panel_option_access',NULL,NULL,NULL),(57,'discount_profile_create',NULL,NULL,NULL),(58,'discount_profile_edit',NULL,NULL,NULL),(59,'discount_profile_show',NULL,NULL,NULL),(60,'discount_profile_delete',NULL,NULL,NULL),(61,'discount_profile_access',NULL,NULL,NULL),(62,'accessory_create',NULL,NULL,NULL),(63,'accessory_edit',NULL,NULL,NULL),(64,'accessory_show',NULL,NULL,NULL),(65,'accessory_delete',NULL,NULL,NULL),(66,'accessory_access',NULL,NULL,NULL),(67,'category_create',NULL,NULL,NULL),(68,'category_edit',NULL,NULL,NULL),(69,'category_show',NULL,NULL,NULL),(70,'category_delete',NULL,NULL,NULL),(71,'category_access',NULL,NULL,NULL),(72,'profile_password_edit',NULL,NULL,NULL),(73,'Test','2021-05-19 16:46:00','2021-05-19 16:46:27','2021-05-19 16:46:27'),(74,'plugin_access','2021-06-28 22:46:00','2021-06-28 22:46:00',NULL),(75,'plugin_edit','2021-06-28 22:46:05','2021-06-28 22:46:05',NULL),(76,'plugin_delete','2021-06-28 22:46:09','2021-06-28 22:46:09',NULL),(77,'plugin_show','2021-06-28 22:46:18','2021-06-28 22:46:18',NULL),(78,'plugin_create','2021-06-28 22:46:36','2021-06-28 22:46:36',NULL);

--
-- Table structure for table `personal_access_tokens`
--

CREATE TABLE `personal_access_tokens` (
  `id` bigint(20) unsigned NOT NULL AUTO_INCREMENT,
  `tokenable_type` varchar(255) COLLATE utf8mb4_unicode_ci NOT NULL,
  `tokenable_id` bigint(20) unsigned NOT NULL,
  `name` varchar(255) COLLATE utf8mb4_unicode_ci NOT NULL,
  `token` varchar(64) COLLATE utf8mb4_unicode_ci NOT NULL,
  `abilities` text COLLATE utf8mb4_unicode_ci,
  `last_used_at` timestamp NULL DEFAULT NULL,
  `created_at` timestamp NULL DEFAULT NULL,
  `updated_at` timestamp NULL DEFAULT NULL,
  PRIMARY KEY (`id`) USING BTREE,
  UNIQUE KEY `personal_access_tokens_token_unique` (`token`) USING BTREE,
  KEY `personal_access_tokens_tokenable_type_tokenable_id_index` (`tokenable_type`,`tokenable_id`) USING BTREE
) ENGINE=InnoDB AUTO_INCREMENT=15 DEFAULT CHARSET=utf8mb4 COLLATE=utf8mb4_unicode_ci;

--
-- Dumping data for table `personal_access_tokens`
--

INSERT INTO `personal_access_tokens` VALUES (1,'App\\Models\\User',1,'api_access','4c39748a9d99d200383fa196b71789f7e410aeba53feed42fccb3ce08e30b2e9','[\"*\"]',NULL,'2021-04-19 05:03:00','2021-04-19 05:03:00'),(2,'App\\Models\\User',1,'api_access','9d7aa660646e12dd3916c4e5367853fca59639b3eb95c73d02763078b563a904','[\"*\"]',NULL,'2021-04-19 05:03:11','2021-04-19 05:03:11'),(3,'App\\Models\\User',1,'api_access','6cd62d11558d8cc292acbc66b2a348e23917d7782b7b7854a3de994151a663f1','[\"*\"]',NULL,'2021-04-19 14:53:09','2021-04-19 14:53:09'),(4,'App\\Models\\User',1,'api_access','8135db5e48f862f05e4cbda8146ff504530bd47298bceda316c4e8bf520dd5aa','[\"*\"]',NULL,'2021-04-20 05:09:31','2021-04-20 05:09:31'),(5,'App\\Models\\User',1,'API','86192e0d09d379b2f586330d09e57042510614065b6569ed63b60cd916033e44','[\"*\"]',NULL,'2021-04-20 06:50:23','2021-04-20 06:50:23'),(6,'App\\Models\\User',1,'API','badc271dea10c1692f36173663e84d4b7a5976f572b5b325e86bc183382a9187','[\"*\"]',NULL,'2021-04-20 06:51:04','2021-04-20 06:51:04'),(7,'App\\Models\\User',1,'API','3f24232fb03e6377dc610bbbebbaf063a2b4e1502f7f62ac1df60f4396542be6','[\"*\"]',NULL,'2021-04-20 06:51:48','2021-04-20 06:51:48'),(8,'App\\Models\\User',1,'API','42b1c67ba9910b1ee3fdd8e91d4112a457fe6303628c6dd4ac9c4d0cebd2197f','[\"*\"]',NULL,'2021-04-20 06:52:28','2021-04-20 06:52:28'),(9,'App\\Models\\User',1,'API','922c14615e1b890891c9b2fc622c435b432850c3ed65164f3a6249f35888c91c','[\"*\"]',NULL,'2021-04-20 06:54:10','2021-04-20 06:54:10'),(10,'App\\Models\\User',1,'API','6b76b0e541ed77d9dd536ce4b7a1b852d8c5a5bd42b8a96252da46324dc39b00','[\"*\"]',NULL,'2021-04-20 06:54:16','2021-04-20 06:54:16'),(11,'App\\Models\\User',1,'API','152ce71612a1ca3a053a3e6c93f2f5dba407743f9ccf333c386f1901d6211b06','[\"*\"]',NULL,'2021-04-20 06:56:40','2021-04-20 06:56:40'),(12,'App\\Models\\User',1,'API','8e636d9008c2bb44117a60389accc994fd5acdd68b1d1bc6b21645b352ed944a','[\"*\"]',NULL,'2021-04-20 06:58:02','2021-04-20 06:58:02'),(13,'users',9,'api_access','f1d7508ec0f4c51618d8a8d6cf96defe30e15326fb20418e99fd2cdb1f7e9dea','[\"*\"]',NULL,'2021-05-11 12:35:22','2021-05-11 12:35:22'),(14,'users',9,'api_access','5fd1717c209f2013f43da0f566dc008c74fd0a912bf134a4494688c0c4390c60','[\"*\"]',NULL,'2021-05-11 12:35:35','2021-05-11 12:35:35');

--
-- Table structure for table `pluginable`
--

CREATE TABLE `pluginable` (
  `id` bigint(20) unsigned NOT NULL AUTO_INCREMENT,
  `pluginable_id` int(10) DEFAULT NULL,
  `pluginable_type` varchar(255) COLLATE utf8mb4_unicode_ci DEFAULT NULL,
  `plugin_id` int(10) NOT NULL,
  `number` int(10) DEFAULT '1',
  `created_at` timestamp NULL DEFAULT NULL,
  `updated_at` timestamp NULL DEFAULT NULL,
  `deleted_at` timestamp NULL DEFAULT NULL,
  PRIMARY KEY (`id`) USING BTREE
) ENGINE=InnoDB DEFAULT CHARSET=utf8mb4 COLLATE=utf8mb4_unicode_ci;

--
-- Dumping data for table `pluginable`
--


--
-- Table structure for table `pluginables`
--

CREATE TABLE `pluginables` (
  `id` bigint(20) unsigned NOT NULL AUTO_INCREMENT,
  `pluginable_id` int(10) DEFAULT NULL,
  `pluginable_type` varchar(255) COLLATE utf8mb4_unicode_ci DEFAULT NULL,
  `plugin_id` int(10) NOT NULL,
  `number` int(10) DEFAULT '1',
  `created_at` timestamp NULL DEFAULT NULL,
  `updated_at` timestamp NULL DEFAULT NULL,
  `deleted_at` timestamp NULL DEFAULT NULL,
  PRIMARY KEY (`id`) USING BTREE
) ENGINE=InnoDB AUTO_INCREMENT=330 DEFAULT CHARSET=utf8mb4 COLLATE=utf8mb4_unicode_ci;

--
-- Dumping data for table `pluginables`
--

INSERT INTO `pluginables` VALUES (24,5,'cards',1,1,'2021-06-29 15:51:53','2021-06-29 15:54:13','2021-06-29 15:54:13'),(25,5,'cards',1,7,'2021-06-29 15:52:16','2021-06-29 15:54:13','2021-06-29 15:54:13'),(26,5,'cards',1,7,'2021-06-29 15:54:13','2021-06-29 15:54:29','2021-06-29 15:54:29'),(27,5,'cards',1,7,'2021-06-29 15:54:29','2021-06-29 15:55:18','2021-06-29 15:55:18'),(28,5,'cards',1,7,'2021-06-29 15:55:18','2021-06-29 16:00:08','2021-06-29 16:00:08'),(29,5,'cards',1,5,'2021-06-29 16:00:08','2021-06-29 16:04:08','2021-06-29 16:04:08'),(30,5,'cards',2,3,'2021-06-29 16:00:08','2021-06-29 16:04:08','2021-06-29 16:04:08'),(31,5,'cards',1,5,'2021-06-29 16:04:08','2021-06-29 16:10:46','2021-06-29 16:10:46'),(32,5,'cards',2,9,'2021-06-29 16:04:08','2021-06-29 16:10:46','2021-06-29 16:10:46'),(33,5,'cards',5,1,'2021-06-29 16:10:46','2021-06-29 16:13:54','2021-06-29 16:13:54'),(34,5,'cards',2,13,'2021-06-29 16:10:46','2021-06-29 16:13:54','2021-06-29 16:13:54'),(35,5,'cards',1,5,'2021-06-29 16:10:47','2021-06-29 16:13:54','2021-06-29 16:13:54'),(36,5,'cards',2,9,'2021-06-29 16:10:47','2021-06-29 16:13:54','2021-06-29 16:13:54'),(37,5,'cards',5,1,'2021-06-29 16:13:54','2021-06-29 18:03:59','2021-06-29 18:03:59'),(38,5,'cards',5,1,'2021-06-29 16:13:54','2021-06-29 18:03:59','2021-06-29 18:03:59'),(39,5,'cards',2,13,'2021-06-29 16:13:54','2021-06-29 18:03:59','2021-06-29 18:03:59'),(40,5,'cards',1,5,'2021-06-29 16:13:54','2021-06-29 18:03:59','2021-06-29 18:03:59'),(41,5,'cards',2,9,'2021-06-29 16:13:54','2021-06-29 18:03:59','2021-06-29 18:03:59'),(42,10,'cards',2,1,'2021-06-29 16:14:06','2021-06-29 18:04:32','2021-06-29 18:04:32'),(43,78,'sensors',2,2,'2021-06-29 16:14:52','2021-06-29 18:16:50','2021-06-29 18:16:50'),(44,5,'cards',2,2,'2021-06-29 18:03:59','2021-06-29 18:29:46','2021-06-29 18:29:46'),(45,29,'cards',1,6,'2021-06-29 18:04:11','2021-07-15 18:01:23','2021-07-15 18:01:23'),(46,11,'cards',1,4,'2021-06-29 18:04:22','2021-10-13 01:23:49','2021-10-13 01:23:49'),(47,10,'cards',1,2,'2021-06-29 18:04:32','2021-10-13 01:23:59','2021-10-13 01:23:59'),(48,30,'cards',1,1,'2021-06-29 18:07:26','2021-06-29 18:21:41','2021-06-29 18:21:41'),(49,30,'cards',4,4,'2021-06-29 18:07:26','2021-06-29 18:21:41','2021-06-29 18:21:41'),(50,31,'cards',4,2,'2021-06-29 18:14:01','2021-10-13 01:24:16','2021-10-13 01:24:16'),(51,32,'cards',4,4,'2021-06-29 18:14:10','2021-10-13 01:24:25','2021-10-13 01:24:25'),(52,33,'cards',6,2,'2021-06-29 18:14:50','2021-10-13 01:24:35','2021-10-13 01:24:35'),(53,9,'cards',1,1,'2021-06-29 18:15:17','2021-07-14 20:20:41','2021-07-14 20:20:41'),(54,9,'cards',2,1,'2021-06-29 18:15:17','2021-07-14 20:20:41','2021-07-14 20:20:41'),(55,6,'cards',2,1,'2021-06-29 18:15:28','2021-07-14 20:25:38','2021-07-14 20:25:38'),(56,34,'cards',1,2,'2021-06-29 18:15:35','2021-11-02 17:17:40','2021-11-02 17:17:40'),(57,78,'sensors',2,1,'2021-06-29 18:16:50','2021-06-29 18:30:57','2021-06-29 18:30:57'),(58,54,'sensors',2,1,'2021-06-29 18:17:02','2021-07-14 20:11:19','2021-07-14 20:11:19'),(59,40,'sensors',2,1,'2021-06-29 18:17:12','2021-07-14 20:11:37','2021-07-14 20:11:37'),(60,32,'sensors',2,1,'2021-06-29 18:17:22','2021-12-14 21:38:18','2021-12-14 21:38:18'),(61,61,'sensors',1,1,'2021-06-29 18:17:43','2021-06-29 18:32:48','2021-06-29 18:32:48'),(62,62,'sensors',1,1,'2021-06-29 18:17:48','2021-06-29 18:32:54','2021-06-29 18:32:54'),(63,64,'sensors',1,2,'2021-06-29 18:17:56','2021-07-12 18:18:25','2021-07-12 18:18:25'),(64,66,'sensors',1,1,'2021-06-29 18:18:06','2021-06-29 18:33:02','2021-06-29 18:33:02'),(65,67,'sensors',1,1,'2021-06-29 18:18:14','2021-06-29 18:33:10','2021-06-29 18:33:10'),(66,68,'sensors',1,1,'2021-06-29 18:18:22','2021-07-15 18:14:27','2021-07-15 18:14:27'),(67,69,'sensors',1,1,'2021-06-29 18:18:26','2021-07-15 18:14:35','2021-07-15 18:14:35'),(68,70,'sensors',1,1,'2021-06-29 18:18:31','2021-07-15 18:14:39','2021-07-15 18:14:39'),(69,71,'sensors',1,1,'2021-06-29 18:18:36','2021-07-15 18:14:42','2021-07-15 18:14:42'),(70,72,'sensors',1,1,'2021-06-29 18:18:43','2021-07-15 18:14:46','2021-07-15 18:14:46'),(71,30,'cards',1,2,'2021-06-29 18:21:41','2021-10-13 01:24:06','2021-10-13 01:24:06'),(72,30,'cards',4,4,'2021-06-29 18:21:41','2021-10-13 01:24:06','2021-10-13 01:24:06'),(73,46,'sensors',6,2,'2021-06-29 18:23:17','2021-06-29 18:23:31','2021-06-29 18:23:31'),(74,46,'sensors',6,1,'2021-06-29 18:23:31','2021-11-12 21:37:51','2021-11-12 21:37:51'),(75,55,'sensors',6,2,'2021-06-29 18:23:51','2021-11-12 21:38:00','2021-11-12 21:38:00'),(76,5,'cards',2,2,'2021-06-29 18:29:46','2021-07-15 01:19:35','2021-07-15 01:19:35'),(77,56,'sensors',2,1,'2021-06-29 18:30:27','2021-07-27 00:22:42','2021-07-27 00:22:42'),(78,78,'sensors',2,1,'2021-06-29 18:30:57','2021-07-14 20:11:26','2021-07-14 20:11:26'),(79,57,'sensors',2,1,'2021-06-29 18:32:01','2021-07-15 01:21:00','2021-07-15 01:21:00'),(80,77,'sensors',2,1,'2021-06-29 18:32:10','2021-06-29 18:32:34','2021-06-29 18:32:34'),(81,77,'sensors',2,1,'2021-06-29 18:32:34','2021-11-13 00:12:12','2021-11-13 00:12:12'),(82,61,'sensors',1,1,'2021-06-29 18:32:48','2021-07-12 18:18:14','2021-07-12 18:18:14'),(83,62,'sensors',1,1,'2021-06-29 18:32:54','2021-07-15 01:21:39','2021-07-15 01:21:39'),(84,66,'sensors',1,1,'2021-06-29 18:33:02','2021-06-29 18:34:04','2021-06-29 18:34:04'),(85,67,'sensors',1,1,'2021-06-29 18:33:10','2021-06-29 18:34:22','2021-06-29 18:34:22'),(86,66,'sensors',1,1,'2021-06-29 18:34:04','2021-07-15 01:03:40','2021-07-15 01:03:40'),(87,67,'sensors',1,1,'2021-06-29 18:34:22','2021-07-15 01:03:52','2021-07-15 01:03:52'),(88,61,'sensors',1,1,'2021-07-12 18:18:14','2021-07-15 01:21:27','2021-07-15 01:21:27'),(89,64,'sensors',1,2,'2021-07-12 18:18:25','2021-07-15 18:04:35','2021-07-15 18:04:35'),(90,54,'sensors',2,1,'2021-07-14 20:11:19','2021-07-14 20:17:51','2021-07-14 20:17:51'),(91,78,'sensors',2,1,'2021-07-14 20:11:27','2021-07-14 20:31:44','2021-07-14 20:31:44'),(92,40,'sensors',2,1,'2021-07-14 20:11:37','2021-07-14 20:31:56','2021-07-14 20:31:56'),(93,54,'sensors',2,1,'2021-07-14 20:17:51','2021-07-27 21:30:16','2021-07-27 21:30:16'),(94,9,'cards',2,1,'2021-07-14 20:20:41','2021-07-14 20:23:23','2021-07-14 20:23:23'),(95,9,'cards',1,1,'2021-07-14 20:20:41','2021-07-14 20:23:23','2021-07-14 20:23:23'),(96,9,'cards',1,1,'2021-07-14 20:23:23','2021-07-14 20:24:23','2021-07-14 20:24:23'),(97,9,'cards',2,2,'2021-07-14 20:23:23','2021-07-14 20:24:23','2021-07-14 20:24:23'),(98,9,'cards',1,1,'2021-07-14 20:24:23','2021-07-14 20:25:38','2021-07-14 20:25:38'),(99,9,'cards',2,1,'2021-07-14 20:24:23','2021-07-14 20:25:38','2021-07-14 20:25:38'),(100,6,'cards',2,1,'2021-07-14 20:25:38','2021-07-14 20:34:38','2021-07-14 20:34:38'),(101,9,'cards',2,1,'2021-07-14 20:25:38','2021-07-14 20:34:38','2021-07-14 20:34:38'),(102,9,'cards',1,1,'2021-07-14 20:25:38','2021-07-14 20:34:38','2021-07-14 20:34:38'),(103,78,'sensors',2,1,'2021-07-14 20:31:44','2021-11-12 23:57:02','2021-11-12 23:57:02'),(104,40,'sensors',2,1,'2021-07-14 20:31:56','2021-08-10 23:01:22','2021-08-10 23:01:22'),(105,9,'cards',2,1,'2021-07-14 20:34:38','2021-07-14 20:36:50','2021-07-14 20:36:50'),(106,6,'cards',2,1,'2021-07-14 20:34:38','2021-07-22 21:45:45','2021-07-22 21:45:45'),(107,9,'cards',1,1,'2021-07-14 20:34:38','2021-07-14 20:36:50','2021-07-14 20:36:50'),(108,9,'cards',2,2,'2021-07-14 20:36:50','2021-07-14 20:37:42','2021-07-14 20:37:42'),(109,9,'cards',1,2,'2021-07-14 20:36:50','2021-07-14 20:37:42','2021-07-14 20:37:42'),(110,9,'cards',2,3,'2021-07-14 20:37:42','2021-07-14 20:37:55','2021-07-14 20:37:55'),(111,9,'cards',1,3,'2021-07-14 20:37:42','2021-07-14 20:37:55','2021-07-14 20:37:55'),(112,9,'cards',2,1,'2021-07-14 20:37:55','2021-07-15 01:24:41','2021-07-15 01:24:41'),(113,9,'cards',1,1,'2021-07-14 20:37:55','2021-07-15 01:24:41','2021-07-15 01:24:41'),(114,66,'sensors',1,1,'2021-07-15 01:03:40','2021-11-05 19:47:22','2021-11-05 19:47:22'),(115,67,'sensors',1,1,'2021-07-15 01:03:52','2021-07-15 01:07:13','2021-07-15 01:07:13'),(116,67,'sensors',1,1,'2021-07-15 01:07:13','2021-11-05 19:47:27','2021-11-05 19:47:27'),(117,5,'cards',2,3,'2021-07-15 01:19:35','2021-07-15 17:46:21','2021-07-15 17:46:21'),(118,57,'sensors',2,1,'2021-07-15 01:21:00','2021-07-20 01:48:33','2021-07-20 01:48:33'),(119,61,'sensors',1,1,'2021-07-15 01:21:27','2021-07-15 18:02:29','2021-07-15 18:02:29'),(120,62,'sensors',1,1,'2021-07-15 01:21:39','2021-07-15 18:15:13','2021-07-15 18:15:13'),(121,9,'cards',2,2,'2021-07-15 01:24:41','2021-07-15 01:26:32','2021-07-15 01:26:32'),(122,9,'cards',1,2,'2021-07-15 01:24:41','2021-07-15 01:26:32','2021-07-15 01:26:32'),(123,9,'cards',2,1,'2021-07-15 01:26:32','2021-07-22 21:45:45','2021-07-22 21:45:45'),(124,9,'cards',1,1,'2021-07-15 01:26:32','2021-07-22 21:45:45','2021-07-22 21:45:45'),(125,5,'cards',2,2,'2021-07-15 17:46:22','2021-10-13 01:23:30','2021-10-13 01:23:30'),(126,29,'cards',1,6,'2021-07-15 18:01:23','2021-09-25 01:14:23','2021-09-25 01:14:23'),(127,61,'sensors',1,1,'2021-07-15 18:02:29','2021-07-15 18:15:08','2021-07-15 18:15:08'),(128,64,'sensors',1,2,'2021-07-15 18:04:35','2021-07-15 18:15:19','2021-07-15 18:15:19'),(129,68,'sensors',1,1,'2021-07-15 18:14:27','2021-07-15 18:14:27',NULL),(130,69,'sensors',1,1,'2021-07-15 18:14:35','2021-07-15 18:14:35',NULL),(131,70,'sensors',1,1,'2021-07-15 18:14:39','2021-07-15 18:14:39',NULL),(132,71,'sensors',1,1,'2021-07-15 18:14:42','2021-07-15 18:14:42',NULL),(133,72,'sensors',1,1,'2021-07-15 18:14:46','2021-07-15 18:14:46',NULL),(134,61,'sensors',1,1,'2021-07-15 18:15:08','2021-07-15 18:15:51','2021-07-15 18:15:51'),(135,62,'sensors',1,1,'2021-07-15 18:15:13','2021-07-15 18:15:57','2021-07-15 18:15:57'),(136,64,'sensors',1,2,'2021-07-15 18:15:19','2021-07-15 18:16:05','2021-07-15 18:16:05'),(137,61,'sensors',1,1,'2021-07-15 18:15:51','2021-07-15 18:16:15','2021-07-15 18:16:15'),(138,62,'sensors',1,1,'2021-07-15 18:15:57','2021-07-15 18:16:18','2021-07-15 18:16:18'),(139,64,'sensors',1,2,'2021-07-15 18:16:05','2021-07-15 18:16:21','2021-07-15 18:16:21'),(140,61,'sensors',1,1,'2021-07-15 18:16:15','2021-07-15 18:16:29','2021-07-15 18:16:29'),(141,62,'sensors',1,1,'2021-07-15 18:16:18','2021-07-15 18:16:35','2021-07-15 18:16:35'),(142,64,'sensors',1,2,'2021-07-15 18:16:21','2021-07-15 18:16:39','2021-07-15 18:16:39'),(143,61,'sensors',1,1,'2021-07-15 18:16:29','2021-11-15 23:39:31','2021-11-15 23:39:31'),(144,62,'sensors',1,1,'2021-07-15 18:16:35','2021-11-15 23:39:27','2021-11-15 23:39:27'),(145,64,'sensors',1,2,'2021-07-15 18:16:39','2021-11-16 04:15:45','2021-11-16 04:15:45'),(146,57,'sensors',2,1,'2021-07-20 01:48:33','2021-11-13 00:12:03','2021-11-13 00:12:03'),(147,6,'cards',2,1,'2021-07-22 21:45:45','2021-07-22 21:47:11','2021-07-22 21:47:11'),(148,9,'cards',2,1,'2021-07-22 21:45:45','2021-07-22 21:47:11','2021-07-22 21:47:11'),(149,9,'cards',1,1,'2021-07-22 21:45:45','2021-07-22 21:47:11','2021-07-22 21:47:11'),(150,9,'cards',2,1,'2021-07-22 21:47:11','2021-11-02 17:12:36','2021-11-02 17:12:36'),(151,9,'cards',1,1,'2021-07-22 21:47:11','2021-11-02 17:12:36','2021-11-02 17:12:36'),(152,6,'cards',2,1,'2021-07-22 21:47:11','2021-09-25 01:14:24','2021-09-25 01:14:24'),(153,56,'sensors',2,1,'2021-07-27 00:22:42','2021-07-27 00:24:11','2021-07-27 00:24:11'),(154,56,'sensors',2,1,'2021-07-27 00:24:11','2021-07-27 00:25:48','2021-07-27 00:25:48'),(155,56,'sensors',2,1,'2021-07-27 00:25:48','2021-07-27 21:26:57','2021-07-27 21:26:57'),(156,56,'sensors',2,1,'2021-07-27 21:26:57','2021-07-27 21:30:48','2021-07-27 21:30:48'),(157,54,'sensors',2,1,'2021-07-27 21:30:16','2021-08-04 22:32:45','2021-08-04 22:32:45'),(158,56,'sensors',2,1,'2021-07-27 21:30:48','2021-11-13 00:07:43','2021-11-13 00:07:43'),(159,54,'sensors',2,1,'2021-08-04 22:32:45','2021-11-13 00:07:24','2021-11-13 00:07:24'),(160,40,'sensors',2,1,'2021-08-10 23:01:22','2021-08-10 23:01:26','2021-08-10 23:01:26'),(161,40,'sensors',2,1,'2021-08-10 23:01:26','2021-08-10 23:01:27','2021-08-10 23:01:27'),(162,40,'sensors',2,1,'2021-08-10 23:01:27','2021-08-10 23:01:29','2021-08-10 23:01:29'),(163,40,'sensors',2,1,'2021-08-10 23:01:29','2021-11-13 00:06:57','2021-11-13 00:06:57'),(164,37,'cards',1,1,'2021-08-25 20:27:54','2021-08-25 20:30:03','2021-08-25 20:30:03'),(165,37,'cards',1,1,'2021-08-25 20:30:03','2021-08-25 20:43:56','2021-08-25 20:43:56'),(166,37,'cards',2,1,'2021-08-25 20:43:56','2021-09-20 23:27:39','2021-09-20 23:27:39'),(167,79,'sensors',2,1,'2021-08-25 20:45:13','2021-09-20 23:27:49','2021-09-20 23:27:49'),(168,37,'cards',2,1,'2021-09-20 23:27:39','2021-09-21 01:24:41','2021-09-21 01:24:41'),(169,79,'sensors',2,1,'2021-09-20 23:27:49','2021-09-20 23:27:49',NULL),(170,37,'cards',2,1,'2021-09-21 01:24:41','2021-11-04 22:55:56','2021-11-04 22:55:56'),(171,29,'cards',1,6,'2021-09-25 01:14:23','2021-10-13 01:23:37','2021-10-13 01:23:37'),(172,6,'cards',2,1,'2021-09-25 01:14:24','2021-11-02 17:12:45','2021-11-02 17:12:45'),(173,5,'cards',2,2,'2021-10-13 01:23:30','2021-12-14 21:35:25','2021-12-14 21:35:25'),(174,29,'cards',1,6,'2021-10-13 01:23:37','2021-11-05 22:40:13','2021-11-05 22:40:13'),(175,11,'cards',1,4,'2021-10-13 01:23:49','2021-11-05 22:40:18','2021-11-05 22:40:18'),(176,10,'cards',1,2,'2021-10-13 01:23:59','2021-11-05 22:40:17','2021-11-05 22:40:17'),(177,30,'cards',1,2,'2021-10-13 01:24:06','2021-12-14 21:36:19','2021-12-14 21:36:19'),(178,30,'cards',4,4,'2021-10-13 01:24:06','2021-12-14 21:36:19','2021-12-14 21:36:19'),(179,31,'cards',4,2,'2021-10-13 01:24:16','2021-12-14 21:36:28','2021-12-14 21:36:28'),(180,32,'cards',4,4,'2021-10-13 01:24:25','2021-12-14 21:36:37','2021-12-14 21:36:37'),(181,33,'cards',6,2,'2021-10-13 01:24:35','2021-12-14 21:36:51','2021-12-14 21:36:51'),(182,9,'cards',2,1,'2021-11-02 17:12:36','2021-11-02 17:17:04','2021-11-02 17:17:04'),(183,9,'cards',1,1,'2021-11-02 17:12:36','2021-11-02 17:17:04','2021-11-02 17:17:04'),(184,6,'cards',2,1,'2021-11-02 17:12:45','2021-11-02 17:17:11','2021-11-02 17:17:11'),(185,9,'cards',2,1,'2021-11-02 17:17:04','2021-11-05 22:40:15','2021-11-05 22:40:15'),(186,9,'cards',1,1,'2021-11-02 17:17:04','2021-11-05 22:40:15','2021-11-05 22:40:15'),(187,6,'cards',2,1,'2021-11-02 17:17:11','2021-11-05 22:40:13','2021-11-05 22:40:13'),(188,34,'cards',1,2,'2021-11-02 17:17:40','2021-11-05 22:40:15','2021-11-05 22:40:15'),(189,37,'cards',2,1,'2021-11-04 22:55:56','2021-11-05 22:40:16','2021-11-05 22:40:16'),(190,66,'sensors',1,1,'2021-11-05 19:47:22','2021-11-12 21:38:44','2021-11-12 21:38:44'),(191,67,'sensors',1,1,'2021-11-05 19:47:27','2021-11-12 21:38:58','2021-11-12 21:38:58'),(192,6,'cards',2,1,'2021-11-05 22:40:13','2021-11-05 22:40:15','2021-11-05 22:40:15'),(193,29,'cards',1,6,'2021-11-05 22:40:13','2021-11-05 22:46:47','2021-11-05 22:46:47'),(194,6,'cards',2,1,'2021-11-05 22:40:15','2021-11-05 22:40:19','2021-11-05 22:40:19'),(195,9,'cards',2,1,'2021-11-05 22:40:15','2021-11-05 22:40:19','2021-11-05 22:40:19'),(196,9,'cards',1,1,'2021-11-05 22:40:15','2021-11-05 22:40:19','2021-11-05 22:40:19'),(197,21,'cards',1,1,'2021-11-05 22:40:15','2021-11-05 22:40:15',NULL),(198,34,'cards',1,2,'2021-11-05 22:40:16','2021-11-05 22:40:16','2021-11-05 22:40:16'),(199,37,'cards',2,1,'2021-11-05 22:40:16','2021-11-05 22:40:16',NULL),(200,34,'cards',1,2,'2021-11-05 22:40:16','2021-11-05 22:40:17','2021-11-05 22:40:17'),(201,10,'cards',1,2,'2021-11-05 22:40:17','2021-12-14 21:36:06','2021-12-14 21:36:06'),(202,34,'cards',1,2,'2021-11-05 22:40:17','2021-11-05 22:40:18','2021-11-05 22:40:18'),(203,11,'cards',1,4,'2021-11-05 22:40:18','2021-12-14 21:35:46','2021-12-14 21:35:46'),(204,34,'cards',1,2,'2021-11-05 22:40:18','2021-11-05 22:46:47','2021-11-05 22:46:47'),(205,9,'cards',2,1,'2021-11-05 22:40:19','2021-11-05 22:46:52','2021-11-05 22:46:52'),(206,6,'cards',2,1,'2021-11-05 22:40:19','2021-11-05 22:46:52','2021-11-05 22:46:52'),(207,9,'cards',1,1,'2021-11-05 22:40:19','2021-11-05 22:46:52','2021-11-05 22:46:52'),(208,34,'cards',1,2,'2021-11-05 22:46:47','2021-11-05 22:46:54','2021-11-05 22:46:54'),(209,29,'cards',1,6,'2021-11-05 22:46:47','2021-12-14 21:35:35','2021-12-14 21:35:35'),(210,6,'cards',2,1,'2021-11-05 22:46:52','2021-11-05 22:47:00','2021-11-05 22:47:00'),(211,9,'cards',2,1,'2021-11-05 22:46:52','2021-11-05 22:46:54','2021-11-05 22:46:54'),(212,9,'cards',1,1,'2021-11-05 22:46:52','2021-11-05 22:46:54','2021-11-05 22:46:54'),(213,9,'cards',2,1,'2021-11-05 22:46:54','2021-11-05 22:46:54','2021-11-05 22:46:54'),(214,34,'cards',1,2,'2021-11-05 22:46:54','2021-11-05 22:46:54','2021-11-05 22:46:54'),(215,9,'cards',1,1,'2021-11-05 22:46:54','2021-11-05 22:46:54','2021-11-05 22:46:54'),(216,34,'cards',1,2,'2021-11-05 22:46:54','2021-11-05 22:46:55','2021-11-05 22:46:55'),(217,9,'cards',2,1,'2021-11-05 22:46:54','2021-11-05 22:46:55','2021-11-05 22:46:55'),(218,9,'cards',1,1,'2021-11-05 22:46:54','2021-11-05 22:46:55','2021-11-05 22:46:55'),(219,9,'cards',2,1,'2021-11-05 22:46:55','2021-11-05 22:46:56','2021-11-05 22:46:56'),(220,34,'cards',1,2,'2021-11-05 22:46:55','2021-11-05 22:46:56','2021-11-05 22:46:56'),(221,9,'cards',1,1,'2021-11-05 22:46:55','2021-11-05 22:46:56','2021-11-05 22:46:56'),(222,34,'cards',1,2,'2021-11-05 22:46:56','2021-11-05 22:46:56','2021-11-05 22:46:56'),(223,9,'cards',2,1,'2021-11-05 22:46:56','2021-11-05 22:46:56','2021-11-05 22:46:56'),(224,9,'cards',1,1,'2021-11-05 22:46:56','2021-11-05 22:46:56','2021-11-05 22:46:56'),(225,34,'cards',1,2,'2021-11-05 22:46:56','2021-11-05 22:46:58','2021-11-05 22:46:58'),(226,9,'cards',2,1,'2021-11-05 22:46:56','2021-11-05 22:46:58','2021-11-05 22:46:58'),(227,9,'cards',1,1,'2021-11-05 22:46:57','2021-11-05 22:46:58','2021-11-05 22:46:58'),(228,34,'cards',1,2,'2021-11-05 22:46:58','2021-12-14 21:26:39','2021-12-14 21:26:39'),(229,9,'cards',2,1,'2021-11-05 22:46:58','2021-11-05 22:47:00','2021-11-05 22:47:00'),(230,9,'cards',1,1,'2021-11-05 22:46:58','2021-11-05 22:47:00','2021-11-05 22:47:00'),(231,6,'cards',2,1,'2021-11-05 22:47:00','2021-12-14 21:26:20','2021-12-14 21:26:20'),(232,9,'cards',2,1,'2021-11-05 22:47:00','2021-12-14 21:26:10','2021-12-14 21:26:10'),(233,9,'cards',1,1,'2021-11-05 22:47:00','2021-12-14 21:26:10','2021-12-14 21:26:10'),(234,46,'sensors',6,1,'2021-11-12 21:37:51','2021-11-12 21:52:09','2021-11-12 21:52:09'),(235,55,'sensors',6,2,'2021-11-12 21:38:00','2021-11-12 21:51:22','2021-11-12 21:51:22'),(236,66,'sensors',1,1,'2021-11-12 21:38:44','2021-11-12 22:32:04','2021-11-12 22:32:04'),(237,67,'sensors',1,1,'2021-11-12 21:38:58','2021-11-12 22:32:13','2021-11-12 22:32:13'),(238,55,'sensors',6,2,'2021-11-12 21:51:22','2021-11-12 21:55:05','2021-11-12 21:55:05'),(239,46,'sensors',6,1,'2021-11-12 21:52:09','2021-11-12 21:52:40','2021-11-12 21:52:40'),(240,46,'sensors',6,1,'2021-11-12 21:52:40','2021-11-12 22:31:20','2021-11-12 22:31:20'),(241,55,'sensors',6,2,'2021-11-12 21:55:05','2021-11-12 21:55:16','2021-11-12 21:55:16'),(242,55,'sensors',6,2,'2021-11-12 21:55:16','2021-11-12 22:31:44','2021-11-12 22:31:44'),(243,46,'sensors',6,1,'2021-11-12 22:31:20','2021-12-14 21:38:37','2021-12-14 21:38:37'),(244,55,'sensors',6,2,'2021-11-12 22:31:44','2021-12-14 21:38:53','2021-12-14 21:38:53'),(245,66,'sensors',1,1,'2021-11-12 22:32:04','2022-11-14 19:53:40','2022-11-14 19:53:40'),(246,67,'sensors',1,1,'2021-11-12 22:32:13','2022-12-21 22:01:35','2022-12-21 22:01:35'),(247,78,'sensors',2,1,'2021-11-12 23:57:02','2021-11-13 00:04:35','2021-11-13 00:04:35'),(248,78,'sensors',2,1,'2021-11-13 00:04:35','2021-12-14 21:37:33','2021-12-14 21:37:33'),(249,40,'sensors',2,1,'2021-11-13 00:06:57','2021-12-14 21:38:05','2021-12-14 21:38:05'),(250,54,'sensors',2,1,'2021-11-13 00:07:24','2021-11-13 00:10:51','2021-11-13 00:10:51'),(251,56,'sensors',2,1,'2021-11-13 00:07:43','2021-11-13 00:11:50','2021-11-13 00:11:50'),(252,54,'sensors',2,1,'2021-11-13 00:10:51','2021-12-14 21:37:15','2021-12-14 21:37:15'),(253,56,'sensors',2,1,'2021-11-13 00:11:51','2021-12-14 21:27:39','2021-12-14 21:27:39'),(254,57,'sensors',2,1,'2021-11-13 00:12:03','2021-12-14 21:28:55','2021-12-14 21:28:55'),(255,77,'sensors',2,1,'2021-11-13 00:12:12','2021-12-14 21:29:16','2021-12-14 21:29:16'),(256,62,'sensors',1,1,'2021-11-15 23:39:27','2021-11-16 04:15:34','2021-11-16 04:15:34'),(257,61,'sensors',1,1,'2021-11-15 23:39:31','2021-11-16 04:15:19','2021-11-16 04:15:19'),(258,61,'sensors',1,1,'2021-11-16 04:15:19','2021-11-16 19:37:58','2021-11-16 19:37:58'),(259,62,'sensors',1,1,'2021-11-16 04:15:34','2022-02-01 20:43:07','2022-02-01 20:43:07'),(260,64,'sensors',1,2,'2021-11-16 04:15:45','2021-11-16 20:41:29','2021-11-16 20:41:29'),(261,61,'sensors',2,1,'2021-11-16 19:37:58','2021-11-16 19:38:07','2021-11-16 19:38:07'),(262,61,'sensors',1,1,'2021-11-16 19:38:07','2021-11-16 20:41:10','2021-11-16 20:41:10'),(263,61,'sensors',1,1,'2021-11-16 20:41:10','2022-02-01 20:42:47','2022-02-01 20:42:47'),(264,64,'sensors',1,2,'2021-11-16 20:41:29','2022-02-01 20:43:30','2022-02-01 20:43:30'),(265,9,'cards',2,1,'2021-12-14 21:26:10','2022-08-18 22:05:30','2022-08-18 22:05:30'),(266,9,'cards',1,1,'2021-12-14 21:26:11','2022-08-18 22:05:30','2022-08-18 22:05:30'),(267,6,'cards',2,1,'2021-12-14 21:26:21','2022-08-18 22:05:41','2022-08-18 22:05:41'),(268,34,'cards',1,2,'2021-12-14 21:26:39','2021-12-14 21:26:39',NULL),(269,56,'sensors',2,1,'2021-12-14 21:27:39','2021-12-14 21:27:39','2021-12-14 21:27:39'),(270,56,'sensors',2,1,'2021-12-14 21:27:39','2022-08-10 19:39:32','2022-08-10 19:39:32'),(271,57,'sensors',2,1,'2021-12-14 21:28:55','2022-08-10 19:38:06','2022-08-10 19:38:06'),(272,77,'sensors',2,1,'2021-12-14 21:29:17','2022-08-10 19:38:38','2022-08-10 19:38:38'),(273,5,'cards',2,2,'2021-12-14 21:35:25','2022-08-10 17:58:48','2022-08-10 17:58:48'),(274,29,'cards',1,6,'2021-12-14 21:35:35','2022-08-10 18:00:21','2022-08-10 18:00:21'),(275,11,'cards',1,4,'2021-12-14 21:35:46','2021-12-14 21:35:46',NULL),(276,10,'cards',1,2,'2021-12-14 21:36:06','2022-08-10 18:00:37','2022-08-10 18:00:37'),(277,30,'cards',1,2,'2021-12-14 21:36:19','2021-12-14 21:36:19',NULL),(278,30,'cards',4,4,'2021-12-14 21:36:19','2021-12-14 21:36:19',NULL),(279,31,'cards',4,2,'2021-12-14 21:36:28','2021-12-14 21:36:28',NULL),(280,32,'cards',4,4,'2021-12-14 21:36:37','2021-12-14 21:36:37',NULL),(281,33,'cards',6,2,'2021-12-14 21:36:51','2022-08-10 18:00:48','2022-08-10 18:00:48'),(282,54,'sensors',2,1,'2021-12-14 21:37:15','2022-08-10 18:01:15','2022-08-10 18:01:15'),(283,78,'sensors',2,1,'2021-12-14 21:37:33','2022-08-10 18:01:34','2022-08-10 18:01:34'),(284,40,'sensors',2,1,'2021-12-14 21:38:05','2022-04-07 23:12:01','2022-04-07 23:12:01'),(285,32,'sensors',2,1,'2021-12-14 21:38:18','2022-08-10 18:02:19','2022-08-10 18:02:19'),(286,46,'sensors',6,1,'2021-12-14 21:38:37','2022-08-10 18:02:59','2022-08-10 18:02:59'),(287,55,'sensors',6,2,'2021-12-14 21:38:53','2022-08-10 18:03:13','2022-08-10 18:03:13'),(288,61,'sensors',1,1,'2022-02-01 20:42:47','2022-11-14 19:52:40','2022-11-14 19:52:40'),(289,62,'sensors',1,1,'2022-02-01 20:43:07','2022-11-14 19:52:47','2022-11-14 19:52:47'),(290,64,'sensors',1,2,'2022-02-01 20:43:30','2022-11-14 19:52:15','2022-11-14 19:52:15'),(291,40,'sensors',2,1,'2022-04-07 23:12:01','2022-04-07 23:13:30','2022-04-07 23:13:30'),(292,41,'sensors',2,1,'2022-04-07 23:14:11','2022-08-10 18:01:52','2022-08-10 18:01:52'),(293,40,'sensors',2,1,'2022-04-07 23:14:20','2022-08-10 18:02:04','2022-08-10 18:02:04'),(294,5,'cards',2,2,'2022-08-10 17:58:48','2022-08-10 17:58:48',NULL),(295,29,'cards',1,6,'2022-08-10 18:00:21','2022-08-10 18:00:21',NULL),(296,10,'cards',1,2,'2022-08-10 18:00:37','2022-08-10 18:00:37',NULL),(297,33,'cards',6,2,'2022-08-10 18:00:48','2022-08-10 18:00:48',NULL),(298,54,'sensors',2,1,'2022-08-10 18:01:15','2022-08-10 18:01:15',NULL),(299,78,'sensors',2,1,'2022-08-10 18:01:34','2022-08-10 18:01:34',NULL),(300,41,'sensors',2,1,'2022-08-10 18:01:52','2022-08-10 18:01:52',NULL),(301,40,'sensors',2,1,'2022-08-10 18:02:04','2022-08-10 18:02:04',NULL),(302,32,'sensors',2,1,'2022-08-10 18:02:19','2022-08-10 18:02:19',NULL),(303,46,'sensors',6,1,'2022-08-10 18:02:59','2022-08-29 18:01:52','2022-08-29 18:01:52'),(304,55,'sensors',6,2,'2022-08-10 18:03:13','2022-08-29 18:02:37','2022-08-29 18:02:37'),(305,57,'sensors',2,1,'2022-08-10 19:38:06','2022-08-18 21:57:12','2022-08-18 21:57:12'),(306,77,'sensors',2,1,'2022-08-10 19:38:38','2022-08-18 21:57:35','2022-08-18 21:57:35'),(307,56,'sensors',2,1,'2022-08-10 19:39:32','2022-08-10 19:39:32',NULL),(308,57,'sensors',2,1,'2022-08-18 21:57:12','2022-08-18 21:57:12',NULL),(309,77,'sensors',2,1,'2022-08-18 21:57:35','2022-08-18 21:57:35',NULL),(310,9,'cards',2,1,'2022-08-18 22:05:30','2022-11-01 00:55:00','2022-11-01 00:55:00'),(311,9,'cards',1,1,'2022-08-18 22:05:30','2022-11-01 00:55:00','2022-11-01 00:55:00'),(312,6,'cards',2,1,'2022-08-18 22:05:41','2022-11-01 00:55:16','2022-11-01 00:55:16'),(313,46,'sensors',6,1,'2022-08-29 18:01:52','2022-08-29 18:01:52',NULL),(314,55,'sensors',6,2,'2022-08-29 18:02:37','2022-08-29 18:25:05','2022-08-29 18:25:05'),(315,55,'sensors',6,2,'2022-08-29 18:25:05','2022-08-29 18:41:31','2022-08-29 18:41:31'),(316,55,'sensors',6,2,'2022-08-29 18:41:31','2022-08-29 18:41:31',NULL),(317,9,'cards',2,1,'2022-11-01 00:55:00','2022-11-01 01:09:54','2022-11-01 01:09:54'),(318,9,'cards',1,1,'2022-11-01 00:55:00','2022-11-01 01:09:54','2022-11-01 01:09:54'),(319,6,'cards',2,1,'2022-11-01 00:55:16','2022-11-01 00:55:16',NULL),(320,9,'cards',2,1,'2022-11-01 01:09:54','2022-11-01 01:09:54',NULL),(321,9,'cards',1,1,'2022-11-01 01:09:54','2022-11-01 01:09:54',NULL),(322,64,'sensors',1,2,'2022-11-14 19:52:15','2022-11-14 19:52:55','2022-11-14 19:52:55'),(323,61,'sensors',1,1,'2022-11-14 19:52:40','2022-11-14 19:52:40',NULL),(324,62,'sensors',1,1,'2022-11-14 19:52:48','2022-11-14 19:52:48',NULL),(325,64,'sensors',1,2,'2022-11-14 19:52:55','2022-11-14 19:52:55',NULL),(326,66,'sensors',1,1,'2022-11-14 19:53:40','2022-11-14 20:05:50','2022-11-14 20:05:50'),(327,66,'sensors',1,1,'2022-11-14 20:05:50','2022-12-21 22:01:24','2022-12-21 22:01:24'),(328,66,'sensors',1,1,'2022-12-21 22:01:24','2022-12-21 22:01:24',NULL),(329,67,'sensors',1,1,'2022-12-21 22:01:35','2022-12-21 22:01:35',NULL);

--
-- Table structure for table `plugins`
--

CREATE TABLE `plugins` (
  `id` bigint(20) unsigned NOT NULL AUTO_INCREMENT,
  `name` varchar(255) COLLATE utf8mb4_unicode_ci NOT NULL,
  `type` varchar(255) COLLATE utf8mb4_unicode_ci DEFAULT 'input',
  `created_at` timestamp NULL DEFAULT NULL,
  `updated_at` timestamp NULL DEFAULT NULL,
  `deleted_at` timestamp NULL DEFAULT NULL,
  PRIMARY KEY (`id`) USING BTREE
) ENGINE=InnoDB AUTO_INCREMENT=10 DEFAULT CHARSET=utf8mb4 COLLATE=utf8mb4_unicode_ci;

--
-- Dumping data for table `plugins`
--

INSERT INTO `plugins` VALUES (1,'4-20 MA Input','input','2021-06-28 22:42:40','2021-06-30 19:13:58',NULL),(2,'Sensor Std Input (Walchem)','input','2021-06-28 22:55:47','2021-06-29 18:22:33',NULL),(3,'wsxwxwsx','input','2021-06-28 22:59:06','2021-06-28 23:00:47','2021-06-28 23:00:47'),(4,'4-20mA Output','output','2021-06-29 00:43:24','2021-06-29 00:43:24',NULL),(5,'Modbus 485','output','2021-06-29 00:43:39','2021-06-29 00:43:39',NULL),(6,'Corrosion W900','input','2021-06-29 18:14:35','2021-06-29 18:14:35',NULL),(7,'Test Modbus','output','2021-06-30 19:14:18','2021-06-30 19:14:24','2021-06-30 19:14:24'),(8,'qwe123','input','2022-03-21 20:48:47','2022-03-21 20:48:56','2022-03-21 20:48:56'),(9,'Test123','input','2022-12-29 15:14:05','2022-12-29 15:16:00','2022-12-29 15:16:00');

--
-- Table structure for table `pricing_option_user`
--

CREATE TABLE `pricing_option_user` (
  `pricing_option_id` int(10) NOT NULL,
  `user_id` int(10) NOT NULL
) ENGINE=InnoDB DEFAULT CHARSET=utf8;

--
-- Dumping data for table `pricing_option_user`
--

INSERT INTO `pricing_option_user` VALUES (58,1),(59,1),(61,1),(60,1),(58,124),(59,124),(60,124),(61,124),(58,127),(59,127),(60,127),(61,127),(58,222),(59,222),(61,248),(60,4),(58,53),(58,54),(58,251),(58,13),(58,254),(58,255),(59,255),(60,255),(61,255),(62,1),(63,1),(61,256),(59,257),(63,222),(58,257),(60,257),(62,257),(63,257),(62,258),(58,252),(59,252),(60,252),(61,252),(59,259),(61,260),(61,261),(58,262),(58,263),(58,264),(58,265),(59,266),(60,266),(61,266),(58,50),(62,50),(63,50),(59,264),(60,264),(61,264),(59,265),(60,265),(61,265),(58,266),(58,267),(61,268),(58,269),(58,270),(59,270),(60,270),(61,270),(58,271),(59,271),(58,120),(59,120),(60,120),(61,120),(58,123),(59,123),(60,123),(61,123),(58,272),(59,272),(60,272),(61,272),(58,116),(59,116),(60,116),(61,116),(58,118),(59,118),(60,118),(61,118),(58,119),(59,119),(60,119),(61,119),(58,125),(59,125),(60,125),(61,125),(58,132),(59,132),(60,132),(61,132),(58,133),(59,133),(60,133),(61,133),(58,139),(59,139),(60,139),(61,139),(58,141),(59,141),(60,141),(61,141),(58,144),(59,144),(60,144),(61,144),(58,273),(59,273),(60,273),(61,273),(58,274),(59,274),(60,274),(61,274),(58,275),(59,275),(60,275),(61,275),(58,276),(59,276),(60,276),(61,276),(58,277),(59,277),(60,277),(61,277),(58,278),(59,278),(60,278),(61,278),(58,279),(59,279),(58,280),(59,280),(60,280),(61,280),(58,281),(59,281),(60,281),(61,281),(58,282),(59,282),(60,282),(61,282),(58,283),(59,283),(60,283),(61,283),(58,284),(59,284),(60,284),(61,284),(58,285),(59,285),(60,285),(61,285),(58,286),(59,286),(60,286),(61,286),(58,287),(59,287),(60,287),(61,287),(58,288),(59,288),(60,288),(61,288),(58,289),(59,289),(60,289),(61,289),(58,290),(59,290),(60,290),(61,290),(58,291),(59,291),(60,291),(61,291),(62,291),(63,291),(58,292),(58,293),(59,293),(60,293),(61,293),(58,294),(59,294),(60,294),(61,294),(58,295),(59,295),(60,295),(61,295),(58,296),(59,296),(60,296),(61,296),(60,298),(58,297),(58,298),(59,298),(61,298),(62,298),(63,298),(58,299),(59,300),(58,301),(59,301),(60,301),(61,301),(58,302),(59,302),(60,302),(61,302),(58,303),(59,303),(60,303),(61,303),(60,304),(58,305),(59,305),(60,305),(61,305),(58,306),(58,307),(58,308),(58,309),(58,310),(58,311),(58,312),(58,313),(58,314),(58,246),(58,315),(59,316),(63,317),(58,318),(58,319),(58,320),(59,320),(60,320),(61,320),(59,323),(59,321),(60,322),(58,324),(59,326),(58,332),(58,333),(59,334),(60,323),(61,323),(58,325),(62,327),(58,329),(60,328),(61,330),(59,331);

--
-- Table structure for table `pricing_options`
--

CREATE TABLE `pricing_options` (
  `id` bigint(20) unsigned NOT NULL AUTO_INCREMENT,
  `key` varchar(255) COLLATE utf8mb4_unicode_ci NOT NULL,
  `label` varchar(255) COLLATE utf8mb4_unicode_ci NOT NULL,
  `created_at` timestamp NULL DEFAULT NULL,
  `updated_at` timestamp NULL DEFAULT NULL,
  `deleted_at` timestamp NULL DEFAULT NULL,
  PRIMARY KEY (`id`) USING BTREE
) ENGINE=InnoDB AUTO_INCREMENT=64 DEFAULT CHARSET=utf8mb4 COLLATE=utf8mb4_unicode_ci;

--
-- Dumping data for table `pricing_options`
--

INSERT INTO `pricing_options` VALUES (58,'list','List Price and Total Cost',NULL,NULL,NULL),(59,'total','Total Price Only',NULL,NULL,NULL),(60,'list_net','List and Net Cost',NULL,NULL,NULL),(61,'no_price','No Price Listed',NULL,NULL,NULL),(62,'ter_lst_net','List, Territory, and Net Cost',NULL,NULL,NULL),(63,'ter_lst','List and Territory Cost',NULL,NULL,NULL);

--
-- Table structure for table `quote_items`
--

CREATE TABLE `quote_items` (
  `id` bigint(20) unsigned NOT NULL AUTO_INCREMENT,
  `quote_id` bigint(20) unsigned NOT NULL,
  `created_at` timestamp NULL DEFAULT NULL,
  `updated_at` timestamp NULL DEFAULT NULL,
  `deleted_at` timestamp NULL DEFAULT NULL,
  `item_type` varchar(255) COLLATE utf8mb4_unicode_ci NOT NULL,
  `item_id` bigint(20) unsigned NOT NULL,
  `price` decimal(15,2) DEFAULT NULL,
  `qty` int(11) NOT NULL DEFAULT '0',
  PRIMARY KEY (`id`) USING BTREE,
  KEY `quote_items_item_type_item_id_index` (`item_type`,`item_id`) USING BTREE
) ENGINE=InnoDB AUTO_INCREMENT=2705 DEFAULT CHARSET=utf8mb4 COLLATE=utf8mb4_unicode_ci;

--
-- Dumping data for table `quote_items`
--

INSERT INTO `quote_items` VALUES (1,2,'2021-05-08 11:47:17','2021-05-21 16:26:27','2021-05-21 16:26:27','panel_options',17,864.00,1),(2,2,'2021-05-08 11:47:17','2021-05-21 16:26:27','2021-05-21 16:26:27','panel_options',15,900.00,1),(3,2,'2021-05-08 11:47:17','2021-05-08 11:47:17',NULL,'accessories',4,428.05,1),(4,2,'2021-05-08 11:47:18','2021-05-21 16:26:27','2021-05-21 16:26:27','accessories',5,428.00,1),(5,3,'2021-05-08 11:47:31','2021-05-21 16:31:55','2021-05-21 16:31:55','panel_options',36,475.00,1),(6,3,'2021-05-08 11:47:31','2021-05-21 16:31:55','2021-05-21 16:31:55','panel_options',35,296.00,1),(7,3,'2021-05-08 11:48:17','2021-05-21 16:31:55','2021-05-21 16:31:55','accessories',5,428.00,1),(8,3,'2021-05-08 11:48:17','2021-05-21 16:31:55','2021-05-21 16:31:55','accessories',4,428.05,1),(9,4,'2021-05-08 11:49:35','2021-05-22 17:58:52','2021-05-22 17:58:52','panel_options',6,234.00,1),(10,4,'2021-05-08 11:49:35','2021-05-22 17:58:52','2021-05-22 17:58:52','accessories',4,428.05,1),(11,4,'2021-05-08 11:49:35','2021-05-22 17:58:52','2021-05-22 17:58:52','accessories',5,428.00,1),(12,5,'2021-05-08 18:25:20','2021-05-24 20:52:36','2021-05-24 20:52:36','sensors',13,487.00,2),(13,5,'2021-05-08 18:25:20','2021-05-24 20:52:36','2021-05-24 20:52:36','sensors',12,386.00,2),(14,5,'2021-05-08 18:38:07','2021-05-24 20:52:36','2021-05-24 20:52:36','panel_options',28,308.00,1),(15,5,'2021-05-08 18:38:07','2021-05-24 20:52:36','2021-05-24 20:52:36','panel_options',27,205.00,1),(16,5,'2021-05-08 18:38:07','2021-05-08 18:38:07',NULL,'accessories',4,428.05,1),(17,5,'2021-05-08 18:38:07','2021-05-08 18:38:07',NULL,'accessories',5,428.00,1),(18,6,'2021-05-08 18:48:18','2021-05-08 18:48:18',NULL,'sensors',13,487.00,1),(19,6,'2021-05-08 18:48:18','2021-05-08 18:48:18',NULL,'sensors',11,250.00,1),(20,6,'2021-05-08 18:48:18','2021-05-08 18:48:18',NULL,'sensors',9,0.00,1),(21,6,'2021-05-08 18:48:18','2021-05-08 18:48:18',NULL,'sensors',8,0.00,1),(22,6,'2021-05-08 18:48:18','2021-05-08 18:48:18',NULL,'panel_options',28,308.00,1),(23,6,'2021-05-08 18:48:18','2021-05-08 18:48:18',NULL,'panel_options',27,205.00,1),(24,6,'2021-05-08 18:48:18','2021-05-08 18:48:18',NULL,'accessories',5,428.00,1),(25,6,'2021-05-08 18:48:18','2021-05-08 18:48:18',NULL,'accessories',4,428.05,1),(26,7,'2021-05-09 06:55:39','2021-05-09 06:55:39',NULL,'sensors',1,671.00,1),(27,7,'2021-05-09 06:55:39','2021-05-09 06:55:39',NULL,'panel_options',19,519.00,1),(28,7,'2021-05-09 06:55:39','2021-05-09 06:55:39',NULL,'accessories',4,428.05,1),(29,7,'2021-05-09 06:55:39','2021-05-09 06:55:39',NULL,'accessories',5,428.00,1),(30,8,'2021-05-10 10:48:01','2021-05-10 10:48:01',NULL,'panel_options',10,673.00,1),(31,8,'2021-05-10 10:48:01','2021-05-10 10:48:01',NULL,'panel_options',23,220.00,1),(32,8,'2021-05-10 10:48:01','2021-05-10 10:48:01',NULL,'panel_options',25,440.00,1),(33,8,'2021-05-10 10:48:01','2021-05-10 10:48:01',NULL,'panel_options',24,330.00,1),(34,8,'2021-05-10 10:48:01','2021-05-10 10:48:01',NULL,'accessories',4,428.05,1),(35,5,'2021-05-11 06:45:34','2021-05-24 20:52:36','2021-05-24 20:52:36','panel_options',21,885.00,1),(36,9,'2021-05-12 20:07:24','2021-05-12 20:07:24',NULL,'accessories',4,428.05,1),(37,11,'2021-05-13 18:39:11','2021-05-13 18:39:11',NULL,'accessories',4,428.05,1),(38,11,'2021-05-13 18:39:11','2021-05-13 18:39:11',NULL,'accessories',5,428.00,1),(39,12,'2021-05-13 18:57:59','2021-05-13 18:57:59',NULL,'accessories',4,428.05,1),(40,13,'2021-05-13 19:16:49','2021-05-13 19:16:49',NULL,'accessories',4,428.05,1),(41,13,'2021-05-13 19:16:49','2021-05-13 19:16:49',NULL,'accessories',5,428.00,1),(42,12,'2021-05-13 19:20:46','2021-05-13 19:20:46',NULL,'accessories',5,428.00,1),(43,14,'2021-05-13 22:24:19','2021-05-13 22:24:19',NULL,'accessories',4,428.05,5),(44,14,'2021-05-13 22:24:20','2021-05-13 22:24:20',NULL,'accessories',5,428.00,7),(45,15,'2021-05-13 22:29:24','2021-05-26 18:07:10','2021-05-26 18:07:10','accessories',4,428.05,1),(46,16,'2021-05-13 22:43:01','2021-05-13 22:43:01',NULL,'accessories',4,428.05,1),(47,16,'2021-05-13 22:46:16','2021-05-13 22:46:16',NULL,'accessories',5,428.00,1),(48,20,'2021-05-14 00:07:51','2021-05-18 04:08:13',NULL,'accessories',4,428.05,2),(49,20,'2021-05-14 00:07:51','2021-05-19 15:43:04',NULL,'accessories',5,428.00,2),(50,21,'2021-05-14 00:58:39','2021-06-03 02:08:20','2021-06-03 02:08:20','accessories',5,214.00,1),(51,21,'2021-05-14 00:58:39','2021-06-03 02:08:20','2021-06-03 02:08:20','accessories',4,214.03,1),(52,22,'2021-05-14 01:28:49','2021-05-18 03:39:31',NULL,'accessories',5,214.00,1),(53,23,'2021-05-14 01:29:24','2021-06-08 13:20:44','2021-06-08 13:20:44','accessories',4,214.03,1),(54,23,'2021-05-14 01:29:24','2021-06-08 13:20:44','2021-06-08 13:20:44','accessories',5,214.00,1),(55,24,'2021-05-14 01:33:02','2021-05-14 01:33:02',NULL,'panel_options',4,309.75,1),(56,24,'2021-05-14 01:33:02','2021-05-14 01:55:30',NULL,'accessories',4,214.03,1),(57,24,'2021-05-14 01:33:02','2021-05-14 01:55:30',NULL,'accessories',5,214.00,1),(58,25,'2021-05-14 02:16:04','2021-05-14 02:16:04',NULL,'accessories',4,214.03,1),(59,25,'2021-05-14 02:16:04','2021-05-14 02:16:04',NULL,'accessories',5,214.00,1),(60,26,'2021-05-14 02:16:42','2021-06-09 17:45:10','2021-06-09 17:45:10','accessories',4,214.03,1),(61,26,'2021-05-14 02:16:42','2021-06-09 17:45:10','2021-06-09 17:45:10','accessories',5,214.00,1),(62,27,'2021-05-14 15:14:01','2021-05-14 15:14:01',NULL,'accessories',4,214.03,6),(63,27,'2021-05-14 15:14:01','2021-05-14 15:14:01',NULL,'accessories',5,214.00,4),(64,28,'2021-05-14 18:12:31','2021-05-14 18:12:31',NULL,'accessories',4,214.03,1),(65,28,'2021-05-14 18:12:31','2021-05-14 18:12:31',NULL,'accessories',5,214.00,1),(66,20,'2021-05-19 11:16:56','2021-05-19 11:16:56',NULL,'panel_options',30,682.00,1),(67,36,'2021-05-19 16:22:24','2021-05-19 16:22:24',NULL,'panel_options',30,682.00,2),(68,36,'2021-05-19 16:22:24','2021-05-19 16:22:24',NULL,'panel_options',9,550.00,2),(69,36,'2021-05-19 16:22:24','2021-05-19 16:22:24',NULL,'panel_options',24,330.00,2),(70,37,'2021-05-19 16:33:24','2021-05-19 16:33:24',NULL,'panel_options',34,380.00,1),(71,42,'2021-05-20 07:47:31','2021-05-20 07:47:31',NULL,'accessories',4,428.05,1),(72,42,'2021-05-20 07:47:34','2021-05-20 07:59:50',NULL,'accessories',5,428.00,1),(73,44,'2021-05-20 08:01:44','2021-05-20 08:09:15',NULL,'accessories',4,428.05,5),(74,46,'2021-05-20 09:47:41','2021-05-20 09:47:41',NULL,'accessories',5,428.00,1),(75,46,'2021-05-20 09:47:41','2021-05-20 09:47:41',NULL,'accessories',4,428.05,1),(76,47,'2021-05-20 14:09:29','2021-05-20 14:09:29',NULL,'sensors',28,147.00,1),(77,47,'2021-05-20 14:09:29','2021-05-20 14:09:29',NULL,'sensors',29,147.00,1),(78,47,'2021-05-20 14:09:29','2021-05-20 14:09:29',NULL,'sensors',30,536.00,3),(79,47,'2021-05-20 14:09:29','2021-05-20 14:09:29',NULL,'panel_options',8,590.00,1),(80,47,'2021-05-20 14:09:29','2021-05-20 14:09:29',NULL,'panel_options',23,220.00,1),(81,47,'2021-05-20 14:09:29','2021-05-20 14:09:29',NULL,'accessories',5,428.00,1),(82,47,'2021-05-20 14:09:29','2021-05-20 14:09:29',NULL,'accessories',4,428.05,1),(83,48,'2021-05-20 14:12:58','2021-05-20 14:12:58',NULL,'accessories',4,428.05,1),(84,48,'2021-05-20 14:12:58','2021-05-20 14:59:29',NULL,'accessories',5,428.00,1),(85,49,'2021-05-20 14:55:32','2021-05-20 14:55:32',NULL,'panel_options',22,110.00,1),(86,49,'2021-05-20 14:55:32','2021-05-20 14:55:32',NULL,'panel_options',23,220.00,1),(87,45,'2021-05-20 16:16:46','2021-05-20 16:16:46',NULL,'accessories',4,428.05,1),(88,45,'2021-05-20 16:16:46','2021-05-20 16:16:46',NULL,'accessories',5,428.00,1),(89,51,'2021-05-20 19:00:08','2021-05-20 19:00:08',NULL,'sensors',28,147.00,1),(90,51,'2021-05-20 19:00:08','2021-05-20 19:00:08',NULL,'panel_options',54,123.00,1),(91,51,'2021-05-20 19:00:08','2021-05-20 19:00:08',NULL,'accessories',4,428.05,1),(92,51,'2021-05-20 19:00:08','2021-05-20 19:00:08',NULL,'accessories',5,428.00,1),(93,52,'2021-05-21 02:37:07','2021-05-21 02:37:07',NULL,'sensors',33,516.00,1),(94,44,'2021-05-21 16:11:39','2021-05-21 16:11:39',NULL,'panel_options',30,682.00,1),(95,44,'2021-05-21 16:11:39','2021-05-21 16:11:39',NULL,'panel_options',54,123.00,1),(96,57,'2021-05-21 16:21:17','2021-05-21 16:21:17',NULL,'panel_options',54,123.00,1),(97,57,'2021-05-21 16:21:17','2021-05-21 16:21:17',NULL,'panel_options',61,1.00,1),(98,57,'2021-05-21 16:21:17','2021-05-21 16:21:17',NULL,'accessories',5,428.00,1),(99,57,'2021-05-21 16:21:17','2021-05-21 16:21:17',NULL,'accessories',4,428.05,1),(100,57,'2021-05-21 16:21:17','2021-05-21 16:21:17',NULL,'accessories',6,-2.00,1),(101,58,'2021-05-21 16:21:43','2021-05-21 16:21:43',NULL,'panel_options',54,123.00,1),(102,3,'2021-05-21 16:31:55','2021-05-24 20:50:34','2021-05-24 20:50:34','sensors',28,147.00,1),(103,3,'2021-05-21 16:31:55','2021-05-24 20:50:34','2021-05-24 20:50:34','panel_options',30,682.00,1),(104,4,'2021-05-22 17:58:52','2021-05-22 17:58:52',NULL,'sensors',33,516.00,1),(105,4,'2021-05-22 17:58:52','2021-05-22 17:58:52',NULL,'panel_options',34,380.00,1),(106,4,'2021-05-22 17:58:52','2021-05-22 17:58:52',NULL,'panel_options',33,515.00,1),(107,3,'2021-05-24 20:50:34','2021-05-24 20:50:34',NULL,'sensors',32,147.00,1),(108,3,'2021-05-24 20:50:34','2021-05-24 20:50:34',NULL,'sensors',30,536.00,1),(109,3,'2021-05-24 20:50:34','2021-05-24 20:50:34',NULL,'sensors',33,516.00,1),(110,3,'2021-05-24 20:50:34','2021-05-24 20:50:34',NULL,'panel_options',33,515.00,1),(111,3,'2021-05-24 20:50:34','2021-05-24 20:50:34',NULL,'panel_options',31,226.00,1),(112,3,'2021-05-24 20:50:34','2021-05-24 20:50:34',NULL,'panel_options',34,380.00,1),(113,3,'2021-05-24 20:50:35','2021-05-24 20:50:35',NULL,'panel_options',37,655.00,1),(114,4,'2021-05-24 20:51:45','2021-05-24 20:51:45',NULL,'sensors',32,147.00,1),(115,4,'2021-05-24 20:51:45','2021-05-24 20:51:45',NULL,'sensors',30,536.00,1),(116,4,'2021-05-24 20:51:45','2021-05-24 20:51:45',NULL,'panel_options',36,475.00,1),(117,4,'2021-05-24 20:51:45','2021-05-24 20:51:45',NULL,'panel_options',35,296.00,1),(118,4,'2021-05-24 20:51:45','2021-05-24 20:51:45',NULL,'panel_options',4,309.75,1),(119,4,'2021-05-24 20:51:45','2021-05-24 20:51:45',NULL,'panel_options',63,5.00,1),(120,5,'2021-05-24 20:52:36','2021-05-24 20:52:36',NULL,'panel_options',34,380.00,1),(121,5,'2021-05-24 20:52:36','2021-05-24 20:52:36',NULL,'accessories',8,8.00,1),(122,5,'2021-05-24 20:52:36','2021-05-24 20:52:36',NULL,'accessories',7,7.00,1),(123,15,'2021-05-26 18:07:10','2021-05-26 18:07:10',NULL,'panel_options',5,50.00,1),(124,15,'2021-05-26 18:07:10','2021-05-26 18:07:10',NULL,'panel_options',64,473.00,1),(125,15,'2021-05-26 18:07:10','2021-05-26 18:07:10',NULL,'panel_options',89,0.00,1),(126,15,'2021-05-26 18:07:10','2021-05-26 18:07:10',NULL,'panel_options',110,149.00,1),(127,15,'2021-05-26 18:07:10','2021-05-26 18:07:10',NULL,'panel_options',83,180.50,1),(128,15,'2021-05-26 18:07:10','2021-05-26 18:07:10',NULL,'panel_options',81,90.25,1),(129,15,'2021-05-26 18:07:10','2021-05-26 18:07:10',NULL,'panel_options',69,264.50,1),(130,15,'2021-05-26 18:07:10','2021-05-26 18:07:10',NULL,'panel_options',70,107.00,1),(131,15,'2021-05-26 18:07:10','2021-05-26 18:07:10',NULL,'accessories',11,3.92,1),(132,21,'2021-06-03 02:08:20','2021-06-03 02:08:20',NULL,'sensors',54,147.00,1),(133,21,'2021-06-03 02:08:20','2021-06-03 02:08:20',NULL,'panel_options',15,900.00,1),(134,23,'2021-06-08 13:20:44','2021-06-08 13:20:44',NULL,'sensors',33,516.00,1),(135,23,'2021-06-08 13:20:44','2021-06-08 13:20:44',NULL,'sensors',32,147.00,1),(136,23,'2021-06-08 13:20:44','2021-06-08 13:20:44',NULL,'sensors',62,2211.00,1),(137,23,'2021-06-08 13:20:44','2021-06-08 13:20:44',NULL,'sensors',46,221.00,1),(138,23,'2021-06-08 13:20:44','2021-06-08 13:20:44',NULL,'sensors',43,2100.00,1),(139,23,'2021-06-08 13:20:44','2021-06-08 13:20:44',NULL,'sensors',44,2100.00,1),(140,26,'2021-06-09 17:45:10','2021-06-09 17:45:10',NULL,'sensors',54,147.00,1),(141,26,'2021-06-09 17:45:10','2021-06-09 17:45:10',NULL,'panel_options',64,473.00,1),(142,26,'2021-06-09 17:45:10','2021-06-09 17:45:10',NULL,'accessories',23,629.05,1),(143,30,'2021-06-11 19:01:55','2021-06-11 19:01:55',NULL,'sensors',32,147.00,1),(144,30,'2021-06-11 19:01:55','2021-06-11 19:01:55',NULL,'panel_options',28,308.00,1),(145,30,'2021-06-11 19:01:55','2021-06-11 19:01:55',NULL,'panel_options',64,473.00,1),(146,30,'2021-06-11 19:01:55','2021-06-11 19:01:55',NULL,'panel_options',92,0.00,1),(147,30,'2021-06-11 19:01:55','2021-06-11 19:01:55',NULL,'panel_options',75,0.00,1),(148,31,'2021-06-11 19:03:52','2021-06-11 19:03:52',NULL,'sensors',54,147.00,1),(149,31,'2021-06-11 19:03:52','2021-06-11 19:03:52',NULL,'sensors',33,516.00,1),(150,31,'2021-06-11 19:03:52','2021-06-11 19:03:52',NULL,'sensors',41,548.00,1),(151,31,'2021-06-11 19:03:52','2021-06-11 19:03:52',NULL,'panel_options',123,158.00,1),(152,31,'2021-06-11 19:03:52','2021-06-11 19:03:52',NULL,'panel_options',79,675.00,1),(153,31,'2021-06-11 19:03:52','2021-06-11 19:03:52',NULL,'panel_options',91,0.00,1),(154,31,'2021-06-11 19:03:52','2021-06-11 19:03:52',NULL,'panel_options',74,0.00,1),(155,31,'2021-06-11 19:03:52','2021-06-11 19:03:52',NULL,'panel_options',65,132.25,1),(156,31,'2021-06-11 19:03:52','2021-06-11 19:03:52',NULL,'panel_options',81,90.25,1),(157,31,'2021-06-11 19:03:52','2021-06-11 19:03:52',NULL,'panel_options',106,137.00,1),(158,31,'2021-06-11 19:03:52','2021-06-11 19:03:52',NULL,'panel_options',109,74.50,1),(159,34,'2021-06-11 20:31:45','2021-06-11 20:31:45',NULL,'sensors',33,516.00,1),(160,34,'2021-06-11 20:31:45','2021-06-11 20:31:45',NULL,'sensors',54,147.00,1),(161,34,'2021-06-11 20:31:45','2021-06-11 20:31:45',NULL,'sensors',40,587.00,1),(162,34,'2021-06-11 20:31:45','2021-06-11 20:31:45',NULL,'sensors',32,147.00,1),(163,34,'2021-06-11 20:31:45','2021-06-11 20:31:45',NULL,'sensors',61,1776.00,1),(164,34,'2021-06-11 20:31:45','2021-06-11 20:31:45',NULL,'sensors',46,221.00,1),(165,34,'2021-06-11 20:31:45','2021-06-11 20:31:45',NULL,'sensors',68,400.00,1),(166,34,'2021-06-11 20:31:45','2021-06-11 20:31:45',NULL,'panel_options',28,308.00,1),(167,34,'2021-06-11 20:31:45','2021-06-11 20:31:45',NULL,'panel_options',27,205.00,1),(168,34,'2021-06-11 20:31:45','2021-06-11 20:31:45',NULL,'panel_options',123,158.00,1),(169,34,'2021-06-11 20:31:45','2021-06-11 20:31:45',NULL,'panel_options',126,70.00,1),(170,34,'2021-06-11 20:31:45','2021-06-11 20:31:45',NULL,'panel_options',127,147.00,1),(171,34,'2021-06-11 20:31:45','2021-06-11 20:31:45',NULL,'panel_options',128,158.00,1),(172,34,'2021-06-11 20:31:45','2021-06-11 20:31:45',NULL,'panel_options',12,391.49,1),(173,34,'2021-06-11 20:31:45','2021-06-11 20:31:45',NULL,'panel_options',4,309.75,1),(174,34,'2021-06-11 20:31:45','2021-06-11 20:31:45',NULL,'panel_options',64,473.00,1),(175,34,'2021-06-11 20:31:45','2021-06-11 20:31:45',NULL,'panel_options',91,0.00,1),(176,34,'2021-06-11 20:31:45','2021-06-11 20:31:45',NULL,'panel_options',73,0.00,1),(177,44,NULL,NULL,NULL,'cards',5,380.00,1),(178,44,NULL,NULL,NULL,'cards',10,296.00,1),(179,44,NULL,NULL,NULL,'cards',10,296.00,1),(180,44,NULL,NULL,NULL,'cards',10,296.00,1),(181,44,NULL,NULL,NULL,'sensors',54,147.00,1),(182,44,NULL,NULL,NULL,'sensors',70,445.00,1),(183,44,NULL,NULL,NULL,'sensors',72,795.00,1),(184,44,NULL,NULL,NULL,'sensors',69,480.00,1),(185,44,NULL,NULL,NULL,'sensors',68,400.00,1),(186,44,NULL,NULL,NULL,'sensors',71,545.00,1),(187,44,NULL,NULL,NULL,'sensors',61,1776.00,1),(188,44,NULL,NULL,NULL,'panel_options',28,308.00,1),(189,44,NULL,NULL,NULL,'panel_options',123,158.00,1),(190,44,NULL,NULL,NULL,'panel_options',29,205.00,1),(191,44,NULL,NULL,NULL,'panel_options',79,675.00,1),(192,44,NULL,NULL,NULL,'panel_options',90,0.00,1),(193,44,NULL,NULL,NULL,'panel_options',67,121.75,1),(194,44,NULL,NULL,NULL,'panel_options',74,0.00,1),(195,44,NULL,NULL,NULL,'accessories',93,248.00,1),(196,44,NULL,NULL,NULL,'accessories',94,248.00,1),(197,44,NULL,NULL,NULL,'accessories',96,633.00,1),(198,44,NULL,NULL,NULL,'accessories',99,157.00,1),(199,45,NULL,NULL,NULL,'cards',5,380.00,1),(200,45,NULL,NULL,NULL,'cards',10,296.00,1),(201,45,NULL,NULL,NULL,'cards',10,296.00,1),(202,45,NULL,NULL,NULL,'cards',10,296.00,1),(203,45,NULL,NULL,NULL,'sensors',54,147.00,1),(204,45,NULL,NULL,NULL,'sensors',70,445.00,1),(205,45,NULL,NULL,NULL,'sensors',72,795.00,1),(206,45,NULL,NULL,NULL,'sensors',69,480.00,1),(207,45,NULL,NULL,NULL,'sensors',68,400.00,1),(208,45,NULL,NULL,NULL,'sensors',71,545.00,1),(209,45,NULL,NULL,NULL,'sensors',61,1776.00,1),(210,45,NULL,NULL,NULL,'panel_options',28,308.00,1),(211,45,NULL,NULL,NULL,'panel_options',123,158.00,1),(212,45,NULL,NULL,NULL,'panel_options',29,205.00,1),(213,45,NULL,NULL,NULL,'panel_options',79,675.00,1),(214,45,NULL,NULL,NULL,'panel_options',90,0.00,1),(215,45,NULL,NULL,NULL,'panel_options',67,121.75,1),(216,45,NULL,NULL,NULL,'panel_options',74,0.00,1),(217,45,NULL,NULL,NULL,'accessories',93,248.00,1),(218,45,NULL,NULL,NULL,'accessories',94,248.00,1),(219,45,NULL,NULL,NULL,'accessories',96,633.00,1),(220,45,NULL,NULL,NULL,'accessories',99,157.00,1),(221,48,NULL,NULL,NULL,'cards',5,380.00,1),(222,48,NULL,NULL,NULL,'cards',10,296.00,1),(223,48,NULL,NULL,NULL,'cards',10,296.00,1),(224,48,NULL,NULL,NULL,'cards',10,296.00,1),(225,48,NULL,NULL,NULL,'sensors',54,147.00,1),(226,48,NULL,NULL,NULL,'sensors',70,445.00,1),(227,48,NULL,NULL,NULL,'sensors',72,795.00,1),(228,48,NULL,NULL,NULL,'sensors',69,480.00,1),(229,48,NULL,NULL,NULL,'sensors',68,400.00,1),(230,48,NULL,NULL,NULL,'sensors',71,545.00,1),(231,48,NULL,NULL,NULL,'sensors',61,1776.00,1),(232,48,NULL,NULL,NULL,'panel_options',28,308.00,1),(233,48,NULL,NULL,NULL,'panel_options',123,158.00,1),(234,48,NULL,NULL,NULL,'panel_options',29,205.00,1),(235,48,NULL,NULL,NULL,'panel_options',79,675.00,1),(236,48,NULL,NULL,NULL,'panel_options',90,0.00,1),(237,48,NULL,NULL,NULL,'panel_options',67,121.75,1),(238,48,NULL,NULL,NULL,'panel_options',74,0.00,1),(239,48,NULL,NULL,NULL,'accessories',93,248.00,1),(240,48,NULL,NULL,NULL,'accessories',94,248.00,1),(241,48,NULL,NULL,NULL,'accessories',96,633.00,1),(242,48,NULL,NULL,NULL,'accessories',99,157.00,1),(243,51,NULL,NULL,NULL,'cards',5,380.00,1),(244,51,NULL,NULL,NULL,'cards',10,296.00,1),(245,51,NULL,NULL,NULL,'cards',10,296.00,1),(246,51,NULL,NULL,NULL,'cards',10,296.00,1),(247,51,NULL,NULL,NULL,'sensors',54,147.00,1),(248,51,NULL,NULL,NULL,'sensors',70,445.00,1),(249,51,NULL,NULL,NULL,'sensors',72,795.00,1),(250,51,NULL,NULL,NULL,'sensors',69,480.00,1),(251,51,NULL,NULL,NULL,'sensors',68,400.00,1),(252,51,NULL,NULL,NULL,'sensors',71,545.00,1),(253,51,NULL,NULL,NULL,'sensors',61,1776.00,1),(254,51,NULL,NULL,NULL,'panel_options',28,308.00,1),(255,51,NULL,NULL,NULL,'panel_options',123,158.00,1),(256,51,NULL,NULL,NULL,'panel_options',29,205.00,1),(257,51,NULL,NULL,NULL,'panel_options',79,675.00,1),(258,51,NULL,NULL,NULL,'panel_options',90,0.00,1),(259,51,NULL,NULL,NULL,'panel_options',67,121.75,1),(260,51,NULL,NULL,NULL,'panel_options',74,0.00,1),(261,51,NULL,NULL,NULL,'accessories',93,248.00,1),(262,51,NULL,NULL,NULL,'accessories',94,248.00,1),(263,51,NULL,NULL,NULL,'accessories',96,633.00,1),(264,51,NULL,NULL,NULL,'accessories',99,157.00,1),(265,52,'2021-06-18 16:54:27','2021-06-18 16:54:27',NULL,'cards',5,380.00,1),(266,52,'2021-06-18 16:54:27','2021-06-18 16:54:27',NULL,'cards',10,296.00,1),(267,52,'2021-06-18 16:54:27','2021-06-18 16:54:27',NULL,'cards',10,296.00,1),(268,52,'2021-06-18 16:54:27','2021-06-18 16:54:27',NULL,'cards',10,296.00,1),(269,52,'2021-06-18 16:54:27','2021-06-18 16:54:27',NULL,'sensors',54,147.00,1),(270,52,'2021-06-18 16:54:27','2021-06-18 16:54:27',NULL,'sensors',70,445.00,1),(271,52,'2021-06-18 16:54:27','2021-06-18 16:54:27',NULL,'sensors',72,795.00,1),(272,52,'2021-06-18 16:54:27','2021-06-18 16:54:27',NULL,'sensors',69,480.00,1),(273,52,'2021-06-18 16:54:27','2021-06-18 16:54:27',NULL,'sensors',68,400.00,1),(274,52,'2021-06-18 16:54:27','2021-06-18 16:54:27',NULL,'sensors',71,545.00,1),(275,52,'2021-06-18 16:54:27','2021-06-18 16:54:27',NULL,'sensors',61,1776.00,1),(276,52,'2021-06-18 16:54:27','2021-06-18 16:54:27',NULL,'panel_options',28,308.00,1),(277,52,'2021-06-18 16:54:27','2021-06-18 16:54:27',NULL,'panel_options',123,158.00,1),(278,52,'2021-06-18 16:54:27','2021-06-18 16:54:27',NULL,'panel_options',29,205.00,1),(279,52,'2021-06-18 16:54:27','2021-06-18 16:54:27',NULL,'panel_options',79,675.00,1),(280,52,'2021-06-18 16:54:27','2021-06-18 16:54:27',NULL,'panel_options',90,0.00,1),(281,52,'2021-06-18 16:54:27','2021-06-18 16:54:27',NULL,'panel_options',67,121.75,1),(282,52,'2021-06-18 16:54:27','2021-06-18 16:54:27',NULL,'panel_options',74,0.00,1),(283,52,'2021-06-18 16:54:27','2021-06-18 16:54:27',NULL,'accessories',93,248.00,1),(284,52,'2021-06-18 16:54:27','2021-06-18 16:54:27',NULL,'accessories',94,248.00,1),(285,52,'2021-06-18 16:54:27','2021-06-18 16:54:27',NULL,'accessories',96,633.00,1),(286,52,'2021-06-18 16:54:27','2021-06-18 16:54:27',NULL,'accessories',99,157.00,1),(287,53,'2021-06-18 16:55:09','2021-06-18 16:55:09',NULL,'cards',5,380.00,1),(288,53,'2021-06-18 16:55:09','2021-06-18 16:55:09',NULL,'cards',10,296.00,1),(289,53,'2021-06-18 16:55:09','2021-06-18 16:55:09',NULL,'cards',10,296.00,1),(290,53,'2021-06-18 16:55:09','2021-06-18 16:55:09',NULL,'cards',10,296.00,1),(291,53,'2021-06-18 16:55:09','2021-06-18 16:55:09',NULL,'sensors',54,147.00,1),(292,53,'2021-06-18 16:55:09','2021-06-18 16:55:09',NULL,'sensors',70,445.00,1),(293,53,'2021-06-18 16:55:09','2021-06-18 16:55:09',NULL,'sensors',72,795.00,1),(294,53,'2021-06-18 16:55:09','2021-06-18 16:55:09',NULL,'sensors',69,480.00,1),(295,53,'2021-06-18 16:55:09','2021-06-18 16:55:09',NULL,'sensors',68,400.00,1),(296,53,'2021-06-18 16:55:09','2021-06-18 16:55:09',NULL,'sensors',71,545.00,1),(297,53,'2021-06-18 16:55:09','2021-06-18 16:55:09',NULL,'sensors',61,1776.00,1),(298,53,'2021-06-18 16:55:09','2021-06-18 16:55:09',NULL,'panel_options',28,308.00,1),(299,53,'2021-06-18 16:55:09','2021-06-18 16:55:09',NULL,'panel_options',123,158.00,1),(300,53,'2021-06-18 16:55:09','2021-06-18 16:55:09',NULL,'panel_options',29,205.00,1),(301,53,'2021-06-18 16:55:09','2021-06-18 16:55:09',NULL,'panel_options',79,675.00,1),(302,53,'2021-06-18 16:55:09','2021-06-18 16:55:09',NULL,'panel_options',90,0.00,1),(303,53,'2021-06-18 16:55:09','2021-06-18 16:55:09',NULL,'panel_options',67,121.75,1),(304,53,'2021-06-18 16:55:09','2021-06-18 16:55:09',NULL,'panel_options',74,0.00,1),(305,53,'2021-06-18 16:55:09','2021-06-18 16:55:09',NULL,'accessories',93,248.00,1),(306,53,'2021-06-18 16:55:09','2021-06-18 16:55:09',NULL,'accessories',94,248.00,1),(307,53,'2021-06-18 16:55:09','2021-06-18 16:55:09',NULL,'accessories',96,633.00,1),(308,53,'2021-06-18 16:55:09','2021-06-18 16:55:09',NULL,'accessories',99,157.00,1),(309,54,'2021-06-18 16:55:51','2021-06-18 16:55:51',NULL,'cards',5,380.00,1),(310,54,'2021-06-18 16:55:51','2021-06-18 16:55:51',NULL,'cards',10,296.00,1),(311,54,'2021-06-18 16:55:51','2021-06-18 16:55:51',NULL,'cards',10,296.00,1),(312,54,'2021-06-18 16:55:51','2021-06-18 16:55:51',NULL,'cards',10,296.00,1),(313,54,'2021-06-18 16:55:51','2021-06-18 16:55:51',NULL,'sensors',54,147.00,1),(314,54,'2021-06-18 16:55:51','2021-06-18 16:55:51',NULL,'sensors',70,445.00,1),(315,54,'2021-06-18 16:55:51','2021-06-18 16:55:51',NULL,'sensors',72,795.00,1),(316,54,'2021-06-18 16:55:51','2021-06-18 16:55:51',NULL,'sensors',69,480.00,1),(317,54,'2021-06-18 16:55:51','2021-06-18 16:55:51',NULL,'sensors',68,400.00,1),(318,54,'2021-06-18 16:55:51','2021-06-18 16:55:51',NULL,'sensors',71,545.00,1),(319,54,'2021-06-18 16:55:51','2021-06-18 16:55:51',NULL,'sensors',61,1776.00,1),(320,54,'2021-06-18 16:55:51','2021-06-18 16:55:51',NULL,'panel_options',28,308.00,1),(321,54,'2021-06-18 16:55:51','2021-06-18 16:55:51',NULL,'panel_options',123,158.00,1),(322,54,'2021-06-18 16:55:51','2021-06-18 16:55:51',NULL,'panel_options',29,205.00,1),(323,54,'2021-06-18 16:55:51','2021-06-18 16:55:51',NULL,'panel_options',79,675.00,1),(324,54,'2021-06-18 16:55:51','2021-06-18 16:55:51',NULL,'panel_options',90,0.00,1),(325,54,'2021-06-18 16:55:51','2021-06-18 16:55:51',NULL,'panel_options',67,121.75,1),(326,54,'2021-06-18 16:55:51','2021-06-18 16:55:51',NULL,'panel_options',74,0.00,1),(327,54,'2021-06-18 16:55:51','2021-06-18 16:55:51',NULL,'accessories',93,248.00,1),(328,54,'2021-06-18 16:55:51','2021-06-18 16:55:51',NULL,'accessories',94,248.00,1),(329,54,'2021-06-18 16:55:51','2021-06-18 16:55:51',NULL,'accessories',96,633.00,1),(330,54,'2021-06-18 16:55:51','2021-06-18 16:55:51',NULL,'accessories',99,157.00,1),(331,55,'2021-06-18 16:56:16','2021-06-18 16:56:16',NULL,'cards',5,380.00,1),(332,55,'2021-06-18 16:56:16','2021-06-18 16:56:16',NULL,'cards',10,296.00,1),(333,55,'2021-06-18 16:56:16','2021-06-18 16:56:16',NULL,'cards',10,296.00,1),(334,55,'2021-06-18 16:56:16','2021-06-18 16:56:16',NULL,'cards',10,296.00,1),(335,55,'2021-06-18 16:56:16','2021-06-18 16:56:16',NULL,'sensors',54,147.00,1),(336,55,'2021-06-18 16:56:16','2021-06-18 16:56:16',NULL,'sensors',70,445.00,1),(337,55,'2021-06-18 16:56:16','2021-06-18 16:56:16',NULL,'sensors',72,795.00,1),(338,55,'2021-06-18 16:56:16','2021-06-18 16:56:16',NULL,'sensors',69,480.00,1),(339,55,'2021-06-18 16:56:16','2021-06-18 16:56:16',NULL,'sensors',68,400.00,1),(340,55,'2021-06-18 16:56:16','2021-06-18 16:56:16',NULL,'sensors',71,545.00,1),(341,55,'2021-06-18 16:56:16','2021-06-18 16:56:16',NULL,'sensors',61,1776.00,1),(342,55,'2021-06-18 16:56:16','2021-06-18 16:56:16',NULL,'panel_options',28,308.00,1),(343,55,'2021-06-18 16:56:16','2021-06-18 16:56:16',NULL,'panel_options',123,158.00,1),(344,55,'2021-06-18 16:56:16','2021-06-18 16:56:16',NULL,'panel_options',29,205.00,1),(345,55,'2021-06-18 16:56:16','2021-06-18 16:56:16',NULL,'panel_options',79,675.00,1),(346,55,'2021-06-18 16:56:16','2021-06-18 16:56:16',NULL,'panel_options',90,0.00,1),(347,55,'2021-06-18 16:56:16','2021-06-18 16:56:16',NULL,'panel_options',67,121.75,1),(348,55,'2021-06-18 16:56:16','2021-06-18 16:56:16',NULL,'panel_options',74,0.00,1),(349,55,'2021-06-18 16:56:16','2021-06-18 16:56:16',NULL,'accessories',93,248.00,1),(350,55,'2021-06-18 16:56:16','2021-06-18 16:56:16',NULL,'accessories',94,248.00,1),(351,55,'2021-06-18 16:56:16','2021-06-18 16:56:16',NULL,'accessories',96,633.00,1),(352,55,'2021-06-18 16:56:16','2021-06-18 16:56:16',NULL,'accessories',99,157.00,1),(353,56,'2021-06-18 16:58:11','2021-06-18 16:58:11',NULL,'cards',5,380.00,1),(354,56,'2021-06-18 16:58:11','2021-06-18 16:58:11',NULL,'cards',10,296.00,1),(355,56,'2021-06-18 16:58:11','2021-06-18 16:58:11',NULL,'cards',10,296.00,1),(356,56,'2021-06-18 16:58:11','2021-06-18 16:58:11',NULL,'cards',10,296.00,1),(357,56,'2021-06-18 16:58:11','2021-06-18 16:58:11',NULL,'sensors',54,147.00,1),(358,56,'2021-06-18 16:58:11','2021-06-18 16:58:11',NULL,'sensors',70,445.00,1),(359,56,'2021-06-18 16:58:11','2021-06-18 16:58:11',NULL,'sensors',72,795.00,1),(360,56,'2021-06-18 16:58:11','2021-06-18 16:58:11',NULL,'sensors',69,480.00,1),(361,56,'2021-06-18 16:58:11','2021-06-18 16:58:11',NULL,'sensors',68,400.00,1),(362,56,'2021-06-18 16:58:11','2021-06-18 16:58:11',NULL,'sensors',71,545.00,1),(363,56,'2021-06-18 16:58:11','2021-06-18 16:58:11',NULL,'sensors',61,1776.00,1),(364,56,'2021-06-18 16:58:11','2021-06-18 16:58:11',NULL,'panel_options',28,308.00,1),(365,56,'2021-06-18 16:58:11','2021-06-18 16:58:11',NULL,'panel_options',123,158.00,1),(366,56,'2021-06-18 16:58:11','2021-06-18 16:58:11',NULL,'panel_options',29,205.00,1),(367,56,'2021-06-18 16:58:11','2021-06-18 16:58:11',NULL,'panel_options',79,675.00,1),(368,56,'2021-06-18 16:58:11','2021-06-18 16:58:11',NULL,'panel_options',90,0.00,1),(369,56,'2021-06-18 16:58:11','2021-06-18 16:58:11',NULL,'panel_options',67,121.75,1),(370,56,'2021-06-18 16:58:11','2021-06-18 16:58:11',NULL,'panel_options',74,0.00,1),(371,56,'2021-06-18 16:58:11','2021-06-18 16:58:11',NULL,'accessories',93,248.00,1),(372,56,'2021-06-18 16:58:11','2021-06-18 16:58:11',NULL,'accessories',94,248.00,1),(373,56,'2021-06-18 16:58:11','2021-06-18 16:58:11',NULL,'accessories',96,633.00,1),(374,56,'2021-06-18 16:58:11','2021-06-18 16:58:11',NULL,'accessories',99,157.00,1),(375,57,'2021-06-18 16:59:28','2021-06-18 16:59:28',NULL,'cards',5,380.00,1),(376,57,'2021-06-18 16:59:28','2021-06-18 16:59:28',NULL,'cards',10,296.00,1),(377,57,'2021-06-18 16:59:28','2021-06-18 16:59:28',NULL,'cards',10,296.00,1),(378,57,'2021-06-18 16:59:28','2021-06-18 16:59:28',NULL,'cards',10,296.00,1),(379,57,'2021-06-18 16:59:28','2021-06-18 16:59:28',NULL,'sensors',54,147.00,1),(380,57,'2021-06-18 16:59:28','2021-06-18 16:59:28',NULL,'sensors',70,445.00,1),(381,57,'2021-06-18 16:59:28','2021-06-18 16:59:28',NULL,'sensors',72,795.00,1),(382,57,'2021-06-18 16:59:28','2021-06-18 16:59:28',NULL,'sensors',69,480.00,1),(383,57,'2021-06-18 16:59:28','2021-06-18 16:59:28',NULL,'sensors',68,400.00,1),(384,57,'2021-06-18 16:59:28','2021-06-18 16:59:28',NULL,'sensors',71,545.00,1),(385,57,'2021-06-18 16:59:28','2021-06-18 16:59:28',NULL,'sensors',61,1776.00,1),(386,57,'2021-06-18 16:59:28','2021-06-18 16:59:28',NULL,'panel_options',28,308.00,1),(387,57,'2021-06-18 16:59:28','2021-06-18 16:59:28',NULL,'panel_options',123,158.00,1),(388,57,'2021-06-18 16:59:28','2021-06-18 16:59:28',NULL,'panel_options',29,205.00,1),(389,57,'2021-06-18 16:59:28','2021-06-18 16:59:28',NULL,'panel_options',79,675.00,1),(390,57,'2021-06-18 16:59:28','2021-06-18 16:59:28',NULL,'panel_options',90,0.00,1),(391,57,'2021-06-18 16:59:28','2021-06-18 16:59:28',NULL,'panel_options',67,121.75,1),(392,57,'2021-06-18 16:59:28','2021-06-18 16:59:28',NULL,'panel_options',74,0.00,1),(393,57,'2021-06-18 16:59:28','2021-06-18 16:59:28',NULL,'accessories',93,248.00,1),(394,57,'2021-06-18 16:59:28','2021-06-18 16:59:28',NULL,'accessories',94,248.00,1),(395,57,'2021-06-18 16:59:28','2021-06-18 16:59:28',NULL,'accessories',96,633.00,1),(396,57,'2021-06-18 16:59:28','2021-06-18 16:59:28',NULL,'accessories',99,157.00,1),(397,58,'2021-06-18 16:59:37','2021-06-18 16:59:37',NULL,'cards',5,380.00,1),(398,58,'2021-06-18 16:59:37','2021-06-18 16:59:37',NULL,'cards',10,296.00,1),(399,58,'2021-06-18 16:59:37','2021-06-18 16:59:37',NULL,'cards',10,296.00,1),(400,58,'2021-06-18 16:59:37','2021-06-18 16:59:37',NULL,'cards',10,296.00,1),(401,58,'2021-06-18 16:59:37','2021-06-18 16:59:37',NULL,'sensors',54,147.00,1),(402,58,'2021-06-18 16:59:37','2021-06-18 16:59:37',NULL,'sensors',70,445.00,1),(403,58,'2021-06-18 16:59:37','2021-06-18 16:59:37',NULL,'sensors',72,795.00,1),(404,58,'2021-06-18 16:59:37','2021-06-18 16:59:37',NULL,'sensors',69,480.00,1),(405,58,'2021-06-18 16:59:37','2021-06-18 16:59:37',NULL,'sensors',68,400.00,1),(406,58,'2021-06-18 16:59:37','2021-06-18 16:59:37',NULL,'sensors',71,545.00,1),(407,58,'2021-06-18 16:59:37','2021-06-18 16:59:37',NULL,'sensors',61,1776.00,1),(408,58,'2021-06-18 16:59:37','2021-06-18 16:59:37',NULL,'panel_options',28,308.00,1),(409,58,'2021-06-18 16:59:37','2021-06-18 16:59:37',NULL,'panel_options',123,158.00,1),(410,58,'2021-06-18 16:59:37','2021-06-18 16:59:37',NULL,'panel_options',29,205.00,1),(411,58,'2021-06-18 16:59:37','2021-06-18 16:59:37',NULL,'panel_options',79,675.00,1),(412,58,'2021-06-18 16:59:37','2021-06-18 16:59:37',NULL,'panel_options',90,0.00,1),(413,58,'2021-06-18 16:59:37','2021-06-18 16:59:37',NULL,'panel_options',67,121.75,1),(414,58,'2021-06-18 16:59:37','2021-06-18 16:59:37',NULL,'panel_options',74,0.00,1),(415,58,'2021-06-18 16:59:37','2021-06-18 16:59:37',NULL,'accessories',93,248.00,1),(416,58,'2021-06-18 16:59:37','2021-06-18 16:59:37',NULL,'accessories',94,248.00,1),(417,58,'2021-06-18 16:59:37','2021-06-18 16:59:37',NULL,'accessories',96,633.00,1),(418,58,'2021-06-18 16:59:37','2021-06-18 16:59:37',NULL,'accessories',99,157.00,1),(419,59,'2021-06-18 17:01:44','2021-06-18 17:01:44',NULL,'cards',5,380.00,1),(420,59,'2021-06-18 17:01:44','2021-06-18 17:01:44',NULL,'sensors',54,147.00,1),(421,59,'2021-06-18 17:01:44','2021-06-18 17:01:44',NULL,'panel_options',85,813.75,1),(422,59,'2021-06-18 17:01:44','2021-06-18 17:01:44',NULL,'accessories',93,248.00,1),(423,59,'2021-06-18 17:01:44','2021-06-18 17:01:44',NULL,'accessories',96,633.00,1),(424,59,'2021-06-18 17:01:44','2021-06-18 17:01:44',NULL,'accessories',94,248.00,1),(425,59,'2021-06-18 17:01:44','2021-06-18 17:01:44',NULL,'accessories',95,248.00,1),(426,60,'2021-06-18 18:01:08','2021-06-18 18:01:08',NULL,'cards',5,380.00,1),(427,60,'2021-06-18 18:01:08','2021-06-18 18:01:08',NULL,'cards',5,380.00,1),(428,60,'2021-06-18 18:01:08','2021-06-18 18:01:08',NULL,'cards',10,296.00,1),(429,60,'2021-06-18 18:01:08','2021-06-18 18:01:08',NULL,'sensors',54,147.00,1),(430,60,'2021-06-18 18:01:08','2021-06-18 18:01:08',NULL,'sensors',78,516.00,1),(431,60,'2021-06-18 18:01:08','2021-06-18 18:01:08',NULL,'sensors',40,587.00,1),(432,60,'2021-06-18 18:01:08','2021-06-18 18:01:08',NULL,'sensors',61,1776.00,1),(433,60,'2021-06-18 18:01:08','2021-06-18 18:01:08',NULL,'panel_options',28,308.00,1),(434,60,'2021-06-18 18:01:08','2021-06-18 18:01:08',NULL,'panel_options',27,205.00,1),(435,60,'2021-06-18 18:01:08','2021-06-18 18:01:08',NULL,'panel_options',123,158.00,1),(436,60,'2021-06-18 18:01:08','2021-06-18 18:01:08',NULL,'panel_options',111,494.34,1),(437,60,'2021-06-18 18:01:08','2021-06-18 18:01:08',NULL,'panel_options',7,194.25,1),(438,60,'2021-06-18 18:01:08','2021-06-18 18:01:08',NULL,'panel_options',86,860.00,1),(439,60,'2021-06-18 18:01:08','2021-06-18 18:01:08',NULL,'panel_options',90,0.00,1),(440,60,'2021-06-18 18:01:08','2021-06-18 18:01:08',NULL,'panel_options',98,573.25,1),(441,60,'2021-06-18 18:01:08','2021-06-18 18:01:08',NULL,'panel_options',109,74.50,1),(442,60,'2021-06-18 18:01:08','2021-06-18 18:01:08',NULL,'panel_options',106,137.00,1),(443,60,'2021-06-18 18:01:08','2021-06-18 18:01:08',NULL,'panel_options',67,121.75,1),(444,60,'2021-06-18 18:01:08','2021-06-18 18:01:08',NULL,'panel_options',82,195.25,1),(445,60,'2021-06-18 18:01:08','2021-06-18 18:01:08',NULL,'panel_options',75,0.00,1),(446,60,'2021-06-18 18:01:08','2021-06-18 18:01:08',NULL,'panel_options',132,26.25,1),(447,60,'2021-06-18 18:01:08','2021-06-18 18:01:08',NULL,'accessories',91,449.00,1),(448,60,'2021-06-18 18:01:08','2021-06-18 18:01:08',NULL,'accessories',92,449.00,1),(449,60,'2021-06-18 18:01:08','2021-06-18 18:01:08',NULL,'accessories',93,248.00,1),(450,60,'2021-06-18 18:01:08','2021-06-18 18:01:08',NULL,'accessories',62,1160.00,1),(451,60,'2021-06-18 18:01:08','2021-06-18 18:01:08',NULL,'accessories',63,991.00,1),(452,60,'2021-06-18 18:01:08','2021-06-18 18:01:08',NULL,'accessories',64,855.95,1),(453,60,'2021-06-18 18:01:08','2021-06-18 18:01:08',NULL,'accessories',65,1160.00,1),(454,60,'2021-06-18 18:01:08','2021-06-18 18:01:08',NULL,'accessories',101,654.00,1),(455,60,'2021-06-18 18:01:08','2021-06-18 18:01:08',NULL,'accessories',18,383.15,1),(456,60,'2021-06-18 18:01:08','2021-06-18 18:01:08',NULL,'accessories',19,566.23,1),(457,60,'2021-06-18 18:01:08','2021-06-18 18:01:08',NULL,'accessories',20,449.85,1),(458,60,'2021-06-18 18:01:08','2021-06-18 18:01:08',NULL,'accessories',21,360.92,1),(459,60,'2021-06-18 18:01:08','2021-06-18 18:01:08',NULL,'accessories',22,512.90,1),(460,60,'2021-06-18 18:01:08','2021-06-18 18:01:08',NULL,'accessories',23,629.05,1),(461,60,'2021-06-18 18:01:08','2021-06-18 18:01:08',NULL,'accessories',24,933.80,1),(462,60,'2021-06-18 18:01:08','2021-06-18 18:01:08',NULL,'accessories',42,2900.00,1),(463,61,'2021-06-18 18:08:44','2021-06-18 18:08:44',NULL,'cards',6,225.00,1),(464,61,'2021-06-18 18:08:44','2021-06-18 18:08:44',NULL,'cards',6,225.00,1),(465,61,'2021-06-18 18:08:44','2021-06-18 18:08:44',NULL,'sensors',56,356.00,1),(466,61,'2021-06-18 18:08:44','2021-06-18 18:08:44',NULL,'sensors',77,599.00,1),(467,61,'2021-06-18 18:08:44','2021-06-18 18:08:44',NULL,'panel_options',137,253.00,1),(468,61,'2021-06-18 18:08:44','2021-06-18 18:08:44',NULL,'panel_options',117,616.00,1),(469,61,'2021-06-18 18:08:44','2021-06-18 18:08:44',NULL,'panel_options',124,0.00,1),(470,61,'2021-06-18 18:08:44','2021-06-18 18:08:44',NULL,'panel_options',12,391.49,1),(471,61,'2021-06-18 18:08:44','2021-06-18 18:08:44',NULL,'panel_options',7,194.25,1),(472,61,'2021-06-18 18:08:44','2021-06-18 18:08:44',NULL,'panel_options',79,675.00,1),(473,61,'2021-06-18 18:08:44','2021-06-18 18:08:44',NULL,'panel_options',91,0.00,1),(474,61,'2021-06-18 18:08:44','2021-06-18 18:08:44',NULL,'panel_options',96,309.75,1),(475,61,'2021-06-18 18:08:44','2021-06-18 18:08:44',NULL,'panel_options',109,74.50,1),(476,61,'2021-06-18 18:08:44','2021-06-18 18:08:44',NULL,'panel_options',106,137.00,1),(477,61,'2021-06-18 18:08:44','2021-06-18 18:08:44',NULL,'panel_options',65,132.25,1),(478,61,'2021-06-18 18:08:44','2021-06-18 18:08:44',NULL,'panel_options',82,195.25,1),(479,61,'2021-06-18 18:08:44','2021-06-18 18:08:44',NULL,'panel_options',76,0.00,1),(480,61,'2021-06-18 18:08:44','2021-06-18 18:08:44',NULL,'panel_options',133,0.00,1),(481,61,'2021-06-18 18:08:44','2021-06-18 18:08:44',NULL,'panel_options',119,245.00,1),(482,61,'2021-06-18 18:08:44','2021-06-18 18:08:44',NULL,'accessories',94,248.00,1),(483,61,'2021-06-18 18:08:44','2021-06-18 18:08:44',NULL,'accessories',95,248.00,1),(484,61,'2021-06-18 18:08:44','2021-06-18 18:08:44',NULL,'accessories',96,633.00,1),(485,61,'2021-06-18 18:08:44','2021-06-18 18:08:44',NULL,'accessories',66,445.00,1),(486,61,'2021-06-18 18:08:44','2021-06-18 18:08:44',NULL,'accessories',67,445.00,1),(487,61,'2021-06-18 18:08:44','2021-06-18 18:08:44',NULL,'accessories',68,428.00,1),(488,61,'2021-06-18 18:08:44','2021-06-18 18:08:44',NULL,'accessories',69,581.00,1),(489,61,'2021-06-18 18:08:44','2021-06-18 18:08:44',NULL,'accessories',70,428.00,1),(490,61,'2021-06-18 18:08:44','2021-06-18 18:08:44',NULL,'accessories',71,597.00,1),(491,61,'2021-06-18 18:08:44','2021-06-18 18:08:44',NULL,'accessories',101,654.00,1),(492,61,'2021-06-18 18:08:44','2021-06-18 18:08:44',NULL,'accessories',12,643.00,1),(493,61,'2021-06-18 18:08:44','2021-06-18 18:08:44',NULL,'accessories',13,378.00,1),(494,61,'2021-06-18 18:08:44','2021-06-18 18:08:44',NULL,'accessories',14,499.00,1),(495,61,'2021-06-18 18:08:44','2021-06-18 18:08:44',NULL,'accessories',15,595.00,1),(496,61,'2021-06-18 18:08:44','2021-06-18 18:08:44',NULL,'accessories',16,990.00,1),(497,61,'2021-06-18 18:08:44','2021-06-18 18:08:44',NULL,'accessories',17,451.00,1),(498,61,'2021-06-18 18:08:44','2021-06-18 18:08:44',NULL,'accessories',26,555.01,1),(499,61,'2021-06-18 18:08:44','2021-06-18 18:08:44',NULL,'accessories',27,555.01,1),(500,61,'2021-06-18 18:08:44','2021-06-18 18:08:44',NULL,'accessories',29,850.90,1),(501,61,'2021-06-18 18:08:44','2021-06-18 18:08:44',NULL,'accessories',28,645.65,1),(502,61,'2021-06-18 18:08:44','2021-06-18 18:08:44',NULL,'accessories',30,978.60,1),(503,61,'2021-06-18 18:08:44','2021-06-18 18:08:44',NULL,'accessories',31,1345.50,1),(504,61,'2021-06-18 18:08:44','2021-06-18 18:08:44',NULL,'accessories',32,1622.35,1),(505,61,'2021-06-18 18:08:44','2021-06-18 18:08:44',NULL,'accessories',33,1996.62,1),(506,61,'2021-06-18 18:08:44','2021-06-18 18:08:44',NULL,'accessories',34,2827.19,1),(507,61,'2021-06-18 18:08:44','2021-06-18 18:08:44',NULL,'accessories',35,287.95,1),(508,62,'2021-06-18 18:09:19','2021-06-18 18:09:19',NULL,'cards',6,225.00,1),(509,62,'2021-06-18 18:09:19','2021-06-18 18:09:19',NULL,'cards',6,225.00,1),(510,62,'2021-06-18 18:09:19','2021-06-18 18:09:19',NULL,'sensors',56,356.00,1),(511,62,'2021-06-18 18:09:19','2021-06-18 18:09:19',NULL,'sensors',77,599.00,1),(512,62,'2021-06-18 18:09:19','2021-06-18 18:09:19',NULL,'panel_options',137,253.00,1),(513,62,'2021-06-18 18:09:19','2021-06-18 18:09:19',NULL,'panel_options',117,616.00,1),(514,62,'2021-06-18 18:09:19','2021-06-18 18:09:19',NULL,'panel_options',124,0.00,1),(515,62,'2021-06-18 18:09:19','2021-06-18 18:09:19',NULL,'panel_options',12,391.49,1),(516,62,'2021-06-18 18:09:19','2021-06-18 18:09:19',NULL,'panel_options',7,194.25,1),(517,62,'2021-06-18 18:09:19','2021-06-18 18:09:19',NULL,'panel_options',79,675.00,1),(518,62,'2021-06-18 18:09:19','2021-06-18 18:09:19',NULL,'panel_options',91,0.00,1),(519,62,'2021-06-18 18:09:19','2021-06-18 18:09:19',NULL,'panel_options',96,309.75,1),(520,62,'2021-06-18 18:09:19','2021-06-18 18:09:19',NULL,'panel_options',109,74.50,1),(521,62,'2021-06-18 18:09:19','2021-06-18 18:09:19',NULL,'panel_options',106,137.00,1),(522,62,'2021-06-18 18:09:19','2021-06-18 18:09:19',NULL,'panel_options',65,132.25,1),(523,62,'2021-06-18 18:09:19','2021-06-18 18:09:19',NULL,'panel_options',82,195.25,1),(524,62,'2021-06-18 18:09:19','2021-06-18 18:09:19',NULL,'panel_options',76,0.00,1),(525,62,'2021-06-18 18:09:19','2021-06-18 18:09:19',NULL,'panel_options',133,0.00,1),(526,62,'2021-06-18 18:09:19','2021-06-18 18:09:19',NULL,'panel_options',119,245.00,1),(527,62,'2021-06-18 18:09:19','2021-06-18 18:09:19',NULL,'accessories',94,248.00,1),(528,62,'2021-06-18 18:09:19','2021-06-18 18:09:19',NULL,'accessories',95,248.00,1),(529,62,'2021-06-18 18:09:19','2021-06-18 18:09:19',NULL,'accessories',96,633.00,1),(530,62,'2021-06-18 18:09:19','2021-06-18 18:09:19',NULL,'accessories',66,445.00,1),(531,62,'2021-06-18 18:09:19','2021-06-18 18:09:19',NULL,'accessories',67,445.00,1),(532,62,'2021-06-18 18:09:19','2021-06-18 18:09:19',NULL,'accessories',68,428.00,1),(533,62,'2021-06-18 18:09:19','2021-06-18 18:09:19',NULL,'accessories',69,581.00,1),(534,62,'2021-06-18 18:09:19','2021-06-18 18:09:19',NULL,'accessories',70,428.00,1),(535,62,'2021-06-18 18:09:19','2021-06-18 18:09:19',NULL,'accessories',71,597.00,1),(536,62,'2021-06-18 18:09:19','2021-06-18 18:09:19',NULL,'accessories',101,654.00,1),(537,62,'2021-06-18 18:09:19','2021-06-18 18:09:19',NULL,'accessories',12,643.00,1),(538,62,'2021-06-18 18:09:19','2021-06-18 18:09:19',NULL,'accessories',13,378.00,1),(539,62,'2021-06-18 18:09:19','2021-06-18 18:09:19',NULL,'accessories',14,499.00,1),(540,62,'2021-06-18 18:09:19','2021-06-18 18:09:19',NULL,'accessories',15,595.00,1),(541,62,'2021-06-18 18:09:19','2021-06-18 18:09:19',NULL,'accessories',16,990.00,1),(542,62,'2021-06-18 18:09:19','2021-06-18 18:09:19',NULL,'accessories',17,451.00,1),(543,62,'2021-06-18 18:09:19','2021-06-18 18:09:19',NULL,'accessories',26,555.01,1),(544,62,'2021-06-18 18:09:19','2021-06-18 18:09:19',NULL,'accessories',27,555.01,1),(545,62,'2021-06-18 18:09:19','2021-06-18 18:09:19',NULL,'accessories',29,850.90,1),(546,62,'2021-06-18 18:09:19','2021-06-18 18:09:19',NULL,'accessories',28,645.65,1),(547,62,'2021-06-18 18:09:19','2021-06-18 18:09:19',NULL,'accessories',30,978.60,1),(548,62,'2021-06-18 18:09:19','2021-06-18 18:09:19',NULL,'accessories',31,1345.50,1),(549,62,'2021-06-18 18:09:19','2021-06-18 18:09:19',NULL,'accessories',32,1622.35,1),(550,62,'2021-06-18 18:09:19','2021-06-18 18:09:19',NULL,'accessories',33,1996.62,1),(551,62,'2021-06-18 18:09:19','2021-06-18 18:09:19',NULL,'accessories',34,2827.19,1),(552,62,'2021-06-18 18:09:19','2021-06-18 18:09:19',NULL,'accessories',35,287.95,1),(553,63,'2021-06-18 18:29:22','2021-06-18 18:29:22',NULL,'cards',5,380.00,1),(554,63,'2021-06-18 18:29:22','2021-06-18 18:29:22',NULL,'cards',5,380.00,1),(555,63,'2021-06-18 18:29:22','2021-06-18 18:29:22',NULL,'cards',10,296.00,1),(556,63,'2021-06-18 18:29:22','2021-06-18 18:29:22',NULL,'cards',30,515.00,1),(557,63,'2021-06-18 18:29:22','2021-06-18 18:29:22',NULL,'sensors',54,147.00,1),(558,63,'2021-06-18 18:29:22','2021-06-18 18:29:22',NULL,'sensors',78,516.00,1),(559,63,'2021-06-18 18:29:22','2021-06-18 18:29:22',NULL,'sensors',41,548.00,1),(560,63,'2021-06-18 18:29:22','2021-06-18 18:29:22',NULL,'sensors',32,147.00,1),(561,63,'2021-06-18 18:29:22','2021-06-18 18:29:22',NULL,'sensors',62,2211.00,1),(562,63,'2021-06-18 18:29:22','2021-06-18 18:29:22',NULL,'sensors',66,1575.00,1),(563,63,'2021-06-18 18:29:22','2021-06-18 18:29:22',NULL,'sensors',75,515.00,1),(564,63,'2021-06-18 18:29:22','2021-06-18 18:29:22',NULL,'panel_options',28,308.00,1),(565,63,'2021-06-18 18:29:22','2021-06-18 18:29:22',NULL,'panel_options',123,158.00,1),(566,63,'2021-06-18 18:29:22','2021-06-18 18:29:22',NULL,'panel_options',138,0.00,1),(567,63,'2021-06-18 18:29:22','2021-06-18 18:29:22',NULL,'panel_options',128,158.00,1),(568,63,'2021-06-18 18:29:22','2021-06-18 18:29:22',NULL,'panel_options',112,515.34,1),(569,63,'2021-06-18 18:29:22','2021-06-18 18:29:22',NULL,'panel_options',4,309.75,1),(570,63,'2021-06-18 18:29:22','2021-06-18 18:29:22',NULL,'panel_options',64,473.00,1),(571,63,'2021-06-18 18:29:22','2021-06-18 18:29:22',NULL,'panel_options',89,0.00,1),(572,63,'2021-06-18 18:29:22','2021-06-18 18:29:22',NULL,'panel_options',97,300.25,1),(573,63,'2021-06-18 18:29:22','2021-06-18 18:29:22',NULL,'panel_options',73,0.00,1),(574,63,'2021-06-18 18:29:22','2021-06-18 18:29:22',NULL,'panel_options',109,74.50,1),(575,63,'2021-06-18 18:29:22','2021-06-18 18:29:22',NULL,'panel_options',106,137.00,1),(576,63,'2021-06-18 18:29:22','2021-06-18 18:29:22',NULL,'panel_options',67,121.75,1),(577,63,'2021-06-18 18:29:22','2021-06-18 18:29:22',NULL,'panel_options',82,195.25,1),(578,63,'2021-06-18 18:29:22','2021-06-18 18:29:22',NULL,'panel_options',120,245.00,1),(579,63,'2021-06-18 18:29:22','2021-06-18 18:29:22',NULL,'panel_options',133,0.00,1),(580,63,'2021-06-18 18:29:22','2021-06-18 18:29:22',NULL,'accessories',92,449.00,1),(581,63,'2021-06-18 18:29:22','2021-06-18 18:29:22',NULL,'accessories',95,248.00,1),(582,63,'2021-06-18 18:29:22','2021-06-18 18:29:22',NULL,'accessories',97,633.00,1),(583,63,'2021-06-18 18:29:22','2021-06-18 18:29:22',NULL,'accessories',61,714.00,1),(584,63,'2021-06-18 18:29:22','2021-06-18 18:29:22',NULL,'accessories',84,273.00,1),(585,63,'2021-06-18 18:29:22','2021-06-18 18:29:22',NULL,'accessories',88,430.50,5),(586,63,'2021-06-18 18:29:22','2021-06-18 18:29:22',NULL,'accessories',42,2900.00,1),(587,64,'2021-06-18 21:22:46','2021-06-18 21:22:46',NULL,'cards',5,380.00,1),(588,64,'2021-06-18 21:22:46','2021-06-18 21:22:46',NULL,'cards',5,380.00,1),(589,64,'2021-06-18 21:22:46','2021-06-18 21:22:46',NULL,'cards',10,296.00,1),(590,64,'2021-06-18 21:22:46','2021-06-18 21:22:46',NULL,'sensors',54,147.00,1),(591,64,'2021-06-18 21:22:46','2021-06-18 21:22:46',NULL,'sensors',78,516.00,1),(592,64,'2021-06-18 21:22:46','2021-06-18 21:22:46',NULL,'sensors',40,587.00,1),(593,64,'2021-06-18 21:22:46','2021-06-18 21:22:46',NULL,'sensors',61,1776.00,1),(594,64,'2021-06-18 21:22:46','2021-06-18 21:22:46',NULL,'panel_options',28,308.00,1),(595,64,'2021-06-18 21:22:46','2021-06-18 21:22:46',NULL,'panel_options',27,205.00,1),(596,64,'2021-06-18 21:22:46','2021-06-18 21:22:46',NULL,'panel_options',123,158.00,1),(597,64,'2021-06-18 21:22:46','2021-06-18 21:22:46',NULL,'panel_options',111,494.34,1),(598,64,'2021-06-18 21:22:46','2021-06-18 21:22:46',NULL,'panel_options',7,194.25,1),(599,64,'2021-06-18 21:22:46','2021-06-18 21:22:46',NULL,'panel_options',86,860.00,1),(600,64,'2021-06-18 21:22:46','2021-06-18 21:22:46',NULL,'panel_options',90,0.00,1),(601,64,'2021-06-18 21:22:46','2021-06-18 21:22:46',NULL,'panel_options',98,573.25,1),(602,64,'2021-06-18 21:22:46','2021-06-18 21:22:46',NULL,'panel_options',76,0.00,1),(603,64,'2021-06-18 21:22:46','2021-06-18 21:22:46',NULL,'accessories',91,449.00,1),(604,65,'2021-06-18 21:22:52','2021-06-18 21:22:52',NULL,'cards',5,380.00,1),(605,65,'2021-06-18 21:22:52','2021-06-18 21:22:52',NULL,'cards',5,380.00,1),(606,65,'2021-06-18 21:22:52','2021-06-18 21:22:52',NULL,'cards',10,296.00,1),(607,65,'2021-06-18 21:22:52','2021-06-18 21:22:52',NULL,'sensors',54,147.00,1),(608,65,'2021-06-18 21:22:52','2021-06-18 21:22:52',NULL,'sensors',78,516.00,1),(609,65,'2021-06-18 21:22:52','2021-06-18 21:22:52',NULL,'sensors',40,587.00,1),(610,65,'2021-06-18 21:22:52','2021-06-18 21:22:52',NULL,'sensors',61,1776.00,1),(611,65,'2021-06-18 21:22:52','2021-06-18 21:22:52',NULL,'panel_options',28,308.00,1),(612,65,'2021-06-18 21:22:52','2021-06-18 21:22:52',NULL,'panel_options',27,205.00,1),(613,65,'2021-06-18 21:22:52','2021-06-18 21:22:52',NULL,'panel_options',123,158.00,1),(614,65,'2021-06-18 21:22:52','2021-06-18 21:22:52',NULL,'panel_options',111,494.34,1),(615,65,'2021-06-18 21:22:52','2021-06-18 21:22:52',NULL,'panel_options',7,194.25,1),(616,65,'2021-06-18 21:22:52','2021-06-18 21:22:52',NULL,'panel_options',86,860.00,1),(617,65,'2021-06-18 21:22:52','2021-06-18 21:22:52',NULL,'panel_options',90,0.00,1),(618,65,'2021-06-18 21:22:52','2021-06-18 21:22:52',NULL,'panel_options',98,573.25,1),(619,65,'2021-06-18 21:22:52','2021-06-18 21:22:52',NULL,'panel_options',76,0.00,1),(620,65,'2021-06-18 21:22:52','2021-06-18 21:22:52',NULL,'accessories',91,449.00,1),(621,66,'2021-06-18 21:23:03','2021-06-18 21:23:03',NULL,'cards',5,380.00,1),(622,66,'2021-06-18 21:23:03','2021-06-18 21:23:03',NULL,'cards',5,380.00,1),(623,66,'2021-06-18 21:23:03','2021-06-18 21:23:03',NULL,'cards',10,296.00,1),(624,66,'2021-06-18 21:23:03','2021-06-18 21:23:03',NULL,'sensors',54,147.00,1),(625,66,'2021-06-18 21:23:03','2021-06-18 21:23:03',NULL,'sensors',78,516.00,1),(626,66,'2021-06-18 21:23:03','2021-06-18 21:23:03',NULL,'sensors',40,587.00,1),(627,66,'2021-06-18 21:23:03','2021-06-18 21:23:03',NULL,'sensors',61,1776.00,1),(628,66,'2021-06-18 21:23:03','2021-06-18 21:23:03',NULL,'panel_options',28,308.00,1),(629,66,'2021-06-18 21:23:03','2021-06-18 21:23:03',NULL,'panel_options',27,205.00,1),(630,66,'2021-06-18 21:23:03','2021-06-18 21:23:03',NULL,'panel_options',123,158.00,1),(631,66,'2021-06-18 21:23:03','2021-06-18 21:23:03',NULL,'panel_options',111,494.34,1),(632,66,'2021-06-18 21:23:03','2021-06-18 21:23:03',NULL,'panel_options',7,194.25,1),(633,66,'2021-06-18 21:23:03','2021-06-18 21:23:03',NULL,'panel_options',86,860.00,1),(634,66,'2021-06-18 21:23:03','2021-06-18 21:23:03',NULL,'panel_options',90,0.00,1),(635,66,'2021-06-18 21:23:03','2021-06-18 21:23:03',NULL,'panel_options',98,573.25,1),(636,66,'2021-06-18 21:23:03','2021-06-18 21:23:03',NULL,'panel_options',76,0.00,1),(637,66,'2021-06-18 21:23:03','2021-06-18 21:23:03',NULL,'accessories',91,449.00,1),(638,67,'2021-06-18 22:59:05','2021-06-18 22:59:05',NULL,'cards',5,380.00,1),(639,67,'2021-06-18 22:59:05','2021-06-18 22:59:05',NULL,'cards',5,380.00,1),(640,67,'2021-06-18 22:59:05','2021-06-18 22:59:05',NULL,'cards',10,296.00,1),(641,67,'2021-06-18 22:59:05','2021-06-18 22:59:05',NULL,'sensors',54,147.00,1),(642,67,'2021-06-18 22:59:05','2021-06-18 22:59:05',NULL,'sensors',78,516.00,1),(643,67,'2021-06-18 22:59:05','2021-06-18 22:59:05',NULL,'sensors',40,587.00,1),(644,67,'2021-06-18 22:59:05','2021-06-18 22:59:05',NULL,'sensors',61,1776.00,1),(645,67,'2021-06-18 22:59:05','2021-06-18 22:59:05',NULL,'panel_options',28,308.00,1),(646,67,'2021-06-18 22:59:05','2021-06-18 22:59:05',NULL,'panel_options',27,205.00,1),(647,67,'2021-06-18 22:59:05','2021-06-18 22:59:05',NULL,'panel_options',123,158.00,1),(648,67,'2021-06-18 22:59:05','2021-06-18 22:59:05',NULL,'panel_options',111,494.34,1),(649,67,'2021-06-18 22:59:05','2021-06-18 22:59:05',NULL,'panel_options',7,194.25,1),(650,67,'2021-06-18 22:59:05','2021-06-18 22:59:05',NULL,'panel_options',86,860.00,1),(651,67,'2021-06-18 22:59:05','2021-06-18 22:59:05',NULL,'panel_options',90,0.00,1),(652,67,'2021-06-18 22:59:05','2021-06-18 22:59:05',NULL,'panel_options',98,573.25,1),(653,67,'2021-06-18 22:59:05','2021-06-18 22:59:05',NULL,'panel_options',109,74.50,1),(654,67,'2021-06-18 22:59:05','2021-06-18 22:59:05',NULL,'panel_options',106,137.00,1),(655,67,'2021-06-18 22:59:05','2021-06-18 22:59:05',NULL,'panel_options',76,0.00,1),(656,67,'2021-06-18 22:59:05','2021-06-18 22:59:05',NULL,'accessories',91,449.00,1),(657,68,'2021-06-18 23:28:32','2021-06-18 23:28:32',NULL,'cards',5,380.00,1),(658,68,'2021-06-18 23:28:32','2021-06-18 23:28:32',NULL,'cards',5,380.00,1),(659,68,'2021-06-18 23:28:32','2021-06-18 23:28:32',NULL,'cards',10,296.00,1),(660,68,'2021-06-18 23:28:32','2021-06-18 23:28:32',NULL,'sensors',54,147.00,1),(661,68,'2021-06-18 23:28:32','2021-06-18 23:28:32',NULL,'sensors',78,516.00,1),(662,68,'2021-06-18 23:28:32','2021-06-18 23:28:32',NULL,'sensors',40,587.00,1),(663,68,'2021-06-18 23:28:32','2021-06-18 23:28:32',NULL,'sensors',61,1776.00,1),(664,68,'2021-06-18 23:28:32','2021-06-18 23:28:32',NULL,'panel_options',28,308.00,1),(665,68,'2021-06-18 23:28:32','2021-06-18 23:28:32',NULL,'panel_options',27,205.00,1),(666,68,'2021-06-18 23:28:32','2021-06-18 23:28:32',NULL,'panel_options',123,158.00,1),(667,68,'2021-06-18 23:28:32','2021-06-18 23:28:32',NULL,'panel_options',111,494.34,1),(668,68,'2021-06-18 23:28:32','2021-06-18 23:28:32',NULL,'panel_options',7,194.25,1),(669,68,'2021-06-18 23:28:32','2021-06-18 23:28:32',NULL,'panel_options',86,860.00,1),(670,68,'2021-06-18 23:28:32','2021-06-18 23:28:32',NULL,'panel_options',90,0.00,1),(671,68,'2021-06-18 23:28:32','2021-06-18 23:28:32',NULL,'panel_options',98,573.25,1),(672,68,'2021-06-18 23:28:32','2021-06-18 23:28:32',NULL,'panel_options',109,74.50,1),(673,68,'2021-06-18 23:28:32','2021-06-18 23:28:32',NULL,'panel_options',106,137.00,1),(674,68,'2021-06-18 23:28:32','2021-06-18 23:28:32',NULL,'panel_options',76,0.00,1),(675,68,'2021-06-18 23:28:32','2021-06-18 23:28:32',NULL,'accessories',91,449.00,1),(676,69,'2021-06-18 23:36:18','2021-06-18 23:36:18',NULL,'cards',5,380.00,1),(677,69,'2021-06-18 23:36:18','2021-06-18 23:36:18',NULL,'cards',5,380.00,1),(678,69,'2021-06-18 23:36:18','2021-06-18 23:36:18',NULL,'cards',10,296.00,1),(679,69,'2021-06-18 23:36:18','2021-06-18 23:36:18',NULL,'sensors',54,147.00,1),(680,69,'2021-06-18 23:36:18','2021-06-18 23:36:18',NULL,'sensors',78,516.00,1),(681,69,'2021-06-18 23:36:18','2021-06-18 23:36:18',NULL,'sensors',40,587.00,1),(682,69,'2021-06-18 23:36:18','2021-06-18 23:36:18',NULL,'sensors',61,1776.00,1),(683,69,'2021-06-18 23:36:18','2021-06-18 23:36:18',NULL,'panel_options',28,308.00,1),(684,69,'2021-06-18 23:36:18','2021-06-18 23:36:18',NULL,'panel_options',27,205.00,1),(685,69,'2021-06-18 23:36:18','2021-06-18 23:36:18',NULL,'panel_options',123,158.00,1),(686,69,'2021-06-18 23:36:18','2021-06-18 23:36:18',NULL,'panel_options',111,494.34,1),(687,69,'2021-06-18 23:36:18','2021-06-18 23:36:18',NULL,'panel_options',7,194.25,1),(688,69,'2021-06-18 23:36:18','2021-06-18 23:36:18',NULL,'panel_options',86,860.00,1),(689,69,'2021-06-18 23:36:18','2021-06-18 23:36:18',NULL,'panel_options',90,0.00,1),(690,69,'2021-06-18 23:36:18','2021-06-18 23:36:18',NULL,'panel_options',98,573.25,1),(691,69,'2021-06-18 23:36:18','2021-06-18 23:36:18',NULL,'panel_options',109,74.50,1),(692,69,'2021-06-18 23:36:18','2021-06-18 23:36:18',NULL,'panel_options',106,137.00,1),(693,69,'2021-06-18 23:36:18','2021-06-18 23:36:18',NULL,'panel_options',76,0.00,1),(694,69,'2021-06-18 23:36:18','2021-06-18 23:36:18',NULL,'accessories',91,449.00,1),(695,70,'2021-06-19 15:51:59','2021-06-19 15:51:59',NULL,'cards',5,380.00,1),(696,70,'2021-06-19 15:51:59','2021-06-19 15:51:59',NULL,'cards',5,380.00,1),(697,70,'2021-06-19 15:51:59','2021-06-19 15:51:59',NULL,'cards',10,296.00,1),(698,70,'2021-06-19 15:51:59','2021-06-19 15:51:59',NULL,'cards',30,515.00,1),(699,70,'2021-06-19 15:51:59','2021-06-19 15:51:59',NULL,'sensors',54,147.00,1),(700,70,'2021-06-19 15:51:59','2021-06-19 15:51:59',NULL,'sensors',78,516.00,1),(701,70,'2021-06-19 15:51:59','2021-06-19 15:51:59',NULL,'sensors',41,548.00,1),(702,70,'2021-06-19 15:51:59','2021-06-19 15:51:59',NULL,'sensors',32,147.00,1),(703,70,'2021-06-19 15:51:59','2021-06-19 15:51:59',NULL,'sensors',62,2211.00,1),(704,70,'2021-06-19 15:51:59','2021-06-19 15:51:59',NULL,'sensors',66,1575.00,1),(705,70,'2021-06-19 15:51:59','2021-06-19 15:51:59',NULL,'sensors',75,515.00,1),(706,70,'2021-06-19 15:51:59','2021-06-19 15:51:59',NULL,'panel_options',28,308.00,1),(707,70,'2021-06-19 15:51:59','2021-06-19 15:51:59',NULL,'panel_options',123,158.00,1),(708,70,'2021-06-19 15:51:59','2021-06-19 15:51:59',NULL,'panel_options',138,0.00,1),(709,70,'2021-06-19 15:51:59','2021-06-19 15:51:59',NULL,'panel_options',128,158.00,1),(710,70,'2021-06-19 15:51:59','2021-06-19 15:51:59',NULL,'panel_options',112,515.34,1),(711,70,'2021-06-19 15:51:59','2021-06-19 15:51:59',NULL,'panel_options',4,309.75,1),(712,70,'2021-06-19 15:51:59','2021-06-19 15:51:59',NULL,'panel_options',64,473.00,1),(713,70,'2021-06-19 15:51:59','2021-06-19 15:51:59',NULL,'panel_options',89,0.00,1),(714,70,'2021-06-19 15:51:59','2021-06-19 15:51:59',NULL,'panel_options',97,300.25,1),(715,70,'2021-06-19 15:51:59','2021-06-19 15:51:59',NULL,'panel_options',73,0.00,1),(716,70,'2021-06-19 15:51:59','2021-06-19 15:51:59',NULL,'panel_options',109,74.50,1),(717,70,'2021-06-19 15:51:59','2021-06-19 15:51:59',NULL,'panel_options',106,137.00,1),(718,70,'2021-06-19 15:51:59','2021-06-19 15:51:59',NULL,'panel_options',67,121.75,1),(719,70,'2021-06-19 15:51:59','2021-06-19 15:51:59',NULL,'panel_options',82,195.25,1),(720,70,'2021-06-19 15:51:59','2021-06-19 15:51:59',NULL,'panel_options',120,245.00,1),(721,70,'2021-06-19 15:51:59','2021-06-19 15:51:59',NULL,'panel_options',133,0.00,1),(722,70,'2021-06-19 15:51:59','2021-06-19 15:51:59',NULL,'accessories',92,449.00,1),(723,70,'2021-06-19 15:51:59','2021-06-19 15:51:59',NULL,'accessories',95,248.00,1),(724,70,'2021-06-19 15:51:59','2021-06-19 15:51:59',NULL,'accessories',97,633.00,1),(725,70,'2021-06-19 15:51:59','2021-06-19 15:51:59',NULL,'accessories',61,714.00,1),(726,70,'2021-06-19 15:51:59','2021-06-19 15:51:59',NULL,'accessories',84,273.00,1),(727,70,'2021-06-19 15:51:59','2021-06-19 15:51:59',NULL,'accessories',88,430.50,1),(728,70,'2021-06-19 15:51:59','2021-06-19 15:51:59',NULL,'accessories',42,2900.00,1),(729,71,'2021-06-19 16:56:41','2021-06-19 16:56:41',NULL,'cards',5,380.00,1),(730,71,'2021-06-19 16:56:41','2021-06-19 16:56:41',NULL,'cards',5,380.00,1),(731,71,'2021-06-19 16:56:41','2021-06-19 16:56:41',NULL,'cards',10,296.00,1),(732,71,'2021-06-19 16:56:41','2021-06-19 16:56:41',NULL,'cards',30,515.00,1),(733,71,'2021-06-19 16:56:41','2021-06-19 16:56:41',NULL,'sensors',54,147.00,1),(734,71,'2021-06-19 16:56:41','2021-06-19 16:56:41',NULL,'sensors',78,516.00,1),(735,71,'2021-06-19 16:56:41','2021-06-19 16:56:41',NULL,'sensors',41,548.00,1),(736,71,'2021-06-19 16:56:41','2021-06-19 16:56:41',NULL,'sensors',32,147.00,1),(737,71,'2021-06-19 16:56:41','2021-06-19 16:56:41',NULL,'sensors',62,2211.00,1),(738,71,'2021-06-19 16:56:41','2021-06-19 16:56:41',NULL,'sensors',66,1575.00,1),(739,71,'2021-06-19 16:56:41','2021-06-19 16:56:41',NULL,'sensors',75,515.00,1),(740,71,'2021-06-19 16:56:41','2021-06-19 16:56:41',NULL,'panel_options',28,308.00,1),(741,71,'2021-06-19 16:56:41','2021-06-19 16:56:41',NULL,'panel_options',123,158.00,1),(742,71,'2021-06-19 16:56:41','2021-06-19 16:56:41',NULL,'panel_options',138,0.00,1),(743,71,'2021-06-19 16:56:41','2021-06-19 16:56:41',NULL,'panel_options',128,158.00,1),(744,71,'2021-06-19 16:56:41','2021-06-19 16:56:41',NULL,'panel_options',112,515.34,1),(745,71,'2021-06-19 16:56:41','2021-06-19 16:56:41',NULL,'panel_options',4,309.75,1),(746,71,'2021-06-19 16:56:41','2021-06-19 16:56:41',NULL,'panel_options',64,473.00,1),(747,71,'2021-06-19 16:56:41','2021-06-19 16:56:41',NULL,'panel_options',89,0.00,1),(748,71,'2021-06-19 16:56:41','2021-06-19 16:56:41',NULL,'panel_options',97,300.25,1),(749,71,'2021-06-19 16:56:41','2021-06-19 16:56:41',NULL,'panel_options',73,0.00,1),(750,71,'2021-06-19 16:56:41','2021-06-19 16:56:41',NULL,'panel_options',109,74.50,1),(751,71,'2021-06-19 16:56:41','2021-06-19 16:56:41',NULL,'panel_options',106,137.00,1),(752,71,'2021-06-19 16:56:41','2021-06-19 16:56:41',NULL,'panel_options',67,121.75,1),(753,71,'2021-06-19 16:56:41','2021-06-19 16:56:41',NULL,'panel_options',82,195.25,1),(754,71,'2021-06-19 16:56:41','2021-06-19 16:56:41',NULL,'panel_options',120,245.00,1),(755,71,'2021-06-19 16:56:41','2021-06-19 16:56:41',NULL,'panel_options',133,0.00,1),(756,71,'2021-06-19 16:56:41','2021-06-19 16:56:41',NULL,'accessories',92,449.00,1),(757,71,'2021-06-19 16:56:41','2021-06-19 16:56:41',NULL,'accessories',95,248.00,1),(758,71,'2021-06-19 16:56:41','2021-06-19 16:56:41',NULL,'accessories',97,633.00,1),(759,71,'2021-06-19 16:56:41','2021-06-19 16:56:41',NULL,'accessories',61,714.00,1),(760,71,'2021-06-19 16:56:41','2021-06-19 16:56:41',NULL,'accessories',84,273.00,1),(761,71,'2021-06-19 16:56:41','2021-06-19 16:56:41',NULL,'accessories',88,430.50,1),(762,71,'2021-06-19 16:56:41','2021-06-19 16:56:41',NULL,'accessories',42,2900.00,1),(763,72,'2021-06-19 17:21:23','2021-06-19 17:21:23',NULL,'cards',5,380.00,1),(764,72,'2021-06-19 17:21:23','2021-06-19 17:21:23',NULL,'cards',5,380.00,1),(765,72,'2021-06-19 17:21:23','2021-06-19 17:21:23',NULL,'cards',10,296.00,1),(766,72,'2021-06-19 17:21:23','2021-06-19 17:21:23',NULL,'cards',30,515.00,1),(767,72,'2021-06-19 17:21:23','2021-06-19 17:21:23',NULL,'sensors',54,147.00,1),(768,72,'2021-06-19 17:21:23','2021-06-19 17:21:23',NULL,'sensors',78,516.00,1),(769,72,'2021-06-19 17:21:23','2021-06-19 17:21:23',NULL,'sensors',41,548.00,1),(770,72,'2021-06-19 17:21:23','2021-06-19 17:21:23',NULL,'sensors',32,147.00,1),(771,72,'2021-06-19 17:21:23','2021-06-19 17:21:23',NULL,'sensors',62,2211.00,1),(772,72,'2021-06-19 17:21:23','2021-06-19 17:21:23',NULL,'sensors',66,1575.00,1),(773,72,'2021-06-19 17:21:23','2021-06-19 17:21:23',NULL,'sensors',75,515.00,1),(774,72,'2021-06-19 17:21:23','2021-06-19 17:21:23',NULL,'panel_options',28,308.00,1),(775,72,'2021-06-19 17:21:23','2021-06-19 17:21:23',NULL,'panel_options',123,158.00,1),(776,72,'2021-06-19 17:21:23','2021-06-19 17:21:23',NULL,'panel_options',138,0.00,1),(777,72,'2021-06-19 17:21:23','2021-06-19 17:21:23',NULL,'panel_options',128,158.00,1),(778,72,'2021-06-19 17:21:23','2021-06-19 17:21:23',NULL,'panel_options',112,515.34,1),(779,72,'2021-06-19 17:21:23','2021-06-19 17:21:23',NULL,'panel_options',4,309.75,1),(780,72,'2021-06-19 17:21:23','2021-06-19 17:21:23',NULL,'panel_options',64,473.00,1),(781,72,'2021-06-19 17:21:23','2021-06-19 17:21:23',NULL,'panel_options',89,0.00,1),(782,72,'2021-06-19 17:21:23','2021-06-19 17:21:23',NULL,'panel_options',97,300.25,1),(783,72,'2021-06-19 17:21:23','2021-06-19 17:21:23',NULL,'panel_options',73,0.00,1),(784,72,'2021-06-19 17:21:23','2021-06-19 17:21:23',NULL,'panel_options',109,74.50,1),(785,72,'2021-06-19 17:21:23','2021-06-19 17:21:23',NULL,'panel_options',106,137.00,1),(786,72,'2021-06-19 17:21:23','2021-06-19 17:21:23',NULL,'panel_options',67,121.75,1),(787,72,'2021-06-19 17:21:23','2021-06-19 17:21:23',NULL,'panel_options',82,195.25,1),(788,72,'2021-06-19 17:21:23','2021-06-19 17:21:23',NULL,'panel_options',120,245.00,1),(789,72,'2021-06-19 17:21:23','2021-06-19 17:21:23',NULL,'panel_options',133,0.00,1),(790,72,'2021-06-19 17:21:23','2021-06-19 17:21:23',NULL,'accessories',92,449.00,1),(791,72,'2021-06-19 17:21:23','2021-06-19 17:21:23',NULL,'accessories',95,248.00,1),(792,72,'2021-06-19 17:21:23','2021-06-19 17:21:23',NULL,'accessories',97,633.00,1),(793,72,'2021-06-19 17:21:23','2021-06-19 17:21:23',NULL,'accessories',61,714.00,1),(794,72,'2021-06-19 17:21:23','2021-06-19 17:21:23',NULL,'accessories',84,273.00,1),(795,72,'2021-06-19 17:21:23','2021-06-19 17:21:23',NULL,'accessories',88,430.50,1),(796,72,'2021-06-19 17:21:23','2021-06-19 17:21:23',NULL,'accessories',42,2900.00,1),(797,73,'2021-06-19 17:23:38','2021-06-19 17:23:38',NULL,'cards',5,380.00,1),(798,73,'2021-06-19 17:23:38','2021-06-19 17:23:38',NULL,'cards',5,380.00,1),(799,73,'2021-06-19 17:23:38','2021-06-19 17:23:38',NULL,'cards',10,296.00,1),(800,73,'2021-06-19 17:23:38','2021-06-19 17:23:38',NULL,'cards',30,515.00,1),(801,73,'2021-06-19 17:23:38','2021-06-19 17:23:38',NULL,'sensors',54,147.00,1),(802,73,'2021-06-19 17:23:38','2021-06-19 17:23:38',NULL,'sensors',78,516.00,1),(803,73,'2021-06-19 17:23:38','2021-06-19 17:23:38',NULL,'sensors',41,548.00,1),(804,73,'2021-06-19 17:23:38','2021-06-19 17:23:38',NULL,'sensors',32,147.00,1),(805,73,'2021-06-19 17:23:38','2021-06-19 17:23:38',NULL,'sensors',62,2211.00,1),(806,73,'2021-06-19 17:23:38','2021-06-19 17:23:38',NULL,'sensors',66,1575.00,1),(807,73,'2021-06-19 17:23:38','2021-06-19 17:23:38',NULL,'sensors',75,515.00,1),(808,73,'2021-06-19 17:23:38','2021-06-19 17:23:38',NULL,'panel_options',28,308.00,1),(809,73,'2021-06-19 17:23:38','2021-06-19 17:23:38',NULL,'panel_options',123,158.00,1),(810,73,'2021-06-19 17:23:38','2021-06-19 17:23:38',NULL,'panel_options',138,0.00,1),(811,73,'2021-06-19 17:23:38','2021-06-19 17:23:38',NULL,'panel_options',128,158.00,1),(812,73,'2021-06-19 17:23:38','2021-06-19 17:23:38',NULL,'panel_options',112,515.34,1),(813,73,'2021-06-19 17:23:38','2021-06-19 17:23:38',NULL,'panel_options',4,309.75,1),(814,73,'2021-06-19 17:23:38','2021-06-19 17:23:38',NULL,'panel_options',64,473.00,1),(815,73,'2021-06-19 17:23:38','2021-06-19 17:23:38',NULL,'panel_options',89,0.00,1),(816,73,'2021-06-19 17:23:38','2021-06-19 17:23:38',NULL,'panel_options',97,300.25,1),(817,73,'2021-06-19 17:23:38','2021-06-19 17:23:38',NULL,'panel_options',73,0.00,1),(818,73,'2021-06-19 17:23:38','2021-06-19 17:23:38',NULL,'panel_options',109,74.50,1),(819,73,'2021-06-19 17:23:38','2021-06-19 17:23:38',NULL,'panel_options',106,137.00,1),(820,73,'2021-06-19 17:23:38','2021-06-19 17:23:38',NULL,'panel_options',67,121.75,1),(821,73,'2021-06-19 17:23:38','2021-06-19 17:23:38',NULL,'panel_options',82,195.25,1),(822,73,'2021-06-19 17:23:38','2021-06-19 17:23:38',NULL,'panel_options',120,245.00,1),(823,73,'2021-06-19 17:23:38','2021-06-19 17:23:38',NULL,'panel_options',133,0.00,1),(824,73,'2021-06-19 17:23:38','2021-06-19 17:23:38',NULL,'accessories',92,449.00,1),(825,73,'2021-06-19 17:23:38','2021-06-19 17:23:38',NULL,'accessories',95,248.00,1),(826,73,'2021-06-19 17:23:38','2021-06-19 17:23:38',NULL,'accessories',97,633.00,1),(827,73,'2021-06-19 17:23:38','2021-06-19 17:23:38',NULL,'accessories',61,714.00,1),(828,73,'2021-06-19 17:23:38','2021-06-19 17:23:38',NULL,'accessories',84,273.00,1),(829,73,'2021-06-19 17:23:38','2021-06-19 17:23:38',NULL,'accessories',88,430.50,1),(830,73,'2021-06-19 17:23:38','2021-06-19 17:23:38',NULL,'accessories',42,2900.00,1),(831,74,'2021-06-19 17:37:36','2021-06-19 17:37:36',NULL,'cards',5,380.00,1),(832,74,'2021-06-19 17:37:36','2021-06-19 17:37:36',NULL,'cards',5,380.00,1),(833,74,'2021-06-19 17:37:36','2021-06-19 17:37:36',NULL,'cards',10,296.00,1),(834,74,'2021-06-19 17:37:36','2021-06-19 17:37:36',NULL,'cards',30,515.00,1),(835,74,'2021-06-19 17:37:36','2021-06-19 17:37:36',NULL,'sensors',54,147.00,1),(836,74,'2021-06-19 17:37:36','2021-06-19 17:37:36',NULL,'sensors',78,516.00,1),(837,74,'2021-06-19 17:37:36','2021-06-19 17:37:36',NULL,'sensors',41,548.00,1),(838,74,'2021-06-19 17:37:36','2021-06-19 17:37:36',NULL,'sensors',32,147.00,1),(839,74,'2021-06-19 17:37:36','2021-06-19 17:37:36',NULL,'sensors',62,2211.00,1),(840,74,'2021-06-19 17:37:36','2021-06-19 17:37:36',NULL,'sensors',66,1575.00,1),(841,74,'2021-06-19 17:37:36','2021-06-19 17:37:36',NULL,'sensors',75,515.00,1),(842,74,'2021-06-19 17:37:36','2021-06-19 17:37:36',NULL,'panel_options',28,308.00,1),(843,74,'2021-06-19 17:37:36','2021-06-19 17:37:36',NULL,'panel_options',123,158.00,1),(844,74,'2021-06-19 17:37:36','2021-06-19 17:37:36',NULL,'panel_options',138,0.00,1),(845,74,'2021-06-19 17:37:36','2021-06-19 17:37:36',NULL,'panel_options',128,158.00,1),(846,74,'2021-06-19 17:37:36','2021-06-19 17:37:36',NULL,'panel_options',112,515.34,1),(847,74,'2021-06-19 17:37:36','2021-06-19 17:37:36',NULL,'panel_options',4,309.75,1),(848,74,'2021-06-19 17:37:36','2021-06-19 17:37:36',NULL,'panel_options',64,473.00,1),(849,74,'2021-06-19 17:37:36','2021-06-19 17:37:36',NULL,'panel_options',89,0.00,1),(850,74,'2021-06-19 17:37:36','2021-06-19 17:37:36',NULL,'panel_options',97,300.25,1),(851,74,'2021-06-19 17:37:36','2021-06-19 17:37:36',NULL,'panel_options',73,0.00,1),(852,74,'2021-06-19 17:37:36','2021-06-19 17:37:36',NULL,'panel_options',109,74.50,1),(853,74,'2021-06-19 17:37:36','2021-06-19 17:37:36',NULL,'panel_options',106,137.00,1),(854,74,'2021-06-19 17:37:36','2021-06-19 17:37:36',NULL,'panel_options',67,121.75,1),(855,74,'2021-06-19 17:37:36','2021-06-19 17:37:36',NULL,'panel_options',82,195.25,1),(856,74,'2021-06-19 17:37:36','2021-06-19 17:37:36',NULL,'panel_options',120,245.00,1),(857,74,'2021-06-19 17:37:36','2021-06-19 17:37:36',NULL,'panel_options',133,0.00,1),(858,74,'2021-06-19 17:37:36','2021-06-19 17:37:36',NULL,'accessories',92,449.00,1),(859,74,'2021-06-19 17:37:36','2021-06-19 17:37:36',NULL,'accessories',95,248.00,1),(860,74,'2021-06-19 17:37:36','2021-06-19 17:37:36',NULL,'accessories',97,633.00,1),(861,74,'2021-06-19 17:37:36','2021-06-19 17:37:36',NULL,'accessories',61,714.00,1),(862,74,'2021-06-19 17:37:36','2021-06-19 17:37:36',NULL,'accessories',84,273.00,1),(863,74,'2021-06-19 17:37:36','2021-06-19 17:37:36',NULL,'accessories',88,430.50,1),(864,74,'2021-06-19 17:37:36','2021-06-19 17:37:36',NULL,'accessories',42,2900.00,1),(865,75,'2021-06-19 17:42:54','2021-06-20 00:14:29','2021-06-20 00:14:29','cards',5,380.00,1),(866,75,'2021-06-19 17:42:54','2021-06-20 00:14:29','2021-06-20 00:14:29','cards',5,380.00,1),(867,75,'2021-06-19 17:42:54','2021-06-20 00:14:29','2021-06-20 00:14:29','sensors',54,147.00,1),(868,75,'2021-06-19 17:42:54','2021-06-20 00:14:29','2021-06-20 00:14:29','sensors',41,548.00,1),(869,75,'2021-06-19 17:42:54','2021-06-20 00:14:29','2021-06-20 00:14:29','sensors',32,147.00,1),(870,75,'2021-06-19 17:42:54','2021-06-20 00:14:29','2021-06-20 00:14:29','panel_options',64,473.00,1),(871,75,'2021-06-19 17:42:54','2021-06-20 00:14:29','2021-06-20 00:14:29','panel_options',74,0.00,1),(872,75,'2021-06-19 17:42:54','2021-06-20 00:14:29','2021-06-20 00:14:29','panel_options',88,0.00,1),(873,75,'2021-06-19 17:42:54','2021-06-20 00:14:29','2021-06-20 00:14:29','panel_options',106,137.00,1),(874,75,'2021-06-19 17:42:54','2021-06-20 00:14:29','2021-06-20 00:14:29','accessories',91,449.00,1),(875,75,'2021-06-19 17:42:54','2021-06-20 00:14:29','2021-06-20 00:14:29','accessories',92,449.00,1),(876,75,'2021-06-19 17:42:54','2021-06-20 00:14:29','2021-06-20 00:14:29','accessories',100,157.00,7),(877,75,'2021-06-19 17:42:54','2021-06-20 00:14:29','2021-06-20 00:14:29','accessories',90,378.00,1),(878,75,'2021-06-19 17:42:54','2021-06-20 00:14:29','2021-06-20 00:14:29','accessories',89,460.00,1),(879,75,'2021-06-19 17:42:54','2021-06-20 00:14:29','2021-06-20 00:14:29','accessories',88,430.50,1),(880,75,'2021-06-19 17:42:54','2021-06-20 00:14:29','2021-06-20 00:14:29','accessories',42,2900.00,1),(881,75,'2021-06-20 00:14:29','2021-06-20 00:15:06','2021-06-20 00:15:06','cards',5,380.00,1),(882,75,'2021-06-20 00:14:29','2021-06-20 00:15:06','2021-06-20 00:15:06','cards',5,380.00,1),(883,75,'2021-06-20 00:14:29','2021-06-20 00:15:06','2021-06-20 00:15:06','sensors',54,147.00,1),(884,75,'2021-06-20 00:14:29','2021-06-20 00:15:06','2021-06-20 00:15:06','sensors',41,548.00,1),(885,75,'2021-06-20 00:14:29','2021-06-20 00:15:06','2021-06-20 00:15:06','sensors',32,147.00,1),(886,75,'2021-06-20 00:14:29','2021-06-20 00:15:06','2021-06-20 00:15:06','panel_options',64,473.00,1),(887,75,'2021-06-20 00:14:29','2021-06-20 00:15:06','2021-06-20 00:15:06','panel_options',74,0.00,1),(888,75,'2021-06-20 00:14:29','2021-06-20 00:15:06','2021-06-20 00:15:06','panel_options',88,0.00,1),(889,75,'2021-06-20 00:14:29','2021-06-20 00:15:06','2021-06-20 00:15:06','panel_options',106,137.00,1),(890,75,'2021-06-20 00:14:29','2021-06-20 00:15:06','2021-06-20 00:15:06','accessories',91,449.00,1),(891,75,'2021-06-20 00:14:29','2021-06-20 00:15:06','2021-06-20 00:15:06','accessories',92,449.00,1),(892,75,'2021-06-20 00:14:29','2021-06-20 00:15:06','2021-06-20 00:15:06','accessories',100,157.00,7),(893,75,'2021-06-20 00:14:29','2021-06-20 00:15:06','2021-06-20 00:15:06','accessories',90,378.00,1),(894,75,'2021-06-20 00:14:29','2021-06-20 00:15:06','2021-06-20 00:15:06','accessories',89,460.00,1),(895,75,'2021-06-20 00:14:29','2021-06-20 00:15:06','2021-06-20 00:15:06','accessories',88,430.50,3),(896,75,'2021-06-20 00:14:29','2021-06-20 00:15:06','2021-06-20 00:15:06','accessories',42,2900.00,1),(897,75,'2021-06-20 00:15:06','2021-06-20 00:15:06',NULL,'cards',5,380.00,1),(898,75,'2021-06-20 00:15:06','2021-06-20 00:15:06',NULL,'cards',5,380.00,1),(899,75,'2021-06-20 00:15:06','2021-06-20 00:15:06',NULL,'sensors',54,147.00,1),(900,75,'2021-06-20 00:15:06','2021-06-20 00:15:06',NULL,'sensors',41,548.00,1),(901,75,'2021-06-20 00:15:06','2021-06-20 00:15:06',NULL,'sensors',32,147.00,1),(902,75,'2021-06-20 00:15:06','2021-06-20 00:15:06',NULL,'panel_options',64,473.00,1),(903,75,'2021-06-20 00:15:06','2021-06-20 00:15:06',NULL,'panel_options',74,0.00,1),(904,75,'2021-06-20 00:15:06','2021-06-20 00:15:06',NULL,'panel_options',88,0.00,1),(905,75,'2021-06-20 00:15:06','2021-06-20 00:15:06',NULL,'panel_options',106,137.00,1),(906,75,'2021-06-20 00:15:06','2021-06-20 00:15:06',NULL,'accessories',91,449.00,4),(907,75,'2021-06-20 00:15:06','2021-06-20 00:15:06',NULL,'accessories',92,449.00,2),(908,75,'2021-06-20 00:15:06','2021-06-20 00:15:06',NULL,'accessories',100,157.00,7),(909,75,'2021-06-20 00:15:06','2021-06-20 00:15:06',NULL,'accessories',90,378.00,3),(910,75,'2021-06-20 00:15:06','2021-06-20 00:15:06',NULL,'accessories',89,460.00,13),(911,75,'2021-06-20 00:15:06','2021-06-20 00:15:06',NULL,'accessories',88,430.50,3),(912,75,'2021-06-20 00:15:06','2021-06-20 00:15:06',NULL,'accessories',42,2900.00,1),(913,76,'2021-06-20 00:17:24','2021-06-20 00:17:26','2021-06-20 00:17:26','cards',5,380.00,1),(914,76,'2021-06-20 00:17:24','2021-06-20 00:17:26','2021-06-20 00:17:26','cards',33,682.00,1),(915,76,'2021-06-20 00:17:24','2021-06-20 00:17:26','2021-06-20 00:17:26','cards',10,296.00,1),(916,76,'2021-06-20 00:17:24','2021-06-20 00:17:26','2021-06-20 00:17:26','sensors',54,147.00,1),(917,76,'2021-06-20 00:17:24','2021-06-20 00:17:26','2021-06-20 00:17:26','sensors',40,587.00,1),(918,76,'2021-06-20 00:17:24','2021-06-20 00:17:26','2021-06-20 00:17:26','sensors',55,442.00,1),(919,76,'2021-06-20 00:17:24','2021-06-20 00:17:26','2021-06-20 00:17:26','sensors',67,1575.00,1),(920,76,'2021-06-20 00:17:24','2021-06-20 00:17:26','2021-06-20 00:17:26','panel_options',29,205.00,1),(921,76,'2021-06-20 00:17:24','2021-06-20 00:17:26','2021-06-20 00:17:26','panel_options',123,158.00,1),(922,76,'2021-06-20 00:17:24','2021-06-20 00:17:26','2021-06-20 00:17:26','panel_options',28,308.00,1),(923,76,'2021-06-20 00:17:24','2021-06-20 00:17:26','2021-06-20 00:17:26','panel_options',64,473.00,1),(924,76,'2021-06-20 00:17:24','2021-06-20 00:17:26','2021-06-20 00:17:26','panel_options',90,0.00,1),(925,76,'2021-06-20 00:17:24','2021-06-20 00:17:26','2021-06-20 00:17:26','panel_options',76,0.00,1),(926,76,'2021-06-20 00:17:24','2021-06-20 00:17:26','2021-06-20 00:17:26','panel_options',67,121.75,1),(927,76,'2021-06-20 00:17:24','2021-06-20 00:17:26','2021-06-20 00:17:26','panel_options',106,137.00,1),(928,76,'2021-06-20 00:17:24','2021-06-20 00:17:26','2021-06-20 00:17:26','panel_options',109,74.50,1),(929,76,'2021-06-20 00:17:24','2021-06-20 00:17:26','2021-06-20 00:17:26','panel_options',97,300.25,1),(930,76,'2021-06-20 00:17:24','2021-06-20 00:17:26','2021-06-20 00:17:26','panel_options',120,245.00,1),(931,76,'2021-06-20 00:17:24','2021-06-20 00:17:26','2021-06-20 00:17:26','panel_options',131,0.00,1),(932,76,'2021-06-20 00:17:24','2021-06-20 00:17:26','2021-06-20 00:17:26','panel_options',132,26.25,1),(933,76,'2021-06-20 00:17:24','2021-06-20 00:17:26','2021-06-20 00:17:26','accessories',93,248.00,1),(934,76,'2021-06-20 00:17:24','2021-06-20 00:17:26','2021-06-20 00:17:26','accessories',98,157.00,1),(935,76,'2021-06-20 00:17:24','2021-06-20 00:17:26','2021-06-20 00:17:26','accessories',16,990.00,1),(936,76,'2021-06-20 00:17:24','2021-06-20 00:17:26','2021-06-20 00:17:26','accessories',20,449.85,1),(937,76,'2021-06-20 00:17:24','2021-06-20 00:17:26','2021-06-20 00:17:26','accessories',14,499.00,1),(938,76,'2021-06-20 00:17:24','2021-06-20 00:17:26','2021-06-20 00:17:26','accessories',13,378.00,1),(939,76,'2021-06-20 00:17:24','2021-06-20 00:17:26','2021-06-20 00:17:26','accessories',12,643.00,1),(940,76,'2021-06-20 00:17:24','2021-06-20 00:17:26','2021-06-20 00:17:26','accessories',42,2900.00,1),(941,76,'2021-06-20 00:17:24','2021-06-20 00:17:26','2021-06-20 00:17:26','accessories',62,1160.00,1),(942,76,'2021-06-20 00:17:24','2021-06-20 00:17:26','2021-06-20 00:17:26','accessories',63,991.00,2),(943,76,'2021-06-20 00:17:24','2021-06-20 00:17:26','2021-06-20 00:17:26','accessories',64,855.95,1),(944,76,'2021-06-20 00:17:24','2021-06-20 00:17:26','2021-06-20 00:17:26','accessories',65,1160.00,1),(945,76,'2021-06-20 00:17:24','2021-06-20 00:17:26','2021-06-20 00:17:26','accessories',71,597.00,1),(946,76,'2021-06-20 00:17:24','2021-06-20 00:17:26','2021-06-20 00:17:26','accessories',70,428.00,1),(947,76,'2021-06-20 00:17:27','2021-06-20 01:45:19','2021-06-20 01:45:19','cards',5,380.00,1),(948,76,'2021-06-20 00:17:27','2021-06-20 01:45:19','2021-06-20 01:45:19','cards',33,682.00,1),(949,76,'2021-06-20 00:17:27','2021-06-20 01:45:19','2021-06-20 01:45:19','cards',10,296.00,1),(950,76,'2021-06-20 00:17:27','2021-06-20 01:45:19','2021-06-20 01:45:19','sensors',54,147.00,1),(951,76,'2021-06-20 00:17:27','2021-06-20 01:45:19','2021-06-20 01:45:19','sensors',40,587.00,1),(952,76,'2021-06-20 00:17:27','2021-06-20 01:45:19','2021-06-20 01:45:19','sensors',55,442.00,1),(953,76,'2021-06-20 00:17:27','2021-06-20 01:45:19','2021-06-20 01:45:19','sensors',67,1575.00,1),(954,76,'2021-06-20 00:17:27','2021-06-20 01:45:19','2021-06-20 01:45:19','panel_options',29,205.00,1),(955,76,'2021-06-20 00:17:27','2021-06-20 01:45:19','2021-06-20 01:45:19','panel_options',123,158.00,1),(956,76,'2021-06-20 00:17:27','2021-06-20 01:45:19','2021-06-20 01:45:19','panel_options',28,308.00,1),(957,76,'2021-06-20 00:17:27','2021-06-20 01:45:19','2021-06-20 01:45:19','panel_options',64,473.00,1),(958,76,'2021-06-20 00:17:27','2021-06-20 01:45:19','2021-06-20 01:45:19','panel_options',90,0.00,1),(959,76,'2021-06-20 00:17:27','2021-06-20 01:45:19','2021-06-20 01:45:19','panel_options',76,0.00,1),(960,76,'2021-06-20 00:17:27','2021-06-20 01:45:19','2021-06-20 01:45:19','panel_options',67,121.75,1),(961,76,'2021-06-20 00:17:27','2021-06-20 01:45:19','2021-06-20 01:45:19','panel_options',106,137.00,1),(962,76,'2021-06-20 00:17:27','2021-06-20 01:45:19','2021-06-20 01:45:19','panel_options',109,74.50,1),(963,76,'2021-06-20 00:17:27','2021-06-20 01:45:19','2021-06-20 01:45:19','panel_options',97,300.25,1),(964,76,'2021-06-20 00:17:27','2021-06-20 01:45:19','2021-06-20 01:45:19','panel_options',120,245.00,1),(965,76,'2021-06-20 00:17:27','2021-06-20 01:45:19','2021-06-20 01:45:19','panel_options',131,0.00,1),(966,76,'2021-06-20 00:17:27','2021-06-20 01:45:19','2021-06-20 01:45:19','panel_options',132,26.25,1),(967,76,'2021-06-20 00:17:27','2021-06-20 01:45:19','2021-06-20 01:45:19','accessories',93,248.00,1),(968,76,'2021-06-20 00:17:27','2021-06-20 01:45:19','2021-06-20 01:45:19','accessories',98,157.00,1),(969,76,'2021-06-20 00:17:27','2021-06-20 01:45:19','2021-06-20 01:45:19','accessories',16,990.00,1),(970,76,'2021-06-20 00:17:27','2021-06-20 01:45:19','2021-06-20 01:45:19','accessories',20,449.85,1),(971,76,'2021-06-20 00:17:27','2021-06-20 01:45:19','2021-06-20 01:45:19','accessories',14,499.00,1),(972,76,'2021-06-20 00:17:27','2021-06-20 01:45:19','2021-06-20 01:45:19','accessories',13,378.00,1),(973,76,'2021-06-20 00:17:27','2021-06-20 01:45:19','2021-06-20 01:45:19','accessories',12,643.00,1),(974,76,'2021-06-20 00:17:27','2021-06-20 01:45:19','2021-06-20 01:45:19','accessories',42,2900.00,1),(975,76,'2021-06-20 00:17:27','2021-06-20 01:45:19','2021-06-20 01:45:19','accessories',62,1160.00,1),(976,76,'2021-06-20 00:17:27','2021-06-20 01:45:19','2021-06-20 01:45:19','accessories',63,991.00,2),(977,76,'2021-06-20 00:17:27','2021-06-20 01:45:19','2021-06-20 01:45:19','accessories',64,855.95,1),(978,76,'2021-06-20 00:17:27','2021-06-20 01:45:19','2021-06-20 01:45:19','accessories',65,1160.00,1),(979,76,'2021-06-20 00:17:27','2021-06-20 01:45:19','2021-06-20 01:45:19','accessories',71,597.00,1),(980,76,'2021-06-20 00:17:27','2021-06-20 01:45:19','2021-06-20 01:45:19','accessories',70,428.00,1),(981,76,'2021-06-20 01:45:19','2021-06-20 01:50:04','2021-06-20 01:50:04','cards',5,380.00,1),(982,76,'2021-06-20 01:45:19','2021-06-20 01:50:04','2021-06-20 01:50:04','cards',33,682.00,1),(983,76,'2021-06-20 01:45:19','2021-06-20 01:50:04','2021-06-20 01:50:04','cards',10,296.00,1),(984,76,'2021-06-20 01:45:19','2021-06-20 01:50:04','2021-06-20 01:50:04','sensors',54,147.00,1),(985,76,'2021-06-20 01:45:19','2021-06-20 01:50:04','2021-06-20 01:50:04','sensors',40,587.00,1),(986,76,'2021-06-20 01:45:19','2021-06-20 01:50:04','2021-06-20 01:50:04','sensors',55,442.00,1),(987,76,'2021-06-20 01:45:19','2021-06-20 01:50:04','2021-06-20 01:50:04','sensors',67,1575.00,1),(988,76,'2021-06-20 01:45:19','2021-06-20 01:50:04','2021-06-20 01:50:04','panel_options',29,205.00,1),(989,76,'2021-06-20 01:45:19','2021-06-20 01:50:04','2021-06-20 01:50:04','panel_options',123,158.00,1),(990,76,'2021-06-20 01:45:19','2021-06-20 01:50:04','2021-06-20 01:50:04','panel_options',28,308.00,1),(991,76,'2021-06-20 01:45:19','2021-06-20 01:50:04','2021-06-20 01:50:04','panel_options',64,473.00,1),(992,76,'2021-06-20 01:45:19','2021-06-20 01:50:04','2021-06-20 01:50:04','panel_options',90,0.00,1),(993,76,'2021-06-20 01:45:19','2021-06-20 01:50:04','2021-06-20 01:50:04','panel_options',76,0.00,1),(994,76,'2021-06-20 01:45:19','2021-06-20 01:50:04','2021-06-20 01:50:04','panel_options',67,121.75,1),(995,76,'2021-06-20 01:45:19','2021-06-20 01:50:04','2021-06-20 01:50:04','panel_options',106,137.00,1),(996,76,'2021-06-20 01:45:19','2021-06-20 01:50:04','2021-06-20 01:50:04','panel_options',109,74.50,1),(997,76,'2021-06-20 01:45:19','2021-06-20 01:50:04','2021-06-20 01:50:04','panel_options',97,300.25,1),(998,76,'2021-06-20 01:45:19','2021-06-20 01:50:04','2021-06-20 01:50:04','panel_options',120,245.00,1),(999,76,'2021-06-20 01:45:19','2021-06-20 01:50:04','2021-06-20 01:50:04','panel_options',131,0.00,1),(1000,76,'2021-06-20 01:45:19','2021-06-20 01:50:04','2021-06-20 01:50:04','panel_options',132,26.25,1),(1001,76,'2021-06-20 01:45:19','2021-06-20 01:50:04','2021-06-20 01:50:04','accessories',93,248.00,1),(1002,76,'2021-06-20 01:45:19','2021-06-20 01:50:04','2021-06-20 01:50:04','accessories',98,157.00,1),(1003,76,'2021-06-20 01:45:19','2021-06-20 01:50:04','2021-06-20 01:50:04','accessories',16,990.00,1),(1004,76,'2021-06-20 01:45:19','2021-06-20 01:50:04','2021-06-20 01:50:04','accessories',20,449.85,1),(1005,76,'2021-06-20 01:45:19','2021-06-20 01:50:04','2021-06-20 01:50:04','accessories',14,499.00,1),(1006,76,'2021-06-20 01:45:19','2021-06-20 01:50:04','2021-06-20 01:50:04','accessories',13,378.00,1),(1007,76,'2021-06-20 01:45:19','2021-06-20 01:50:04','2021-06-20 01:50:04','accessories',12,643.00,1),(1008,76,'2021-06-20 01:45:19','2021-06-20 01:50:04','2021-06-20 01:50:04','accessories',42,2900.00,1),(1009,76,'2021-06-20 01:45:19','2021-06-20 01:50:04','2021-06-20 01:50:04','accessories',62,1160.00,1),(1010,76,'2021-06-20 01:45:19','2021-06-20 01:50:04','2021-06-20 01:50:04','accessories',63,991.00,2),(1011,76,'2021-06-20 01:45:19','2021-06-20 01:50:04','2021-06-20 01:50:04','accessories',64,855.95,1),(1012,76,'2021-06-20 01:45:19','2021-06-20 01:50:04','2021-06-20 01:50:04','accessories',65,1160.00,1),(1013,76,'2021-06-20 01:45:19','2021-06-20 01:50:04','2021-06-20 01:50:04','accessories',71,597.00,1),(1014,76,'2021-06-20 01:45:19','2021-06-20 01:50:04','2021-06-20 01:50:04','accessories',70,428.00,1),(1015,76,'2021-06-20 01:50:04','2021-06-20 17:02:14','2021-06-20 17:02:14','cards',5,380.00,1),(1016,76,'2021-06-20 01:50:04','2021-06-20 17:02:14','2021-06-20 17:02:14','cards',10,296.00,1),(1017,76,'2021-06-20 01:50:04','2021-06-20 17:02:14','2021-06-20 17:02:14','cards',5,380.00,1),(1018,76,'2021-06-20 01:50:04','2021-06-20 17:02:14','2021-06-20 17:02:14','cards',10,296.00,1),(1019,76,'2021-06-20 01:50:04','2021-06-20 17:02:14','2021-06-20 17:02:14','sensors',54,147.00,1),(1020,76,'2021-06-20 01:50:04','2021-06-20 17:02:14','2021-06-20 17:02:14','sensors',67,1575.00,1),(1021,76,'2021-06-20 01:50:04','2021-06-20 17:02:14','2021-06-20 17:02:14','sensors',78,516.00,1),(1022,76,'2021-06-20 01:50:04','2021-06-20 17:02:14','2021-06-20 17:02:14','sensors',41,548.00,1),(1023,76,'2021-06-20 01:50:04','2021-06-20 17:02:14','2021-06-20 17:02:14','sensors',62,2211.00,1),(1024,76,'2021-06-20 01:50:04','2021-06-20 17:02:14','2021-06-20 17:02:14','sensors',66,1575.00,1),(1025,76,'2021-06-20 01:50:04','2021-06-20 17:02:14','2021-06-20 17:02:14','sensors',68,400.00,1),(1026,76,'2021-06-20 01:50:04','2021-06-20 17:02:14','2021-06-20 17:02:14','panel_options',29,205.00,1),(1027,76,'2021-06-20 01:50:04','2021-06-20 17:02:14','2021-06-20 17:02:14','panel_options',123,158.00,1),(1028,76,'2021-06-20 01:50:04','2021-06-20 17:02:14','2021-06-20 17:02:14','panel_options',28,308.00,1),(1029,76,'2021-06-20 01:50:04','2021-06-20 17:02:14','2021-06-20 17:02:14','panel_options',90,0.00,1),(1030,76,'2021-06-20 01:50:04','2021-06-20 17:02:14','2021-06-20 17:02:14','panel_options',76,0.00,1),(1031,76,'2021-06-20 01:50:04','2021-06-20 17:02:14','2021-06-20 17:02:14','panel_options',67,121.75,1),(1032,76,'2021-06-20 01:50:04','2021-06-20 17:02:14','2021-06-20 17:02:14','panel_options',106,137.00,1),(1033,76,'2021-06-20 01:50:04','2021-06-20 17:02:14','2021-06-20 17:02:14','panel_options',109,74.50,1),(1034,76,'2021-06-20 01:50:04','2021-06-20 17:02:14','2021-06-20 17:02:14','panel_options',97,300.25,1),(1035,76,'2021-06-20 01:50:04','2021-06-20 17:02:14','2021-06-20 17:02:14','panel_options',120,245.00,1),(1036,76,'2021-06-20 01:50:04','2021-06-20 17:02:14','2021-06-20 17:02:14','panel_options',131,0.00,1),(1037,76,'2021-06-20 01:50:04','2021-06-20 17:02:14','2021-06-20 17:02:14','panel_options',132,26.25,1),(1038,76,'2021-06-20 01:50:04','2021-06-20 17:02:14','2021-06-20 17:02:14','panel_options',112,515.34,1),(1039,76,'2021-06-20 01:50:04','2021-06-20 17:02:14','2021-06-20 17:02:14','panel_options',7,194.25,1),(1040,76,'2021-06-20 01:50:04','2021-06-20 17:02:14','2021-06-20 17:02:14','panel_options',126,70.00,1),(1041,76,'2021-06-20 01:50:04','2021-06-20 17:02:14','2021-06-20 17:02:14','panel_options',127,147.00,1),(1042,76,'2021-06-20 01:50:04','2021-06-20 17:02:14','2021-06-20 17:02:14','panel_options',128,158.00,1),(1043,76,'2021-06-20 01:50:04','2021-06-20 17:02:14','2021-06-20 17:02:14','panel_options',130,65.00,1),(1044,76,'2021-06-20 01:50:04','2021-06-20 17:02:14','2021-06-20 17:02:14','panel_options',129,50.00,1),(1045,76,'2021-06-20 01:50:04','2021-06-20 17:02:14','2021-06-20 17:02:14','panel_options',79,675.00,1),(1046,76,'2021-06-20 01:50:04','2021-06-20 17:02:14','2021-06-20 17:02:14','accessories',93,248.00,1),(1047,76,'2021-06-20 01:50:04','2021-06-20 17:02:14','2021-06-20 17:02:14','accessories',98,157.00,1),(1048,76,'2021-06-20 01:50:04','2021-06-20 17:02:14','2021-06-20 17:02:14','accessories',16,990.00,1),(1049,76,'2021-06-20 01:50:04','2021-06-20 17:02:14','2021-06-20 17:02:14','accessories',20,449.85,1),(1050,76,'2021-06-20 01:50:04','2021-06-20 17:02:14','2021-06-20 17:02:14','accessories',14,499.00,1),(1051,76,'2021-06-20 01:50:04','2021-06-20 17:02:14','2021-06-20 17:02:14','accessories',13,378.00,1),(1052,76,'2021-06-20 01:50:04','2021-06-20 17:02:14','2021-06-20 17:02:14','accessories',12,643.00,1),(1053,76,'2021-06-20 01:50:04','2021-06-20 17:02:14','2021-06-20 17:02:14','accessories',42,2900.00,1),(1054,76,'2021-06-20 01:50:04','2021-06-20 17:02:14','2021-06-20 17:02:14','accessories',62,1160.00,1),(1055,76,'2021-06-20 01:50:04','2021-06-20 17:02:14','2021-06-20 17:02:14','accessories',63,991.00,2),(1056,76,'2021-06-20 01:50:04','2021-06-20 17:02:14','2021-06-20 17:02:14','accessories',64,855.95,1),(1057,76,'2021-06-20 01:50:04','2021-06-20 17:02:14','2021-06-20 17:02:14','accessories',65,1160.00,1),(1058,76,'2021-06-20 01:50:04','2021-06-20 17:02:14','2021-06-20 17:02:14','accessories',71,597.00,1),(1059,76,'2021-06-20 01:50:04','2021-06-20 17:02:14','2021-06-20 17:02:14','accessories',70,428.00,1),(1060,76,'2021-06-20 01:50:04','2021-06-20 17:02:14','2021-06-20 17:02:14','accessories',94,248.00,1),(1061,76,'2021-06-20 01:50:04','2021-06-20 17:02:14','2021-06-20 17:02:14','accessories',96,633.00,1),(1062,76,'2021-06-20 01:50:04','2021-06-20 17:02:14','2021-06-20 17:02:14','accessories',100,157.00,1),(1063,76,'2021-06-20 17:02:14','2021-06-20 17:02:40','2021-06-20 17:02:40','cards',5,380.00,1),(1064,76,'2021-06-20 17:02:14','2021-06-20 17:02:40','2021-06-20 17:02:40','cards',10,296.00,1),(1065,76,'2021-06-20 17:02:14','2021-06-20 17:02:40','2021-06-20 17:02:40','cards',5,380.00,1),(1066,76,'2021-06-20 17:02:14','2021-06-20 17:02:40','2021-06-20 17:02:40','cards',10,296.00,1),(1067,76,'2021-06-20 17:02:14','2021-06-20 17:02:40','2021-06-20 17:02:40','accessories',93,248.00,1),(1068,76,'2021-06-20 17:02:14','2021-06-20 17:02:40','2021-06-20 17:02:40','accessories',98,157.00,1),(1069,76,'2021-06-20 17:02:14','2021-06-20 17:02:40','2021-06-20 17:02:40','accessories',16,990.00,1),(1070,76,'2021-06-20 17:02:14','2021-06-20 17:02:40','2021-06-20 17:02:40','accessories',20,449.85,1),(1071,76,'2021-06-20 17:02:14','2021-06-20 17:02:40','2021-06-20 17:02:40','accessories',14,499.00,1),(1072,76,'2021-06-20 17:02:14','2021-06-20 17:02:40','2021-06-20 17:02:40','accessories',13,378.00,1),(1073,76,'2021-06-20 17:02:14','2021-06-20 17:02:40','2021-06-20 17:02:40','accessories',12,643.00,1),(1074,76,'2021-06-20 17:02:14','2021-06-20 17:02:40','2021-06-20 17:02:40','accessories',42,2900.00,1),(1075,76,'2021-06-20 17:02:14','2021-06-20 17:02:40','2021-06-20 17:02:40','accessories',62,1160.00,1),(1076,76,'2021-06-20 17:02:14','2021-06-20 17:02:40','2021-06-20 17:02:40','accessories',63,991.00,2),(1077,76,'2021-06-20 17:02:14','2021-06-20 17:02:40','2021-06-20 17:02:40','accessories',64,855.95,1),(1078,76,'2021-06-20 17:02:14','2021-06-20 17:02:40','2021-06-20 17:02:40','accessories',65,1160.00,1),(1079,76,'2021-06-20 17:02:14','2021-06-20 17:02:40','2021-06-20 17:02:40','accessories',71,597.00,1),(1080,76,'2021-06-20 17:02:14','2021-06-20 17:02:40','2021-06-20 17:02:40','accessories',70,428.00,1),(1081,76,'2021-06-20 17:02:14','2021-06-20 17:02:40','2021-06-20 17:02:40','accessories',94,248.00,1),(1082,76,'2021-06-20 17:02:14','2021-06-20 17:02:40','2021-06-20 17:02:40','accessories',96,633.00,1),(1083,76,'2021-06-20 17:02:14','2021-06-20 17:02:40','2021-06-20 17:02:40','accessories',100,157.00,1),(1084,76,'2021-06-20 17:02:14','2021-06-20 17:02:40','2021-06-20 17:02:40','accessories',67,445.00,1),(1085,76,'2021-06-20 17:02:14','2021-06-20 17:02:40','2021-06-20 17:02:40','accessories',66,445.00,1),(1086,76,'2021-06-20 17:02:14','2021-06-20 17:02:40','2021-06-20 17:02:40','accessories',68,428.00,1),(1087,76,'2021-06-20 17:02:14','2021-06-20 17:02:40','2021-06-20 17:02:40','accessories',69,581.00,1),(1088,76,'2021-06-20 17:02:14','2021-06-20 17:02:40','2021-06-20 17:02:40','accessories',72,1352.62,1),(1089,76,'2021-06-20 17:02:14','2021-06-20 17:02:40','2021-06-20 17:02:40','accessories',73,1465.92,1),(1090,76,'2021-06-20 17:02:14','2021-06-20 17:02:40','2021-06-20 17:02:40','accessories',74,1352.62,1),(1091,76,'2021-06-20 17:02:14','2021-06-20 17:02:40','2021-06-20 17:02:40','accessories',75,1465.92,1),(1092,76,'2021-06-20 17:02:14','2021-06-20 17:02:40','2021-06-20 17:02:40','accessories',80,591.02,1),(1093,76,'2021-06-20 17:02:14','2021-06-20 17:02:40','2021-06-20 17:02:40','accessories',81,515.66,1),(1094,76,'2021-06-20 17:02:14','2021-06-20 17:02:40','2021-06-20 17:02:40','accessories',79,515.66,1),(1095,76,'2021-06-20 17:02:14','2021-06-20 17:02:40','2021-06-20 17:02:40','accessories',78,442.93,1),(1096,76,'2021-06-20 17:02:14','2021-06-20 17:02:40','2021-06-20 17:02:40','accessories',77,442.93,1),(1097,76,'2021-06-20 17:02:14','2021-06-20 17:02:40','2021-06-20 17:02:40','accessories',76,591.02,1),(1098,76,'2021-06-20 17:02:14','2021-06-20 17:02:40','2021-06-20 17:02:40','accessories',59,714.53,1),(1099,76,'2021-06-20 17:02:14','2021-06-20 17:02:40','2021-06-20 17:02:40','accessories',58,241.50,1),(1100,76,'2021-06-20 17:02:14','2021-06-20 17:02:40','2021-06-20 17:02:40','accessories',57,472.50,1),(1101,76,'2021-06-20 17:02:14','2021-06-20 17:02:40','2021-06-20 17:02:40','accessories',56,336.00,1),(1102,76,'2021-06-20 17:02:14','2021-06-20 17:02:40','2021-06-20 17:02:40','accessories',101,654.00,1),(1103,76,'2021-06-20 17:02:14','2021-06-20 17:02:40','2021-06-20 17:02:40','accessories',102,698.00,1),(1104,76,'2021-06-20 17:02:14','2021-06-20 17:02:40','2021-06-20 17:02:40','accessories',84,273.00,1),(1105,76,'2021-06-20 17:02:14','2021-06-20 17:02:40','2021-06-20 17:02:40','accessories',86,2236.50,1),(1106,76,'2021-06-20 17:02:14','2021-06-20 17:02:40','2021-06-20 17:02:40','accessories',18,383.15,1),(1107,76,'2021-06-20 17:02:14','2021-06-20 17:02:40','2021-06-20 17:02:40','accessories',28,645.65,1),(1108,76,'2021-06-20 17:02:14','2021-06-20 17:02:40','2021-06-20 17:02:40','accessories',25,390.58,1),(1109,76,'2021-06-20 17:02:14','2021-06-20 17:02:40','2021-06-20 17:02:40','accessories',23,629.05,1),(1110,76,'2021-06-20 17:02:14','2021-06-20 17:02:40','2021-06-20 17:02:40','accessories',22,512.90,1),(1111,76,'2021-06-20 17:02:40','2021-06-20 17:05:41','2021-06-20 17:05:41','cards',5,380.00,1),(1112,76,'2021-06-20 17:02:40','2021-06-20 17:05:41','2021-06-20 17:05:41','cards',10,296.00,1),(1113,76,'2021-06-20 17:02:40','2021-06-20 17:05:41','2021-06-20 17:05:41','cards',5,380.00,1),(1114,76,'2021-06-20 17:02:40','2021-06-20 17:05:41','2021-06-20 17:05:41','cards',10,296.00,1),(1115,76,'2021-06-20 17:02:40','2021-06-20 17:05:41','2021-06-20 17:05:41','accessories',93,248.00,1),(1116,76,'2021-06-20 17:02:40','2021-06-20 17:05:41','2021-06-20 17:05:41','accessories',98,157.00,1),(1117,76,'2021-06-20 17:02:40','2021-06-20 17:05:41','2021-06-20 17:05:41','accessories',16,990.00,1),(1118,76,'2021-06-20 17:02:40','2021-06-20 17:05:41','2021-06-20 17:05:41','accessories',20,449.85,1),(1119,76,'2021-06-20 17:02:40','2021-06-20 17:05:41','2021-06-20 17:05:41','accessories',14,499.00,1),(1120,76,'2021-06-20 17:02:40','2021-06-20 17:05:41','2021-06-20 17:05:41','accessories',13,378.00,1),(1121,76,'2021-06-20 17:02:40','2021-06-20 17:05:41','2021-06-20 17:05:41','accessories',12,643.00,1),(1122,76,'2021-06-20 17:02:40','2021-06-20 17:05:41','2021-06-20 17:05:41','accessories',42,2900.00,1),(1123,76,'2021-06-20 17:02:40','2021-06-20 17:05:41','2021-06-20 17:05:41','accessories',62,1160.00,1),(1124,76,'2021-06-20 17:02:40','2021-06-20 17:05:41','2021-06-20 17:05:41','accessories',63,991.00,2),(1125,76,'2021-06-20 17:02:40','2021-06-20 17:05:41','2021-06-20 17:05:41','accessories',64,855.95,1),(1126,76,'2021-06-20 17:02:40','2021-06-20 17:05:41','2021-06-20 17:05:41','accessories',65,1160.00,1),(1127,76,'2021-06-20 17:02:40','2021-06-20 17:05:41','2021-06-20 17:05:41','accessories',71,597.00,1),(1128,76,'2021-06-20 17:02:40','2021-06-20 17:05:41','2021-06-20 17:05:41','accessories',70,428.00,1),(1129,76,'2021-06-20 17:02:40','2021-06-20 17:05:41','2021-06-20 17:05:41','accessories',94,248.00,1),(1130,76,'2021-06-20 17:02:40','2021-06-20 17:05:41','2021-06-20 17:05:41','accessories',96,633.00,1),(1131,76,'2021-06-20 17:02:40','2021-06-20 17:05:41','2021-06-20 17:05:41','accessories',100,157.00,1),(1132,76,'2021-06-20 17:02:40','2021-06-20 17:05:41','2021-06-20 17:05:41','accessories',67,445.00,1),(1133,76,'2021-06-20 17:02:40','2021-06-20 17:05:41','2021-06-20 17:05:41','accessories',66,445.00,1),(1134,76,'2021-06-20 17:02:40','2021-06-20 17:05:41','2021-06-20 17:05:41','accessories',68,428.00,1),(1135,76,'2021-06-20 17:02:40','2021-06-20 17:05:41','2021-06-20 17:05:41','accessories',69,581.00,1),(1136,76,'2021-06-20 17:02:40','2021-06-20 17:05:41','2021-06-20 17:05:41','accessories',72,1352.62,1),(1137,76,'2021-06-20 17:02:40','2021-06-20 17:05:41','2021-06-20 17:05:41','accessories',73,1465.92,1),(1138,76,'2021-06-20 17:02:40','2021-06-20 17:05:41','2021-06-20 17:05:41','accessories',74,1352.62,1),(1139,76,'2021-06-20 17:02:40','2021-06-20 17:05:41','2021-06-20 17:05:41','accessories',75,1465.92,1),(1140,76,'2021-06-20 17:02:40','2021-06-20 17:05:41','2021-06-20 17:05:41','accessories',80,591.02,1),(1141,76,'2021-06-20 17:02:40','2021-06-20 17:05:41','2021-06-20 17:05:41','accessories',81,515.66,1),(1142,76,'2021-06-20 17:02:40','2021-06-20 17:05:41','2021-06-20 17:05:41','accessories',79,515.66,1),(1143,76,'2021-06-20 17:02:40','2021-06-20 17:05:41','2021-06-20 17:05:41','accessories',78,442.93,1),(1144,76,'2021-06-20 17:02:40','2021-06-20 17:05:41','2021-06-20 17:05:41','accessories',77,442.93,1),(1145,76,'2021-06-20 17:02:40','2021-06-20 17:05:41','2021-06-20 17:05:41','accessories',76,591.02,1),(1146,76,'2021-06-20 17:02:40','2021-06-20 17:05:41','2021-06-20 17:05:41','accessories',59,714.53,1),(1147,76,'2021-06-20 17:02:40','2021-06-20 17:05:41','2021-06-20 17:05:41','accessories',58,241.50,1),(1148,76,'2021-06-20 17:02:40','2021-06-20 17:05:41','2021-06-20 17:05:41','accessories',57,472.50,1),(1149,76,'2021-06-20 17:02:40','2021-06-20 17:05:41','2021-06-20 17:05:41','accessories',56,336.00,1),(1150,76,'2021-06-20 17:02:40','2021-06-20 17:05:41','2021-06-20 17:05:41','accessories',101,654.00,1),(1151,76,'2021-06-20 17:02:40','2021-06-20 17:05:41','2021-06-20 17:05:41','accessories',102,698.00,1),(1152,76,'2021-06-20 17:02:40','2021-06-20 17:05:41','2021-06-20 17:05:41','accessories',84,273.00,1),(1153,76,'2021-06-20 17:02:40','2021-06-20 17:05:41','2021-06-20 17:05:41','accessories',86,2236.50,1),(1154,76,'2021-06-20 17:02:40','2021-06-20 17:05:41','2021-06-20 17:05:41','accessories',18,383.15,1),(1155,76,'2021-06-20 17:02:40','2021-06-20 17:05:41','2021-06-20 17:05:41','accessories',28,645.65,1),(1156,76,'2021-06-20 17:02:40','2021-06-20 17:05:41','2021-06-20 17:05:41','accessories',25,390.58,1),(1157,76,'2021-06-20 17:02:40','2021-06-20 17:05:41','2021-06-20 17:05:41','accessories',23,629.05,1),(1158,76,'2021-06-20 17:02:40','2021-06-20 17:05:41','2021-06-20 17:05:41','accessories',22,512.90,1),(1159,76,'2021-06-20 17:05:41','2021-06-20 17:05:59','2021-06-20 17:05:59','cards',5,380.00,1),(1160,76,'2021-06-20 17:05:41','2021-06-20 17:05:59','2021-06-20 17:05:59','cards',10,296.00,1),(1161,76,'2021-06-20 17:05:41','2021-06-20 17:05:59','2021-06-20 17:05:59','sensors',54,147.00,1),(1162,76,'2021-06-20 17:05:41','2021-06-20 17:05:59','2021-06-20 17:05:59','sensors',78,516.00,1),(1163,76,'2021-06-20 17:05:41','2021-06-20 17:05:59','2021-06-20 17:05:59','sensors',64,2276.00,1),(1164,76,'2021-06-20 17:05:41','2021-06-20 17:05:59','2021-06-20 17:05:59','panel_options',123,158.00,1),(1165,76,'2021-06-20 17:05:41','2021-06-20 17:05:59','2021-06-20 17:05:59','panel_options',29,205.00,1),(1166,76,'2021-06-20 17:05:41','2021-06-20 17:05:59','2021-06-20 17:05:59','panel_options',128,158.00,1),(1167,76,'2021-06-20 17:05:41','2021-06-20 17:05:59','2021-06-20 17:05:59','panel_options',127,147.00,1),(1168,76,'2021-06-20 17:05:41','2021-06-20 17:05:59','2021-06-20 17:05:59','panel_options',126,70.00,1),(1169,76,'2021-06-20 17:05:41','2021-06-20 17:05:59','2021-06-20 17:05:59','accessories',93,248.00,1),(1170,76,'2021-06-20 17:05:41','2021-06-20 17:05:59','2021-06-20 17:05:59','accessories',98,157.00,1),(1171,76,'2021-06-20 17:05:41','2021-06-20 17:05:59','2021-06-20 17:05:59','accessories',16,990.00,1),(1172,76,'2021-06-20 17:05:41','2021-06-20 17:05:59','2021-06-20 17:05:59','accessories',20,449.85,1),(1173,76,'2021-06-20 17:05:41','2021-06-20 17:05:59','2021-06-20 17:05:59','accessories',14,499.00,1),(1174,76,'2021-06-20 17:05:41','2021-06-20 17:05:59','2021-06-20 17:05:59','accessories',13,378.00,1),(1175,76,'2021-06-20 17:05:41','2021-06-20 17:05:59','2021-06-20 17:05:59','accessories',12,643.00,1),(1176,76,'2021-06-20 17:05:41','2021-06-20 17:05:59','2021-06-20 17:05:59','accessories',42,2900.00,1),(1177,76,'2021-06-20 17:05:41','2021-06-20 17:05:59','2021-06-20 17:05:59','accessories',62,1160.00,1),(1178,76,'2021-06-20 17:05:41','2021-06-20 17:05:59','2021-06-20 17:05:59','accessories',63,991.00,2),(1179,76,'2021-06-20 17:05:41','2021-06-20 17:05:59','2021-06-20 17:05:59','accessories',64,855.95,1),(1180,76,'2021-06-20 17:05:41','2021-06-20 17:05:59','2021-06-20 17:05:59','accessories',65,1160.00,1),(1181,76,'2021-06-20 17:05:41','2021-06-20 17:05:59','2021-06-20 17:05:59','accessories',71,597.00,1),(1182,76,'2021-06-20 17:05:41','2021-06-20 17:05:59','2021-06-20 17:05:59','accessories',70,428.00,1),(1183,76,'2021-06-20 17:05:41','2021-06-20 17:05:59','2021-06-20 17:05:59','accessories',94,248.00,1),(1184,76,'2021-06-20 17:05:41','2021-06-20 17:05:59','2021-06-20 17:05:59','accessories',96,633.00,1),(1185,76,'2021-06-20 17:05:41','2021-06-20 17:05:59','2021-06-20 17:05:59','accessories',100,157.00,1),(1186,76,'2021-06-20 17:05:41','2021-06-20 17:05:59','2021-06-20 17:05:59','accessories',67,445.00,1),(1187,76,'2021-06-20 17:05:41','2021-06-20 17:05:59','2021-06-20 17:05:59','accessories',66,445.00,1),(1188,76,'2021-06-20 17:05:41','2021-06-20 17:05:59','2021-06-20 17:05:59','accessories',68,428.00,1),(1189,76,'2021-06-20 17:05:41','2021-06-20 17:05:59','2021-06-20 17:05:59','accessories',69,581.00,1),(1190,76,'2021-06-20 17:05:41','2021-06-20 17:05:59','2021-06-20 17:05:59','accessories',72,1352.62,1),(1191,76,'2021-06-20 17:05:41','2021-06-20 17:05:59','2021-06-20 17:05:59','accessories',73,1465.92,1),(1192,76,'2021-06-20 17:05:41','2021-06-20 17:05:59','2021-06-20 17:05:59','accessories',74,1352.62,1),(1193,76,'2021-06-20 17:05:41','2021-06-20 17:05:59','2021-06-20 17:05:59','accessories',75,1465.92,1),(1194,76,'2021-06-20 17:05:41','2021-06-20 17:05:59','2021-06-20 17:05:59','accessories',80,591.02,1),(1195,76,'2021-06-20 17:05:41','2021-06-20 17:05:59','2021-06-20 17:05:59','accessories',81,515.66,1),(1196,76,'2021-06-20 17:05:41','2021-06-20 17:05:59','2021-06-20 17:05:59','accessories',79,515.66,1),(1197,76,'2021-06-20 17:05:41','2021-06-20 17:05:59','2021-06-20 17:05:59','accessories',78,442.93,1),(1198,76,'2021-06-20 17:05:41','2021-06-20 17:05:59','2021-06-20 17:05:59','accessories',77,442.93,1),(1199,76,'2021-06-20 17:05:41','2021-06-20 17:05:59','2021-06-20 17:05:59','accessories',76,591.02,1),(1200,76,'2021-06-20 17:05:41','2021-06-20 17:05:59','2021-06-20 17:05:59','accessories',59,714.53,1),(1201,76,'2021-06-20 17:05:41','2021-06-20 17:05:59','2021-06-20 17:05:59','accessories',58,241.50,1),(1202,76,'2021-06-20 17:05:41','2021-06-20 17:05:59','2021-06-20 17:05:59','accessories',57,472.50,1),(1203,76,'2021-06-20 17:05:41','2021-06-20 17:05:59','2021-06-20 17:05:59','accessories',56,336.00,1),(1204,76,'2021-06-20 17:05:41','2021-06-20 17:05:59','2021-06-20 17:05:59','accessories',101,654.00,1),(1205,76,'2021-06-20 17:05:41','2021-06-20 17:05:59','2021-06-20 17:05:59','accessories',102,698.00,1),(1206,76,'2021-06-20 17:05:41','2021-06-20 17:05:59','2021-06-20 17:05:59','accessories',84,273.00,1),(1207,76,'2021-06-20 17:05:41','2021-06-20 17:05:59','2021-06-20 17:05:59','accessories',86,2236.50,1),(1208,76,'2021-06-20 17:05:41','2021-06-20 17:05:59','2021-06-20 17:05:59','accessories',18,383.15,1),(1209,76,'2021-06-20 17:05:41','2021-06-20 17:05:59','2021-06-20 17:05:59','accessories',28,645.65,1),(1210,76,'2021-06-20 17:05:41','2021-06-20 17:05:59','2021-06-20 17:05:59','accessories',25,390.58,1),(1211,76,'2021-06-20 17:05:41','2021-06-20 17:05:59','2021-06-20 17:05:59','accessories',23,629.05,1),(1212,76,'2021-06-20 17:05:41','2021-06-20 17:05:59','2021-06-20 17:05:59','accessories',22,512.90,1),(1213,76,'2021-06-20 17:05:59','2021-06-20 17:17:35','2021-06-20 17:17:35','cards',5,380.00,1),(1214,76,'2021-06-20 17:05:59','2021-06-20 17:17:35','2021-06-20 17:17:35','cards',10,296.00,1),(1215,76,'2021-06-20 17:05:59','2021-06-20 17:17:35','2021-06-20 17:17:35','sensors',54,147.00,1),(1216,76,'2021-06-20 17:05:59','2021-06-20 17:17:35','2021-06-20 17:17:35','sensors',78,516.00,1),(1217,76,'2021-06-20 17:05:59','2021-06-20 17:17:35','2021-06-20 17:17:35','sensors',64,2276.00,1),(1218,76,'2021-06-20 17:05:59','2021-06-20 17:17:35','2021-06-20 17:17:35','panel_options',123,158.00,1),(1219,76,'2021-06-20 17:05:59','2021-06-20 17:17:35','2021-06-20 17:17:35','panel_options',29,205.00,1),(1220,76,'2021-06-20 17:05:59','2021-06-20 17:17:35','2021-06-20 17:17:35','panel_options',128,158.00,1),(1221,76,'2021-06-20 17:05:59','2021-06-20 17:17:35','2021-06-20 17:17:35','panel_options',127,147.00,1),(1222,76,'2021-06-20 17:05:59','2021-06-20 17:17:35','2021-06-20 17:17:35','panel_options',126,70.00,1),(1223,76,'2021-06-20 17:05:59','2021-06-20 17:17:35','2021-06-20 17:17:35','accessories',93,248.00,1),(1224,76,'2021-06-20 17:05:59','2021-06-20 17:17:35','2021-06-20 17:17:35','accessories',98,157.00,1),(1225,76,'2021-06-20 17:05:59','2021-06-20 17:17:35','2021-06-20 17:17:35','accessories',16,990.00,1),(1226,76,'2021-06-20 17:05:59','2021-06-20 17:17:35','2021-06-20 17:17:35','accessories',20,449.85,1),(1227,76,'2021-06-20 17:05:59','2021-06-20 17:17:35','2021-06-20 17:17:35','accessories',14,499.00,1),(1228,76,'2021-06-20 17:05:59','2021-06-20 17:17:35','2021-06-20 17:17:35','accessories',13,378.00,1),(1229,76,'2021-06-20 17:05:59','2021-06-20 17:17:35','2021-06-20 17:17:35','accessories',12,643.00,1),(1230,76,'2021-06-20 17:05:59','2021-06-20 17:17:35','2021-06-20 17:17:35','accessories',42,2900.00,1),(1231,76,'2021-06-20 17:05:59','2021-06-20 17:17:35','2021-06-20 17:17:35','accessories',62,1160.00,1),(1232,76,'2021-06-20 17:05:59','2021-06-20 17:17:35','2021-06-20 17:17:35','accessories',63,991.00,2),(1233,76,'2021-06-20 17:05:59','2021-06-20 17:17:35','2021-06-20 17:17:35','accessories',64,855.95,1),(1234,76,'2021-06-20 17:05:59','2021-06-20 17:17:35','2021-06-20 17:17:35','accessories',65,1160.00,1),(1235,76,'2021-06-20 17:05:59','2021-06-20 17:17:35','2021-06-20 17:17:35','accessories',71,597.00,1),(1236,76,'2021-06-20 17:05:59','2021-06-20 17:17:35','2021-06-20 17:17:35','accessories',70,428.00,1),(1237,76,'2021-06-20 17:05:59','2021-06-20 17:17:35','2021-06-20 17:17:35','accessories',94,248.00,1),(1238,76,'2021-06-20 17:05:59','2021-06-20 17:17:35','2021-06-20 17:17:35','accessories',96,633.00,1),(1239,76,'2021-06-20 17:05:59','2021-06-20 17:17:35','2021-06-20 17:17:35','accessories',100,157.00,1),(1240,76,'2021-06-20 17:05:59','2021-06-20 17:17:35','2021-06-20 17:17:35','accessories',67,445.00,1),(1241,76,'2021-06-20 17:05:59','2021-06-20 17:17:35','2021-06-20 17:17:35','accessories',66,445.00,1),(1242,76,'2021-06-20 17:05:59','2021-06-20 17:17:35','2021-06-20 17:17:35','accessories',68,428.00,1),(1243,76,'2021-06-20 17:05:59','2021-06-20 17:17:35','2021-06-20 17:17:35','accessories',69,581.00,1),(1244,76,'2021-06-20 17:05:59','2021-06-20 17:17:35','2021-06-20 17:17:35','accessories',72,1352.62,1),(1245,76,'2021-06-20 17:05:59','2021-06-20 17:17:35','2021-06-20 17:17:35','accessories',73,1465.92,1),(1246,76,'2021-06-20 17:05:59','2021-06-20 17:17:35','2021-06-20 17:17:35','accessories',74,1352.62,1),(1247,76,'2021-06-20 17:05:59','2021-06-20 17:17:35','2021-06-20 17:17:35','accessories',75,1465.92,1),(1248,76,'2021-06-20 17:05:59','2021-06-20 17:17:35','2021-06-20 17:17:35','accessories',80,591.02,1),(1249,76,'2021-06-20 17:05:59','2021-06-20 17:17:35','2021-06-20 17:17:35','accessories',81,515.66,1),(1250,76,'2021-06-20 17:05:59','2021-06-20 17:17:35','2021-06-20 17:17:35','accessories',79,515.66,1),(1251,76,'2021-06-20 17:05:59','2021-06-20 17:17:35','2021-06-20 17:17:35','accessories',78,442.93,1),(1252,76,'2021-06-20 17:05:59','2021-06-20 17:17:35','2021-06-20 17:17:35','accessories',77,442.93,1),(1253,76,'2021-06-20 17:05:59','2021-06-20 17:17:35','2021-06-20 17:17:35','accessories',76,591.02,1),(1254,76,'2021-06-20 17:05:59','2021-06-20 17:17:35','2021-06-20 17:17:35','accessories',59,714.53,1),(1255,76,'2021-06-20 17:05:59','2021-06-20 17:17:35','2021-06-20 17:17:35','accessories',58,241.50,1),(1256,76,'2021-06-20 17:05:59','2021-06-20 17:17:35','2021-06-20 17:17:35','accessories',57,472.50,1),(1257,76,'2021-06-20 17:05:59','2021-06-20 17:17:35','2021-06-20 17:17:35','accessories',56,336.00,1),(1258,76,'2021-06-20 17:05:59','2021-06-20 17:17:35','2021-06-20 17:17:35','accessories',101,654.00,1),(1259,76,'2021-06-20 17:05:59','2021-06-20 17:17:35','2021-06-20 17:17:35','accessories',102,698.00,1),(1260,76,'2021-06-20 17:05:59','2021-06-20 17:17:35','2021-06-20 17:17:35','accessories',84,273.00,1),(1261,76,'2021-06-20 17:05:59','2021-06-20 17:17:35','2021-06-20 17:17:35','accessories',86,2236.50,1),(1262,76,'2021-06-20 17:05:59','2021-06-20 17:17:35','2021-06-20 17:17:35','accessories',18,383.15,1),(1263,76,'2021-06-20 17:05:59','2021-06-20 17:17:35','2021-06-20 17:17:35','accessories',28,645.65,1),(1264,76,'2021-06-20 17:05:59','2021-06-20 17:17:35','2021-06-20 17:17:35','accessories',25,390.58,1),(1265,76,'2021-06-20 17:05:59','2021-06-20 17:17:35','2021-06-20 17:17:35','accessories',23,629.05,1),(1266,76,'2021-06-20 17:05:59','2021-06-20 17:17:35','2021-06-20 17:17:35','accessories',22,512.90,1),(1267,76,'2021-06-20 17:17:35','2022-01-13 17:49:47','2022-01-13 17:49:47','cards',5,380.00,1),(1268,76,'2021-06-20 17:17:35','2022-01-13 17:49:47','2022-01-13 17:49:47','cards',10,296.00,1),(1269,76,'2021-06-20 17:17:35','2022-01-13 17:49:47','2022-01-13 17:49:47','sensors',54,147.00,1),(1270,76,'2021-06-20 17:17:35','2022-01-13 17:49:47','2022-01-13 17:49:47','sensors',78,516.00,1),(1271,76,'2021-06-20 17:17:35','2022-01-13 17:49:47','2022-01-13 17:49:47','sensors',64,2276.00,1),(1272,76,'2021-06-20 17:17:35','2022-01-13 17:49:47','2022-01-13 17:49:47','panel_options',123,158.00,1),(1273,76,'2021-06-20 17:17:35','2022-01-13 17:49:47','2022-01-13 17:49:47','panel_options',29,205.00,1),(1274,76,'2021-06-20 17:17:35','2022-01-13 17:49:47','2022-01-13 17:49:47','panel_options',128,158.00,1),(1275,76,'2021-06-20 17:17:35','2022-01-13 17:49:47','2022-01-13 17:49:47','panel_options',127,147.00,1),(1276,76,'2021-06-20 17:17:35','2022-01-13 17:49:47','2022-01-13 17:49:47','panel_options',126,70.00,1),(1277,76,'2021-06-20 17:17:35','2022-01-13 17:49:47','2022-01-13 17:49:47','panel_options',79,675.00,1),(1278,76,'2021-06-20 17:17:35','2022-01-13 17:49:47','2022-01-13 17:49:47','panel_options',91,0.00,1),(1279,76,'2021-06-20 17:17:35','2022-01-13 17:49:47','2022-01-13 17:49:47','panel_options',75,0.00,1),(1280,76,'2021-06-20 17:17:35','2022-01-13 17:49:47','2022-01-13 17:49:47','panel_options',109,74.50,1),(1281,76,'2021-06-20 17:17:35','2022-01-13 17:49:47','2022-01-13 17:49:47','panel_options',106,137.00,1),(1282,76,'2021-06-20 17:17:35','2022-01-13 17:49:47','2022-01-13 17:49:47','panel_options',81,90.25,1),(1283,76,'2021-06-20 17:17:35','2022-01-13 17:49:47','2022-01-13 17:49:47','panel_options',67,121.75,1),(1284,76,'2021-06-20 17:17:35','2022-01-13 17:49:47','2022-01-13 17:49:47','panel_options',119,245.00,1),(1285,76,'2021-06-20 17:17:35','2022-01-13 17:49:47','2022-01-13 17:49:47','accessories',93,248.00,1),(1286,76,'2021-06-20 17:17:35','2022-01-13 17:49:47','2022-01-13 17:49:47','accessories',98,157.00,1),(1287,76,'2021-06-20 17:17:35','2022-01-13 17:49:47','2022-01-13 17:49:47','accessories',16,990.00,1),(1288,76,'2021-06-20 17:17:35','2022-01-13 17:49:47','2022-01-13 17:49:47','accessories',20,449.85,1),(1289,76,'2021-06-20 17:17:35','2022-01-13 17:49:47','2022-01-13 17:49:47','accessories',14,499.00,1),(1290,76,'2021-06-20 17:17:35','2022-01-13 17:49:47','2022-01-13 17:49:47','accessories',13,378.00,1),(1291,76,'2021-06-20 17:17:35','2022-01-13 17:49:47','2022-01-13 17:49:47','accessories',12,643.00,1),(1292,76,'2021-06-20 17:17:35','2022-01-13 17:49:47','2022-01-13 17:49:47','accessories',42,2900.00,1),(1293,76,'2021-06-20 17:17:35','2022-01-13 17:49:47','2022-01-13 17:49:47','accessories',62,1160.00,1),(1294,76,'2021-06-20 17:17:35','2022-01-13 17:49:47','2022-01-13 17:49:47','accessories',63,991.00,2),(1295,76,'2021-06-20 17:17:35','2022-01-13 17:49:47','2022-01-13 17:49:47','accessories',64,855.95,1),(1296,76,'2021-06-20 17:17:35','2022-01-13 17:49:47','2022-01-13 17:49:47','accessories',65,1160.00,1),(1297,76,'2021-06-20 17:17:35','2022-01-13 17:49:47','2022-01-13 17:49:47','accessories',71,597.00,1),(1298,76,'2021-06-20 17:17:35','2022-01-13 17:49:47','2022-01-13 17:49:47','accessories',70,428.00,1),(1299,76,'2021-06-20 17:17:35','2022-01-13 17:49:47','2022-01-13 17:49:47','accessories',94,248.00,1),(1300,76,'2021-06-20 17:17:35','2022-01-13 17:49:47','2022-01-13 17:49:47','accessories',96,633.00,1),(1301,76,'2021-06-20 17:17:35','2022-01-13 17:49:47','2022-01-13 17:49:47','accessories',100,157.00,1),(1302,76,'2021-06-20 17:17:35','2022-01-13 17:49:47','2022-01-13 17:49:47','accessories',67,445.00,1),(1303,76,'2021-06-20 17:17:35','2022-01-13 17:49:47','2022-01-13 17:49:47','accessories',66,445.00,1),(1304,76,'2021-06-20 17:17:35','2022-01-13 17:49:47','2022-01-13 17:49:47','accessories',68,428.00,1),(1305,76,'2021-06-20 17:17:35','2022-01-13 17:49:47','2022-01-13 17:49:47','accessories',69,581.00,1),(1306,76,'2021-06-20 17:17:35','2022-01-13 17:49:47','2022-01-13 17:49:47','accessories',72,1352.62,1),(1307,76,'2021-06-20 17:17:35','2022-01-13 17:49:47','2022-01-13 17:49:47','accessories',73,1465.92,1),(1308,76,'2021-06-20 17:17:35','2022-01-13 17:49:47','2022-01-13 17:49:47','accessories',74,1352.62,1),(1309,76,'2021-06-20 17:17:35','2022-01-13 17:49:47','2022-01-13 17:49:47','accessories',75,1465.92,1),(1310,76,'2021-06-20 17:17:35','2022-01-13 17:49:47','2022-01-13 17:49:47','accessories',80,591.02,1),(1311,76,'2021-06-20 17:17:35','2022-01-13 17:49:47','2022-01-13 17:49:47','accessories',81,515.66,1),(1312,76,'2021-06-20 17:17:35','2022-01-13 17:49:47','2022-01-13 17:49:47','accessories',79,515.66,1),(1313,76,'2021-06-20 17:17:35','2022-01-13 17:49:47','2022-01-13 17:49:47','accessories',78,442.93,1),(1314,76,'2021-06-20 17:17:35','2022-01-13 17:49:47','2022-01-13 17:49:47','accessories',77,442.93,1),(1315,76,'2021-06-20 17:17:35','2022-01-13 17:49:47','2022-01-13 17:49:47','accessories',76,591.02,1),(1316,76,'2021-06-20 17:17:35','2022-01-13 17:49:47','2022-01-13 17:49:47','accessories',59,714.53,1),(1317,76,'2021-06-20 17:17:35','2022-01-13 17:49:47','2022-01-13 17:49:47','accessories',58,241.50,1),(1318,76,'2021-06-20 17:17:35','2022-01-13 17:49:47','2022-01-13 17:49:47','accessories',57,472.50,1),(1319,76,'2021-06-20 17:17:35','2022-01-13 17:49:47','2022-01-13 17:49:47','accessories',56,336.00,1),(1320,76,'2021-06-20 17:17:35','2022-01-13 17:49:47','2022-01-13 17:49:47','accessories',101,654.00,1),(1321,76,'2021-06-20 17:17:35','2022-01-13 17:49:47','2022-01-13 17:49:47','accessories',102,698.00,1),(1322,76,'2021-06-20 17:17:35','2022-01-13 17:49:47','2022-01-13 17:49:47','accessories',84,273.00,1),(1323,76,'2021-06-20 17:17:35','2022-01-13 17:49:47','2022-01-13 17:49:47','accessories',86,2236.50,1),(1324,76,'2021-06-20 17:17:35','2022-01-13 17:49:47','2022-01-13 17:49:47','accessories',18,383.15,1),(1325,76,'2021-06-20 17:17:35','2022-01-13 17:49:47','2022-01-13 17:49:47','accessories',28,645.65,1),(1326,76,'2021-06-20 17:17:35','2022-01-13 17:49:47','2022-01-13 17:49:47','accessories',25,390.58,1),(1327,76,'2021-06-20 17:17:35','2022-01-13 17:49:47','2022-01-13 17:49:47','accessories',23,629.05,1),(1328,76,'2021-06-20 17:17:35','2022-01-13 17:49:47','2022-01-13 17:49:47','accessories',22,512.90,1),(1329,77,'2021-06-21 19:15:31','2021-06-21 19:15:31',NULL,'cards',5,380.00,1),(1330,77,'2021-06-21 19:15:31','2021-06-21 19:15:31',NULL,'sensors',54,147.00,1),(1331,77,'2021-06-21 19:15:31','2021-06-21 19:15:31',NULL,'panel_options',123,158.00,1),(1332,77,'2021-06-21 19:15:31','2021-06-21 19:15:31',NULL,'panel_options',64,473.00,1),(1333,77,'2021-06-21 19:15:31','2021-06-21 19:15:31',NULL,'panel_options',89,0.00,1),(1334,77,'2021-06-21 19:15:31','2021-06-21 19:15:31',NULL,'panel_options',74,0.00,1),(1335,78,'2021-06-21 22:01:52','2021-06-21 22:01:52',NULL,'cards',5,380.00,1),(1336,78,'2021-06-21 22:01:52','2021-06-21 22:01:52',NULL,'sensors',54,147.00,1),(1337,78,'2021-06-21 22:01:52','2021-06-21 22:01:52',NULL,'sensors',78,516.00,1),(1338,78,'2021-06-21 22:01:52','2021-06-21 22:01:52',NULL,'panel_options',123,158.00,1),(1339,78,'2021-06-21 22:01:52','2021-06-21 22:01:52',NULL,'panel_options',138,0.00,1),(1340,78,'2021-06-21 22:01:52','2021-06-21 22:01:52',NULL,'panel_options',85,813.75,1),(1341,78,'2021-06-21 22:01:52','2021-06-21 22:01:52',NULL,'panel_options',91,0.00,1),(1342,78,'2021-06-21 22:01:52','2021-06-21 22:01:52',NULL,'panel_options',75,0.00,1),(1343,79,'2021-06-22 15:44:33','2021-06-22 16:16:59','2021-06-22 16:16:59','cards',6,225.00,1),(1344,79,'2021-06-22 15:44:33','2021-06-22 16:16:59','2021-06-22 16:16:59','cards',34,247.00,1),(1345,79,'2021-06-22 15:44:33','2021-06-22 16:16:59','2021-06-22 16:16:59','sensors',56,356.00,1),(1346,79,'2021-06-22 15:44:33','2021-06-22 16:16:59','2021-06-22 16:16:59','sensors',64,2276.00,1),(1347,79,'2021-06-22 15:44:33','2021-06-22 16:16:59','2021-06-22 16:16:59','panel_options',64,473.00,1),(1348,79,'2021-06-22 15:44:33','2021-06-22 16:16:59','2021-06-22 16:16:59','panel_options',91,0.00,1),(1349,79,'2021-06-22 15:44:33','2021-06-22 16:16:59','2021-06-22 16:16:59','panel_options',74,0.00,1),(1350,79,'2021-06-22 15:44:33','2021-06-22 16:16:59','2021-06-22 16:16:59','accessories',92,449.00,1),(1351,79,'2021-06-22 15:44:33','2021-06-22 16:16:59','2021-06-22 16:16:59','accessories',94,248.00,1),(1352,79,'2021-06-22 16:16:59','2021-06-22 16:16:59',NULL,'cards',6,225.00,1),(1353,79,'2021-06-22 16:16:59','2021-06-22 16:16:59',NULL,'cards',34,247.00,1),(1354,79,'2021-06-22 16:16:59','2021-06-22 16:16:59',NULL,'sensors',56,356.00,1),(1355,79,'2021-06-22 16:16:59','2021-06-22 16:16:59',NULL,'sensors',64,2276.00,1),(1356,79,'2021-06-22 16:16:59','2021-06-22 16:16:59',NULL,'panel_options',64,473.00,1),(1357,79,'2021-06-22 16:16:59','2021-06-22 16:16:59',NULL,'panel_options',91,0.00,1),(1358,79,'2021-06-22 16:16:59','2021-06-22 16:16:59',NULL,'panel_options',74,0.00,1),(1359,79,'2021-06-22 16:16:59','2021-06-22 16:16:59',NULL,'accessories',92,449.00,7),(1360,79,'2021-06-22 16:16:59','2021-06-22 16:16:59',NULL,'accessories',94,248.00,1),(1361,80,'2021-06-22 17:51:29','2021-06-22 17:51:29',NULL,'cards',6,225.00,1),(1362,80,'2021-06-22 17:51:29','2021-06-22 17:51:29',NULL,'cards',9,338.00,1),(1363,80,'2021-06-22 17:51:29','2021-06-22 17:51:29',NULL,'sensors',56,356.00,1),(1364,80,'2021-06-22 17:51:29','2021-06-22 17:51:29',NULL,'sensors',61,1776.00,1),(1365,80,'2021-06-22 17:51:29','2021-06-22 17:51:29',NULL,'panel_options',137,253.00,1),(1366,80,'2021-06-22 17:51:29','2021-06-22 17:51:29',NULL,'panel_options',124,0.00,1),(1367,80,'2021-06-22 17:51:29','2021-06-22 17:51:29',NULL,'panel_options',64,473.00,1),(1368,80,'2021-06-22 17:51:29','2021-06-22 17:51:29',NULL,'panel_options',88,0.00,1),(1369,80,'2021-06-22 17:51:29','2021-06-22 17:51:29',NULL,'panel_options',73,0.00,1),(1370,81,'2021-06-23 00:57:23','2021-06-23 00:57:23',NULL,'cards',5,380.00,1),(1371,81,'2021-06-23 00:57:23','2021-06-23 00:57:23',NULL,'cards',5,380.00,1),(1372,81,'2021-06-23 00:57:23','2021-06-23 00:57:23',NULL,'sensors',54,147.00,1),(1373,81,'2021-06-23 00:57:23','2021-06-23 00:57:23',NULL,'sensors',78,516.00,1),(1374,81,'2021-06-23 00:57:23','2021-06-23 00:57:23',NULL,'sensors',41,548.00,1),(1375,81,'2021-06-23 00:57:23','2021-06-23 00:57:23',NULL,'panel_options',123,158.00,1),(1376,81,'2021-06-23 00:57:23','2021-06-23 00:57:23',NULL,'panel_options',64,473.00,1),(1377,81,'2021-06-23 00:57:23','2021-06-23 00:57:23',NULL,'panel_options',89,0.00,1),(1378,81,'2021-06-23 00:57:23','2021-06-23 00:57:23',NULL,'panel_options',74,0.00,1),(1379,82,'2021-06-30 18:51:29','2021-06-30 18:51:29',NULL,'panel_options',64,473.00,1),(1380,82,'2021-06-30 18:51:29','2021-06-30 18:51:29',NULL,'panel_options',74,0.00,1),(1381,82,'2021-06-30 18:51:29','2021-06-30 18:51:29',NULL,'panel_options',88,0.00,1),(1382,83,'2021-06-30 19:09:12','2021-06-30 19:09:12',NULL,'panel_options',91,0.00,1),(1383,83,'2021-06-30 19:09:12','2021-06-30 19:09:12',NULL,'panel_options',64,473.00,1),(1384,83,'2021-06-30 19:09:12','2021-06-30 19:09:12',NULL,'panel_options',75,0.00,1),(1385,84,'2021-06-30 20:18:30','2021-06-30 20:18:30',NULL,'cards',5,380.00,1),(1386,84,'2021-06-30 20:18:30','2021-06-30 20:18:30',NULL,'cards',32,335.00,1),(1387,84,'2021-06-30 20:18:30','2021-06-30 20:18:30',NULL,'cards',10,296.00,1),(1388,84,'2021-06-30 20:18:30','2021-06-30 20:18:30',NULL,'cards',10,296.00,1),(1389,84,'2021-06-30 20:18:30','2021-06-30 20:18:30',NULL,'sensors',54,147.00,1),(1390,84,'2021-06-30 20:18:30','2021-06-30 20:18:30',NULL,'sensors',40,587.00,1),(1391,84,'2021-06-30 20:18:30','2021-06-30 20:18:30',NULL,'sensors',74,335.00,1),(1392,84,'2021-06-30 20:18:30','2021-06-30 20:18:30',NULL,'sensors',68,400.00,1),(1393,84,'2021-06-30 20:18:30','2021-06-30 20:18:30',NULL,'sensors',69,480.00,1),(1394,84,'2021-06-30 20:18:30','2021-06-30 20:18:30',NULL,'sensors',70,445.00,1),(1395,84,'2021-06-30 20:18:30','2021-06-30 20:18:30',NULL,'sensors',71,545.00,1),(1396,84,'2021-06-30 20:18:30','2021-06-30 20:18:30',NULL,'panel_options',28,308.00,1),(1397,84,'2021-06-30 20:18:30','2021-06-30 20:18:30',NULL,'panel_options',27,205.00,1),(1398,84,'2021-06-30 20:18:30','2021-06-30 20:18:30',NULL,'panel_options',123,158.00,1),(1399,84,'2021-06-30 20:18:30','2021-06-30 20:18:30',NULL,'panel_options',127,147.00,1),(1400,84,'2021-06-30 20:18:30','2021-06-30 20:18:30',NULL,'panel_options',12,391.49,1),(1401,84,'2021-06-30 20:18:30','2021-06-30 20:18:30',NULL,'panel_options',4,309.75,1),(1402,84,'2021-06-30 20:18:30','2021-06-30 20:18:30',NULL,'panel_options',73,0.00,1),(1403,84,'2021-06-30 20:18:30','2021-06-30 20:18:30',NULL,'panel_options',86,860.00,1),(1404,84,'2021-06-30 20:18:30','2021-06-30 20:18:30',NULL,'panel_options',131,0.00,1),(1405,84,'2021-06-30 20:18:30','2021-06-30 20:18:30',NULL,'panel_options',132,26.25,1),(1406,84,'2021-06-30 20:18:30','2021-06-30 20:18:30',NULL,'panel_options',133,0.00,1),(1407,84,'2021-06-30 20:18:30','2021-06-30 20:18:30',NULL,'panel_options',135,0.00,1),(1408,84,'2021-06-30 20:18:30','2021-06-30 20:18:30',NULL,'panel_options',81,90.25,1),(1409,84,'2021-06-30 20:18:30','2021-06-30 20:18:30',NULL,'panel_options',65,132.25,1),(1410,84,'2021-06-30 20:18:30','2021-06-30 20:18:30',NULL,'panel_options',106,137.00,1),(1411,84,'2021-06-30 20:18:30','2021-06-30 20:18:30',NULL,'panel_options',109,74.50,1),(1412,84,'2021-06-30 20:18:30','2021-06-30 20:18:30',NULL,'panel_options',97,300.25,1),(1413,84,'2021-06-30 20:18:30','2021-06-30 20:18:30',NULL,'panel_options',93,0.00,1),(1414,84,'2021-06-30 20:18:30','2021-06-30 20:18:30',NULL,'accessories',91,449.00,1),(1415,84,'2021-06-30 20:18:30','2021-06-30 20:18:30',NULL,'accessories',62,1160.00,1),(1416,84,'2021-06-30 20:18:30','2021-06-30 20:18:30',NULL,'accessories',64,855.95,1),(1417,84,'2021-06-30 20:18:30','2021-06-30 20:18:30',NULL,'accessories',67,445.00,1),(1418,84,'2021-06-30 20:18:30','2021-06-30 20:18:30',NULL,'accessories',66,445.00,1),(1419,84,'2021-06-30 20:18:30','2021-06-30 20:18:30',NULL,'accessories',65,1160.00,1),(1420,84,'2021-06-30 20:18:30','2021-06-30 20:18:30',NULL,'accessories',63,991.00,1),(1421,84,'2021-06-30 20:18:30','2021-06-30 20:18:30',NULL,'accessories',56,336.00,1),(1422,84,'2021-06-30 20:18:30','2021-06-30 20:18:30',NULL,'accessories',57,472.50,1),(1423,84,'2021-06-30 20:18:30','2021-06-30 20:18:30',NULL,'accessories',58,241.50,1),(1424,84,'2021-06-30 20:18:30','2021-06-30 20:18:30',NULL,'accessories',59,714.53,1),(1425,84,'2021-06-30 20:18:30','2021-06-30 20:18:30',NULL,'accessories',101,654.00,1),(1426,84,'2021-06-30 20:18:30','2021-06-30 20:18:30',NULL,'accessories',102,698.00,1),(1427,84,'2021-06-30 20:18:30','2021-06-30 20:18:30',NULL,'accessories',60,609.00,1),(1428,84,'2021-06-30 20:18:30','2021-06-30 20:18:30',NULL,'accessories',61,714.00,1),(1429,84,'2021-06-30 20:18:30','2021-06-30 20:18:30',NULL,'accessories',12,643.00,1),(1430,84,'2021-06-30 20:18:30','2021-06-30 20:18:30',NULL,'accessories',13,378.00,1),(1431,84,'2021-06-30 20:18:30','2021-06-30 20:18:30',NULL,'accessories',14,499.00,1),(1432,84,'2021-06-30 20:18:30','2021-06-30 20:18:30',NULL,'accessories',15,595.00,1),(1433,84,'2021-06-30 20:18:30','2021-06-30 20:18:30',NULL,'accessories',16,990.00,1),(1434,84,'2021-06-30 20:18:30','2021-06-30 20:18:30',NULL,'accessories',17,451.00,1),(1435,84,'2021-06-30 20:18:30','2021-06-30 20:18:30',NULL,'accessories',18,383.15,1),(1436,84,'2021-06-30 20:18:30','2021-06-30 20:18:30',NULL,'accessories',19,566.23,1),(1437,84,'2021-06-30 20:18:30','2021-06-30 20:18:30',NULL,'accessories',20,449.85,1),(1438,84,'2021-06-30 20:18:30','2021-06-30 20:18:30',NULL,'accessories',21,360.92,1),(1439,84,'2021-06-30 20:18:30','2021-06-30 20:18:30',NULL,'accessories',82,278.25,1),(1440,84,'2021-06-30 20:18:30','2021-06-30 20:18:30',NULL,'accessories',83,325.00,1),(1441,84,'2021-06-30 20:18:30','2021-06-30 20:18:30',NULL,'accessories',84,273.00,1),(1442,84,'2021-06-30 20:18:30','2021-06-30 20:18:30',NULL,'accessories',85,380.00,1),(1443,84,'2021-06-30 20:18:30','2021-06-30 20:18:30',NULL,'accessories',86,2236.50,1),(1444,84,'2021-06-30 20:18:30','2021-06-30 20:18:30',NULL,'accessories',87,470.00,1),(1445,84,'2021-06-30 20:18:30','2021-06-30 20:18:30',NULL,'accessories',88,430.50,1),(1446,84,'2021-06-30 20:18:30','2021-06-30 20:18:30',NULL,'accessories',89,460.00,1),(1447,84,'2021-06-30 20:18:30','2021-06-30 20:18:30',NULL,'accessories',90,378.00,1),(1448,84,'2021-06-30 20:18:30','2021-06-30 20:18:30',NULL,'accessories',22,512.90,1),(1449,84,'2021-06-30 20:18:30','2021-06-30 20:18:30',NULL,'accessories',23,629.05,1),(1450,84,'2021-06-30 20:18:30','2021-06-30 20:18:30',NULL,'accessories',24,933.80,1),(1451,84,'2021-06-30 20:18:30','2021-06-30 20:18:30',NULL,'accessories',25,390.58,1),(1452,84,'2021-06-30 20:18:30','2021-06-30 20:18:30',NULL,'accessories',26,555.01,1),(1453,84,'2021-06-30 20:18:30','2021-06-30 20:18:30',NULL,'accessories',27,555.01,1),(1454,84,'2021-06-30 20:18:30','2021-06-30 20:18:30',NULL,'accessories',28,645.65,1),(1455,84,'2021-06-30 20:18:30','2021-06-30 20:18:30',NULL,'accessories',29,850.90,1),(1456,84,'2021-06-30 20:18:30','2021-06-30 20:18:30',NULL,'accessories',30,978.60,1),(1457,84,'2021-06-30 20:18:30','2021-06-30 20:18:30',NULL,'accessories',31,1345.50,1),(1458,84,'2021-06-30 20:18:30','2021-06-30 20:18:30',NULL,'accessories',32,1622.35,1),(1459,84,'2021-06-30 20:18:30','2021-06-30 20:18:30',NULL,'accessories',33,1996.62,1),(1460,84,'2021-06-30 20:18:30','2021-06-30 20:18:30',NULL,'accessories',34,2827.19,1),(1461,84,'2021-06-30 20:18:30','2021-06-30 20:18:30',NULL,'accessories',35,287.95,1),(1462,84,'2021-06-30 20:18:30','2021-06-30 20:18:30',NULL,'accessories',36,399.23,1),(1463,84,'2021-06-30 20:18:30','2021-06-30 20:18:30',NULL,'accessories',37,861.88,1),(1464,84,'2021-06-30 20:18:30','2021-06-30 20:18:30',NULL,'accessories',38,2055.35,1),(1465,84,'2021-06-30 20:18:30','2021-06-30 20:18:30',NULL,'accessories',39,363.48,1),(1466,84,'2021-06-30 20:18:30','2021-06-30 20:18:30',NULL,'accessories',40,746.39,1),(1467,84,'2021-06-30 20:18:30','2021-06-30 20:18:30',NULL,'accessories',41,595.20,1),(1468,84,'2021-06-30 20:18:30','2021-06-30 20:18:30',NULL,'accessories',42,2900.00,1),(1469,85,'2021-07-01 22:39:32','2021-07-01 22:39:32',NULL,'cards',5,380.00,1),(1470,85,'2021-07-01 22:39:32','2021-07-01 22:39:32',NULL,'cards',5,380.00,1),(1471,85,'2021-07-01 22:39:32','2021-07-01 22:39:32',NULL,'cards',10,296.00,1),(1472,85,'2021-07-01 22:39:32','2021-07-01 22:39:32',NULL,'sensors',54,147.00,1),(1473,85,'2021-07-01 22:39:32','2021-07-01 22:39:32',NULL,'sensors',78,516.00,1),(1474,85,'2021-07-01 22:39:32','2021-07-01 22:39:32',NULL,'sensors',40,587.00,1),(1475,85,'2021-07-01 22:39:32','2021-07-01 22:39:32',NULL,'sensors',61,1776.00,1),(1476,85,'2021-07-01 22:39:32','2021-07-01 22:39:32',NULL,'panel_options',28,308.00,1),(1477,85,'2021-07-01 22:39:32','2021-07-01 22:39:32',NULL,'panel_options',123,158.00,1),(1478,85,'2021-07-01 22:39:32','2021-07-01 22:39:32',NULL,'panel_options',64,473.00,1),(1479,85,'2021-07-01 22:39:32','2021-07-01 22:39:32',NULL,'panel_options',88,0.00,1),(1480,85,'2021-07-01 22:39:32','2021-07-01 22:39:32',NULL,'panel_options',73,0.00,1),(1481,85,'2021-07-01 22:39:32','2021-07-01 22:39:32',NULL,'panel_options',65,132.25,1),(1482,86,'2021-07-15 18:47:17','2021-07-15 18:47:28','2021-07-15 18:47:28','cards',9,338.00,1),(1483,86,'2021-07-15 18:47:17','2021-07-15 18:47:28','2021-07-15 18:47:28','cards',9,338.00,1),(1484,86,'2021-07-15 18:47:17','2021-07-15 18:47:28','2021-07-15 18:47:28','sensors',56,356.00,1),(1485,86,'2021-07-15 18:47:17','2021-07-15 18:47:28','2021-07-15 18:47:28','sensors',57,518.00,1),(1486,86,'2021-07-15 18:47:17','2021-07-15 18:47:28','2021-07-15 18:47:28','panel_options',124,0.00,1),(1487,86,'2021-07-15 18:47:17','2021-07-15 18:47:28','2021-07-15 18:47:28','panel_options',85,813.75,1),(1488,86,'2021-07-15 18:47:17','2021-07-15 18:47:28','2021-07-15 18:47:28','panel_options',91,0.00,1),(1489,86,'2021-07-15 18:47:17','2021-07-15 18:47:28','2021-07-15 18:47:28','panel_options',82,195.25,1),(1490,86,'2021-07-15 18:47:17','2021-07-15 18:47:28','2021-07-15 18:47:28','panel_options',73,0.00,1),(1491,86,'2021-07-15 18:47:28','2021-08-23 17:06:22','2021-08-23 17:06:22','cards',9,338.00,1),(1492,86,'2021-07-15 18:47:28','2021-08-23 17:06:22','2021-08-23 17:06:22','cards',9,338.00,1),(1493,86,'2021-07-15 18:47:28','2021-08-23 17:06:22','2021-08-23 17:06:22','sensors',56,356.00,1),(1494,86,'2021-07-15 18:47:28','2021-08-23 17:06:22','2021-08-23 17:06:22','sensors',57,518.00,1),(1495,86,'2021-07-15 18:47:28','2021-08-23 17:06:22','2021-08-23 17:06:22','panel_options',124,0.00,1),(1496,86,'2021-07-15 18:47:28','2021-08-23 17:06:22','2021-08-23 17:06:22','panel_options',85,813.75,1),(1497,86,'2021-07-15 18:47:28','2021-08-23 17:06:22','2021-08-23 17:06:22','panel_options',91,0.00,1),(1498,86,'2021-07-15 18:47:28','2021-08-23 17:06:22','2021-08-23 17:06:22','panel_options',82,195.25,1),(1499,86,'2021-07-15 18:47:28','2021-08-23 17:06:22','2021-08-23 17:06:22','panel_options',73,0.00,1),(1500,87,'2021-07-19 17:24:55','2021-07-19 17:24:55',NULL,'cards',9,338.00,1),(1501,87,'2021-07-19 17:24:55','2021-07-19 17:24:55',NULL,'cards',9,338.00,1),(1502,87,'2021-07-19 17:24:55','2021-07-19 17:24:55',NULL,'sensors',56,356.00,1),(1503,87,'2021-07-19 17:24:55','2021-07-19 17:24:55',NULL,'sensors',57,518.00,1),(1504,87,'2021-07-19 17:24:55','2021-07-19 17:24:55',NULL,'sensors',61,1776.00,1),(1505,87,'2021-07-19 17:24:55','2021-07-19 17:24:55',NULL,'panel_options',124,0.00,1),(1506,87,'2021-07-19 17:24:55','2021-07-19 17:24:55',NULL,'panel_options',85,813.75,1),(1507,87,'2021-07-19 17:24:55','2021-07-19 17:24:55',NULL,'panel_options',91,0.00,1),(1508,87,'2021-07-19 17:24:55','2021-07-19 17:24:55',NULL,'panel_options',81,90.25,1),(1509,87,'2021-07-19 17:24:55','2021-07-19 17:24:55',NULL,'panel_options',75,0.00,1),(1510,87,'2021-07-19 17:24:55','2021-07-19 17:24:55',NULL,'panel_options',109,74.50,1),(1511,87,'2021-07-19 17:24:55','2021-07-19 17:24:55',NULL,'panel_options',106,137.00,1),(1512,88,'2021-07-20 01:49:25','2022-01-14 17:49:56','2022-01-14 17:49:56','cards',5,380.00,1),(1513,88,'2021-07-20 01:49:25','2022-01-14 17:49:56','2022-01-14 17:49:56','cards',5,380.00,1),(1514,88,'2021-07-20 01:49:25','2022-01-14 17:49:56','2022-01-14 17:49:56','sensors',54,147.00,1),(1515,88,'2021-07-20 01:49:25','2022-01-14 17:49:56','2022-01-14 17:49:56','sensors',40,587.00,1),(1516,88,'2021-07-20 01:49:25','2022-01-14 17:49:56','2022-01-14 17:49:56','sensors',78,516.00,1),(1517,88,'2021-07-20 01:49:25','2022-01-14 17:49:56','2022-01-14 17:49:56','panel_options',123,158.00,1),(1518,88,'2021-07-20 01:49:25','2022-01-14 17:49:56','2022-01-14 17:49:56','panel_options',85,813.75,1),(1519,88,'2021-07-20 01:49:25','2022-01-14 17:49:56','2022-01-14 17:49:56','panel_options',90,0.00,1),(1520,88,'2021-07-20 01:49:25','2022-01-14 17:49:56','2022-01-14 17:49:56','panel_options',81,90.25,1),(1521,88,'2021-07-20 01:49:25','2022-01-14 17:49:56','2022-01-14 17:49:56','panel_options',75,0.00,1),(1522,89,'2021-07-24 02:07:59','2021-07-24 02:07:59',NULL,'cards',5,380.00,1),(1523,89,'2021-07-24 02:07:59','2021-07-24 02:07:59',NULL,'cards',29,655.00,1),(1524,89,'2021-07-24 02:07:59','2021-07-24 02:07:59',NULL,'sensors',54,147.00,1),(1525,89,'2021-07-24 02:07:59','2021-07-24 02:07:59',NULL,'sensors',75,515.00,1),(1526,89,'2021-07-24 02:07:59','2021-07-24 02:07:59',NULL,'sensors',66,1575.00,1),(1527,89,'2021-07-24 02:07:59','2021-07-24 02:07:59',NULL,'panel_options',90,0.00,1),(1528,89,'2021-07-24 02:07:59','2021-07-24 02:07:59',NULL,'panel_options',85,813.75,1),(1529,89,'2021-07-24 02:07:59','2021-07-24 02:07:59',NULL,'panel_options',82,195.25,1),(1530,89,'2021-07-24 02:07:59','2021-07-24 02:07:59',NULL,'panel_options',74,0.00,1),(1531,90,'2021-08-09 12:53:19','2021-08-09 12:53:19',NULL,'cards',5,380.00,1),(1532,90,'2021-08-09 12:53:19','2021-08-09 12:53:19',NULL,'sensors',54,147.00,1),(1533,90,'2021-08-09 12:53:19','2021-08-09 12:53:19',NULL,'panel_options',86,898.70,1),(1534,90,'2021-08-09 12:53:19','2021-08-09 12:53:19',NULL,'panel_options',89,0.00,1),(1535,90,'2021-08-09 12:53:19','2021-08-09 12:53:19',NULL,'panel_options',82,204.04,1),(1536,90,'2021-08-09 12:53:19','2021-08-09 12:53:19',NULL,'panel_options',73,0.00,1),(1537,90,'2021-08-09 12:53:19','2021-08-09 12:53:19',NULL,'accessories',92,471.00,1),(1538,91,'2021-08-17 15:55:32','2021-08-17 15:55:32',NULL,'cards',5,380.00,1),(1539,91,'2021-08-17 15:55:32','2021-08-17 15:55:32',NULL,'cards',29,655.00,1),(1540,91,'2021-08-17 15:55:32','2021-08-17 15:55:32',NULL,'sensors',54,147.00,1),(1541,91,'2021-08-17 15:55:32','2021-08-17 15:55:32',NULL,'sensors',61,1776.00,1),(1542,91,'2021-08-17 15:55:32','2021-08-17 15:55:32',NULL,'panel_options',123,158.00,1),(1543,91,'2021-08-17 15:55:32','2021-08-17 15:55:32',NULL,'panel_options',85,850.37,1),(1544,91,'2021-08-17 15:55:32','2021-08-17 15:55:32',NULL,'panel_options',89,0.00,1),(1545,91,'2021-08-17 15:55:32','2021-08-17 15:55:32',NULL,'panel_options',82,204.04,1),(1546,91,'2021-08-17 15:55:32','2021-08-17 15:55:32',NULL,'panel_options',75,0.00,1),(1547,91,'2021-08-17 15:55:32','2021-08-17 15:55:32',NULL,'panel_options',97,313.76,1),(1548,91,'2021-08-17 15:55:32','2021-08-17 15:55:32',NULL,'panel_options',106,143.17,1),(1549,91,'2021-08-17 15:55:32','2021-08-17 15:55:32',NULL,'panel_options',109,77.85,1),(1550,91,'2021-08-17 15:55:32','2021-08-17 15:55:32',NULL,'panel_options',67,127.84,1),(1551,86,'2021-08-23 17:06:22','2021-08-23 17:06:22',NULL,'cards',9,338.00,1),(1552,86,'2021-08-23 17:06:22','2021-08-23 17:06:22',NULL,'sensors',56,712.00,1),(1553,86,'2021-08-23 17:06:22','2021-08-23 17:06:22',NULL,'sensors',62,4422.00,1),(1554,86,'2021-08-23 17:06:22','2021-08-23 17:06:22',NULL,'panel_options',85,1700.74,1),(1555,86,'2021-08-23 17:06:22','2021-08-23 17:06:22',NULL,'panel_options',89,0.00,1),(1556,86,'2021-08-23 17:06:22','2021-08-23 17:06:22',NULL,'panel_options',82,408.08,1),(1557,86,'2021-08-23 17:06:22','2021-08-23 17:06:22',NULL,'panel_options',73,0.00,1),(1558,86,'2021-08-23 17:06:22','2021-08-23 17:06:22',NULL,'panel_options',124,0.00,1),(1559,86,'2021-08-23 17:06:22','2021-08-23 17:06:22',NULL,'accessories',98,330.00,4),(1560,86,'2021-08-23 17:06:22','2021-08-23 17:06:22',NULL,'accessories',96,1330.00,1),(1561,92,'2021-08-23 17:43:56','2021-08-23 17:43:56',NULL,'cards',29,655.00,1),(1562,92,'2021-08-23 17:43:56','2021-08-23 17:43:56',NULL,'cards',5,380.00,1),(1563,92,'2021-08-23 17:43:56','2021-08-23 17:43:56',NULL,'cards',5,380.00,1),(1564,92,'2021-08-23 17:43:56','2021-08-23 17:43:56',NULL,'sensors',61,3552.00,1),(1565,92,'2021-08-23 17:43:56','2021-08-23 17:43:56',NULL,'sensors',54,294.00,1),(1566,92,'2021-08-23 17:43:56','2021-08-23 17:43:56',NULL,'sensors',78,1032.00,1),(1567,92,'2021-08-23 17:43:56','2021-08-23 17:43:56',NULL,'sensors',40,1174.00,1),(1568,92,'2021-08-23 17:43:56','2021-08-23 17:43:56',NULL,'panel_options',138,0.00,1),(1569,92,'2021-08-23 17:43:56','2021-08-23 17:43:56',NULL,'panel_options',123,316.00,1),(1570,92,'2021-08-23 17:43:56','2021-08-23 17:43:56',NULL,'panel_options',86,1797.40,1),(1571,92,'2021-08-23 17:43:56','2021-08-23 17:43:56',NULL,'panel_options',89,0.00,1),(1572,92,'2021-08-23 17:43:56','2021-08-23 17:43:56',NULL,'panel_options',82,408.08,1),(1573,92,'2021-08-23 17:43:56','2021-08-23 17:43:56',NULL,'panel_options',68,167.48,1),(1574,92,'2021-08-23 17:43:56','2021-08-23 17:43:56',NULL,'panel_options',120,512.06,1),(1575,92,'2021-08-23 17:43:56','2021-08-23 17:43:56',NULL,'panel_options',74,0.00,1),(1576,92,'2021-08-23 17:43:56','2021-08-23 17:43:56',NULL,'accessories',73,2931.84,1),(1577,92,'2021-08-23 17:43:56','2021-08-23 17:43:56',NULL,'accessories',74,2705.24,1),(1578,92,'2021-08-23 17:43:56','2021-08-23 17:43:56',NULL,'accessories',75,2931.84,1),(1579,92,'2021-08-23 17:43:56','2021-08-23 17:43:56',NULL,'accessories',64,1711.90,1),(1580,92,'2021-08-23 17:43:56','2021-08-23 17:43:56',NULL,'accessories',102,1396.00,1),(1581,92,'2021-08-23 17:43:56','2021-08-23 17:43:56',NULL,'accessories',104,305.14,1),(1582,92,'2021-08-23 17:43:56','2021-08-23 17:43:56',NULL,'accessories',21,754.32,1),(1583,92,'2021-08-23 17:43:56','2021-08-23 17:43:56',NULL,'accessories',42,6061.00,1),(1584,93,'2021-08-25 00:59:44','2021-08-25 00:59:44',NULL,'cards',5,380.00,1),(1585,93,'2021-08-25 00:59:44','2021-08-25 00:59:44',NULL,'cards',29,655.00,1),(1586,93,'2021-08-25 00:59:44','2021-08-25 00:59:44',NULL,'sensors',54,294.00,1),(1587,93,'2021-08-25 00:59:44','2021-08-25 00:59:44',NULL,'sensors',78,1032.00,1),(1588,93,'2021-08-25 00:59:44','2021-08-25 00:59:44',NULL,'sensors',41,1096.00,1),(1589,93,'2021-08-25 00:59:44','2021-08-25 00:59:44',NULL,'sensors',62,4422.00,1),(1590,93,'2021-08-25 00:59:44','2021-08-25 00:59:44',NULL,'sensors',68,800.00,2),(1591,93,'2021-08-25 00:59:44','2021-08-25 00:59:44',NULL,'sensors',69,960.00,1),(1592,93,'2021-08-25 00:59:44','2021-08-25 00:59:44',NULL,'panel_options',138,0.00,1),(1593,93,'2021-08-25 00:59:44','2021-08-25 00:59:44',NULL,'panel_options',123,316.00,1),(1594,93,'2021-08-25 00:59:44','2021-08-25 00:59:44',NULL,'panel_options',12,635.10,1),(1595,93,'2021-08-25 00:59:44','2021-08-25 00:59:44',NULL,'panel_options',7,400.16,1),(1596,93,'2021-08-25 00:59:44','2021-08-25 00:59:44',NULL,'panel_options',86,1797.40,1),(1597,93,'2021-08-25 00:59:44','2021-08-25 00:59:44',NULL,'panel_options',90,0.00,1),(1598,93,'2021-08-25 00:59:44','2021-08-25 00:59:44',NULL,'panel_options',96,647.38,1),(1599,93,'2021-08-25 00:59:44','2021-08-25 00:59:44',NULL,'panel_options',106,286.34,1),(1600,93,'2021-08-25 00:59:44','2021-08-25 00:59:44',NULL,'panel_options',109,155.70,1),(1601,93,'2021-08-25 00:59:44','2021-08-25 00:59:44',NULL,'panel_options',82,408.08,1),(1602,93,'2021-08-25 00:59:44','2021-08-25 00:59:44',NULL,'panel_options',76,0.00,1),(1603,93,'2021-08-25 00:59:44','2021-08-25 00:59:44',NULL,'panel_options',67,255.68,1),(1604,93,'2021-08-25 00:59:44','2021-08-25 00:59:44',NULL,'panel_options',131,0.00,1),(1605,93,'2021-08-25 00:59:44','2021-08-25 00:59:44',NULL,'panel_options',120,512.06,1),(1606,93,'2021-08-25 00:59:44','2021-08-25 00:59:44',NULL,'accessories',73,2931.84,3),(1607,94,'2021-08-26 22:44:26','2021-08-26 22:44:28','2021-08-26 22:44:28','cards',37,0.00,1),(1608,94,'2021-08-26 22:44:26','2021-08-26 22:44:28','2021-08-26 22:44:28','sensors',79,0.00,1),(1609,94,'2021-08-26 22:44:26','2021-08-26 22:44:28','2021-08-26 22:44:28','panel_options',142,0.00,1),(1610,94,'2021-08-26 22:44:26','2021-08-26 22:44:28','2021-08-26 22:44:28','panel_options',140,0.00,1),(1611,94,'2021-08-26 22:44:26','2021-08-26 22:44:28','2021-08-26 22:44:28','panel_options',141,0.00,1),(1612,94,'2021-08-26 22:44:28','2021-08-26 22:44:28',NULL,'cards',37,0.00,1),(1613,94,'2021-08-26 22:44:28','2021-08-26 22:44:28',NULL,'sensors',79,0.00,1),(1614,94,'2021-08-26 22:44:28','2021-08-26 22:44:28',NULL,'panel_options',142,0.00,1),(1615,94,'2021-08-26 22:44:28','2021-08-26 22:44:28',NULL,'panel_options',140,0.00,1),(1616,94,'2021-08-26 22:44:28','2021-08-26 22:44:28',NULL,'panel_options',141,0.00,1),(1617,95,'2021-09-07 16:42:11','2021-09-07 16:42:11',NULL,'cards',5,380.00,1),(1618,95,'2021-09-07 16:42:11','2021-09-07 16:42:11',NULL,'sensors',54,147.00,1),(1619,95,'2021-09-07 16:42:11','2021-09-07 16:42:11',NULL,'panel_options',123,158.00,1),(1620,96,'2021-09-07 16:49:12','2022-12-29 04:09:39','2022-12-29 04:09:39','cards',5,380.00,1),(1621,96,'2021-09-07 16:49:12','2022-12-29 04:09:39','2022-12-29 04:09:39','sensors',54,147.00,1),(1622,96,'2021-09-07 16:49:12','2022-12-29 04:09:39','2022-12-29 04:09:39','panel_options',123,158.00,1),(1623,97,'2021-09-07 17:14:55','2021-09-07 17:17:25','2021-09-07 17:17:25','cards',5,380.00,1),(1624,97,'2021-09-07 17:14:55','2021-09-07 17:17:25','2021-09-07 17:17:25','sensors',54,147.00,1),(1625,97,'2021-09-07 17:14:55','2021-09-07 17:17:25','2021-09-07 17:17:25','panel_options',123,158.00,1),(1626,97,'2021-09-07 17:14:55','2021-09-07 17:17:25','2021-09-07 17:17:25','panel_options',85,850.37,1),(1627,97,'2021-09-07 17:14:55','2021-09-07 17:17:25','2021-09-07 17:17:25','panel_options',89,0.00,1),(1628,97,'2021-09-07 17:14:55','2021-09-07 17:17:25','2021-09-07 17:17:25','panel_options',75,0.00,1),(1629,97,'2021-09-07 17:14:55','2021-09-07 17:17:25','2021-09-07 17:17:25','panel_options',82,204.04,1),(1630,97,'2021-09-07 17:14:55','2021-09-07 17:17:25','2021-09-07 17:17:25','accessories',98,165.00,1),(1631,97,'2021-09-07 17:17:25','2021-09-07 20:31:53','2021-09-07 20:31:53','cards',5,380.00,1),(1632,97,'2021-09-07 17:17:25','2021-09-07 20:31:53','2021-09-07 20:31:53','sensors',54,147.00,4),(1633,97,'2021-09-07 17:17:25','2021-09-07 20:31:53','2021-09-07 20:31:53','panel_options',123,158.00,4),(1634,97,'2021-09-07 17:17:25','2021-09-07 20:31:53','2021-09-07 20:31:53','panel_options',85,850.37,1),(1635,97,'2021-09-07 17:17:25','2021-09-07 20:31:53','2021-09-07 20:31:53','panel_options',89,0.00,1),(1636,97,'2021-09-07 17:17:25','2021-09-07 20:31:53','2021-09-07 20:31:53','panel_options',75,0.00,1),(1637,97,'2021-09-07 17:17:25','2021-09-07 20:31:53','2021-09-07 20:31:53','panel_options',82,204.04,1),(1638,97,'2021-09-07 17:17:25','2021-09-07 20:31:53','2021-09-07 20:31:53','accessories',98,165.00,1),(1639,97,'2021-09-07 20:31:53','2021-09-07 20:31:55','2021-09-07 20:31:55','cards',5,380.00,1),(1640,97,'2021-09-07 20:31:53','2021-09-07 20:31:55','2021-09-07 20:31:55','sensors',54,147.00,7),(1641,97,'2021-09-07 20:31:53','2021-09-07 20:31:55','2021-09-07 20:31:55','panel_options',123,158.00,7),(1642,97,'2021-09-07 20:31:53','2021-09-07 20:31:55','2021-09-07 20:31:55','panel_options',85,850.37,1),(1643,97,'2021-09-07 20:31:53','2021-09-07 20:31:55','2021-09-07 20:31:55','panel_options',89,0.00,1),(1644,97,'2021-09-07 20:31:53','2021-09-07 20:31:55','2021-09-07 20:31:55','panel_options',75,0.00,1),(1645,97,'2021-09-07 20:31:53','2021-09-07 20:31:55','2021-09-07 20:31:55','panel_options',82,204.04,1),(1646,97,'2021-09-07 20:31:53','2021-09-07 20:31:55','2021-09-07 20:31:55','accessories',98,165.00,1),(1647,97,'2021-09-07 20:31:55','2021-09-07 20:31:56','2021-09-07 20:31:56','cards',5,380.00,1),(1648,97,'2021-09-07 20:31:55','2021-09-07 20:31:56','2021-09-07 20:31:56','sensors',54,147.00,7),(1649,97,'2021-09-07 20:31:55','2021-09-07 20:31:56','2021-09-07 20:31:56','panel_options',123,158.00,7),(1650,97,'2021-09-07 20:31:55','2021-09-07 20:31:56','2021-09-07 20:31:56','panel_options',85,850.37,1),(1651,97,'2021-09-07 20:31:55','2021-09-07 20:31:56','2021-09-07 20:31:56','panel_options',89,0.00,1),(1652,97,'2021-09-07 20:31:55','2021-09-07 20:31:56','2021-09-07 20:31:56','panel_options',75,0.00,1),(1653,97,'2021-09-07 20:31:55','2021-09-07 20:31:56','2021-09-07 20:31:56','panel_options',82,204.04,1),(1654,97,'2021-09-07 20:31:55','2021-09-07 20:31:56','2021-09-07 20:31:56','accessories',98,165.00,1),(1655,97,'2021-09-07 20:31:56','2021-09-07 20:32:00','2021-09-07 20:32:00','cards',5,380.00,1),(1656,97,'2021-09-07 20:31:56','2021-09-07 20:32:00','2021-09-07 20:32:00','sensors',54,147.00,7),(1657,97,'2021-09-07 20:31:56','2021-09-07 20:32:00','2021-09-07 20:32:00','panel_options',123,158.00,7),(1658,97,'2021-09-07 20:31:56','2021-09-07 20:32:00','2021-09-07 20:32:00','panel_options',85,850.37,1),(1659,97,'2021-09-07 20:31:56','2021-09-07 20:32:00','2021-09-07 20:32:00','panel_options',89,0.00,1),(1660,97,'2021-09-07 20:31:56','2021-09-07 20:32:00','2021-09-07 20:32:00','panel_options',75,0.00,1),(1661,97,'2021-09-07 20:31:56','2021-09-07 20:32:00','2021-09-07 20:32:00','panel_options',82,204.04,1),(1662,97,'2021-09-07 20:31:56','2021-09-07 20:32:00','2021-09-07 20:32:00','accessories',98,165.00,1),(1663,97,'2021-09-07 20:32:00','2021-09-07 20:32:04','2021-09-07 20:32:04','cards',5,380.00,1),(1664,97,'2021-09-07 20:32:00','2021-09-07 20:32:04','2021-09-07 20:32:04','sensors',54,147.00,7),(1665,97,'2021-09-07 20:32:00','2021-09-07 20:32:04','2021-09-07 20:32:04','panel_options',123,158.00,7),(1666,97,'2021-09-07 20:32:00','2021-09-07 20:32:04','2021-09-07 20:32:04','panel_options',85,850.37,1),(1667,97,'2021-09-07 20:32:00','2021-09-07 20:32:04','2021-09-07 20:32:04','panel_options',89,0.00,1),(1668,97,'2021-09-07 20:32:00','2021-09-07 20:32:04','2021-09-07 20:32:04','panel_options',75,0.00,1),(1669,97,'2021-09-07 20:32:00','2021-09-07 20:32:04','2021-09-07 20:32:04','panel_options',82,204.04,1),(1670,97,'2021-09-07 20:32:00','2021-09-07 20:32:04','2021-09-07 20:32:04','accessories',98,165.00,1),(1671,97,'2021-09-07 20:32:04','2021-09-07 20:32:15','2021-09-07 20:32:15','cards',5,380.00,1),(1672,97,'2021-09-07 20:32:04','2021-09-07 20:32:15','2021-09-07 20:32:15','sensors',54,147.00,7),(1673,97,'2021-09-07 20:32:04','2021-09-07 20:32:15','2021-09-07 20:32:15','panel_options',123,158.00,7),(1674,97,'2021-09-07 20:32:04','2021-09-07 20:32:15','2021-09-07 20:32:15','panel_options',85,850.37,1),(1675,97,'2021-09-07 20:32:04','2021-09-07 20:32:15','2021-09-07 20:32:15','panel_options',89,0.00,1),(1676,97,'2021-09-07 20:32:04','2021-09-07 20:32:15','2021-09-07 20:32:15','panel_options',75,0.00,1),(1677,97,'2021-09-07 20:32:04','2021-09-07 20:32:15','2021-09-07 20:32:15','panel_options',82,204.04,1),(1678,97,'2021-09-07 20:32:04','2021-09-07 20:32:15','2021-09-07 20:32:15','accessories',98,165.00,1),(1679,97,'2021-09-07 20:32:15','2021-09-07 20:32:34','2021-09-07 20:32:34','cards',5,380.00,1),(1680,97,'2021-09-07 20:32:15','2021-09-07 20:32:34','2021-09-07 20:32:34','sensors',54,147.00,7),(1681,97,'2021-09-07 20:32:15','2021-09-07 20:32:34','2021-09-07 20:32:34','panel_options',123,158.00,7),(1682,97,'2021-09-07 20:32:15','2021-09-07 20:32:34','2021-09-07 20:32:34','panel_options',85,850.37,1),(1683,97,'2021-09-07 20:32:15','2021-09-07 20:32:34','2021-09-07 20:32:34','panel_options',89,0.00,1),(1684,97,'2021-09-07 20:32:15','2021-09-07 20:32:34','2021-09-07 20:32:34','panel_options',75,0.00,1),(1685,97,'2021-09-07 20:32:15','2021-09-07 20:32:34','2021-09-07 20:32:34','panel_options',82,204.04,1),(1686,97,'2021-09-07 20:32:15','2021-09-07 20:32:34','2021-09-07 20:32:34','accessories',98,165.00,1),(1687,97,'2021-09-07 20:32:34','2021-09-07 20:32:53','2021-09-07 20:32:53','cards',5,380.00,1),(1688,97,'2021-09-07 20:32:34','2021-09-07 20:32:53','2021-09-07 20:32:53','sensors',54,147.00,7),(1689,97,'2021-09-07 20:32:34','2021-09-07 20:32:53','2021-09-07 20:32:53','panel_options',123,158.00,7),(1690,97,'2021-09-07 20:32:34','2021-09-07 20:32:53','2021-09-07 20:32:53','panel_options',85,850.37,1),(1691,97,'2021-09-07 20:32:34','2021-09-07 20:32:53','2021-09-07 20:32:53','panel_options',89,0.00,1),(1692,97,'2021-09-07 20:32:34','2021-09-07 20:32:53','2021-09-07 20:32:53','panel_options',75,0.00,1),(1693,97,'2021-09-07 20:32:34','2021-09-07 20:32:53','2021-09-07 20:32:53','panel_options',82,204.04,1),(1694,97,'2021-09-07 20:32:34','2021-09-07 20:32:53','2021-09-07 20:32:53','accessories',98,165.00,1),(1695,97,'2021-09-07 20:32:53','2021-09-10 15:34:10','2021-09-10 15:34:10','cards',5,380.00,1),(1696,97,'2021-09-07 20:32:53','2021-09-10 15:34:10','2021-09-10 15:34:10','sensors',54,147.00,10),(1697,97,'2021-09-07 20:32:53','2021-09-10 15:34:10','2021-09-10 15:34:10','panel_options',123,158.00,10),(1698,97,'2021-09-07 20:32:53','2021-09-10 15:34:10','2021-09-10 15:34:10','panel_options',85,850.37,1),(1699,97,'2021-09-07 20:32:53','2021-09-10 15:34:10','2021-09-10 15:34:10','panel_options',89,0.00,1),(1700,97,'2021-09-07 20:32:53','2021-09-10 15:34:10','2021-09-10 15:34:10','panel_options',75,0.00,1),(1701,97,'2021-09-07 20:32:53','2021-09-10 15:34:10','2021-09-10 15:34:10','panel_options',82,204.04,1),(1702,97,'2021-09-07 20:32:53','2021-09-10 15:34:10','2021-09-10 15:34:10','accessories',98,165.00,1),(1703,97,'2021-09-10 15:34:10','2021-09-10 15:34:34','2021-09-10 15:34:34','cards',5,380.00,1),(1704,97,'2021-09-10 15:34:10','2021-09-10 15:34:34','2021-09-10 15:34:34','sensors',54,147.00,13),(1705,97,'2021-09-10 15:34:10','2021-09-10 15:34:34','2021-09-10 15:34:34','panel_options',123,158.00,13),(1706,97,'2021-09-10 15:34:10','2021-09-10 15:34:34','2021-09-10 15:34:34','panel_options',85,850.37,1),(1707,97,'2021-09-10 15:34:10','2021-09-10 15:34:34','2021-09-10 15:34:34','panel_options',89,0.00,1),(1708,97,'2021-09-10 15:34:10','2021-09-10 15:34:34','2021-09-10 15:34:34','panel_options',75,0.00,1),(1709,97,'2021-09-10 15:34:10','2021-09-10 15:34:34','2021-09-10 15:34:34','panel_options',82,204.04,1),(1710,97,'2021-09-10 15:34:10','2021-09-10 15:34:34','2021-09-10 15:34:34','accessories',98,165.00,1),(1711,97,'2021-09-10 15:34:34','2021-09-10 15:34:34',NULL,'cards',5,380.00,1),(1712,97,'2021-09-10 15:34:34','2021-09-10 15:34:34',NULL,'sensors',54,147.00,16),(1713,97,'2021-09-10 15:34:34','2021-09-10 15:34:34',NULL,'panel_options',123,158.00,16),(1714,97,'2021-09-10 15:34:34','2021-09-10 15:34:34',NULL,'panel_options',85,850.37,1),(1715,97,'2021-09-10 15:34:34','2021-09-10 15:34:34',NULL,'panel_options',89,0.00,1),(1716,97,'2021-09-10 15:34:34','2021-09-10 15:34:34',NULL,'panel_options',75,0.00,1),(1717,97,'2021-09-10 15:34:34','2021-09-10 15:34:34',NULL,'panel_options',82,204.04,1),(1718,97,'2021-09-10 15:34:34','2021-09-10 15:34:34',NULL,'accessories',98,165.00,1),(1719,98,'2021-09-10 17:16:42','2021-09-10 17:16:42',NULL,'cards',37,0.00,1),(1720,98,'2021-09-10 17:16:42','2021-09-10 17:16:42',NULL,'sensors',79,0.00,1),(1721,98,'2021-09-10 17:16:42','2021-09-10 17:16:42',NULL,'panel_options',140,0.00,1),(1722,98,'2021-09-10 17:16:42','2021-09-10 17:16:42',NULL,'panel_options',141,0.00,1),(1723,98,'2021-09-10 17:16:42','2021-09-10 17:16:42',NULL,'panel_options',142,0.00,1),(1724,99,'2021-09-10 17:17:24','2021-09-10 17:17:24',NULL,'cards',37,0.00,1),(1725,99,'2021-09-10 17:17:24','2021-09-10 17:17:24',NULL,'sensors',79,0.00,1),(1726,99,'2021-09-10 17:17:24','2021-09-10 17:17:24',NULL,'panel_options',140,0.00,1),(1727,99,'2021-09-10 17:17:24','2021-09-10 17:17:24',NULL,'panel_options',141,0.00,1),(1728,99,'2021-09-10 17:17:24','2021-09-10 17:17:24',NULL,'panel_options',142,0.00,1),(1729,100,'2021-09-10 17:17:37','2021-09-10 17:17:37',NULL,'cards',37,0.00,1),(1730,100,'2021-09-10 17:17:37','2021-09-10 17:17:37',NULL,'sensors',79,0.00,1),(1731,100,'2021-09-10 17:17:37','2021-09-10 17:17:37',NULL,'panel_options',140,0.00,1),(1732,100,'2021-09-10 17:17:37','2021-09-10 17:17:37',NULL,'panel_options',141,0.00,1),(1733,100,'2021-09-10 17:17:37','2021-09-10 17:17:37',NULL,'panel_options',142,0.00,1),(1734,101,'2021-09-10 17:17:38','2021-09-10 17:17:38',NULL,'cards',37,0.00,1),(1735,101,'2021-09-10 17:17:38','2021-09-10 17:17:38',NULL,'sensors',79,0.00,1),(1736,101,'2021-09-10 17:17:38','2021-09-10 17:17:38',NULL,'panel_options',140,0.00,1),(1737,101,'2021-09-10 17:17:38','2021-09-10 17:17:38',NULL,'panel_options',141,0.00,1),(1738,101,'2021-09-10 17:17:38','2021-09-10 17:17:38',NULL,'panel_options',142,0.00,1),(1739,99,'2021-09-13 23:31:09','2021-09-13 23:31:09',NULL,'cards',9,338.00,1),(1740,99,'2021-09-13 23:31:09','2021-09-13 23:31:09',NULL,'sensors',56,356.00,1),(1741,99,'2021-09-13 23:31:09','2021-09-13 23:31:09',NULL,'sensors',61,1776.00,1),(1742,99,'2021-09-13 23:31:09','2021-09-13 23:31:09',NULL,'panel_options',124,0.00,1),(1743,99,'2021-09-13 23:31:09','2021-09-13 23:31:09',NULL,'panel_options',85,850.37,1),(1744,99,'2021-09-13 23:31:09','2021-09-13 23:31:09',NULL,'panel_options',90,0.00,1),(1745,99,'2021-09-13 23:31:09','2021-09-13 23:31:09',NULL,'panel_options',81,94.31,1),(1746,99,'2021-09-13 23:31:09','2021-09-13 23:31:09',NULL,'panel_options',76,0.00,1),(1747,100,'2021-09-14 16:52:32','2021-09-14 16:52:32',NULL,'sensors',56,356.00,1),(1748,100,'2021-09-14 16:52:32','2021-09-14 16:52:32',NULL,'sensors',62,2211.00,1),(1749,100,'2021-09-14 16:52:32','2021-09-14 16:52:32',NULL,'sensors',57,518.00,1),(1750,100,'2021-09-14 16:52:32','2021-09-14 16:52:32',NULL,'panel_options',124,0.00,1),(1751,100,'2021-09-14 16:52:32','2021-09-14 16:52:32',NULL,'panel_options',12,317.55,1),(1752,100,'2021-09-14 16:52:32','2021-09-14 16:52:32',NULL,'panel_options',117,616.00,1),(1753,100,'2021-09-14 16:52:32','2021-09-14 16:52:32',NULL,'panel_options',130,65.00,1),(1754,100,'2021-09-14 16:52:32','2021-09-14 16:52:32',NULL,'panel_options',4,319.04,1),(1755,100,'2021-09-14 16:52:32','2021-09-14 16:52:32',NULL,'panel_options',79,705.38,1),(1756,100,'2021-09-14 16:52:32','2021-09-14 16:52:32',NULL,'panel_options',89,0.00,1),(1757,100,'2021-09-14 16:52:32','2021-09-14 16:52:32',NULL,'panel_options',81,94.31,1),(1758,100,'2021-09-14 16:52:32','2021-09-14 16:52:32',NULL,'panel_options',73,0.00,1),(1759,101,'2021-09-14 16:59:32','2021-09-14 16:59:32',NULL,'cards',6,225.00,1),(1760,101,'2021-09-14 16:59:32','2021-09-14 16:59:32',NULL,'cards',9,338.00,1),(1761,101,'2021-09-14 16:59:32','2021-09-14 16:59:32',NULL,'sensors',56,356.00,2),(1762,101,'2021-09-14 16:59:32','2021-09-14 16:59:32',NULL,'sensors',57,518.00,1),(1763,101,'2021-09-14 16:59:32','2021-09-14 16:59:32',NULL,'panel_options',124,0.00,2),(1764,101,'2021-09-14 16:59:32','2021-09-14 16:59:32',NULL,'panel_options',85,850.37,1),(1765,101,'2021-09-14 16:59:32','2021-09-14 16:59:32',NULL,'panel_options',90,0.00,1),(1766,101,'2021-09-14 16:59:32','2021-09-14 16:59:32',NULL,'panel_options',81,94.31,1),(1767,101,'2021-09-14 16:59:32','2021-09-14 16:59:32',NULL,'panel_options',73,0.00,1),(1768,102,'2021-09-14 17:06:37','2021-09-14 17:07:21','2021-09-14 17:07:21','sensors',54,147.00,1),(1769,102,'2021-09-14 17:06:37','2021-09-14 17:07:21','2021-09-14 17:07:21','sensors',41,548.00,1),(1770,102,'2021-09-14 17:06:37','2021-09-14 17:07:21','2021-09-14 17:07:21','panel_options',123,158.00,1),(1771,102,'2021-09-14 17:06:37','2021-09-14 17:07:21','2021-09-14 17:07:21','panel_options',85,850.37,1),(1772,102,'2021-09-14 17:06:37','2021-09-14 17:07:21','2021-09-14 17:07:21','panel_options',89,0.00,1),(1773,102,'2021-09-14 17:06:37','2021-09-14 17:07:21','2021-09-14 17:07:21','panel_options',82,204.04,1),(1774,102,'2021-09-14 17:06:37','2021-09-14 17:07:21','2021-09-14 17:07:21','panel_options',74,0.00,1),(1775,102,'2021-09-14 17:06:37','2021-09-14 17:07:21','2021-09-14 17:07:21','accessories',98,165.00,1),(1776,102,'2021-09-14 17:06:37','2021-09-14 17:07:21','2021-09-14 17:07:21','accessories',100,165.00,1),(1777,102,'2021-09-14 17:06:37','2021-09-14 17:07:21','2021-09-14 17:07:21','accessories',95,260.00,1),(1778,102,'2021-09-14 17:07:21','2021-09-14 17:07:21',NULL,'sensors',54,147.00,1),(1779,102,'2021-09-14 17:07:21','2021-09-14 17:07:21',NULL,'sensors',41,548.00,1),(1780,102,'2021-09-14 17:07:21','2021-09-14 17:07:21',NULL,'panel_options',123,158.00,1),(1781,102,'2021-09-14 17:07:21','2021-09-14 17:07:21',NULL,'panel_options',85,850.37,1),(1782,102,'2021-09-14 17:07:21','2021-09-14 17:07:21',NULL,'panel_options',89,0.00,1),(1783,102,'2021-09-14 17:07:21','2021-09-14 17:07:21',NULL,'panel_options',82,204.04,1),(1784,102,'2021-09-14 17:07:21','2021-09-14 17:07:21',NULL,'panel_options',74,0.00,1),(1785,102,'2021-09-14 17:07:21','2021-09-14 17:07:21',NULL,'accessories',98,165.00,1),(1786,102,'2021-09-14 17:07:21','2021-09-14 17:07:21',NULL,'accessories',100,165.00,1),(1787,102,'2021-09-14 17:07:21','2021-09-14 17:07:21',NULL,'accessories',95,260.00,1),(1788,103,'2021-09-14 17:34:31','2021-09-14 19:51:48','2021-09-14 19:51:48','sensors',54,147.00,1),(1789,103,'2021-09-14 17:34:31','2021-09-14 19:51:48','2021-09-14 19:51:48','sensors',41,548.00,1),(1790,103,'2021-09-14 17:34:31','2021-09-14 19:51:48','2021-09-14 19:51:48','sensors',78,516.00,1),(1791,103,'2021-09-14 17:34:31','2021-09-14 19:51:48','2021-09-14 19:51:48','sensors',62,2211.00,1),(1792,103,'2021-09-14 17:34:31','2021-09-14 19:51:48','2021-09-14 19:51:48','sensors',32,147.00,1),(1793,103,'2021-09-14 17:34:31','2021-09-14 19:51:48','2021-09-14 19:51:48','sensors',68,400.00,1),(1794,103,'2021-09-14 17:34:31','2021-09-14 19:51:48','2021-09-14 19:51:48','panel_options',123,158.00,1),(1795,103,'2021-09-14 17:34:31','2021-09-14 19:51:48','2021-09-14 19:51:48','panel_options',28,308.00,1),(1796,103,'2021-09-14 17:34:31','2021-09-14 19:51:48','2021-09-14 19:51:48','panel_options',111,509.17,1),(1797,103,'2021-09-14 17:34:31','2021-09-14 19:51:48','2021-09-14 19:51:48','panel_options',7,200.08,1),(1798,103,'2021-09-14 17:34:31','2021-09-14 19:51:48','2021-09-14 19:51:48','panel_options',85,850.37,1),(1799,103,'2021-09-14 17:34:31','2021-09-14 19:51:48','2021-09-14 19:51:48','panel_options',90,0.00,1),(1800,103,'2021-09-14 17:34:31','2021-09-14 19:51:48','2021-09-14 19:51:48','panel_options',81,94.31,1),(1801,103,'2021-09-14 17:34:31','2021-09-14 19:51:48','2021-09-14 19:51:48','panel_options',75,0.00,1),(1802,103,'2021-09-14 19:51:48','2021-09-14 19:53:44','2021-09-14 19:53:44','sensors',54,147.00,1),(1803,103,'2021-09-14 19:51:48','2021-09-14 19:53:44','2021-09-14 19:53:44','sensors',41,548.00,1),(1804,103,'2021-09-14 19:51:48','2021-09-14 19:53:44','2021-09-14 19:53:44','sensors',78,516.00,1),(1805,103,'2021-09-14 19:51:48','2021-09-14 19:53:44','2021-09-14 19:53:44','sensors',62,2211.00,1),(1806,103,'2021-09-14 19:51:48','2021-09-14 19:53:44','2021-09-14 19:53:44','sensors',32,147.00,1),(1807,103,'2021-09-14 19:51:48','2021-09-14 19:53:44','2021-09-14 19:53:44','sensors',68,400.00,1),(1808,103,'2021-09-14 19:51:48','2021-09-14 19:53:44','2021-09-14 19:53:44','panel_options',123,158.00,1),(1809,103,'2021-09-14 19:51:48','2021-09-14 19:53:44','2021-09-14 19:53:44','panel_options',28,308.00,1),(1810,103,'2021-09-14 19:51:48','2021-09-14 19:53:44','2021-09-14 19:53:44','panel_options',111,509.17,1),(1811,103,'2021-09-14 19:51:48','2021-09-14 19:53:44','2021-09-14 19:53:44','panel_options',7,200.08,1),(1812,103,'2021-09-14 19:51:48','2021-09-14 19:53:44','2021-09-14 19:53:44','panel_options',85,850.37,1),(1813,103,'2021-09-14 19:51:48','2021-09-14 19:53:44','2021-09-14 19:53:44','panel_options',90,0.00,1),(1814,103,'2021-09-14 19:51:48','2021-09-14 19:53:44','2021-09-14 19:53:44','panel_options',81,94.31,1),(1815,103,'2021-09-14 19:51:48','2021-09-14 19:53:44','2021-09-14 19:53:44','panel_options',75,0.00,1),(1816,103,'2021-09-14 19:53:44','2021-09-21 00:23:50','2021-09-21 00:23:50','sensors',54,147.00,1),(1817,103,'2021-09-14 19:53:44','2021-09-21 00:23:50','2021-09-21 00:23:50','sensors',41,548.00,1),(1818,103,'2021-09-14 19:53:44','2021-09-21 00:23:50','2021-09-21 00:23:50','sensors',78,516.00,1),(1819,103,'2021-09-14 19:53:44','2021-09-21 00:23:50','2021-09-21 00:23:50','sensors',62,2211.00,1),(1820,103,'2021-09-14 19:53:44','2021-09-21 00:23:50','2021-09-21 00:23:50','sensors',32,147.00,1),(1821,103,'2021-09-14 19:53:44','2021-09-21 00:23:50','2021-09-21 00:23:50','sensors',68,400.00,1),(1822,103,'2021-09-14 19:53:44','2021-09-21 00:23:50','2021-09-21 00:23:50','panel_options',123,158.00,1),(1823,103,'2021-09-14 19:53:44','2021-09-21 00:23:50','2021-09-21 00:23:50','panel_options',28,308.00,1),(1824,103,'2021-09-14 19:53:44','2021-09-21 00:23:50','2021-09-21 00:23:50','panel_options',111,509.17,1),(1825,103,'2021-09-14 19:53:44','2021-09-21 00:23:50','2021-09-21 00:23:50','panel_options',7,200.08,1),(1826,103,'2021-09-14 19:53:44','2021-09-21 00:23:50','2021-09-21 00:23:50','panel_options',85,850.37,1),(1827,103,'2021-09-14 19:53:44','2021-09-21 00:23:50','2021-09-21 00:23:50','panel_options',90,0.00,1),(1828,103,'2021-09-14 19:53:44','2021-09-21 00:23:50','2021-09-21 00:23:50','panel_options',81,94.31,1),(1829,103,'2021-09-14 19:53:44','2021-09-21 00:23:50','2021-09-21 00:23:50','panel_options',75,0.00,1),(1830,104,'2021-09-17 01:32:11','2021-09-17 01:32:11',NULL,'cards',6,225.00,1),(1831,104,'2021-09-17 01:32:11','2021-09-17 01:32:11',NULL,'cards',6,225.00,1),(1832,104,'2021-09-17 01:32:11','2021-09-17 01:32:11',NULL,'sensors',56,356.00,1),(1833,104,'2021-09-17 01:32:11','2021-09-17 01:32:11',NULL,'panel_options',124,0.00,1),(1834,104,'2021-09-17 01:32:11','2021-09-17 01:32:11',NULL,'panel_options',85,850.37,1),(1835,104,'2021-09-17 01:32:11','2021-09-17 01:32:11',NULL,'panel_options',88,0.00,1),(1836,104,'2021-09-17 01:32:11','2021-09-17 01:32:11',NULL,'panel_options',81,94.31,1),(1837,104,'2021-09-17 01:32:11','2021-09-17 01:32:11',NULL,'panel_options',74,0.00,1),(1838,104,'2021-09-17 01:32:11','2021-09-17 01:32:11',NULL,'accessories',98,165.00,1),(1839,105,'2021-09-17 01:32:29','2021-09-17 01:50:29','2021-09-17 01:50:29','sensors',79,0.00,1),(1840,105,'2021-09-17 01:32:29','2021-09-17 01:50:29','2021-09-17 01:50:29','panel_options',140,0.00,1),(1841,105,'2021-09-17 01:32:29','2021-09-17 01:50:29','2021-09-17 01:50:29','panel_options',141,0.00,1),(1842,105,'2021-09-17 01:32:29','2021-09-17 01:50:29','2021-09-17 01:50:29','panel_options',142,0.00,1),(1843,105,'2021-09-17 01:50:29','2021-09-17 17:25:09','2021-09-17 17:25:09','sensors',79,0.00,1),(1844,105,'2021-09-17 01:50:29','2021-09-17 17:25:09','2021-09-17 17:25:09','panel_options',140,0.00,1),(1845,105,'2021-09-17 01:50:29','2021-09-17 17:25:09','2021-09-17 17:25:09','panel_options',141,0.00,1),(1846,105,'2021-09-17 01:50:29','2021-09-17 17:25:09','2021-09-17 17:25:09','panel_options',142,0.00,1),(1847,105,'2021-09-17 17:25:09','2021-09-17 18:10:20','2021-09-17 18:10:20','sensors',79,0.00,1),(1848,105,'2021-09-17 17:25:09','2021-09-17 18:10:20','2021-09-17 18:10:20','panel_options',140,0.00,1),(1849,105,'2021-09-17 17:25:09','2021-09-17 18:10:20','2021-09-17 18:10:20','panel_options',141,0.00,1),(1850,105,'2021-09-17 17:25:09','2021-09-17 18:10:20','2021-09-17 18:10:20','panel_options',142,0.00,1),(1851,105,'2021-09-17 18:10:20','2021-09-17 18:14:38','2021-09-17 18:14:38','sensors',79,0.00,1),(1852,105,'2021-09-17 18:10:20','2021-09-17 18:14:38','2021-09-17 18:14:38','panel_options',140,0.00,1),(1853,105,'2021-09-17 18:10:20','2021-09-17 18:14:38','2021-09-17 18:14:38','panel_options',141,0.00,1),(1854,105,'2021-09-17 18:10:20','2021-09-17 18:14:38','2021-09-17 18:14:38','panel_options',142,0.00,1),(1855,105,'2021-09-17 18:14:38','2021-09-17 18:15:02','2021-09-17 18:15:02','sensors',79,0.00,1),(1856,105,'2021-09-17 18:14:38','2021-09-17 18:15:02','2021-09-17 18:15:02','panel_options',140,0.00,1),(1857,105,'2021-09-17 18:14:38','2021-09-17 18:15:02','2021-09-17 18:15:02','panel_options',141,0.00,1),(1858,105,'2021-09-17 18:14:38','2021-09-17 18:15:02','2021-09-17 18:15:02','panel_options',142,0.00,1),(1859,105,'2021-09-17 18:15:02','2021-09-17 18:55:36','2021-09-17 18:55:36','sensors',79,0.00,1),(1860,105,'2021-09-17 18:15:02','2021-09-17 18:55:36','2021-09-17 18:55:36','panel_options',140,0.00,1),(1861,105,'2021-09-17 18:15:02','2021-09-17 18:55:36','2021-09-17 18:55:36','panel_options',141,0.00,1),(1862,105,'2021-09-17 18:15:02','2021-09-17 18:55:36','2021-09-17 18:55:36','panel_options',142,0.00,1),(1863,105,'2021-09-17 18:55:36','2021-09-17 18:57:56','2021-09-17 18:57:56','sensors',79,0.00,1),(1864,105,'2021-09-17 18:55:36','2021-09-17 18:57:56','2021-09-17 18:57:56','panel_options',140,0.00,1),(1865,105,'2021-09-17 18:55:36','2021-09-17 18:57:56','2021-09-17 18:57:56','panel_options',141,0.00,1),(1866,105,'2021-09-17 18:55:36','2021-09-17 18:57:56','2021-09-17 18:57:56','panel_options',142,0.00,1),(1867,105,'2021-09-17 18:57:56','2021-09-17 19:07:42','2021-09-17 19:07:42','sensors',79,0.00,1),(1868,105,'2021-09-17 18:57:56','2021-09-17 19:07:42','2021-09-17 19:07:42','panel_options',140,0.00,1),(1869,105,'2021-09-17 18:57:56','2021-09-17 19:07:42','2021-09-17 19:07:42','panel_options',141,0.00,1),(1870,105,'2021-09-17 18:57:56','2021-09-17 19:07:42','2021-09-17 19:07:42','panel_options',142,0.00,1),(1871,105,'2021-09-17 19:07:42','2021-09-17 19:08:36','2021-09-17 19:08:36','sensors',79,0.00,1),(1872,105,'2021-09-17 19:07:42','2021-09-17 19:08:36','2021-09-17 19:08:36','panel_options',140,0.00,1),(1873,105,'2021-09-17 19:07:42','2021-09-17 19:08:36','2021-09-17 19:08:36','panel_options',141,0.00,1),(1874,105,'2021-09-17 19:07:42','2021-09-17 19:08:36','2021-09-17 19:08:36','panel_options',142,0.00,1),(1875,105,'2021-09-17 19:08:37','2021-09-17 19:09:50','2021-09-17 19:09:50','sensors',79,0.00,1),(1876,105,'2021-09-17 19:08:37','2021-09-17 19:09:50','2021-09-17 19:09:50','panel_options',140,0.00,1),(1877,105,'2021-09-17 19:08:37','2021-09-17 19:09:50','2021-09-17 19:09:50','panel_options',141,0.00,1),(1878,105,'2021-09-17 19:08:37','2021-09-17 19:09:50','2021-09-17 19:09:50','panel_options',142,0.00,1),(1879,105,'2021-09-17 19:09:50','2021-09-17 19:09:53','2021-09-17 19:09:53','sensors',79,0.00,1),(1880,105,'2021-09-17 19:09:50','2021-09-17 19:09:53','2021-09-17 19:09:53','panel_options',140,0.00,1),(1881,105,'2021-09-17 19:09:50','2021-09-17 19:09:53','2021-09-17 19:09:53','panel_options',141,0.00,1),(1882,105,'2021-09-17 19:09:50','2021-09-17 19:09:53','2021-09-17 19:09:53','panel_options',142,0.00,1),(1883,105,'2021-09-17 19:09:53','2021-09-17 19:09:55','2021-09-17 19:09:55','sensors',79,0.00,1),(1884,105,'2021-09-17 19:09:53','2021-09-17 19:09:55','2021-09-17 19:09:55','panel_options',140,0.00,1),(1885,105,'2021-09-17 19:09:53','2021-09-17 19:09:55','2021-09-17 19:09:55','panel_options',141,0.00,1),(1886,105,'2021-09-17 19:09:53','2021-09-17 19:09:55','2021-09-17 19:09:55','panel_options',142,0.00,1),(1887,105,'2021-09-17 19:09:55','2021-09-17 19:12:57','2021-09-17 19:12:57','sensors',79,0.00,1),(1888,105,'2021-09-17 19:09:55','2021-09-17 19:12:57','2021-09-17 19:12:57','panel_options',140,0.00,1),(1889,105,'2021-09-17 19:09:55','2021-09-17 19:12:57','2021-09-17 19:12:57','panel_options',141,0.00,1),(1890,105,'2021-09-17 19:09:55','2021-09-17 19:12:57','2021-09-17 19:12:57','panel_options',142,0.00,1),(1891,105,'2021-09-17 19:12:57','2021-09-17 19:12:57',NULL,'sensors',79,0.00,1),(1892,105,'2021-09-17 19:12:57','2021-09-17 19:12:57',NULL,'panel_options',140,0.00,1),(1893,105,'2021-09-17 19:12:57','2021-09-17 19:12:57',NULL,'panel_options',141,0.00,1),(1894,105,'2021-09-17 19:12:57','2021-09-17 19:12:57',NULL,'panel_options',142,0.00,1),(1895,106,'2021-09-20 23:22:48','2021-09-20 23:24:23','2021-09-20 23:24:23','sensors',79,0.00,1),(1896,106,'2021-09-20 23:22:48','2021-09-20 23:24:23','2021-09-20 23:24:23','panel_options',140,0.00,1),(1897,106,'2021-09-20 23:22:48','2021-09-20 23:24:23','2021-09-20 23:24:23','panel_options',141,0.00,1),(1898,106,'2021-09-20 23:22:48','2021-09-20 23:24:23','2021-09-20 23:24:23','panel_options',142,0.00,1),(1899,106,'2021-09-20 23:24:23','2021-09-20 23:38:31','2021-09-20 23:38:31','sensors',79,0.00,1),(1900,106,'2021-09-20 23:24:23','2021-09-20 23:38:31','2021-09-20 23:38:31','panel_options',140,0.00,1),(1901,106,'2021-09-20 23:24:23','2021-09-20 23:38:31','2021-09-20 23:38:31','panel_options',141,0.00,1),(1902,106,'2021-09-20 23:24:23','2021-09-20 23:38:31','2021-09-20 23:38:31','panel_options',142,0.00,1),(1903,106,'2021-09-20 23:38:31','2021-09-20 23:51:21','2021-09-20 23:51:21','sensors',79,0.00,1),(1904,106,'2021-09-20 23:38:31','2021-09-20 23:51:21','2021-09-20 23:51:21','panel_options',140,0.00,1),(1905,106,'2021-09-20 23:38:31','2021-09-20 23:51:21','2021-09-20 23:51:21','panel_options',141,0.00,1),(1906,106,'2021-09-20 23:38:31','2021-09-20 23:51:21','2021-09-20 23:51:21','panel_options',142,0.00,1),(1907,108,'2021-09-20 23:39:45','2021-09-20 23:43:04','2021-09-20 23:43:04','sensors',79,0.00,1),(1908,108,'2021-09-20 23:39:45','2021-09-20 23:43:04','2021-09-20 23:43:04','panel_options',140,0.00,1),(1909,108,'2021-09-20 23:39:45','2021-09-20 23:43:04','2021-09-20 23:43:04','panel_options',141,0.00,1),(1910,108,'2021-09-20 23:39:45','2021-09-20 23:43:04','2021-09-20 23:43:04','panel_options',142,0.00,1),(1911,109,'2021-09-20 23:41:08','2021-09-21 00:00:56','2021-09-21 00:00:56','sensors',79,0.00,1),(1912,109,'2021-09-20 23:41:08','2021-09-21 00:00:56','2021-09-21 00:00:56','panel_options',140,0.00,1),(1913,109,'2021-09-20 23:41:08','2021-09-21 00:00:56','2021-09-21 00:00:56','panel_options',141,0.00,1),(1914,109,'2021-09-20 23:41:08','2021-09-21 00:00:56','2021-09-21 00:00:56','panel_options',142,0.00,1),(1915,108,'2021-09-20 23:43:04','2021-09-20 23:44:13','2021-09-20 23:44:13','sensors',79,0.00,1),(1916,108,'2021-09-20 23:43:04','2021-09-20 23:44:13','2021-09-20 23:44:13','panel_options',140,0.00,1),(1917,108,'2021-09-20 23:43:04','2021-09-20 23:44:13','2021-09-20 23:44:13','panel_options',141,0.00,1),(1918,108,'2021-09-20 23:43:04','2021-09-20 23:44:13','2021-09-20 23:44:13','panel_options',142,0.00,1),(1919,108,'2021-09-20 23:44:13','2021-09-20 23:44:13',NULL,'sensors',79,0.00,1),(1920,108,'2021-09-20 23:44:13','2021-09-20 23:44:13',NULL,'panel_options',140,0.00,1),(1921,108,'2021-09-20 23:44:13','2021-09-20 23:44:13',NULL,'panel_options',141,0.00,1),(1922,108,'2021-09-20 23:44:13','2021-09-20 23:44:13',NULL,'panel_options',142,0.00,1),(1923,110,'2021-09-20 23:46:24','2021-09-21 00:04:37','2021-09-21 00:04:37','sensors',79,0.00,1),(1924,110,'2021-09-20 23:46:24','2021-09-21 00:04:37','2021-09-21 00:04:37','panel_options',140,0.00,1),(1925,110,'2021-09-20 23:46:24','2021-09-21 00:04:37','2021-09-21 00:04:37','panel_options',141,0.00,1),(1926,110,'2021-09-20 23:46:24','2021-09-21 00:04:37','2021-09-21 00:04:37','panel_options',142,0.00,1),(1927,111,'2021-09-20 23:49:46','2021-09-21 00:08:16','2021-09-21 00:08:16','sensors',79,0.00,1),(1928,111,'2021-09-20 23:49:46','2021-09-21 00:08:16','2021-09-21 00:08:16','panel_options',140,0.00,1),(1929,111,'2021-09-20 23:49:46','2021-09-21 00:08:16','2021-09-21 00:08:16','panel_options',141,0.00,1),(1930,111,'2021-09-20 23:49:46','2021-09-21 00:08:16','2021-09-21 00:08:16','panel_options',142,0.00,1),(1931,106,'2021-09-20 23:51:21','2021-09-20 23:54:02','2021-09-20 23:54:02','sensors',79,0.00,1),(1932,106,'2021-09-20 23:51:21','2021-09-20 23:54:02','2021-09-20 23:54:02','panel_options',140,0.00,1),(1933,106,'2021-09-20 23:51:21','2021-09-20 23:54:02','2021-09-20 23:54:02','panel_options',141,0.00,1),(1934,106,'2021-09-20 23:51:21','2021-09-20 23:54:02','2021-09-20 23:54:02','panel_options',142,0.00,1),(1935,106,'2021-09-20 23:54:02','2021-09-20 23:57:01','2021-09-20 23:57:01','sensors',79,0.00,1),(1936,106,'2021-09-20 23:54:02','2021-09-20 23:57:01','2021-09-20 23:57:01','panel_options',140,0.00,1),(1937,106,'2021-09-20 23:54:02','2021-09-20 23:57:01','2021-09-20 23:57:01','panel_options',141,0.00,1),(1938,106,'2021-09-20 23:54:02','2021-09-20 23:57:01','2021-09-20 23:57:01','panel_options',142,0.00,1),(1939,106,'2021-09-20 23:57:01','2021-09-20 23:58:17','2021-09-20 23:58:17','sensors',79,0.00,1),(1940,106,'2021-09-20 23:57:01','2021-09-20 23:58:17','2021-09-20 23:58:17','panel_options',140,0.00,1),(1941,106,'2021-09-20 23:57:01','2021-09-20 23:58:17','2021-09-20 23:58:17','panel_options',141,0.00,1),(1942,106,'2021-09-20 23:57:01','2021-09-20 23:58:17','2021-09-20 23:58:17','panel_options',142,0.00,1),(1943,106,'2021-09-20 23:58:17','2021-09-20 23:58:17',NULL,'sensors',79,0.00,1),(1944,106,'2021-09-20 23:58:17','2021-09-20 23:58:17',NULL,'panel_options',140,0.00,1),(1945,106,'2021-09-20 23:58:17','2021-09-20 23:58:17',NULL,'panel_options',141,0.00,1),(1946,106,'2021-09-20 23:58:17','2021-09-20 23:58:17',NULL,'panel_options',142,0.00,1),(1947,109,'2021-09-21 00:00:56','2021-09-21 00:02:48','2021-09-21 00:02:48','sensors',79,0.00,1),(1948,109,'2021-09-21 00:00:56','2021-09-21 00:02:48','2021-09-21 00:02:48','panel_options',140,0.00,1),(1949,109,'2021-09-21 00:00:56','2021-09-21 00:02:48','2021-09-21 00:02:48','panel_options',141,0.00,1),(1950,109,'2021-09-21 00:00:56','2021-09-21 00:02:48','2021-09-21 00:02:48','panel_options',142,0.00,1),(1951,109,'2021-09-21 00:02:48','2021-09-21 00:02:48',NULL,'sensors',79,0.00,1),(1952,109,'2021-09-21 00:02:48','2021-09-21 00:02:48',NULL,'panel_options',140,0.00,1),(1953,109,'2021-09-21 00:02:48','2021-09-21 00:02:48',NULL,'panel_options',141,0.00,1),(1954,109,'2021-09-21 00:02:48','2021-09-21 00:02:48',NULL,'panel_options',142,0.00,1),(1955,110,'2021-09-21 00:04:37','2021-09-21 00:04:37',NULL,'sensors',79,0.00,1),(1956,110,'2021-09-21 00:04:37','2021-09-21 00:04:37',NULL,'panel_options',140,0.00,1),(1957,110,'2021-09-21 00:04:37','2021-09-21 00:04:37',NULL,'panel_options',141,0.00,1),(1958,110,'2021-09-21 00:04:37','2021-09-21 00:04:37',NULL,'panel_options',142,0.00,1),(1959,111,'2021-09-21 00:08:16','2021-09-21 00:08:16',NULL,'sensors',79,0.00,1),(1960,111,'2021-09-21 00:08:16','2021-09-21 00:08:16',NULL,'panel_options',140,0.00,1),(1961,111,'2021-09-21 00:08:16','2021-09-21 00:08:16',NULL,'panel_options',141,0.00,1),(1962,111,'2021-09-21 00:08:16','2021-09-21 00:08:16',NULL,'panel_options',142,0.00,1),(1963,112,'2021-09-21 00:17:25','2021-09-21 00:18:25','2021-09-21 00:18:25','sensors',79,0.00,1),(1964,112,'2021-09-21 00:17:25','2021-09-21 00:18:25','2021-09-21 00:18:25','panel_options',140,0.00,1),(1965,112,'2021-09-21 00:17:25','2021-09-21 00:18:25','2021-09-21 00:18:25','panel_options',141,0.00,1),(1966,112,'2021-09-21 00:17:25','2021-09-21 00:18:25','2021-09-21 00:18:25','panel_options',142,0.00,1),(1967,112,'2021-09-21 00:18:25','2021-09-21 00:18:25',NULL,'sensors',79,0.00,1),(1968,112,'2021-09-21 00:18:25','2021-09-21 00:18:25',NULL,'panel_options',140,0.00,1),(1969,112,'2021-09-21 00:18:25','2021-09-21 00:18:25',NULL,'panel_options',141,0.00,1),(1970,112,'2021-09-21 00:18:25','2021-09-21 00:18:25',NULL,'panel_options',142,0.00,1),(1971,103,'2021-09-21 00:23:50','2021-09-21 00:23:50',NULL,'sensors',54,147.00,1),(1972,103,'2021-09-21 00:23:50','2021-09-21 00:23:50',NULL,'sensors',41,548.00,1),(1973,103,'2021-09-21 00:23:50','2021-09-21 00:23:50',NULL,'sensors',78,516.00,1),(1974,103,'2021-09-21 00:23:50','2021-09-21 00:23:50',NULL,'sensors',62,2211.00,1),(1975,103,'2021-09-21 00:23:50','2021-09-21 00:23:50',NULL,'sensors',32,147.00,1),(1976,103,'2021-09-21 00:23:50','2021-09-21 00:23:50',NULL,'sensors',68,400.00,1),(1977,103,'2021-09-21 00:23:50','2021-09-21 00:23:50',NULL,'panel_options',123,158.00,1),(1978,103,'2021-09-21 00:23:50','2021-09-21 00:23:50',NULL,'panel_options',28,308.00,1),(1979,103,'2021-09-21 00:23:50','2021-09-21 00:23:50',NULL,'panel_options',111,509.17,1),(1980,103,'2021-09-21 00:23:50','2021-09-21 00:23:50',NULL,'panel_options',7,200.08,1),(1981,103,'2021-09-21 00:23:50','2021-09-21 00:23:50',NULL,'panel_options',85,850.37,1),(1982,103,'2021-09-21 00:23:50','2021-09-21 00:23:50',NULL,'panel_options',90,0.00,1),(1983,103,'2021-09-21 00:23:50','2021-09-21 00:23:50',NULL,'panel_options',81,94.31,1),(1984,103,'2021-09-21 00:23:50','2021-09-21 00:23:50',NULL,'panel_options',75,0.00,1),(1985,113,'2021-09-21 01:13:02','2021-09-21 01:31:49','2021-09-21 01:31:49','sensors',79,0.00,1),(1986,113,'2021-09-21 01:13:02','2021-09-21 01:31:49','2021-09-21 01:31:49','panel_options',140,0.00,1),(1987,113,'2021-09-21 01:13:02','2021-09-21 01:31:49','2021-09-21 01:31:49','panel_options',141,0.00,1),(1988,113,'2021-09-21 01:13:02','2021-09-21 01:31:49','2021-09-21 01:31:49','panel_options',142,0.00,1),(1989,113,'2021-09-21 01:31:49','2021-09-21 01:31:49',NULL,'sensors',79,0.00,1),(1990,113,'2021-09-21 01:31:49','2021-09-21 01:31:49',NULL,'panel_options',142,0.00,1),(1991,113,'2021-09-21 01:31:49','2021-09-21 01:31:49',NULL,'panel_options',145,262.50,1),(1992,114,'2021-11-03 01:47:33','2021-11-03 01:47:33',NULL,'cards',5,380.00,1),(1993,114,'2021-11-03 01:47:33','2021-11-03 01:47:33',NULL,'cards',29,655.00,1),(1994,114,'2021-11-03 01:47:33','2021-11-03 01:47:33',NULL,'sensors',54,147.00,1),(1995,114,'2021-11-03 01:47:33','2021-11-03 01:47:33',NULL,'sensors',40,587.00,1),(1996,114,'2021-11-03 01:47:33','2021-11-03 01:47:33',NULL,'sensors',61,1776.00,1),(1997,114,'2021-11-03 01:47:33','2021-11-03 01:47:33',NULL,'panel_options',123,199.00,1),(1998,114,'2021-11-03 01:47:33','2021-11-03 01:47:33',NULL,'panel_options',214,586.00,1),(1999,114,'2021-11-03 01:47:33','2021-11-03 01:47:33',NULL,'panel_options',224,22.00,1),(2000,114,'2021-11-03 01:47:33','2021-11-03 01:47:33',NULL,'panel_options',227,172.00,1),(2001,114,'2021-11-03 01:47:33','2021-11-03 01:47:33',NULL,'panel_options',27,205.00,1),(2002,114,'2021-11-03 01:47:33','2021-11-03 01:47:33',NULL,'panel_options',28,308.00,1),(2003,114,'2021-11-03 01:47:33','2021-11-03 01:47:33',NULL,'panel_options',90,0.00,1),(2004,114,'2021-11-03 01:47:33','2021-11-03 01:47:33',NULL,'panel_options',86,916.67,1),(2005,114,'2021-11-03 01:47:33','2021-11-03 01:47:33',NULL,'panel_options',98,611.03,1),(2006,114,'2021-11-03 01:47:33','2021-11-03 01:47:33',NULL,'panel_options',106,143.17,1),(2007,114,'2021-11-03 01:47:33','2021-11-03 01:47:33',NULL,'panel_options',109,79.41,1),(2008,114,'2021-11-03 01:47:33','2021-11-03 01:47:33',NULL,'panel_options',82,208.12,1),(2009,114,'2021-11-03 01:47:33','2021-11-03 01:47:33',NULL,'panel_options',67,129.77,1),(2010,114,'2021-11-03 01:47:33','2021-11-03 01:47:33',NULL,'panel_options',75,0.00,1),(2011,114,'2021-11-03 01:47:33','2021-11-03 01:47:33',NULL,'panel_options',133,0.00,1),(2012,114,'2021-11-03 01:47:33','2021-11-03 01:47:33',NULL,'panel_options',120,256.03,1),(2013,115,'2021-11-04 00:42:06','2021-11-04 00:42:06',NULL,'cards',5,380.00,1),(2014,115,'2021-11-04 00:42:06','2021-11-04 00:42:06',NULL,'cards',5,380.00,1),(2015,115,'2021-11-04 00:42:06','2021-11-04 00:42:06',NULL,'cards',33,682.00,1),(2016,115,'2021-11-04 00:42:06','2021-11-04 00:42:06',NULL,'sensors',54,147.00,1),(2017,115,'2021-11-04 00:42:06','2021-11-04 00:42:06',NULL,'sensors',78,516.00,1),(2018,115,'2021-11-04 00:42:06','2021-11-04 00:42:06',NULL,'sensors',40,587.00,1),(2019,115,'2021-11-04 00:42:06','2021-11-04 00:42:06',NULL,'sensors',61,1776.00,1),(2020,115,'2021-11-04 00:42:06','2021-11-04 00:42:06',NULL,'sensors',55,442.00,1),(2021,115,'2021-11-04 00:42:06','2021-11-04 00:42:06',NULL,'panel_options',123,199.00,1),(2022,115,'2021-11-04 00:42:06','2021-11-04 00:42:06',NULL,'panel_options',214,586.00,1),(2023,115,'2021-11-04 00:42:06','2021-11-04 00:42:06',NULL,'panel_options',224,22.00,1),(2024,115,'2021-11-04 00:42:06','2021-11-04 00:42:06',NULL,'panel_options',227,172.00,1),(2025,115,'2021-11-04 00:42:06','2021-11-04 00:42:06',NULL,'panel_options',138,0.00,1),(2026,115,'2021-11-04 00:42:06','2021-11-04 00:42:06',NULL,'panel_options',111,675.00,1),(2027,115,'2021-11-04 00:42:06','2021-11-04 00:42:06',NULL,'panel_options',7,200.08,1),(2028,115,'2021-11-04 00:42:06','2021-11-04 00:42:06',NULL,'panel_options',90,0.00,1),(2029,115,'2021-11-04 00:42:06','2021-11-04 00:42:06',NULL,'panel_options',86,916.67,1),(2030,115,'2021-11-04 00:42:06','2021-11-04 00:42:06',NULL,'panel_options',96,330.16,1),(2031,115,'2021-11-04 00:42:06','2021-11-04 00:42:06',NULL,'panel_options',106,143.17,1),(2032,115,'2021-11-04 00:42:06','2021-11-04 00:42:06',NULL,'panel_options',109,79.41,1),(2033,115,'2021-11-04 00:42:06','2021-11-04 00:42:06',NULL,'panel_options',82,208.12,1),(2034,115,'2021-11-04 00:42:06','2021-11-04 00:42:06',NULL,'panel_options',67,129.77,1),(2035,115,'2021-11-04 00:42:06','2021-11-04 00:42:06',NULL,'panel_options',76,0.00,1),(2036,115,'2021-11-04 00:42:06','2021-11-04 00:42:06',NULL,'panel_options',133,0.00,1),(2037,115,'2021-11-04 00:42:06','2021-11-04 00:42:06',NULL,'panel_options',120,256.03,1),(2038,116,'2021-11-04 23:34:44','2021-11-04 23:34:44',NULL,'cards',37,0.00,1),(2039,116,'2021-11-04 23:34:44','2021-11-04 23:34:44',NULL,'sensors',79,0.00,1),(2040,116,'2021-11-04 23:34:44','2021-11-04 23:34:44',NULL,'panel_options',142,0.00,1),(2041,116,'2021-11-04 23:34:44','2021-11-04 23:34:44',NULL,'panel_options',141,0.00,1),(2042,116,'2021-11-04 23:34:44','2021-11-04 23:34:44',NULL,'panel_options',228,319.04,1),(2043,117,'2021-11-04 23:39:15','2021-11-04 23:43:00','2021-11-04 23:43:00','cards',37,0.00,1),(2044,117,'2021-11-04 23:39:15','2021-11-04 23:43:00','2021-11-04 23:43:00','sensors',79,0.00,1),(2045,117,'2021-11-04 23:39:15','2021-11-04 23:43:00','2021-11-04 23:43:00','panel_options',142,0.00,1),(2046,117,'2021-11-04 23:39:15','2021-11-04 23:43:00','2021-11-04 23:43:00','panel_options',141,0.00,1),(2047,117,'2021-11-04 23:39:15','2021-11-04 23:43:00','2021-11-04 23:43:00','panel_options',228,319.04,1),(2048,117,'2021-11-04 23:43:00','2021-11-04 23:43:00',NULL,'cards',37,0.00,1),(2049,117,'2021-11-04 23:43:00','2021-11-04 23:43:00',NULL,'sensors',79,0.00,1),(2050,117,'2021-11-04 23:43:00','2021-11-04 23:43:00',NULL,'panel_options',142,0.00,1),(2051,117,'2021-11-04 23:43:00','2021-11-04 23:43:00',NULL,'panel_options',141,0.00,1),(2052,117,'2021-11-04 23:43:00','2021-11-04 23:43:00',NULL,'panel_options',228,319.04,1),(2053,118,'2021-11-05 18:49:39','2021-11-05 18:49:39',NULL,'cards',37,0.00,1),(2054,118,'2021-11-05 18:49:39','2021-11-05 18:49:39',NULL,'sensors',79,0.00,1),(2055,118,'2021-11-05 18:49:39','2021-11-05 18:49:39',NULL,'panel_options',142,0.00,1),(2056,118,'2021-11-05 18:49:39','2021-11-05 18:49:39',NULL,'panel_options',141,0.00,1),(2057,118,'2021-11-05 18:49:39','2021-11-05 18:49:39',NULL,'panel_options',228,319.04,1),(2058,119,'2021-11-10 18:42:23','2021-11-10 18:42:23',NULL,'cards',5,380.00,1),(2059,119,'2021-11-10 18:42:23','2021-11-10 18:42:23',NULL,'cards',5,380.00,1),(2060,119,'2021-11-10 18:42:23','2021-11-10 18:42:23',NULL,'sensors',54,147.00,1),(2061,119,'2021-11-10 18:42:23','2021-11-10 18:42:23',NULL,'sensors',78,516.00,1),(2062,119,'2021-11-10 18:42:23','2021-11-10 18:42:23',NULL,'sensors',41,548.00,1),(2063,119,'2021-11-10 18:42:23','2021-11-10 18:42:23',NULL,'sensors',32,147.00,1),(2064,119,'2021-11-10 18:42:23','2021-11-10 18:42:23',NULL,'panel_options',123,199.00,1),(2065,119,'2021-11-10 18:42:23','2021-11-10 18:42:23',NULL,'panel_options',88,0.00,1),(2066,119,'2021-11-10 18:42:23','2021-11-10 18:42:23',NULL,'panel_options',79,719.48,1),(2067,119,'2021-11-10 18:42:23','2021-11-10 18:42:23',NULL,'panel_options',81,96.20,1),(2068,119,'2021-11-10 18:42:23','2021-11-10 18:42:23',NULL,'panel_options',73,0.00,1),(2069,120,'2021-11-12 21:19:05','2021-11-12 21:19:05',NULL,'cards',5,380.00,1),(2070,120,'2021-11-12 21:19:05','2021-11-12 21:19:05',NULL,'cards',5,380.00,1),(2071,120,'2021-11-12 21:19:05','2021-11-12 21:19:05',NULL,'cards',5,380.00,1),(2072,120,'2021-11-12 21:19:05','2021-11-12 21:19:05',NULL,'cards',29,655.00,1),(2073,120,'2021-11-12 21:19:05','2021-11-12 21:19:05',NULL,'sensors',54,147.00,2),(2074,120,'2021-11-12 21:19:05','2021-11-12 21:19:05',NULL,'sensors',41,548.00,1),(2075,120,'2021-11-12 21:19:05','2021-11-12 21:19:05',NULL,'sensors',78,516.00,1),(2076,120,'2021-11-12 21:19:05','2021-11-12 21:19:05',NULL,'sensors',32,147.00,1),(2077,120,'2021-11-12 21:19:05','2021-11-12 21:19:05',NULL,'sensors',64,2276.00,1),(2078,120,'2021-11-12 21:19:05','2021-11-12 21:19:05',NULL,'sensors',46,221.00,1),(2079,120,'2021-11-12 21:19:05','2021-11-12 21:19:05',NULL,'sensors',55,442.00,1),(2080,120,'2021-11-12 21:19:05','2021-11-12 21:19:05',NULL,'panel_options',123,199.00,2),(2081,120,'2021-11-12 21:19:05','2021-11-12 21:19:05',NULL,'panel_options',91,0.00,1),(2082,120,'2021-11-12 21:19:05','2021-11-12 21:19:05',NULL,'panel_options',95,219.31,1),(2083,120,'2021-11-12 21:19:05','2021-11-12 21:19:05',NULL,'panel_options',106,143.17,1),(2084,120,'2021-11-12 21:19:05','2021-11-12 21:19:05',NULL,'panel_options',82,208.12,1),(2085,120,'2021-11-12 21:19:05','2021-11-12 21:19:05',NULL,'panel_options',67,129.77,1),(2086,120,'2021-11-12 21:19:05','2021-11-12 21:19:05',NULL,'panel_options',73,0.00,1),(2087,120,'2021-11-12 21:19:05','2021-11-12 21:19:05',NULL,'panel_options',85,867.38,1),(2088,120,'2021-11-12 21:19:05','2021-11-12 21:19:05',NULL,'panel_options',214,586.00,1),(2089,120,'2021-11-12 21:19:05','2021-11-12 21:19:05',NULL,'panel_options',223,0.00,1),(2090,120,'2021-11-12 21:19:05','2021-11-12 21:19:05',NULL,'panel_options',225,0.00,1),(2091,120,'2021-11-12 21:19:05','2021-11-12 21:19:05',NULL,'panel_options',138,0.00,1),(2092,120,'2021-11-12 21:19:05','2021-11-12 21:19:05',NULL,'panel_options',111,675.00,1),(2093,120,'2021-11-12 21:19:05','2021-11-12 21:19:05',NULL,'panel_options',229,360.00,1),(2094,121,'2021-11-30 20:39:29','2021-11-30 20:39:29',NULL,'cards',6,225.00,1),(2095,121,'2021-11-30 20:39:29','2021-11-30 20:39:29',NULL,'cards',6,225.00,1),(2096,121,'2021-11-30 20:39:29','2021-11-30 20:39:29',NULL,'sensors',57,518.00,1),(2097,121,'2021-11-30 20:39:29','2021-11-30 20:39:29',NULL,'panel_options',233,0.00,1),(2098,121,'2021-11-30 20:39:29','2021-11-30 20:39:29',NULL,'panel_options',124,0.00,1),(2099,121,'2021-11-30 20:39:29','2021-11-30 20:39:29',NULL,'panel_options',88,0.00,1),(2100,121,'2021-11-30 20:39:29','2021-11-30 20:39:29',NULL,'panel_options',79,719.48,1),(2101,121,'2021-11-30 20:39:29','2021-11-30 20:39:29',NULL,'panel_options',106,143.17,1),(2102,121,'2021-11-30 20:39:29','2021-11-30 20:39:29',NULL,'panel_options',109,79.41,1),(2103,121,'2021-11-30 20:39:29','2021-11-30 20:39:29',NULL,'panel_options',81,96.20,1),(2104,121,'2021-11-30 20:39:29','2021-11-30 20:39:29',NULL,'panel_options',68,85.01,1),(2105,121,'2021-11-30 20:39:29','2021-11-30 20:39:29',NULL,'panel_options',73,0.00,1),(2106,122,'2021-12-01 21:22:19','2021-12-01 21:22:19',NULL,'cards',5,380.00,1),(2107,122,'2021-12-01 21:22:19','2021-12-01 21:22:19',NULL,'cards',5,380.00,1),(2108,122,'2021-12-01 21:22:19','2021-12-01 21:22:19',NULL,'cards',29,655.00,1),(2109,122,'2021-12-01 21:22:19','2021-12-01 21:22:19',NULL,'cards',33,682.00,1),(2110,122,'2021-12-01 21:22:19','2021-12-01 21:22:19',NULL,'sensors',54,147.00,1),(2111,122,'2021-12-01 21:22:19','2021-12-01 21:22:19',NULL,'sensors',78,516.00,1),(2112,122,'2021-12-01 21:22:19','2021-12-01 21:22:19',NULL,'sensors',41,548.00,1),(2113,122,'2021-12-01 21:22:19','2021-12-01 21:22:19',NULL,'sensors',61,1776.00,1),(2114,122,'2021-12-01 21:22:19','2021-12-01 21:22:19',NULL,'sensors',68,400.00,5),(2115,122,'2021-12-01 21:22:19','2021-12-01 21:22:19',NULL,'sensors',55,442.00,1),(2116,122,'2021-12-01 21:22:19','2021-12-01 21:22:19',NULL,'panel_options',233,0.00,1),(2117,122,'2021-12-01 21:22:19','2021-12-01 21:22:19',NULL,'panel_options',123,199.00,1),(2118,122,'2021-12-01 21:22:19','2021-12-01 21:22:19',NULL,'panel_options',214,586.00,1),(2119,122,'2021-12-01 21:22:19','2021-12-01 21:22:19',NULL,'panel_options',224,22.00,1),(2120,122,'2021-12-01 21:22:19','2021-12-01 21:22:19',NULL,'panel_options',227,172.00,1),(2121,122,'2021-12-01 21:22:19','2021-12-01 21:22:19',NULL,'panel_options',138,0.00,1),(2122,122,'2021-12-01 21:22:19','2021-12-01 21:22:19',NULL,'panel_options',126,70.00,1),(2123,122,'2021-12-01 21:22:19','2021-12-01 21:22:19',NULL,'panel_options',127,147.00,1),(2124,122,'2021-12-01 21:22:19','2021-12-01 21:22:19',NULL,'panel_options',12,525.00,1),(2125,122,'2021-12-01 21:22:19','2021-12-01 21:22:19',NULL,'panel_options',4,252.00,1),(2126,122,'2021-12-01 21:22:19','2021-12-01 21:22:19',NULL,'panel_options',86,916.67,1),(2127,122,'2021-12-01 21:22:19','2021-12-01 21:22:19',NULL,'panel_options',98,611.03,1),(2128,122,'2021-12-01 21:22:19','2021-12-01 21:22:19',NULL,'panel_options',106,143.17,1),(2129,122,'2021-12-01 21:22:19','2021-12-01 21:22:19',NULL,'panel_options',109,79.41,1),(2130,122,'2021-12-01 21:22:19','2021-12-01 21:22:19',NULL,'panel_options',82,208.12,1),(2131,122,'2021-12-01 21:22:19','2021-12-01 21:22:19',NULL,'panel_options',67,129.77,1),(2132,122,'2021-12-01 21:22:19','2021-12-01 21:22:19',NULL,'panel_options',133,0.00,1),(2133,122,'2021-12-01 21:22:19','2021-12-01 21:22:19',NULL,'panel_options',73,0.00,1),(2134,122,'2021-12-01 21:22:19','2021-12-01 21:22:19',NULL,'panel_options',120,256.03,1),(2135,122,'2021-12-01 21:22:19','2021-12-01 21:22:19',NULL,'accessories',109,566.39,1),(2136,122,'2021-12-01 21:22:19','2021-12-01 21:22:19',NULL,'accessories',101,654.00,1),(2137,122,'2021-12-01 21:22:19','2021-12-01 21:22:19',NULL,'accessories',99,165.00,6),(2138,122,'2021-12-01 21:22:19','2021-12-01 21:22:19',NULL,'accessories',22,553.93,4),(2139,123,'2021-12-16 19:12:16','2021-12-16 19:12:16',NULL,'cards',6,236.00,1),(2140,123,'2021-12-16 19:12:16','2021-12-16 19:12:16',NULL,'sensors',56,374.00,1),(2141,123,'2021-12-16 19:12:16','2021-12-16 19:12:16',NULL,'panel_options',233,0.00,1),(2142,123,'2021-12-16 19:12:16','2021-12-16 19:12:16',NULL,'panel_options',124,0.00,1),(2143,123,'2021-12-16 19:12:16','2021-12-16 19:12:16',NULL,'panel_options',93,0.00,1),(2144,123,'2021-12-16 19:12:16','2021-12-16 19:12:16',NULL,'panel_options',86,916.67,1),(2145,123,'2021-12-16 19:12:16','2021-12-16 19:12:16',NULL,'panel_options',95,219.31,1),(2146,123,'2021-12-16 19:12:16','2021-12-16 19:12:16',NULL,'panel_options',82,208.12,1),(2147,123,'2021-12-16 19:12:16','2021-12-16 19:12:16',NULL,'panel_options',75,0.00,1),(2148,123,'2021-12-16 19:12:16','2021-12-16 19:12:16',NULL,'panel_options',68,85.01,1),(2149,123,'2021-12-16 19:12:16','2021-12-16 19:12:16',NULL,'panel_options',106,143.17,1),(2150,123,'2021-12-16 19:12:16','2021-12-16 19:12:16',NULL,'panel_options',109,79.41,1),(2151,123,'2021-12-16 19:12:16','2021-12-16 19:12:16',NULL,'panel_options',135,0.00,1),(2152,123,'2021-12-16 19:12:16','2021-12-16 19:12:16',NULL,'panel_options',120,256.03,1),(2153,76,'2022-01-13 17:49:48','2022-01-13 17:49:48',NULL,'cards',5,399.00,1),(2154,76,'2022-01-13 17:49:48','2022-01-13 17:49:48',NULL,'cards',29,688.00,1),(2155,76,'2022-01-13 17:49:48','2022-01-13 17:49:48',NULL,'sensors',54,154.00,1),(2156,76,'2022-01-13 17:49:48','2022-01-13 17:49:48',NULL,'sensors',78,575.00,1),(2157,76,'2022-01-13 17:49:48','2022-01-13 17:49:48',NULL,'sensors',64,2276.00,1),(2158,76,'2022-01-13 17:49:48','2022-01-13 17:49:48',NULL,'panel_options',123,199.00,1),(2159,76,'2022-01-13 17:49:48','2022-01-13 17:49:48',NULL,'panel_options',29,205.00,1),(2160,76,'2022-01-13 17:49:48','2022-01-13 17:49:48',NULL,'panel_options',128,166.00,1),(2161,76,'2022-01-13 17:49:48','2022-01-13 17:49:48',NULL,'panel_options',127,155.00,1),(2162,76,'2022-01-13 17:49:48','2022-01-13 17:49:48',NULL,'panel_options',126,74.00,1),(2163,76,'2022-01-13 17:49:48','2022-01-13 17:49:48',NULL,'panel_options',79,773.44,1),(2164,76,'2022-01-13 17:49:48','2022-01-13 17:49:48',NULL,'panel_options',91,0.00,1),(2165,76,'2022-01-13 17:49:48','2022-01-13 17:49:48',NULL,'panel_options',75,0.00,1),(2166,76,'2022-01-13 17:49:48','2022-01-13 17:49:48',NULL,'panel_options',109,85.37,1),(2167,76,'2022-01-13 17:49:48','2022-01-13 17:49:48',NULL,'panel_options',106,153.90,1),(2168,76,'2022-01-13 17:49:48','2022-01-13 17:49:48',NULL,'panel_options',81,103.41,1),(2169,76,'2022-01-13 17:49:48','2022-01-13 17:49:48',NULL,'panel_options',67,139.51,1),(2170,76,'2022-01-13 17:49:48','2022-01-13 17:49:48',NULL,'panel_options',119,267.61,1),(2171,76,'2022-01-13 17:49:48','2022-01-13 17:49:48',NULL,'accessories',93,269.00,1),(2172,76,'2022-01-13 17:49:48','2022-01-13 17:49:48',NULL,'accessories',98,170.00,1),(2173,76,'2022-01-13 17:49:48','2022-01-13 17:49:48',NULL,'accessories',20,560.14,1),(2174,76,'2022-01-13 17:49:48','2022-01-13 17:49:48',NULL,'accessories',42,3419.29,1),(2175,76,'2022-01-13 17:49:48','2022-01-13 17:49:48',NULL,'accessories',62,1345.00,1),(2176,76,'2022-01-13 17:49:48','2022-01-13 17:49:48',NULL,'accessories',63,1030.00,2),(2177,76,'2022-01-13 17:49:48','2022-01-13 17:49:48',NULL,'accessories',64,869.00,1),(2178,76,'2022-01-13 17:49:48','2022-01-13 17:49:48',NULL,'accessories',65,1183.00,1),(2179,76,'2022-01-13 17:49:48','2022-01-13 17:49:48',NULL,'accessories',71,627.00,1),(2180,76,'2022-01-13 17:49:48','2022-01-13 17:49:48',NULL,'accessories',70,450.00,1),(2181,76,'2022-01-13 17:49:48','2022-01-13 17:49:48',NULL,'accessories',94,269.00,1),(2182,76,'2022-01-13 17:49:48','2022-01-13 17:49:48',NULL,'accessories',96,685.00,1),(2183,76,'2022-01-13 17:49:48','2022-01-13 17:49:48',NULL,'accessories',100,170.00,1),(2184,76,'2022-01-13 17:49:48','2022-01-13 17:49:48',NULL,'accessories',67,467.00,1),(2185,76,'2022-01-13 17:49:48','2022-01-13 17:49:48',NULL,'accessories',66,467.00,1),(2186,76,'2022-01-13 17:49:48','2022-01-13 17:49:48',NULL,'accessories',68,450.00,1),(2187,76,'2022-01-13 17:49:48','2022-01-13 17:49:48',NULL,'accessories',69,610.00,1),(2188,76,'2022-01-13 17:49:48','2022-01-13 17:49:48',NULL,'accessories',72,1491.26,1),(2189,76,'2022-01-13 17:49:48','2022-01-13 17:49:48',NULL,'accessories',73,1616.18,1),(2190,76,'2022-01-13 17:49:48','2022-01-13 17:49:48',NULL,'accessories',74,1491.26,1),(2191,76,'2022-01-13 17:49:48','2022-01-13 17:49:48',NULL,'accessories',75,1616.18,1),(2192,76,'2022-01-13 17:49:48','2022-01-13 17:49:48',NULL,'accessories',80,651.60,1),(2193,76,'2022-01-13 17:49:48','2022-01-13 17:49:48',NULL,'accessories',81,568.51,1),(2194,76,'2022-01-13 17:49:48','2022-01-13 17:49:48',NULL,'accessories',79,568.51,1),(2195,76,'2022-01-13 17:49:48','2022-01-13 17:49:48',NULL,'accessories',78,488.33,1),(2196,76,'2022-01-13 17:49:48','2022-01-13 17:49:48',NULL,'accessories',77,488.33,1),(2197,76,'2022-01-13 17:49:48','2022-01-13 17:49:48',NULL,'accessories',76,651.00,1),(2198,76,'2022-01-13 17:49:48','2022-01-13 17:49:48',NULL,'accessories',59,802.68,1),(2199,76,'2022-01-13 17:49:48','2022-01-13 17:49:48',NULL,'accessories',58,271.30,1),(2200,76,'2022-01-13 17:49:48','2022-01-13 17:49:48',NULL,'accessories',57,530.79,1),(2201,76,'2022-01-13 17:49:48','2022-01-13 17:49:48',NULL,'accessories',56,377.45,1),(2202,76,'2022-01-13 17:49:48','2022-01-13 17:49:48',NULL,'accessories',101,654.00,1),(2203,76,'2022-01-13 17:49:48','2022-01-13 17:49:48',NULL,'accessories',102,698.00,1),(2204,76,'2022-01-13 17:49:48','2022-01-13 17:49:48',NULL,'accessories',84,299.00,1),(2205,124,'2022-01-13 19:22:16','2022-01-13 19:22:38','2022-01-13 19:22:38','cards',5,399.00,1),(2206,124,'2022-01-13 19:22:16','2022-01-13 19:22:38','2022-01-13 19:22:38','sensors',54,154.00,1),(2207,124,'2022-01-13 19:22:16','2022-01-13 19:22:38','2022-01-13 19:22:38','panel_options',148,0.00,1),(2208,124,'2022-01-13 19:22:16','2022-01-13 19:22:38','2022-01-13 19:22:38','panel_options',233,0.00,1),(2209,124,'2022-01-13 19:22:16','2022-01-13 19:22:38','2022-01-13 19:22:38','panel_options',123,199.00,1),(2210,124,'2022-01-13 19:22:16','2022-01-13 19:22:38','2022-01-13 19:22:38','panel_options',214,586.00,1),(2211,124,'2022-01-13 19:22:16','2022-01-13 19:22:38','2022-01-13 19:22:38','panel_options',224,24.00,1),(2212,124,'2022-01-13 19:22:16','2022-01-13 19:22:38','2022-01-13 19:22:38','panel_options',225,0.00,1),(2213,124,'2022-01-13 19:22:16','2022-01-13 19:22:38','2022-01-13 19:22:38','panel_options',146,693.20,1),(2214,124,'2022-01-13 19:22:16','2022-01-13 19:22:38','2022-01-13 19:22:38','panel_options',158,74.12,1),(2215,124,'2022-01-13 19:22:16','2022-01-13 19:22:38','2022-01-13 19:22:38','panel_options',160,947.62,1),(2216,124,'2022-01-13 19:22:38','2022-01-13 19:22:38',NULL,'cards',5,399.00,1),(2217,124,'2022-01-13 19:22:38','2022-01-13 19:22:38',NULL,'sensors',54,154.00,1),(2218,124,'2022-01-13 19:22:38','2022-01-13 19:22:38',NULL,'panel_options',148,0.00,1),(2219,124,'2022-01-13 19:22:38','2022-01-13 19:22:38',NULL,'panel_options',233,0.00,1),(2220,124,'2022-01-13 19:22:38','2022-01-13 19:22:38',NULL,'panel_options',123,199.00,1),(2221,124,'2022-01-13 19:22:38','2022-01-13 19:22:38',NULL,'panel_options',214,586.00,1),(2222,124,'2022-01-13 19:22:38','2022-01-13 19:22:38',NULL,'panel_options',224,24.00,1),(2223,124,'2022-01-13 19:22:38','2022-01-13 19:22:38',NULL,'panel_options',225,0.00,1),(2224,124,'2022-01-13 19:22:38','2022-01-13 19:22:38',NULL,'panel_options',146,693.20,1),(2225,124,'2022-01-13 19:22:38','2022-01-13 19:22:38',NULL,'panel_options',158,74.12,1),(2226,124,'2022-01-13 19:22:38','2022-01-13 19:22:38',NULL,'panel_options',160,947.62,1),(2227,88,'2022-01-14 17:49:56','2022-01-14 17:50:01','2022-01-14 17:50:01','cards',37,0.00,1),(2228,88,'2022-01-14 17:49:56','2022-01-14 17:50:01','2022-01-14 17:50:01','sensors',79,0.00,1),(2229,88,'2022-01-14 17:49:56','2022-01-14 17:50:01','2022-01-14 17:50:01','panel_options',142,0.00,1),(2230,88,'2022-01-14 17:49:56','2022-01-14 17:50:01','2022-01-14 17:50:01','panel_options',147,0.00,1),(2231,88,'2022-01-14 17:49:56','2022-01-14 17:50:01','2022-01-14 17:50:01','panel_options',145,262.50,1),(2232,88,'2022-01-14 17:50:01','2022-01-14 17:50:30','2022-01-14 17:50:30','cards',37,0.00,1),(2233,88,'2022-01-14 17:50:01','2022-01-14 17:50:30','2022-01-14 17:50:30','sensors',79,0.00,1),(2234,88,'2022-01-14 17:50:01','2022-01-14 17:50:30','2022-01-14 17:50:30','panel_options',142,0.00,1),(2235,88,'2022-01-14 17:50:01','2022-01-14 17:50:30','2022-01-14 17:50:30','panel_options',147,0.00,1),(2236,88,'2022-01-14 17:50:01','2022-01-14 17:50:30','2022-01-14 17:50:30','panel_options',145,262.50,1),(2237,88,'2022-01-14 17:50:30','2022-01-14 17:50:40','2022-01-14 17:50:40','cards',37,0.00,1),(2238,88,'2022-01-14 17:50:30','2022-01-14 17:50:40','2022-01-14 17:50:40','sensors',79,0.00,1),(2239,88,'2022-01-14 17:50:30','2022-01-14 17:50:40','2022-01-14 17:50:40','panel_options',142,0.00,1),(2240,88,'2022-01-14 17:50:30','2022-01-14 17:50:40','2022-01-14 17:50:40','panel_options',147,0.00,1),(2241,88,'2022-01-14 17:50:30','2022-01-14 17:50:40','2022-01-14 17:50:40','panel_options',145,262.50,1),(2242,88,'2022-01-14 17:50:40','2022-01-14 17:50:40',NULL,'cards',37,0.00,1),(2243,88,'2022-01-14 17:50:40','2022-01-14 17:50:40',NULL,'sensors',79,0.00,1),(2244,88,'2022-01-14 17:50:40','2022-01-14 17:50:40',NULL,'panel_options',142,0.00,1),(2245,88,'2022-01-14 17:50:40','2022-01-14 17:50:40',NULL,'panel_options',147,0.00,1),(2246,88,'2022-01-14 17:50:40','2022-01-14 17:50:40',NULL,'panel_options',145,262.50,1),(2247,125,'2022-01-19 02:27:41','2022-02-01 21:05:05','2022-02-01 21:05:05','cards',9,355.00,1),(2248,125,'2022-01-19 02:27:41','2022-02-01 21:05:05','2022-02-01 21:05:05','cards',9,355.00,1),(2249,125,'2022-01-19 02:27:41','2022-02-01 21:05:05','2022-02-01 21:05:05','sensors',56,374.00,1),(2250,125,'2022-01-19 02:27:41','2022-02-01 21:05:05','2022-02-01 21:05:05','sensors',66,1575.00,1),(2251,125,'2022-01-19 02:27:41','2022-02-01 21:05:05','2022-02-01 21:05:05','sensors',57,544.00,1),(2252,125,'2022-01-19 02:27:41','2022-02-01 21:05:05','2022-02-01 21:05:05','panel_options',233,0.00,1),(2253,125,'2022-01-19 02:27:41','2022-02-01 21:05:05','2022-02-01 21:05:05','panel_options',124,0.00,1),(2254,125,'2022-01-19 02:27:41','2022-02-01 21:05:05','2022-02-01 21:05:05','panel_options',137,253.00,1),(2255,125,'2022-01-19 02:27:41','2022-02-01 21:05:05','2022-02-01 21:05:05','panel_options',129,50.00,1),(2256,125,'2022-01-19 02:27:41','2022-02-01 21:05:05','2022-02-01 21:05:05','panel_options',130,65.00,1),(2257,125,'2022-01-19 02:27:41','2022-02-01 21:05:05','2022-02-01 21:05:05','panel_options',118,323.00,1),(2258,125,'2022-01-19 02:27:41','2022-02-01 21:05:05','2022-02-01 21:05:05','panel_options',90,0.00,1),(2259,125,'2022-01-19 02:27:41','2022-02-01 21:05:05','2022-02-01 21:05:05','panel_options',95,235.76,1),(2260,125,'2022-01-19 02:27:41','2022-02-01 21:05:05','2022-02-01 21:05:05','panel_options',85,932.43,1),(2261,125,'2022-01-19 02:27:41','2022-02-01 21:05:05','2022-02-01 21:05:05','panel_options',81,103.41,1),(2262,125,'2022-01-19 02:27:41','2022-02-01 21:05:05','2022-02-01 21:05:05','panel_options',75,0.00,1),(2263,126,'2022-01-19 02:28:05','2022-01-19 02:28:05',NULL,'cards',9,355.00,1),(2264,126,'2022-01-19 02:28:05','2022-01-19 02:28:05',NULL,'cards',9,355.00,1),(2265,126,'2022-01-19 02:28:05','2022-01-19 02:28:05',NULL,'sensors',56,374.00,1),(2266,126,'2022-01-19 02:28:05','2022-01-19 02:28:05',NULL,'sensors',66,1575.00,1),(2267,126,'2022-01-19 02:28:05','2022-01-19 02:28:05',NULL,'sensors',57,544.00,1),(2268,126,'2022-01-19 02:28:05','2022-01-19 02:28:05',NULL,'panel_options',233,0.00,1),(2269,126,'2022-01-19 02:28:05','2022-01-19 02:28:05',NULL,'panel_options',124,0.00,1),(2270,126,'2022-01-19 02:28:05','2022-01-19 02:28:05',NULL,'panel_options',137,253.00,1),(2271,126,'2022-01-19 02:28:05','2022-01-19 02:28:05',NULL,'panel_options',129,50.00,1),(2272,126,'2022-01-19 02:28:05','2022-01-19 02:28:05',NULL,'panel_options',130,65.00,1),(2273,126,'2022-01-19 02:28:05','2022-01-19 02:28:05',NULL,'panel_options',118,323.00,1),(2274,126,'2022-01-19 02:28:05','2022-01-19 02:28:05',NULL,'panel_options',90,0.00,1),(2275,126,'2022-01-19 02:28:05','2022-01-19 02:28:05',NULL,'panel_options',95,235.76,1),(2276,126,'2022-01-19 02:28:05','2022-01-19 02:28:05',NULL,'panel_options',85,932.43,1),(2277,126,'2022-01-19 02:28:05','2022-01-19 02:28:05',NULL,'panel_options',81,103.41,1),(2278,126,'2022-01-19 02:28:05','2022-01-19 02:28:05',NULL,'panel_options',75,0.00,1),(2279,127,'2022-02-01 20:41:33','2022-02-01 20:41:33',NULL,'cards',5,399.00,1),(2280,127,'2022-02-01 20:41:33','2022-02-01 20:41:33',NULL,'cards',5,399.00,1),(2281,127,'2022-02-01 20:41:33','2022-02-01 20:41:33',NULL,'cards',29,688.00,1),(2282,127,'2022-02-01 20:41:33','2022-02-01 20:41:33',NULL,'sensors',54,154.00,1),(2283,127,'2022-02-01 20:41:33','2022-02-01 20:41:33',NULL,'sensors',78,575.00,1),(2284,127,'2022-02-01 20:41:33','2022-02-01 20:41:33',NULL,'sensors',41,575.00,1),(2285,127,'2022-02-01 20:41:33','2022-02-01 20:41:33',NULL,'sensors',61,1776.00,1),(2286,127,'2022-02-01 20:41:33','2022-02-01 20:41:33',NULL,'panel_options',233,0.00,1),(2287,127,'2022-02-01 20:41:33','2022-02-01 20:41:33',NULL,'panel_options',123,199.00,1),(2288,127,'2022-02-01 20:41:33','2022-02-01 20:41:33',NULL,'panel_options',214,586.00,1),(2289,127,'2022-02-01 20:41:33','2022-02-01 20:41:33',NULL,'panel_options',224,24.00,1),(2290,127,'2022-02-01 20:41:33','2022-02-01 20:41:33',NULL,'panel_options',226,172.00,1),(2291,127,'2022-02-01 20:41:33','2022-02-01 20:41:33',NULL,'panel_options',138,0.00,1),(2292,127,'2022-02-01 20:41:33','2022-02-01 20:41:33',NULL,'panel_options',12,525.00,1),(2293,127,'2022-02-01 20:41:33','2022-02-01 20:41:33',NULL,'panel_options',4,252.00,1),(2294,127,'2022-02-01 20:41:33','2022-02-01 20:41:33',NULL,'panel_options',90,0.00,1),(2295,127,'2022-02-01 20:41:33','2022-02-01 20:41:33',NULL,'panel_options',86,985.42,1),(2296,127,'2022-02-01 20:41:33','2022-02-01 20:41:33',NULL,'panel_options',96,354.92,1),(2297,127,'2022-02-01 20:41:33','2022-02-01 20:41:33',NULL,'panel_options',106,153.90,1),(2298,127,'2022-02-01 20:41:33','2022-02-01 20:41:33',NULL,'panel_options',109,85.37,1),(2299,127,'2022-02-01 20:41:33','2022-02-01 20:41:33',NULL,'panel_options',82,223.73,1),(2300,127,'2022-02-01 20:41:33','2022-02-01 20:41:33',NULL,'panel_options',68,91.38,1),(2301,127,'2022-02-01 20:41:33','2022-02-01 20:41:33',NULL,'panel_options',75,0.00,1),(2302,125,'2022-02-01 21:05:05','2022-02-01 21:05:05',NULL,'cards',5,399.00,1),(2303,125,'2022-02-01 21:05:05','2022-02-01 21:05:05',NULL,'cards',30,541.00,1),(2304,125,'2022-02-01 21:05:05','2022-02-01 21:05:05',NULL,'cards',33,717.00,1),(2305,125,'2022-02-01 21:05:05','2022-02-01 21:05:05',NULL,'cards',5,399.00,1),(2306,125,'2022-02-01 21:05:05','2022-02-01 21:05:05',NULL,'sensors',78,575.00,1),(2307,125,'2022-02-01 21:05:05','2022-02-01 21:05:05',NULL,'sensors',54,154.00,1),(2308,125,'2022-02-01 21:05:05','2022-02-01 21:05:05',NULL,'sensors',55,464.00,1),(2309,125,'2022-02-01 21:05:05','2022-02-01 21:05:05',NULL,'panel_options',214,586.00,1),(2310,125,'2022-02-01 21:05:05','2022-02-01 21:05:05',NULL,'panel_options',224,24.00,1),(2311,125,'2022-02-01 21:05:05','2022-02-01 21:05:05',NULL,'panel_options',225,0.00,1),(2312,125,'2022-02-01 21:05:05','2022-02-01 21:05:05',NULL,'panel_options',123,199.00,1),(2313,125,'2022-02-01 21:05:05','2022-02-01 21:05:05',NULL,'panel_options',27,205.00,1),(2314,125,'2022-02-01 21:05:05','2022-02-01 21:05:05',NULL,'panel_options',126,74.00,1),(2315,125,'2022-02-01 21:05:05','2022-02-01 21:05:05',NULL,'panel_options',127,155.00,1),(2316,125,'2022-02-01 21:05:05','2022-02-01 21:05:05',NULL,'panel_options',28,323.00,1),(2317,125,'2022-02-01 21:05:05','2022-02-01 21:05:05',NULL,'panel_options',90,0.00,1),(2318,125,'2022-02-01 21:05:05','2022-02-01 21:05:05',NULL,'panel_options',85,932.43,1),(2319,125,'2022-02-01 21:05:05','2022-02-01 21:05:05',NULL,'panel_options',95,235.76,1),(2320,125,'2022-02-01 21:05:05','2022-02-01 21:05:05',NULL,'panel_options',81,103.41,1),(2321,125,'2022-02-01 21:05:05','2022-02-01 21:05:05',NULL,'panel_options',75,0.00,1),(2322,125,'2022-02-01 21:05:05','2022-02-01 21:05:05',NULL,'panel_options',233,0.00,1),(2323,128,'2022-03-03 20:25:44','2022-03-03 20:25:44',NULL,'cards',9,355.00,1),(2324,128,'2022-03-03 20:25:44','2022-03-03 20:25:44',NULL,'sensors',56,374.00,1),(2325,128,'2022-03-03 20:25:44','2022-03-03 20:25:44',NULL,'panel_options',233,0.00,1),(2326,128,'2022-03-03 20:25:44','2022-03-03 20:25:44',NULL,'panel_options',124,0.00,1),(2327,128,'2022-03-03 20:25:44','2022-03-03 20:25:44',NULL,'panel_options',91,0.00,1),(2328,128,'2022-03-03 20:25:44','2022-03-03 20:25:44',NULL,'panel_options',86,985.42,1),(2329,128,'2022-03-03 20:25:44','2022-03-03 20:25:44',NULL,'panel_options',98,656.85,1),(2330,128,'2022-03-03 20:25:44','2022-03-03 20:25:44',NULL,'panel_options',106,153.90,1),(2331,128,'2022-03-03 20:25:44','2022-03-03 20:25:44',NULL,'panel_options',109,85.37,1),(2332,128,'2022-03-03 20:25:44','2022-03-03 20:25:44',NULL,'panel_options',82,223.73,1),(2333,128,'2022-03-03 20:25:44','2022-03-03 20:25:44',NULL,'panel_options',75,0.00,1),(2334,128,'2022-03-03 20:25:44','2022-03-03 20:25:44',NULL,'panel_options',120,275.23,1),(2335,128,'2022-03-03 20:25:44','2022-03-03 20:25:44',NULL,'panel_options',139,0.00,1),(2336,128,'2022-03-03 20:25:44','2022-03-03 20:25:44',NULL,'accessories',119,562.00,1),(2337,128,'2022-03-03 20:25:44','2022-03-03 20:25:44',NULL,'accessories',71,627.00,2),(2338,129,'2022-03-21 14:24:57','2022-03-21 14:24:57',NULL,'cards',5,399.00,1),(2339,129,'2022-03-21 14:24:57','2022-03-21 14:24:57',NULL,'panel_options',233,0.00,1),(2340,129,'2022-03-21 14:24:57','2022-03-21 14:24:57',NULL,'panel_options',123,199.00,1),(2341,130,'2022-03-25 13:32:03','2022-03-25 13:32:03',NULL,'cards',9,355.00,1),(2342,130,'2022-03-25 13:32:03','2022-03-25 13:32:03',NULL,'cards',6,236.00,1),(2343,130,'2022-03-25 13:32:03','2022-03-25 13:32:03',NULL,'sensors',56,374.00,1),(2344,130,'2022-03-25 13:32:03','2022-03-25 13:32:03',NULL,'panel_options',233,0.00,1),(2345,130,'2022-03-25 13:32:03','2022-03-25 13:32:03',NULL,'panel_options',124,0.00,1),(2346,130,'2022-03-25 13:32:03','2022-03-25 13:32:03',NULL,'panel_options',234,3.00,1),(2347,130,'2022-03-25 13:32:03','2022-03-25 13:32:03',NULL,'panel_options',137,253.00,1),(2348,130,'2022-03-25 13:32:03','2022-03-25 13:32:03',NULL,'panel_options',79,773.44,1),(2349,130,'2022-03-25 13:32:03','2022-03-25 13:32:03',NULL,'panel_options',88,0.00,1),(2350,130,'2022-03-25 13:32:03','2022-03-25 13:32:03',NULL,'panel_options',106,153.90,1),(2351,130,'2022-03-25 13:32:03','2022-03-25 13:32:03',NULL,'panel_options',109,85.37,1),(2352,131,'2022-04-08 11:59:52','2022-04-08 11:59:52',NULL,'cards',5,399.00,1),(2353,131,'2022-04-08 11:59:52','2022-04-08 11:59:52',NULL,'sensors',54,154.00,1),(2354,131,'2022-04-08 11:59:52','2022-04-08 11:59:52',NULL,'sensors',41,575.00,1),(2355,131,'2022-04-08 11:59:52','2022-04-08 11:59:52',NULL,'panel_options',233,0.00,1),(2356,131,'2022-04-08 11:59:52','2022-04-08 11:59:52',NULL,'panel_options',224,24.00,1),(2357,131,'2022-04-08 11:59:52','2022-04-08 11:59:52',NULL,'panel_options',123,199.00,1),(2358,132,'2022-04-18 11:30:29','2022-04-18 11:30:29',NULL,'panel_options',233,0.00,1),(2359,132,'2022-04-18 11:30:29','2022-04-18 11:30:29',NULL,'panel_options',224,24.00,1),(2360,132,'2022-04-18 11:30:29','2022-04-18 11:30:29',NULL,'panel_options',123,199.00,1),(2361,132,'2022-04-18 11:30:29','2022-04-18 11:30:29',NULL,'panel_options',86,985.42,1),(2362,132,'2022-04-18 11:30:29','2022-04-18 11:30:29',NULL,'panel_options',88,0.00,1),(2363,135,'2022-04-20 02:04:14','2022-04-20 02:04:14',NULL,'cards',5,399.00,1),(2364,135,'2022-04-20 02:04:14','2022-04-20 02:04:14',NULL,'sensors',54,154.00,1),(2365,135,'2022-04-20 02:04:14','2022-04-20 02:04:14',NULL,'panel_options',233,0.00,1),(2366,135,'2022-04-20 02:04:14','2022-04-20 02:04:14',NULL,'panel_options',224,24.00,1),(2367,135,'2022-04-20 02:04:14','2022-04-20 02:04:14',NULL,'panel_options',123,199.00,1),(2368,135,'2022-04-20 02:04:14','2022-04-20 02:04:14',NULL,'panel_options',225,0.00,1),(2369,135,'2022-04-20 02:04:14','2022-04-20 02:04:14',NULL,'panel_options',214,586.00,1),(2370,135,'2022-04-20 02:04:14','2022-04-20 02:04:14',NULL,'panel_options',85,932.43,1),(2371,135,'2022-04-20 02:04:14','2022-04-20 02:04:14',NULL,'panel_options',88,0.00,1),(2372,135,'2022-04-20 02:04:14','2022-04-20 02:04:14',NULL,'panel_options',75,0.00,1),(2373,135,'2022-04-20 02:04:14','2022-04-20 02:04:14',NULL,'panel_options',81,103.41,1),(2374,136,'2022-04-20 02:06:34','2022-04-20 02:06:34',NULL,'cards',5,399.00,1),(2375,136,'2022-04-20 02:06:34','2022-04-20 02:06:34',NULL,'sensors',54,154.00,1),(2376,136,'2022-04-20 02:06:34','2022-04-20 02:06:34',NULL,'panel_options',233,0.00,1),(2377,136,'2022-04-20 02:06:34','2022-04-20 02:06:34',NULL,'panel_options',224,24.00,1),(2378,136,'2022-04-20 02:06:34','2022-04-20 02:06:34',NULL,'panel_options',123,199.00,1),(2379,136,'2022-04-20 02:06:34','2022-04-20 02:06:34',NULL,'panel_options',226,172.00,1),(2380,136,'2022-04-20 02:06:34','2022-04-20 02:06:34',NULL,'panel_options',214,586.00,1),(2381,136,'2022-04-20 02:06:34','2022-04-20 02:06:34',NULL,'panel_options',79,773.44,1),(2382,136,'2022-04-20 02:06:34','2022-04-20 02:06:34',NULL,'panel_options',89,0.00,1),(2383,136,'2022-04-20 02:06:34','2022-04-20 02:06:34',NULL,'panel_options',76,0.00,1),(2384,136,'2022-04-20 02:06:34','2022-04-20 02:06:34',NULL,'panel_options',81,103.41,1),(2385,137,'2022-04-20 02:07:31','2022-04-20 02:07:53','2022-04-20 02:07:53','cards',5,399.00,1),(2386,137,'2022-04-20 02:07:31','2022-04-20 02:07:53','2022-04-20 02:07:53','sensors',54,154.00,1),(2387,137,'2022-04-20 02:07:31','2022-04-20 02:07:53','2022-04-20 02:07:53','panel_options',233,0.00,1),(2388,137,'2022-04-20 02:07:31','2022-04-20 02:07:53','2022-04-20 02:07:53','panel_options',224,24.00,1),(2389,137,'2022-04-20 02:07:31','2022-04-20 02:07:53','2022-04-20 02:07:53','panel_options',123,199.00,1),(2390,137,'2022-04-20 02:07:31','2022-04-20 02:07:53','2022-04-20 02:07:53','panel_options',214,586.00,1),(2391,137,'2022-04-20 02:07:31','2022-04-20 02:07:53','2022-04-20 02:07:53','panel_options',225,0.00,1),(2392,137,'2022-04-20 02:07:53','2022-04-20 02:07:53',NULL,'cards',5,399.00,1),(2393,137,'2022-04-20 02:07:53','2022-04-20 02:07:53',NULL,'sensors',54,154.00,1),(2394,137,'2022-04-20 02:07:53','2022-04-20 02:07:53',NULL,'panel_options',233,0.00,1),(2395,137,'2022-04-20 02:07:53','2022-04-20 02:07:53',NULL,'panel_options',224,24.00,1),(2396,137,'2022-04-20 02:07:53','2022-04-20 02:07:53',NULL,'panel_options',123,199.00,1),(2397,137,'2022-04-20 02:07:53','2022-04-20 02:07:53',NULL,'panel_options',214,586.00,1),(2398,137,'2022-04-20 02:07:53','2022-04-20 02:07:53',NULL,'panel_options',225,0.00,1),(2399,137,'2022-04-20 02:07:53','2022-04-20 02:07:53',NULL,'panel_options',85,932.43,1),(2400,137,'2022-04-20 02:07:53','2022-04-20 02:07:53',NULL,'panel_options',88,0.00,1),(2401,138,'2022-05-09 04:20:43','2022-05-09 04:20:43',NULL,'cards',5,399.00,1),(2402,138,'2022-05-09 04:20:43','2022-05-09 04:20:43',NULL,'sensors',54,154.00,1),(2403,138,'2022-05-09 04:20:43','2022-05-09 04:20:43',NULL,'panel_options',233,0.00,1),(2404,138,'2022-05-09 04:20:43','2022-05-09 04:20:43',NULL,'panel_options',224,24.00,1),(2405,138,'2022-05-09 04:20:43','2022-05-09 04:20:43',NULL,'panel_options',123,199.00,1),(2406,138,'2022-05-09 04:20:43','2022-05-09 04:20:43',NULL,'panel_options',225,0.00,1),(2407,138,'2022-05-09 04:20:43','2022-05-09 04:20:43',NULL,'panel_options',214,586.00,1),(2408,138,'2022-05-09 04:20:43','2022-05-09 04:20:43',NULL,'panel_options',85,932.43,1),(2409,138,'2022-05-09 04:20:43','2022-05-09 04:20:43',NULL,'panel_options',89,0.00,1),(2410,138,'2022-05-09 04:20:43','2022-05-09 04:20:43',NULL,'panel_options',81,103.41,1),(2411,138,'2022-05-09 04:20:43','2022-05-09 04:20:43',NULL,'panel_options',75,0.00,1),(2412,139,'2022-06-03 00:22:04','2022-06-03 00:22:04',NULL,'cards',9,355.00,1),(2413,139,'2022-06-03 00:22:04','2022-06-03 00:22:04',NULL,'sensors',56,374.00,1),(2414,139,'2022-06-03 00:22:04','2022-06-03 00:22:04',NULL,'panel_options',233,0.00,1),(2415,139,'2022-06-03 00:22:04','2022-06-03 00:22:04',NULL,'panel_options',124,0.00,1),(2416,139,'2022-06-03 00:22:04','2022-06-03 00:22:04',NULL,'panel_options',234,3.00,1),(2417,139,'2022-06-03 00:22:04','2022-06-03 00:22:04',NULL,'panel_options',79,773.44,1),(2418,139,'2022-06-03 00:22:04','2022-06-03 00:22:04',NULL,'panel_options',88,0.00,1),(2419,139,'2022-06-03 00:22:04','2022-06-03 00:22:04',NULL,'panel_options',81,103.41,1),(2420,139,'2022-06-03 00:22:04','2022-06-03 00:22:04',NULL,'panel_options',74,0.00,1),(2421,139,'2022-06-03 00:22:04','2022-06-03 00:22:04',NULL,'panel_options',106,153.90,1),(2422,140,'2022-06-22 19:41:16','2022-06-22 19:41:16',NULL,'cards',9,355.00,1),(2423,140,'2022-06-22 19:41:16','2022-06-22 19:41:16',NULL,'cards',9,355.00,1),(2424,140,'2022-06-22 19:41:16','2022-06-22 19:41:16',NULL,'sensors',56,374.00,1),(2425,140,'2022-06-22 19:41:16','2022-06-22 19:41:16',NULL,'sensors',57,544.00,1),(2426,140,'2022-06-22 19:41:16','2022-06-22 19:41:16',NULL,'sensors',61,1865.00,1),(2427,140,'2022-06-22 19:41:16','2022-06-22 19:41:16',NULL,'panel_options',233,0.00,1),(2428,140,'2022-06-22 19:41:16','2022-06-22 19:41:16',NULL,'panel_options',124,0.00,1),(2429,140,'2022-06-22 19:41:16','2022-06-22 19:41:16',NULL,'panel_options',137,253.00,1),(2430,140,'2022-06-22 19:41:16','2022-06-22 19:41:16',NULL,'panel_options',88,0.00,1),(2431,140,'2022-06-22 19:41:16','2022-06-22 19:41:16',NULL,'panel_options',82,223.73,1),(2432,140,'2022-06-22 19:41:16','2022-06-22 19:41:16',NULL,'panel_options',73,0.00,1),(2433,140,'2022-06-22 19:41:16','2022-06-22 19:41:16',NULL,'panel_options',79,773.44,1),(2434,141,'2022-06-22 19:55:03','2022-06-22 19:55:03',NULL,'cards',5,399.00,1),(2435,141,'2022-06-22 19:55:03','2022-06-22 19:55:03',NULL,'cards',29,688.00,1),(2436,141,'2022-06-22 19:55:03','2022-06-22 19:55:03',NULL,'cards',33,717.00,1),(2437,141,'2022-06-22 19:55:03','2022-06-22 19:55:03',NULL,'sensors',78,575.00,1),(2438,141,'2022-06-22 19:55:03','2022-06-22 19:55:03',NULL,'sensors',41,575.00,1),(2439,141,'2022-06-22 19:55:03','2022-06-22 19:55:03',NULL,'sensors',61,1865.00,1),(2440,141,'2022-06-22 19:55:03','2022-06-22 19:55:03',NULL,'sensors',55,464.00,1),(2441,141,'2022-06-22 19:55:03','2022-06-22 19:55:03',NULL,'panel_options',233,0.00,1),(2442,141,'2022-06-22 19:55:03','2022-06-22 19:55:03',NULL,'panel_options',224,24.00,1),(2443,141,'2022-06-22 19:55:03','2022-06-22 19:55:03',NULL,'panel_options',123,199.00,1),(2444,141,'2022-06-22 19:55:03','2022-06-22 19:55:03',NULL,'panel_options',227,172.00,1),(2445,141,'2022-06-22 19:55:03','2022-06-22 19:55:03',NULL,'panel_options',138,0.00,1),(2446,141,'2022-06-22 19:55:03','2022-06-22 19:55:03',NULL,'panel_options',128,166.00,1),(2447,141,'2022-06-22 19:55:03','2022-06-22 19:55:03',NULL,'panel_options',126,74.00,1),(2448,141,'2022-06-22 19:55:03','2022-06-22 19:55:03',NULL,'panel_options',12,564.38,1),(2449,141,'2022-06-22 19:55:03','2022-06-22 19:55:03',NULL,'panel_options',4,252.00,1),(2450,141,'2022-06-22 19:55:03','2022-06-22 19:55:03',NULL,'panel_options',214,586.00,1),(2451,141,'2022-06-22 19:55:03','2022-06-22 19:55:03',NULL,'panel_options',86,985.42,1),(2452,141,'2022-06-22 19:55:03','2022-06-22 19:55:03',NULL,'panel_options',90,0.00,1),(2453,141,'2022-06-22 19:55:03','2022-06-22 19:55:03',NULL,'panel_options',98,656.85,1),(2454,141,'2022-06-22 19:55:03','2022-06-22 19:55:03',NULL,'panel_options',106,153.90,1),(2455,141,'2022-06-22 19:55:03','2022-06-22 19:55:03',NULL,'panel_options',109,85.37,1),(2456,141,'2022-06-22 19:55:03','2022-06-22 19:55:03',NULL,'panel_options',82,223.73,1),(2457,141,'2022-06-22 19:55:03','2022-06-22 19:55:03',NULL,'panel_options',75,0.00,1),(2458,141,'2022-06-22 19:55:03','2022-06-22 19:55:03',NULL,'panel_options',67,139.51,1),(2459,141,'2022-06-22 19:55:03','2022-06-22 19:55:03',NULL,'accessories',66,467.00,2),(2460,141,'2022-06-22 19:55:03','2022-06-22 19:55:03',NULL,'accessories',68,450.00,1),(2461,141,'2022-06-22 19:55:03','2022-06-22 19:55:03',NULL,'accessories',60,697.71,1),(2462,141,'2022-06-22 19:55:03','2022-06-22 19:55:03',NULL,'accessories',98,170.00,1),(2463,142,'2022-06-22 20:05:09','2022-06-22 20:05:09',NULL,'cards',5,399.00,1),(2464,142,'2022-06-22 20:05:09','2022-06-22 20:05:09',NULL,'cards',5,399.00,1),(2465,142,'2022-06-22 20:05:09','2022-06-22 20:05:09',NULL,'cards',29,688.00,1),(2466,142,'2022-06-22 20:05:09','2022-06-22 20:05:09',NULL,'cards',33,717.00,1),(2467,142,'2022-06-22 20:05:09','2022-06-22 20:05:09',NULL,'sensors',78,575.00,1),(2468,142,'2022-06-22 20:05:09','2022-06-22 20:05:09',NULL,'sensors',54,154.00,1),(2469,142,'2022-06-22 20:05:09','2022-06-22 20:05:09',NULL,'sensors',40,616.00,1),(2470,142,'2022-06-22 20:05:09','2022-06-22 20:05:09',NULL,'sensors',61,1865.00,1),(2471,142,'2022-06-22 20:05:09','2022-06-22 20:05:09',NULL,'sensors',55,464.00,1),(2472,142,'2022-06-22 20:05:09','2022-06-22 20:05:09',NULL,'sensors',71,545.00,3),(2473,142,'2022-06-22 20:05:09','2022-06-22 20:05:09',NULL,'panel_options',233,0.00,1),(2474,142,'2022-06-22 20:05:09','2022-06-22 20:05:09',NULL,'panel_options',224,24.00,1),(2475,142,'2022-06-22 20:05:09','2022-06-22 20:05:09',NULL,'panel_options',123,199.00,1),(2476,142,'2022-06-22 20:05:09','2022-06-22 20:05:09',NULL,'panel_options',227,172.00,1),(2477,142,'2022-06-22 20:05:09','2022-06-22 20:05:09',NULL,'panel_options',138,0.00,1),(2478,142,'2022-06-22 20:05:09','2022-06-22 20:05:09',NULL,'panel_options',126,74.00,1),(2479,142,'2022-06-22 20:05:09','2022-06-22 20:05:09',NULL,'panel_options',127,155.00,1),(2480,142,'2022-06-22 20:05:09','2022-06-22 20:05:09',NULL,'panel_options',12,564.38,1),(2481,142,'2022-06-22 20:05:09','2022-06-22 20:05:09',NULL,'panel_options',4,252.00,1),(2482,142,'2022-06-22 20:05:09','2022-06-22 20:05:09',NULL,'panel_options',214,586.00,1),(2483,142,'2022-06-22 20:05:09','2022-06-22 20:05:09',NULL,'panel_options',86,985.42,1),(2484,142,'2022-06-22 20:05:09','2022-06-22 20:05:09',NULL,'panel_options',90,0.00,1),(2485,142,'2022-06-22 20:05:09','2022-06-22 20:05:09',NULL,'panel_options',98,656.85,1),(2486,142,'2022-06-22 20:05:09','2022-06-22 20:05:09',NULL,'panel_options',106,153.90,1),(2487,142,'2022-06-22 20:05:09','2022-06-22 20:05:09',NULL,'panel_options',109,85.37,1),(2488,142,'2022-06-22 20:05:09','2022-06-22 20:05:09',NULL,'panel_options',82,223.73,1),(2489,142,'2022-06-22 20:05:09','2022-06-22 20:05:09',NULL,'panel_options',73,0.00,1),(2490,142,'2022-06-22 20:05:09','2022-06-22 20:05:09',NULL,'panel_options',67,139.51,1),(2491,142,'2022-06-22 20:05:09','2022-06-22 20:05:09',NULL,'accessories',66,467.00,2),(2492,142,'2022-06-22 20:05:09','2022-06-22 20:05:09',NULL,'accessories',68,450.00,1),(2493,142,'2022-06-22 20:05:09','2022-06-22 20:05:09',NULL,'accessories',60,697.71,1),(2494,142,'2022-06-22 20:05:09','2022-06-22 20:05:09',NULL,'accessories',23,730.32,3),(2495,142,'2022-06-22 20:05:09','2022-06-22 20:05:09',NULL,'accessories',99,170.00,1),(2496,142,'2022-06-22 20:05:09','2022-06-22 20:05:09',NULL,'accessories',114,466.37,1),(2497,143,'2022-06-22 20:16:41','2022-06-22 20:16:41',NULL,'cards',5,399.00,1),(2498,143,'2022-06-22 20:16:41','2022-06-22 20:16:41',NULL,'cards',5,399.00,1),(2499,143,'2022-06-22 20:16:41','2022-06-22 20:16:41',NULL,'cards',29,688.00,1),(2500,143,'2022-06-22 20:16:41','2022-06-22 20:16:41',NULL,'sensors',54,154.00,1),(2501,143,'2022-06-22 20:16:41','2022-06-22 20:16:41',NULL,'sensors',78,575.00,1),(2502,143,'2022-06-22 20:16:41','2022-06-22 20:16:41',NULL,'sensors',40,616.00,1),(2503,143,'2022-06-22 20:16:41','2022-06-22 20:16:41',NULL,'sensors',61,1865.00,1),(2504,143,'2022-06-22 20:16:41','2022-06-22 20:16:41',NULL,'panel_options',233,0.00,1),(2505,143,'2022-06-22 20:16:41','2022-06-22 20:16:41',NULL,'panel_options',224,24.00,1),(2506,143,'2022-06-22 20:16:41','2022-06-22 20:16:41',NULL,'panel_options',123,199.00,1),(2507,143,'2022-06-22 20:16:41','2022-06-22 20:16:41',NULL,'panel_options',227,172.00,1),(2508,143,'2022-06-22 20:16:41','2022-06-22 20:16:41',NULL,'panel_options',138,0.00,1),(2509,143,'2022-06-22 20:16:41','2022-06-22 20:16:41',NULL,'panel_options',127,155.00,1),(2510,143,'2022-06-22 20:16:41','2022-06-22 20:16:41',NULL,'panel_options',126,74.00,1),(2511,143,'2022-06-22 20:16:41','2022-06-22 20:16:41',NULL,'panel_options',12,564.38,1),(2512,143,'2022-06-22 20:16:41','2022-06-22 20:16:41',NULL,'panel_options',4,252.00,1),(2513,143,'2022-06-22 20:16:41','2022-06-22 20:16:41',NULL,'panel_options',214,586.00,1),(2514,143,'2022-06-22 20:16:41','2022-06-22 20:16:41',NULL,'panel_options',85,932.43,1),(2515,143,'2022-06-22 20:16:41','2022-06-22 20:16:41',NULL,'panel_options',90,0.00,1),(2516,143,'2022-06-22 20:16:41','2022-06-22 20:16:41',NULL,'panel_options',98,656.85,1),(2517,143,'2022-06-22 20:16:41','2022-06-22 20:16:41',NULL,'panel_options',106,153.90,1),(2518,143,'2022-06-22 20:16:41','2022-06-22 20:16:41',NULL,'panel_options',109,85.37,1),(2519,143,'2022-06-22 20:16:41','2022-06-22 20:16:41',NULL,'panel_options',82,223.73,1),(2520,143,'2022-06-22 20:16:41','2022-06-22 20:16:41',NULL,'panel_options',73,0.00,1),(2521,143,'2022-06-22 20:16:41','2022-06-22 20:16:41',NULL,'panel_options',67,139.51,1),(2522,143,'2022-06-22 20:16:41','2022-06-22 20:16:41',NULL,'accessories',66,467.00,2),(2523,143,'2022-06-22 20:16:41','2022-06-22 20:16:41',NULL,'accessories',68,450.00,1),(2524,143,'2022-06-22 20:16:41','2022-06-22 20:16:41',NULL,'accessories',69,610.00,2),(2525,143,'2022-06-22 20:16:41','2022-06-22 20:16:41',NULL,'accessories',60,697.71,2),(2526,143,'2022-06-22 20:16:41','2022-06-22 20:16:41',NULL,'accessories',23,730.32,3),(2527,143,'2022-06-22 20:16:41','2022-06-22 20:16:41',NULL,'accessories',99,170.00,1),(2528,144,'2022-09-01 23:43:50','2022-09-01 23:43:50',NULL,'cards',9,377.00,1),(2529,144,'2022-09-01 23:43:50','2022-09-01 23:43:50',NULL,'sensors',56,154.00,1),(2530,144,'2022-09-01 23:43:50','2022-09-01 23:43:50',NULL,'sensors',61,1865.00,1),(2531,144,'2022-09-01 23:43:50','2022-09-01 23:43:50',NULL,'panel_options',233,0.00,1),(2532,144,'2022-09-01 23:43:50','2022-09-01 23:43:50',NULL,'panel_options',234,151.00,1),(2533,144,'2022-09-01 23:43:50','2022-09-01 23:43:50',NULL,'panel_options',124,266.00,1),(2534,144,'2022-09-01 23:43:50','2022-09-01 23:43:50',NULL,'panel_options',79,773.44,1),(2535,144,'2022-09-01 23:43:50','2022-09-01 23:43:50',NULL,'panel_options',106,153.90,1),(2536,144,'2022-09-01 23:43:50','2022-09-01 23:43:50',NULL,'panel_options',109,85.37,1),(2537,144,'2022-09-01 23:43:50','2022-09-01 23:43:50',NULL,'panel_options',81,103.41,1),(2538,145,'2022-09-01 23:51:50','2022-09-02 00:07:32','2022-09-02 00:07:32','cards',9,377.00,1),(2539,145,'2022-09-01 23:51:50','2022-09-02 00:07:32','2022-09-02 00:07:32','sensors',56,154.00,1),(2540,145,'2022-09-01 23:51:50','2022-09-02 00:07:32','2022-09-02 00:07:32','sensors',61,1865.00,1),(2541,145,'2022-09-01 23:51:50','2022-09-02 00:07:32','2022-09-02 00:07:32','panel_options',148,0.00,1),(2542,145,'2022-09-01 23:51:50','2022-09-02 00:07:32','2022-09-02 00:07:32','panel_options',233,0.00,1),(2543,145,'2022-09-01 23:51:50','2022-09-02 00:07:32','2022-09-02 00:07:32','panel_options',124,266.00,1),(2544,145,'2022-09-01 23:51:50','2022-09-02 00:07:32','2022-09-02 00:07:32','panel_options',184,343.33,1),(2545,145,'2022-09-01 23:51:50','2022-09-02 00:07:32','2022-09-02 00:07:32','panel_options',154,170.03,1),(2546,145,'2022-09-01 23:51:50','2022-09-02 00:07:32','2022-09-02 00:07:32','panel_options',158,74.12,1),(2547,145,'2022-09-02 00:07:32','2022-09-02 00:07:32',NULL,'cards',9,377.00,1),(2548,145,'2022-09-02 00:07:32','2022-09-02 00:07:32',NULL,'sensors',56,154.00,1),(2549,145,'2022-09-02 00:07:32','2022-09-02 00:07:32',NULL,'sensors',61,1865.00,1),(2550,145,'2022-09-02 00:07:32','2022-09-02 00:07:32',NULL,'panel_options',148,0.00,1),(2551,145,'2022-09-02 00:07:32','2022-09-02 00:07:32',NULL,'panel_options',233,0.00,1),(2552,145,'2022-09-02 00:07:32','2022-09-02 00:07:32',NULL,'panel_options',124,266.00,1),(2553,145,'2022-09-02 00:07:32','2022-09-02 00:07:32',NULL,'panel_options',184,343.33,1),(2554,145,'2022-09-02 00:07:32','2022-09-02 00:07:32',NULL,'panel_options',154,170.03,1),(2555,145,'2022-09-02 00:07:32','2022-09-02 00:07:32',NULL,'panel_options',158,74.12,1),(2556,146,'2022-09-21 20:10:52','2022-09-21 20:10:52',NULL,'cards',9,377.00,1),(2557,146,'2022-09-21 20:10:52','2022-09-21 20:10:52',NULL,'sensors',56,154.00,1),(2558,146,'2022-09-21 20:10:52','2022-09-21 20:10:52',NULL,'sensors',61,1865.00,1),(2559,146,'2022-09-21 20:10:52','2022-09-21 20:10:52',NULL,'panel_options',233,0.00,1),(2560,146,'2022-09-21 20:10:52','2022-09-21 20:10:52',NULL,'panel_options',234,151.00,1),(2561,146,'2022-09-21 20:10:52','2022-09-21 20:10:52',NULL,'panel_options',124,266.00,1),(2562,146,'2022-09-21 20:10:52','2022-09-21 20:10:52',NULL,'panel_options',85,932.43,1),(2563,146,'2022-09-21 20:10:52','2022-09-21 20:10:52',NULL,'panel_options',90,0.00,1),(2564,146,'2022-09-21 20:10:52','2022-09-21 20:10:52',NULL,'panel_options',95,235.76,1),(2565,146,'2022-09-21 20:10:52','2022-09-21 20:10:52',NULL,'panel_options',106,153.90,1),(2566,146,'2022-09-21 20:10:52','2022-09-21 20:10:52',NULL,'panel_options',109,85.37,1),(2567,146,'2022-09-21 20:10:52','2022-09-21 20:10:52',NULL,'panel_options',82,223.73,1),(2568,146,'2022-09-21 20:10:52','2022-09-21 20:10:52',NULL,'panel_options',75,0.00,1),(2569,146,'2022-09-21 20:10:52','2022-09-21 20:10:52',NULL,'panel_options',65,151.54,1),(2570,147,'2022-10-19 01:56:43','2022-10-19 01:56:43',NULL,'cards',9,377.00,1),(2571,147,'2022-10-19 01:56:43','2022-10-19 01:56:43',NULL,'cards',9,377.00,1),(2572,147,'2022-10-19 01:56:43','2022-10-19 01:56:43',NULL,'sensors',56,154.00,1),(2573,147,'2022-10-19 01:56:43','2022-10-19 01:56:43',NULL,'sensors',57,570.00,1),(2574,147,'2022-10-19 01:56:43','2022-10-19 01:56:43',NULL,'sensors',61,1865.00,1),(2575,147,'2022-10-19 01:56:43','2022-10-19 01:56:43',NULL,'panel_options',233,0.00,1),(2576,147,'2022-10-19 01:56:43','2022-10-19 01:56:43',NULL,'panel_options',234,151.00,1),(2577,147,'2022-10-19 01:56:43','2022-10-19 01:56:43',NULL,'panel_options',124,266.00,1),(2578,147,'2022-10-19 01:56:43','2022-10-19 01:56:43',NULL,'panel_options',118,323.00,1),(2579,147,'2022-10-19 01:56:43','2022-10-19 01:56:43',NULL,'panel_options',12,598.24,1),(2580,147,'2022-10-19 01:56:43','2022-10-19 01:56:43',NULL,'panel_options',4,252.00,1),(2581,147,'2022-10-19 01:56:43','2022-10-19 01:56:43',NULL,'panel_options',85,932.43,1),(2582,147,'2022-10-19 01:56:43','2022-10-19 01:56:43',NULL,'panel_options',92,0.00,1),(2583,147,'2022-10-19 01:56:43','2022-10-19 01:56:43',NULL,'panel_options',96,354.92,1),(2584,147,'2022-10-19 01:56:43','2022-10-19 01:56:43',NULL,'panel_options',106,153.90,1),(2585,147,'2022-10-19 01:56:43','2022-10-19 01:56:43',NULL,'panel_options',109,85.37,1),(2586,147,'2022-10-19 01:56:43','2022-10-19 01:56:43',NULL,'panel_options',82,223.73,1),(2587,147,'2022-10-19 01:56:43','2022-10-19 01:56:43',NULL,'panel_options',74,0.00,1),(2588,147,'2022-10-19 01:56:43','2022-10-19 01:56:43',NULL,'panel_options',68,91.38,1),(2589,148,'2022-10-19 01:56:45','2022-10-19 01:56:45',NULL,'cards',9,377.00,1),(2590,148,'2022-10-19 01:56:45','2022-10-19 01:56:45',NULL,'cards',9,377.00,1),(2591,148,'2022-10-19 01:56:45','2022-10-19 01:56:45',NULL,'sensors',56,154.00,1),(2592,148,'2022-10-19 01:56:45','2022-10-19 01:56:45',NULL,'sensors',57,570.00,1),(2593,148,'2022-10-19 01:56:45','2022-10-19 01:56:45',NULL,'sensors',61,1865.00,1),(2594,148,'2022-10-19 01:56:45','2022-10-19 01:56:45',NULL,'panel_options',233,0.00,1),(2595,148,'2022-10-19 01:56:45','2022-10-19 01:56:45',NULL,'panel_options',234,151.00,1),(2596,148,'2022-10-19 01:56:45','2022-10-19 01:56:45',NULL,'panel_options',124,266.00,1),(2597,148,'2022-10-19 01:56:45','2022-10-19 01:56:45',NULL,'panel_options',117,578.00,1),(2598,148,'2022-10-19 01:56:45','2022-10-19 01:56:45',NULL,'panel_options',12,598.24,1),(2599,148,'2022-10-19 01:56:45','2022-10-19 01:56:45',NULL,'panel_options',4,252.00,1),(2600,148,'2022-10-19 01:56:45','2022-10-19 01:56:45',NULL,'panel_options',85,932.43,1),(2601,148,'2022-10-19 01:56:45','2022-10-19 01:56:45',NULL,'panel_options',92,0.00,1),(2602,148,'2022-10-19 01:56:45','2022-10-19 01:56:45',NULL,'panel_options',96,354.92,1),(2603,148,'2022-10-19 01:56:45','2022-10-19 01:56:45',NULL,'panel_options',106,153.90,1),(2604,148,'2022-10-19 01:56:45','2022-10-19 01:56:45',NULL,'panel_options',109,85.37,1),(2605,148,'2022-10-19 01:56:45','2022-10-19 01:56:45',NULL,'panel_options',82,223.73,1),(2606,148,'2022-10-19 01:56:45','2022-10-19 01:56:45',NULL,'panel_options',74,0.00,1),(2607,148,'2022-10-19 01:56:45','2022-10-19 01:56:45',NULL,'panel_options',68,91.38,1),(2608,149,'2022-11-07 02:21:42','2022-11-07 02:21:42',NULL,'cards',9,377.00,1),(2609,149,'2022-11-07 02:21:42','2022-11-07 02:21:42',NULL,'cards',9,377.00,1),(2610,149,'2022-11-07 02:21:42','2022-11-07 02:21:42',NULL,'sensors',56,154.00,1),(2611,149,'2022-11-07 02:21:42','2022-11-07 02:21:42',NULL,'sensors',57,570.00,1),(2612,149,'2022-11-07 02:21:42','2022-11-07 02:21:42',NULL,'sensors',66,1575.00,1),(2613,149,'2022-11-07 02:21:42','2022-11-07 02:21:42',NULL,'sensors',67,1575.00,1),(2614,149,'2022-11-07 02:21:42','2022-11-07 02:21:42',NULL,'panel_options',233,0.00,1),(2615,149,'2022-11-07 02:21:42','2022-11-07 02:21:42',NULL,'panel_options',234,151.00,1),(2616,149,'2022-11-07 02:21:42','2022-11-07 02:21:42',NULL,'panel_options',124,266.00,1),(2617,149,'2022-11-07 02:21:42','2022-11-07 02:21:42',NULL,'panel_options',86,985.42,1),(2618,149,'2022-11-07 02:21:42','2022-11-07 02:21:42',NULL,'panel_options',88,0.00,1),(2619,149,'2022-11-07 02:21:42','2022-11-07 02:21:42',NULL,'panel_options',73,0.00,1),(2620,149,'2022-11-07 02:21:42','2022-11-07 02:21:42',NULL,'panel_options',81,103.41,1),(2621,149,'2022-11-07 02:21:42','2022-11-07 02:21:42',NULL,'accessories',62,1147.00,1),(2622,149,'2022-11-07 02:21:42','2022-11-07 02:21:42',NULL,'accessories',119,591.00,1),(2623,149,'2022-11-07 02:21:42','2022-11-07 02:21:42',NULL,'accessories',65,1342.00,1),(2624,149,'2022-11-07 02:21:42','2022-11-07 02:21:42',NULL,'accessories',67,491.00,1),(2625,149,'2022-11-07 02:21:42','2022-11-07 02:21:42',NULL,'accessories',80,651.60,1),(2626,149,'2022-11-07 02:21:42','2022-11-07 02:21:42',NULL,'accessories',81,568.51,1),(2627,150,'2022-11-09 23:38:32','2022-11-09 23:38:32',NULL,'cards',29,722.00,1),(2628,150,'2022-11-09 23:38:32','2022-11-09 23:38:32',NULL,'sensors',62,2322.00,1),(2629,150,'2022-11-09 23:38:32','2022-11-09 23:38:32',NULL,'sensors',55,488.00,1),(2630,150,'2022-11-09 23:38:32','2022-11-09 23:38:32',NULL,'sensors',66,1575.00,1),(2631,150,'2022-11-09 23:38:32','2022-11-09 23:38:32',NULL,'sensors',68,400.00,1),(2632,150,'2022-11-09 23:38:32','2022-11-09 23:38:32',NULL,'sensors',69,480.00,1),(2633,150,'2022-11-09 23:38:32','2022-11-09 23:38:32',NULL,'panel_options',233,0.00,1),(2634,150,'2022-11-09 23:38:32','2022-11-09 23:38:32',NULL,'panel_options',224,25.00,1),(2635,150,'2022-11-09 23:38:32','2022-11-09 23:38:32',NULL,'panel_options',123,308.00,1),(2636,150,'2022-11-09 23:38:32','2022-11-09 23:38:32',NULL,'panel_options',214,615.00,1),(2637,150,'2022-11-09 23:38:32','2022-11-09 23:38:32',NULL,'panel_options',138,0.00,1),(2638,150,'2022-11-09 23:38:32','2022-11-09 23:38:32',NULL,'panel_options',128,174.00,1),(2639,150,'2022-11-09 23:38:32','2022-11-09 23:38:32',NULL,'panel_options',127,163.00,1),(2640,150,'2022-11-09 23:38:32','2022-11-09 23:38:32',NULL,'panel_options',28,339.00,1),(2641,150,'2022-11-09 23:38:32','2022-11-09 23:38:32',NULL,'panel_options',111,791.96,1),(2642,150,'2022-11-09 23:38:32','2022-11-09 23:38:32',NULL,'panel_options',7,300.00,1),(2643,150,'2022-11-09 23:38:32','2022-11-09 23:38:32',NULL,'panel_options',89,0.00,1),(2644,150,'2022-11-09 23:38:32','2022-11-09 23:38:32',NULL,'panel_options',81,103.41,1),(2645,150,'2022-11-09 23:38:32','2022-11-09 23:38:32',NULL,'panel_options',75,0.00,1),(2646,151,'2022-11-14 19:44:31','2022-11-14 19:44:31',NULL,'cards',9,377.00,1),(2647,151,'2022-11-14 19:44:31','2022-11-14 19:44:31',NULL,'sensors',56,154.00,1),(2648,151,'2022-11-14 19:44:31','2022-11-14 19:44:31',NULL,'sensors',66,1575.00,5),(2649,151,'2022-11-14 19:44:31','2022-11-14 19:44:31',NULL,'panel_options',233,0.00,1),(2650,151,'2022-11-14 19:44:31','2022-11-14 19:44:31',NULL,'panel_options',234,151.00,1),(2651,151,'2022-11-14 19:44:31','2022-11-14 19:44:31',NULL,'panel_options',124,266.00,1),(2652,152,'2022-11-14 20:06:48','2022-11-14 20:06:48',NULL,'cards',9,377.00,1),(2653,152,'2022-11-14 20:06:48','2022-11-14 20:06:48',NULL,'sensors',56,154.00,1),(2654,152,'2022-11-14 20:06:48','2022-11-14 20:06:48',NULL,'sensors',66,1575.00,6),(2655,152,'2022-11-14 20:06:48','2022-11-14 20:06:48',NULL,'panel_options',233,0.00,1),(2656,152,'2022-11-14 20:06:48','2022-11-14 20:06:48',NULL,'panel_options',234,151.00,1),(2657,152,'2022-11-14 20:06:48','2022-11-14 20:06:48',NULL,'panel_options',124,266.00,1),(2658,153,'2022-12-12 23:41:51','2022-12-12 23:41:51',NULL,'cards',5,419.00,1),(2659,153,'2022-12-12 23:41:51','2022-12-12 23:41:51',NULL,'cards',33,753.00,1),(2660,153,'2022-12-12 23:41:51','2022-12-12 23:41:51',NULL,'cards',29,722.00,1),(2661,153,'2022-12-12 23:41:51','2022-12-12 23:41:51',NULL,'sensors',78,570.00,1),(2662,153,'2022-12-12 23:41:51','2022-12-12 23:41:51',NULL,'sensors',54,162.00,1),(2663,153,'2022-12-12 23:41:51','2022-12-12 23:41:51',NULL,'sensors',40,649.00,1),(2664,153,'2022-12-12 23:41:51','2022-12-12 23:41:51',NULL,'sensors',55,488.00,1),(2665,153,'2022-12-12 23:41:51','2022-12-12 23:41:51',NULL,'sensors',66,1575.00,1),(2666,153,'2022-12-12 23:41:51','2022-12-12 23:41:51',NULL,'panel_options',233,0.00,1),(2667,153,'2022-12-12 23:41:51','2022-12-12 23:41:51',NULL,'panel_options',224,25.00,1),(2668,153,'2022-12-12 23:41:51','2022-12-12 23:41:51',NULL,'panel_options',123,308.00,1),(2669,153,'2022-12-12 23:41:51','2022-12-12 23:41:51',NULL,'panel_options',86,985.42,1),(2670,153,'2022-12-12 23:41:51','2022-12-12 23:41:51',NULL,'panel_options',90,0.00,1),(2671,153,'2022-12-12 23:41:51','2022-12-12 23:41:51',NULL,'panel_options',82,223.73,1),(2672,153,'2022-12-12 23:41:51','2022-12-12 23:41:51',NULL,'panel_options',73,0.00,1),(2673,153,'2022-12-12 23:41:51','2022-12-12 23:41:51',NULL,'accessories',118,573.00,1),(2674,153,'2022-12-12 23:41:51','2022-12-12 23:41:51',NULL,'accessories',28,822.41,1),(2675,154,'2022-12-29 03:55:21','2022-12-29 03:55:21',NULL,'cards',9,377.00,1),(2676,154,'2022-12-29 03:55:21','2022-12-29 03:55:21',NULL,'sensors',56,154.00,1),(2677,154,'2022-12-29 03:55:21','2022-12-29 03:55:21',NULL,'panel_options',233,0.00,1),(2678,154,'2022-12-29 03:55:21','2022-12-29 03:55:21',NULL,'panel_options',234,151.00,1),(2679,154,'2022-12-29 03:55:21','2022-12-29 03:55:21',NULL,'panel_options',124,266.00,1),(2680,154,'2022-12-29 03:55:21','2022-12-29 03:55:21',NULL,'panel_options',79,773.44,1),(2681,154,'2022-12-29 03:55:21','2022-12-29 03:55:21',NULL,'panel_options',89,0.00,1),(2682,154,'2022-12-29 03:55:21','2022-12-29 03:55:21',NULL,'panel_options',81,103.41,1),(2683,154,'2022-12-29 03:55:21','2022-12-29 03:55:21',NULL,'panel_options',73,0.00,1),(2684,96,'2022-12-29 04:09:39','2022-12-29 04:09:39',NULL,'cards',5,419.00,1),(2685,96,'2022-12-29 04:09:39','2022-12-29 04:09:39',NULL,'sensors',54,162.00,1),(2686,96,'2022-12-29 04:09:39','2022-12-29 04:09:39',NULL,'panel_options',123,308.00,1),(2687,155,'2022-12-29 22:31:52','2022-12-29 22:32:33','2022-12-29 22:32:33','cards',9,377.00,1),(2688,155,'2022-12-29 22:31:52','2022-12-29 22:32:33','2022-12-29 22:32:33','sensors',56,154.00,1),(2689,155,'2022-12-29 22:31:52','2022-12-29 22:32:33','2022-12-29 22:32:33','panel_options',233,0.00,1),(2690,155,'2022-12-29 22:31:52','2022-12-29 22:32:33','2022-12-29 22:32:33','panel_options',234,151.00,1),(2691,155,'2022-12-29 22:31:52','2022-12-29 22:32:33','2022-12-29 22:32:33','panel_options',124,266.00,1),(2692,155,'2022-12-29 22:31:52','2022-12-29 22:32:33','2022-12-29 22:32:33','panel_options',79,773.44,1),(2693,155,'2022-12-29 22:31:52','2022-12-29 22:32:33','2022-12-29 22:32:33','panel_options',88,0.00,1),(2694,155,'2022-12-29 22:31:52','2022-12-29 22:32:33','2022-12-29 22:32:33','panel_options',81,103.41,1),(2695,155,'2022-12-29 22:31:52','2022-12-29 22:32:33','2022-12-29 22:32:33','panel_options',74,0.00,1),(2696,155,'2022-12-29 22:32:33','2022-12-29 22:32:33',NULL,'cards',9,377.00,1),(2697,155,'2022-12-29 22:32:33','2022-12-29 22:32:33',NULL,'sensors',56,154.00,1),(2698,155,'2022-12-29 22:32:33','2022-12-29 22:32:33',NULL,'panel_options',233,0.00,1),(2699,155,'2022-12-29 22:32:33','2022-12-29 22:32:33',NULL,'panel_options',234,151.00,1),(2700,155,'2022-12-29 22:32:33','2022-12-29 22:32:33',NULL,'panel_options',124,266.00,1),(2701,155,'2022-12-29 22:32:33','2022-12-29 22:32:33',NULL,'panel_options',79,773.44,1),(2702,155,'2022-12-29 22:32:33','2022-12-29 22:32:33',NULL,'panel_options',88,0.00,1),(2703,155,'2022-12-29 22:32:33','2022-12-29 22:32:33',NULL,'panel_options',81,103.41,1),(2704,155,'2022-12-29 22:32:33','2022-12-29 22:32:33',NULL,'panel_options',74,0.00,1);

--
-- Table structure for table `quote_sensor`
--

CREATE TABLE `quote_sensor` (
  `quote_id` bigint(20) unsigned NOT NULL,
  `sensor_id` bigint(20) unsigned NOT NULL,
  KEY `quote_id_fk_3689869` (`quote_id`) USING BTREE,
  KEY `sensor_id_fk_3689869` (`sensor_id`) USING BTREE,
  CONSTRAINT `quote_id_fk_3689869` FOREIGN KEY (`quote_id`) REFERENCES `quotes` (`id`) ON DELETE CASCADE,
  CONSTRAINT `sensor_id_fk_3689869` FOREIGN KEY (`sensor_id`) REFERENCES `sensors` (`id`) ON DELETE CASCADE
) ENGINE=InnoDB DEFAULT CHARSET=utf8mb4 COLLATE=utf8mb4_unicode_ci;

--
-- Dumping data for table `quote_sensor`
--


--
-- Table structure for table `quotes`
--

CREATE TABLE `quotes` (
  `id` bigint(20) unsigned NOT NULL AUTO_INCREMENT,
  `model_number` varchar(255) COLLATE utf8mb4_unicode_ci DEFAULT NULL,
  `controller_number` varchar(255) COLLATE utf8mb4_unicode_ci DEFAULT NULL,
  `panel_number` varchar(255) COLLATE utf8mb4_unicode_ci DEFAULT NULL,
  `customer_name` varchar(255) COLLATE utf8mb4_unicode_ci NOT NULL,
  `project_name` varchar(255) COLLATE utf8mb4_unicode_ci NOT NULL,
  `pricing_option_id` int(10) DEFAULT NULL,
  `pricing_option` varchar(255) COLLATE utf8mb4_unicode_ci NOT NULL,
  `type` varchar(255) COLLATE utf8mb4_unicode_ci NOT NULL,
  `status` varchar(255) COLLATE utf8mb4_unicode_ci DEFAULT NULL,
  `notes` text COLLATE utf8mb4_unicode_ci,
  `amount` decimal(15,2) NOT NULL,
  `code` varchar(255) COLLATE utf8mb4_unicode_ci DEFAULT NULL,
  `created_at` timestamp NULL DEFAULT NULL,
  `updated_at` timestamp NULL DEFAULT NULL,
  `deleted_at` timestamp NULL DEFAULT NULL,
  `sales_representative_id` bigint(20) unsigned DEFAULT NULL,
  `author_id` bigint(20) unsigned DEFAULT NULL,
  `controller_id` bigint(20) unsigned DEFAULT NULL,
  `controller_qty` int(100) DEFAULT '1',
  `sort_index` int(255) DEFAULT '0',
  PRIMARY KEY (`id`) USING BTREE,
  KEY `sales_representative_fk_3645545` (`sales_representative_id`) USING BTREE,
  KEY `author_fk_3683311` (`author_id`) USING BTREE,
  KEY `controller_fk_3689867` (`controller_id`) USING BTREE,
  CONSTRAINT `author_fk_3683311` FOREIGN KEY (`author_id`) REFERENCES `users` (`id`),
  CONSTRAINT `controller_fk_3689867` FOREIGN KEY (`controller_id`) REFERENCES `panel_controllers` (`id`),
  CONSTRAINT `sales_representative_fk_3645545` FOREIGN KEY (`sales_representative_id`) REFERENCES `users` (`id`)
) ENGINE=InnoDB AUTO_INCREMENT=156 DEFAULT CHARSET=utf8mb4 COLLATE=utf8mb4_unicode_ci;

--
-- Dumping data for table `quotes`
--

INSERT INTO `quotes` VALUES (59,'WCT900H-ANNNNN-NANNNN',NULL,'P3N-NNNNN','default','default',NULL,'60','draft','pending','notes demo',3614.31,NULL,'2021-06-18 17:01:44','2021-06-20 00:15:44','2021-06-20 00:15:44',222,1,8,1,59),(60,'WCT910H-BAANDM-LAFHNN','WCT910H-BAANDM-LAFHNN','P4HB-4CRBUA','Test1','Project1',NULL,'60','draft','pending',NULL,0.00,NULL,'2021-06-18 18:01:08','2021-06-20 00:15:48','2021-06-20 00:15:48',222,1,9,1,60),(61,'WCT600P-SSAM-BB-H2','WCT600P-SSAM-BB-H2','P2BLWT-4RBUTP','Test2','Project2',NULL,'58','draft','pending',NULL,0.00,NULL,'2021-06-18 18:08:43','2021-06-20 00:15:50','2021-06-20 00:15:50',222,1,12,1,61),(62,'WCT600P-SSAM-BB-H2','WCT600P-SSAM-BB-H2','P2BLWT-4RBUTP','Test2','Project2',NULL,'58','draft','pending',NULL,0.00,NULL,'2021-06-18 18:09:19','2021-06-20 00:16:11','2021-06-20 00:16:11',222,1,12,1,62),(63,'WCT900H-EBAANM-LAFIENNE','WCT900H-EBAANM-LAFIENNE','P1HW-2CRBUA','default','default',58,'58','draft','pending','Test',36012.38,NULL,'2021-06-18 18:29:22','2021-06-20 00:16:09','2021-06-20 00:16:09',222,1,8,4,63),(64,'WCT910H-BAANDM-LAFHNN','WCT910H-BAANDM-LAFHNN','P4HB-4CNNNN','Test1','Test Project',60,'60','draft','pending',NULL,0.00,NULL,'2021-06-18 21:22:46','2021-06-20 00:16:12','2021-06-20 00:16:12',1,1,9,1,64),(65,'WCT910H-BAANDM-LAFHNN','WCT910H-BAANDM-LAFHNN','P4HB-4CNNNN','Test1','Test Project',60,'60','draft','pending',NULL,0.00,NULL,'2021-06-18 21:22:52','2021-06-20 00:16:06','2021-06-20 00:16:06',1,1,9,1,65),(66,'WCT910H-BAANDM-LAFHNN','WCT910H-BAANDM-LAFHNN','P4HB-4CNNNN','Test1','Test Project',60,'60','draft','pending',NULL,0.00,NULL,'2021-06-18 21:23:03','2021-06-18 22:52:41','2021-06-18 22:52:41',1,1,9,1,66),(67,'WCT910H-BAANDM-LAFHNN','WCT910H-BAANDM-LAFHNN','P4HB-4CRBNN','Test1','Test Project',60,'60','draft','pending',NULL,0.00,NULL,'2021-06-18 22:59:05','2021-06-20 00:16:05','2021-06-20 00:16:05',1,1,9,1,67),(68,'WCT910H-BAANDM-LAFHNN','WCT910H-BAANDM-LAFHNN','P4HB-4CRBNN','Test1','Test Project',60,'60','draft','pending',NULL,0.00,NULL,'2021-06-18 23:28:32','2021-06-18 23:47:20','2021-06-18 23:47:20',1,1,9,1,68),(69,'WCT910H-BAANDM-LAFHNN','WCT910H-BAANDM-LAFHNN','P4HB-4CRBNN','Test1','Test Project',60,'60','draft','pending',NULL,6527.80,NULL,'2021-06-18 23:36:18','2021-06-18 23:47:06','2021-06-18 23:47:06',1,1,9,1,69),(70,'WCT900H-EBAANM-LAFIENNE','WCT900H-EBAANM-LAFIENNE','P1HW-2CRBUA','default','default',61,'61','draft','pending','Test',34720.86,NULL,'2021-06-19 15:51:59','2021-06-20 00:16:03','2021-06-20 00:16:03',222,1,8,4,70),(71,'WCT900H-EBAANM-LAFIENNE','WCT900H-EBAANM-LAFIENNE','P1HW-2CRBUA','default','default',61,'61','draft','pending','Test',34720.86,NULL,'2021-06-19 16:56:41','2021-06-20 00:16:02','2021-06-20 00:16:02',222,1,8,4,71),(72,'WCT900H-EBAANM-LAFIENNE','WCT900H-EBAANM-LAFIENNE','P1HW-2CRBUA','default','default',60,'60','draft','pending','Test',34720.86,NULL,'2021-06-19 17:21:23','2021-06-20 00:16:01','2021-06-20 00:16:01',222,1,8,4,72),(73,'WCT900H-EBAANM-LAFIENNE','WCT900H-EBAANM-LAFIENNE','P1HW-2CRBUA','default','default',60,'60','draft','pending','Test',34720.86,NULL,'2021-06-19 17:23:38','2021-06-20 00:16:00','2021-06-20 00:16:00',222,1,8,4,73),(74,'WCT900H-EBAANM-LAFIENNE','WCT900H-EBAANM-LAFIENNE','P1HW-2CRBUA','default','default',60,'60','draft','pending','Test',34720.86,NULL,'2021-06-19 17:37:36','2021-06-20 00:15:58','2021-06-20 00:15:58',222,1,8,4,74),(75,'WCT910H-AANNNN-NAIENN','WCT910H-AANNNN-NAIENN','P1P-NRNNN','default','default',59,'59','draft','pending','This is the <b>new quote</b> for a test.',26689.29,NULL,'2021-06-19 17:42:54','2021-06-20 00:15:55','2021-06-20 00:15:55',222,1,9,5,75),(76,'C9NNADNNWNN-LAFNNNN','C9NNADNNWNN-LAFNNNN','P2BLWT-NRBPA','default','default',61,'61','draft','pending',NULL,0.00,NULL,'2021-06-20 00:17:24','2022-01-13 19:23:48','2022-01-13 19:23:48',222,1,9,2,76),(77,'WCT900H-ANNNNN-LANNNN','WCT900H-ANNNNN-LANNNN','P1HW-NNNNN','New Test Customer','My Test project',59,'59','draft','pending','This is my test note',2347.21,NULL,'2021-06-21 19:15:31','2022-01-13 19:23:52','2022-01-13 19:23:52',250,1,8,2,77),(78,'WCT930P-ANNNNN-LAFNNN','WCT930P-ANNNNN-LAFNNN','P3BLWT-NNNNN','TestABC','ABCTest',58,'58','draft','pending',NULL,0.00,NULL,'2021-06-21 22:01:52','2022-01-13 19:23:56','2022-01-13 19:23:56',250,1,10,1,78),(79,'WCT600P-ASNN-BN-N','WCT600P-ASNN-BN-N','P1BLWT-NNNNN','edcecd','edcedc',58,'58','final','pending',NULL,12363.82,NULL,'2021-06-22 15:44:33','2022-01-13 19:23:59','2022-01-13 19:23:59',1,1,12,5,79),(80,'WCT600H-CSAN-BN-H2','WCT600H-CSAN-BN-H2','P1P-NNNNN','asdf','asdf',58,'58','final','pending',NULL,0.00,NULL,'2021-06-22 17:51:29','2022-01-13 19:24:03','2022-01-13 19:24:03',1,1,5,1,80),(81,'WCT910H-AANNNN-LAFINN','WCT910H-AANNNN-LAFINN','P1HW-NNNNN','asdf','asdf',58,'58','final','pending',NULL,0.00,NULL,'2021-06-23 00:57:23','2021-06-25 18:05:26','2021-06-25 18:05:26',1,1,9,1,81),(82,'WCT900H-NNNNNN-NNNNNN','WCT900H-NNNNNN-NNNNNN','P1P-NNNNN','JuneTest','JuneTest',59,'59','draft','pending',NULL,1796.30,NULL,'2021-06-30 18:47:37','2021-06-30 18:51:46','2021-06-30 18:51:46',245,1,8,1,82),(83,'WCT910P-NNNNNN-NNNNNNN','WCT910P-NNNNNN-NNNNNNN','P1BLWT-NNNNN','LailaTest','LailaProject - what is minimum chars number?',58,'58','draft','pending','<div><div class=\"single--header single--blog\"><div class=\"container\"><div class=\"row\"><div class=\"col-12 col-lg-10 offset-lg-1\"><p class=\"single--excerpt text-center mb-2 pb-1\">Learn about the three main ways to send and receive SMS from your computer.</p><div class=\"post-meta\"><div class=\"post-author text-muted\"><img alt=\"Meghan Tocci\" src=\"https://secure.gravatar.com/avatar/af987b57e31d64f464fb01336e49627a?s=96&amp;d=mm&amp;r=g\" class=\"lazyloaded\">&#160;<a class=\"text-muted\" href=\"https://simpletexting.com/author/meghan/\">Meghan Tocci</a>&#160;&#8226;&#160;<span class=\"span-reading-time rt-reading-time\"><span class=\"rt-label rt-prefix\"></span><span class=\"rt-time\">3</span>&#160;<span class=\"rt-label rt-postfix\"></span></span>min read</div></div></div><div class=\"mt-3 mt-md-5 pt-0 pt-lg-3\"></div><div class=\"col-12\"><div class=\"row g-0\"><div class=\"col-12\"><picture class=\"img-blog-container d-block\"><source media=\"(max-width:767px)\" srcset=\"https://simpletexting.com/wp-content/uploads/2019/08/sms-from-computer-header-768x513.png\"></source><img class=\"img-fluid rounded skip-lazy\" src=\"https://simpletexting.com/wp-content/uploads/2019/08/sms-from-computer-header.png\" alt=\"Image for How to Send SMS From Your Computer\"></picture></div></div></div><div class=\"mt-3 mt-md-5 pt-0 pt-lg-3\"></div></div></div></div><section class=\"section pt-0 single--blog\"><div class=\"container\"><div class=\"row\"><div class=\"col-12 col-lg-8 offset-lg-2\"><div class=\"single--content\"><p>There are still people out there who talk about missing their Blackberries. Seriously,&#160;<a href=\"https://medium.com/@dallincrump/why-im-going-back-to-an-old-blackberry-aa906cb28c12\">we&#8217;re not kidding</a>. And yes, we get it. Big keyboards are comfortable to type on. But to those people we say&#8212;you know you can text from your computer, right?</p><p>There are a few different ways you can transform your laptop or PC into an SMS messenger, three of which we&#8217;ll highlight for you today.</p><p>And while the first two solutions you&#8217;ll read about are free, there are some serious limitations. Take a quick look at what we mean below.</p><figure class=\"wp-block-table is-style-regular\"><table><thead><tr><th></th><th>Email</th><th>Laptop</th><th>SMS Software</th></tr></thead><tbody><tr><td>Sends large text blasts</td><td><img role=\"img\" class=\"emoji\" alt=\"&#128683;\" src=\"https://s.w.org/images/core/emoji/13.0.1/svg/1f6ab.svg\"></td><td><img role=\"img\" class=\"emoji\" alt=\"&#128683;\" src=\"https://s.w.org/images/core/emoji/13.0.1/svg/1f6ab.svg\"></td><td><img role=\"img\" class=\"emoji\" alt=\"&#9989;\" src=\"https://s.w.org/images/core/emoji/13.0.1/svg/2705.svg\"></td></tr><tr><td>Group message without reply all</td><td><img role=\"img\" class=\"emoji\" alt=\"&#128683;\" src=\"https://s.w.org/images/core/emoji/13.0.1/svg/1f6ab.svg\"></td><td><img role=\"img\" class=\"emoji\" alt=\"&#128683;\" src=\"https://s.w.org/images/core/emoji/13.0.1/svg/1f6ab.svg\"></td><td><img role=\"img\" class=\"emoji\" alt=\"&#9989;\" src=\"https://s.w.org/images/core/emoji/13.0.1/svg/2705.svg\"></td></tr><tr><td>Requires internet</td><td><img role=\"img\" class=\"emoji\" alt=\"&#9989;\" src=\"https://s.w.org/images/core/emoji/13.0.1/svg/2705.svg\"></td><td><img role=\"img\" class=\"emoji\" alt=\"&#9989;\" src=\"https://s.w.org/images/core/emoji/13.0.1/svg/2705.svg\"></td><td><img role=\"img\" class=\"emoji\" alt=\"&#9989;\" src=\"https://s.w.org/images/core/emoji/13.0.1/svg/2705.svg\"></td></tr><tr><td>Provides delivery reports and&#160;analytics</td><td><img role=\"img\" class=\"emoji\" alt=\"&#128683;\" src=\"https://s.w.org/images/core/emoji/13.0.1/svg/1f6ab.svg\"></td><td><img role=\"img\" class=\"emoji\" alt=\"&#128683;\" src=\"https://s.w.org/images/core/emoji/13.0.1/svg/1f6ab.svg\"></td><td><img role=\"img\" class=\"emoji\" alt=\"&#9989;\" src=\"https://s.w.org/images/core/emoji/13.0.1/svg/2705.svg\"></td></tr><tr><td>Ability to automate messages</td><td><img role=\"img\" class=\"emoji\" alt=\"&#128683;\" src=\"https://s.w.org/images/core/emoji/13.0.1/svg/1f6ab.svg\"></td><td><img role=\"img\" class=\"emoji\" alt=\"&#128683;\" src=\"https://s.w.org/images/core/emoji/13.0.1/svg/1f6ab.svg\"></td><td><img role=\"img\" class=\"emoji\" alt=\"&#9989;\" src=\"https://s.w.org/images/core/emoji/13.0.1/svg/2705.svg\"></td></tr><tr><td>Text-to-subscribe keywords available</td><td><img role=\"img\" class=\"emoji\" alt=\"&#128683;\" src=\"https://s.w.org/images/core/emoji/13.0.1/svg/1f6ab.svg\"></td><td><img role=\"img\" class=\"emoji\" alt=\"&#128683;\" src=\"https://s.w.org/images/core/emoji/13.0.1/svg/1f6ab.svg\"></td><td><img role=\"img\" class=\"emoji\" alt=\"&#9989;\" src=\"https://s.w.org/images/core/emoji/13.0.1/svg/2705.svg\"></td></tr><tr><td>Message delivered from an actual phone number</td><td><img role=\"img\" class=\"emoji\" alt=\"&#128683;\" src=\"https://s.w.org/images/core/emoji/13.0.1/svg/1f6ab.svg\"></td><td><img role=\"img\" class=\"emoji\" alt=\"&#9989;\" src=\"https://s.w.org/images/core/emoji/13.0.1/svg/2705.svg\"></td><td><img role=\"img\" class=\"emoji\" alt=\"&#9989;\" src=\"https://s.w.org/images/core/emoji/13.0.1/svg/2705.svg\"></td></tr></tbody></table></figure><div class=\"cta  horizontal\"><div class=\"container\"><div class=\"row\"><div class=\"d-flex flex-column flex-md-row\"><div class=\"align-self-center cta-icon\"><span class=\"fal fa-phone-laptop\" aria-hidden=\"true\"></span></div><div class=\"align-self-center\"><div class=\"cta-heading\"><h2>Start Texting on Your Computer</h2></div><div class=\"cta-content\">Get everything you need to start sending texts right from your PC. Sign up for a free trial today and get 14 days of access to all of our features.</div></div><div class=\"align-self-center cta-button text-center\"><a class=\"btn  btn-primary \" href=\"https://app2.simpletexting.com/sign-up/\" role=\"button\">TRY US FREE</a><p class=\"text-small text-muted text-center mb-0 mt-2\">No credit card required</p></div></div></div></div></div><h2>Three Ways to Text By Computer</h2><p>From the lesser-known to the conventional, sending SMS from your computer is easier than you might think!</p><h3>1. How to Send a Text Through Email</h3><p>As long as you (or your business) has an email address, and you know the phone service provider of who you&#8217;d like to text, you can reach them through your address.</p><p>Here&#8217;s how it works:</p></div></div></div></div></section></div>',0.00,NULL,'2021-06-30 19:09:12','2021-06-30 20:03:24','2021-06-30 20:03:24',1,1,13,1,83),(84,'WCT930P-ABBGDM-LAHGNNNN','WCT930P-ABBGDM-LAHGNNNN','P4WTBU-2CRBPTP','LailaTest','lko',58,'58','draft','pending',NULL,0.00,NULL,'2021-06-30 20:18:30','2022-01-13 19:24:16','2022-01-13 19:24:16',222,1,10,1,84),(85,'WCT900H-AABNNM-LAFHNN','WCT900H-AABNNM-LAFHNN','P1P-NNNNTP','asdf','sdaf',58,'58','draft','pending',NULL,0.00,NULL,'2021-07-01 22:39:32','2022-01-13 19:24:19','2022-01-13 19:24:19',222,1,8,1,85),(86,'WCT600P-CNNN-BN-H2','WCT600P-CNNN-BN-H2','P3HW-NNNUN','TEST!@#','default',58,'58','draft','pending',NULL,5144.41,NULL,'2021-07-15 18:47:17','2022-01-13 19:24:23','2022-01-13 19:24:23',222,1,12,1,86),(87,'WCT600P-CCNN-BAN-H2','WCT600P-CCNN-BAN-H2','P3BLWT-NRBPN','test','test',58,'58','draft','pending',NULL,0.00,NULL,'2021-07-19 17:24:55','2022-01-13 19:24:26','2022-01-13 19:24:26',1,1,12,1,87),(88,'Test Modem','Test Modem','GW-DATA-6GBT-Y1','Customer Name Here','Project Name Here',58,'58','final','pending','<b><i>This is a note placeholder.</i></b>',0.00,NULL,'2021-07-20 01:49:25','2022-01-14 17:50:40',NULL,222,1,60,1,88),(89,'WCT900P-ADNNNN-NAENNN','WCT900P-ADNNNN-NAENNN','P3HB-NNNUN','casdas','asdsa',58,'58','draft','pending',NULL,0.00,NULL,'2021-07-24 02:07:58','2021-07-24 02:07:58',NULL,1,1,9,1,89),(90,'WCT900H-ANNNNN-NANNNN','WCT900H-ANNNNN-NANNNN','P4HW-NNNUN','fgvrvf','regfdv',58,'58','final','pending','dcefce',3106.26,NULL,'2021-08-09 12:53:19','2021-08-09 12:53:19',NULL,250,1,8,1,90),(91,'WCT900H-ADNNNN-LANNN','WCT900H-ADNNNN-LANNN','P3HW-2CRBUA','default','default',58,'58','final','pending',NULL,5302.75,NULL,'2021-08-17 15:55:32','2021-08-17 15:55:32',NULL,1,1,8,1,91),(92,'WCT900P-AADNNN-LAFHNNN','WCT900P-AADNNN-LAFHNNN','P4HW-NNNUB','defaultqwwq','default',63,'63','draft','pending',NULL,0.00,NULL,'2021-08-23 17:43:56','2021-08-23 17:43:56',NULL,1,1,9,1,92),(93,'WCT900P-ADNNNN-LAFINNN','WCT900P-ADNNNN-LAFINNN','P4HB-4RBUA','tom test 72','Blah de Blah',62,'62','draft','pending',NULL,12264.05,NULL,'2021-08-25 00:59:44','2021-08-25 00:59:44',NULL,222,1,9,1,93),(94,'ABC-1','ABC-1','-------','default','default',59,'59','template','pending',NULL,5000.00,NULL,'2021-08-26 22:44:25','2021-08-26 22:44:28',NULL,222,1,55,1,94),(95,'WCT900P-ANNNNN-LANNNNN','WCT900P-ANNNNN-LANNNNN','NN-NNNNN','default','default',58,'58','template','pending',NULL,0.00,NULL,'2021-09-07 16:42:11','2021-09-07 16:42:11',NULL,1,1,9,1,95),(96,'C9NNANNNNNN-LANNNNN','C9NNANNNNNN-LANNNNN','NN-NNNNN','default','default',58,'58','draft','pending',NULL,0.00,NULL,'2021-09-07 16:49:12','2022-12-29 04:09:39',NULL,222,1,9,1,96),(97,'WCT900P-ANNNNN-LAAAAAAAAAAAAAAAA','WCT900P-ANNNNN-LAAAAAAAAAAAAAAAA','P3HW-NNNUN','default','Pre-configured Quote',58,'58','predefined','pending','W900 Series (8 Powered Relays, Prewired); Sensor Input module (2 universal inputs); Flow Switch Manifold, 20 foot cables, Low Pressure; Graphite contacting conductivity.&#160;Panel - 40&#34;H X 30&#34;W ( For Complete System, No Pumps); 1/2&#34; White HDPE; True Union Ball Valve (PVC);',0.00,NULL,'2021-09-07 17:14:55','2021-09-14 17:32:11','2021-09-14 17:32:11',1,1,9,1,97),(98,'ABC-1','ABC-1','-------','default','Nontrivial Quote',59,'59','predefined','pending','Some descriptions will be here',0.00,NULL,'2021-09-10 17:15:41','2021-09-20 23:47:12','2021-09-20 23:47:12',1,1,55,1,98),(99,'WCT600H-CNNN-BN-H2','WCT600H-CNNN-BN-H2','P3HB-NNNPN','default','Some Another Quote',58,'58','predefined','pending',NULL,0.00,NULL,'2021-09-13 23:31:08','2021-09-14 17:31:48','2021-09-14 17:31:48',222,1,5,1,99),(100,'WCT600P-NNNM-BA-H2','WCT600P-NNNM-BA-H2','P2HW-NNNPN','default','default',59,'59','predefined','pending',NULL,0.00,NULL,'2021-09-14 16:52:32','2021-11-12 20:34:04',NULL,1,1,12,1,110),(101,'WCT600P-CSNN-BBA-H2','WCT600P-CSNN-BBA-H2','P3HB-NNNPN','default','default',59,'59','draft','pending',NULL,0.00,NULL,'2021-09-14 16:59:32','2021-09-14 16:59:32',NULL,1,1,12,1,101),(102,'WCT900H-NNNNNN-LAINNN','WCT900H-NNNNNN-LAINNN','P3HW-NNNUN','default','default',61,'61','predefined','pending',NULL,0.00,NULL,'2021-09-14 17:06:35','2021-09-14 17:31:33','2021-09-14 17:31:33',222,1,8,2,102),(103,'WCT900P-NNNNNM-LAIFENN','WCT900P-NNNNNM-LAIFENN','P3HB-NNNPN','default','Predefined Quote Example',59,'59','predefined','pending','W900 Series (8 Powered Relays, Prewired); Modbus/BACnet TCP Protocol Option; Flow Switch Manifold, 20 foot cables, Low Pressure; Graphite contacting conductivity; Flat Surface WEL ORP; Flat surface WEL pH, No ATC; Graphite contacting conductivity for Makeup water, threaded mounting adapter',0.00,NULL,'2021-09-14 17:34:30','2023-01-04 19:40:12','2023-01-04 19:40:12',222,1,9,1,111),(104,'WCT600P-SSNN-BN-H2','WCT600P-SSNN-BN-H2','P3P-NNNPN','asdf','asdfsd',58,'58','final','pending',NULL,0.00,NULL,'2021-09-17 01:32:11','2021-09-17 01:32:11',NULL,124,124,12,1,104),(105,'CTS-BR-W600A','CTS-BR-W600A','-------','Chemtreat','Bronze Panel',62,'62','predefined','pending','CT Solutions Bronze Package -Includes C0248-CTS-PNL-A with the following equipment installed and wired. W600H, 6 powered relays, Ethernet, 2 Combination Boards (1SI, 1 AI), Dual AO Board, Flow Switch, Conductivity, ORP, Cellular, Powerpack 4, Mounting Kit<table border=\"0\" cellpadding=\"0\" cellspacing=\"0\" width=\"476\"></table>(Data plan to be ordered separately, GW-DATA-6GBT-Y1 or GW-DATA-12GBT-Y1)<table border=\"0\" cellpadding=\"0\" cellspacing=\"0\" width=\"476\"></table>',0.00,NULL,'2021-09-17 01:32:29','2021-09-20 23:23:37','2021-09-20 23:23:37',222,1,55,1,105),(106,'CTS-BR-W600A','CTS-BR-W600A','-------','Bronze Panel','Bronze Panel',62,'62','predefined','pending','Package includes : W600H ,6 powered relays, Ethernet, 2 Combination Boards (1SI, 1 AI), Dual AO Board, Flow Switch, Cond, ORP, Cellular, Powerpack 4, Mounting Kit. Requires Data Plan: GW-DATA-6GBT-Y1 or GW-DATA-12GBT-Y1',0.00,NULL,'2021-09-20 23:22:47','2023-01-04 19:44:01',NULL,222,1,55,1,109),(107,'CTS-SL-W600T','CTS-SL-W600T','N','Silver Panel','Silver Panel',62,'62','predefined','pending','<div>CT Solutions Silver Package -Includes C0248-CTS-PNL-A with the following equipment installed and wired.,W600H,6 powered relays,Ethernet,2 Combination Boards (1SI, 1 AI),Dual AO Board,Flow Switch,Conductivity,ORP,PTSA-Tagged Polymer,Cellular,Powerpack 4,Mounting Kit</div><div>(Data plan to be ordered separately; GW-DATA-6GBT-Y1 or GW-DATA-12GBT-Y1)</div>',0.00,NULL,'2021-09-20 23:30:28','2021-09-20 23:37:47','2021-09-20 23:37:47',222,1,56,1,107),(108,'CTS-SL-W600T','CTS-SL-W600T','-------','Silver Panel','Silver Panel',62,'62','predefined','pending',NULL,0.00,NULL,'2021-09-20 23:39:45','2021-09-20 23:44:49','2021-09-20 23:44:49',222,1,56,1,108),(109,'CTS-SL-W600T-PH','CTS-SL-W600T-PH','-------','Silver-pH Panel','Silver-pH Panel',62,'62','predefined','pending','Package Includes: W600H, 6 powered relays, Ethernet, 2 Combination Boards (1SI, 1 AI),Dual AO Board, Flow Switch, Cond, pH, PTSA-Tagged Polymer, Cellular, Powerpack 4, Mounting Kit. Requires Data plan: GW-DATA-6GBT-Y1 or GW-DATA-12GBT-Y1.<br>',0.00,NULL,'2021-09-20 23:41:08','2022-01-13 19:24:53','2022-01-13 19:24:53',222,1,57,1,107),(110,'CTS-SL-W600T','CTS-SL-W600T','-------','Silver Panel','Silver Panel',62,'62','predefined','pending','Includes: W600H, 6 powered relays, Ethernet, 2 Combination Boards (1SI, 1 AI), Dual AO Board, Flow Switch, Cond, ORP, PTSA-Tagged Polymer, Cellular, Powerpack 4, Mounting Kit. Requires Data plan:GW-DATA-6GBT-Y1 or GW-DATA-12GBT-Y1)<br>',0.00,NULL,'2021-09-20 23:46:24','2022-01-13 19:24:50','2022-01-13 19:24:50',222,1,56,1,106),(111,'CTS-GL-W910T','CTS-GL-W910T','-------','Gold Panel','Gold Panel',62,'62','predefined','pending','Includes:W910H, 7 powered, 1 dry relay, Wifi dual board, two Dual sensor input boards, one 6 AI board, one 2 AI-4AO board, Flow Switch, Cond, ORP, pH, PTSA-Tagged Polymer, Cellular, Powerpack 4, Mounting Kit. Requires Data plan: GW-DATA-6GBT-Y1 or GW-DATA-12GBT-Y1<br>',0.00,NULL,'2021-09-20 23:49:46','2022-01-13 19:24:47','2022-01-13 19:24:47',222,1,58,1,107),(112,'CTS-PL-W910T','CTS-PL-W910T','-------','Platinum Panel','Platinum Panel',62,'62','predefined','pending','Includes: W910H,7 powered, 1 dry relay(s), Wifi dual connection board, Two Dual sensor input boards, One 6 AI board, One 2 AI- 4AO board, Flow Switch, Cond, ORP, pH, PTSA-Tagged Polymer, Cellular, Powerpack 4, Two LPR (MS, Cu), Mounting Kit. Requires Data plan: GW-DATA-6GBT-Y1 or GW-DATA-12GBT-Y1<br>',0.00,NULL,'2021-09-21 00:17:25','2022-01-13 19:24:43','2022-01-13 19:24:43',222,1,59,1,108),(113,'Test Modem','Test Modem','GW-DATA-6GBT-Y1','Modem test','Modem test',63,'63','predefined','pending','Package Includes: W600H, 6 powered relays, Ethernet, 2 Combination Boards (1SI, 1 AI),Dual AO Board, Flow Switch, Cond, pH, PTSA-Tagged Polymer, Cellular, Powerpack 4, Mounting Kit. Data Plan 6 GB per year.<br>',0.00,NULL,'2021-09-21 01:13:02','2022-01-13 19:24:36','2022-01-13 19:24:36',222,1,60,1,112),(114,'C9A000PADNNDMH-LAHNNNN','C9A000PADNNDMH-LAHNNNN','PB4HB-4CRBUA','Bob Johnson','Giant tower',60,'60','draft','pending',NULL,0.00,NULL,'2021-11-03 01:47:33','2022-04-20 01:56:35','2022-04-20 01:56:35',119,264,9,1,0),(115,'C9A000PAAHNNNH-LAFHRNN','C9A000PAAHNNNH-LAFHRNN','PB4HB-4RBUA','Jay McLeran','Giant Tower II',60,'60','draft','pending',NULL,0.00,NULL,'2021-11-04 00:42:06','2022-04-20 01:56:37','2022-04-20 01:56:37',125,264,9,1,0),(116,'CTS-BR-W600A','CTS-BR-W600A','N','2222','Bronze with Data Plan',62,'62','predefined','pending','Bronze Panel Blah Blah',0.00,NULL,'2021-11-04 23:34:44','2021-11-04 23:34:44','2021-11-11 05:00:00',255,1,65,1,0),(117,'CTS-BR-W600A','CTS-BR-W600A','N','2222','Bronze Panel with Data Plan',62,'62','predefined','pending','Package includes : W600H ,6 powered relays, Ethernet, 2 Combination Boards (1SI, 1 AI), Dual AO Board, Flow Switch, Cond, ORP, Cellular, Powerpack 4, Mounting Kit. Includes 4G Data Plan GW-DATA-12GBT-Y1',0.00,NULL,'2021-11-04 23:39:15','2022-01-13 19:24:39','2022-01-13 19:24:39',222,1,65,1,0),(118,'CTS-BR-W600A','CTS-BR-W600A','N','Bob Johnson','Giant tower',62,'62','draft','pending','Package includes : W600H ,6 powered relays, Ethernet, 2 Combination Boards (1SI, 1 AI), Dual AO Board, Flow Switch, Cond, ORP, Cellular, Powerpack 4, Mounting Kit. Includes 4G Data Plan GW-DATA-12GBT-Y1',0.00,NULL,'2021-11-05 18:49:39','2023-01-04 19:44:01',NULL,51,50,65,1,108),(119,'C9NNAANNNNN-LAFIENN','C9NNAANNNNN-LAFIENN','PB2P-NNNPN','wer','ewre',58,'58','draft','pending',NULL,0.00,NULL,'2021-11-10 18:42:23','2022-04-20 01:56:39','2022-04-20 01:56:39',116,264,9,1,0),(120,'C9A000HAAADNNN-LAAIFEOR','C9A000HAAADNNN-LAAIFEOR','PB3BLWT-2RNUA','Test BN','Test Project BN',60,'60','draft','pending',NULL,0.00,NULL,'2021-11-12 21:19:05','2021-11-12 21:19:05',NULL,134,124,9,1,0),(121,'WCT600P-SSNN-AN-H2','WCT600P-SSNN-AN-H2','PB2P-NRBPB','Chemtreat','664944704',61,'61','final','pending',NULL,0.00,NULL,'2021-11-30 20:39:29','2021-11-30 20:39:29',NULL,123,123,12,1,0),(122,'C9A000PAADHNNH-LAFIRNN','C9A000PAADHNNH-LAFIRNN','PB4N-4CRBUA','Bob Johnson','Giant tower',60,'60','draft','pending',NULL,0.00,NULL,'2021-12-01 21:22:19','2022-04-20 01:56:41','2022-04-20 01:56:41',264,264,9,1,0),(123,'WCT600P-SNNN-BN-H2','WCT600P-SNNN-BN-H2','PB4WTBU-2RBUB','Blackmore','Trial',60,'60','draft','pending',NULL,0.00,NULL,'2021-12-16 19:12:16','2021-12-16 19:12:16',NULL,133,133,12,1,0),(124,'CSCT9A000PANNNNNN-LANNNNN','CSCT9A000PANNNNNN-LANNNNN','H2-P4-GRAYGRAY','Test','test',58,'58','draft','pending',NULL,0.00,NULL,'2022-01-13 19:22:16','2022-01-13 19:22:16',NULL,253,1,61,1,0),(125,'C9A000PAAEHDMN-LFARNNN','C9A000PAAEHDMN-LFARNNN','P3HB-2NNPN','Keytech','W600 Turbidity',60,'60','draft','pending',NULL,0.00,NULL,'2022-01-19 02:27:36','2022-02-01 21:05:05',NULL,265,265,9,1,0),(126,'WCT600P-CCAE-BA-H2','WCT600P-CCAE-BA-H2','P3HB-2NNPN','Keytech','W600 Turbidity',60,'60','draft','pending',NULL,0.00,NULL,'2022-01-19 02:27:44','2022-01-19 02:28:23','2022-01-19 02:28:23',265,265,12,1,0),(127,'C9A000PAADNNNL-LAFINNN','C9A000PAADNNNL-LAFINNN','P4HB-4RBUB','Trial','Trial',60,'60','draft','pending',NULL,0.00,NULL,'2022-02-01 20:41:33','2022-02-01 20:41:33',NULL,133,133,9,1,0),(128,'WCT600P-CNNN-BN-H2','WCT600P-CNNN-BN-H2','P4BLWT-4CRBUN','AquaPhase','Sample',60,'60','draft','pending',NULL,0.00,NULL,'2022-03-03 20:25:44','2022-03-03 20:25:44',NULL,133,133,12,1,0),(129,'C9NNNNNNNNN-LNNNNNN','C9NNNNNNNNN-LNNNNNN','NN-NNNNN','test','test',58,'58','draft','pending',NULL,0.00,NULL,'2022-03-21 14:24:57','2022-03-21 14:24:57',NULL,1,1,9,1,0),(130,'WCT600H-CSAN-BN-H2','WCT600H-CSAN-BN-H2','P2P-NRBNN','TestNAME','test',58,'58','final','pending',NULL,0.00,NULL,'2022-03-25 13:32:03','2022-03-25 14:16:53','2022-03-25 14:16:53',118,264,5,1,0),(131,'C9NPANNNNNN-LAINNNN','C9NPANNNNNN-LAINNNN','NN-NNNNN','exdedx','edxedxedx',59,'59','draft','pending',NULL,0.00,NULL,'2022-04-08 11:59:52','2022-04-08 11:59:52',NULL,1,1,9,1,0),(132,'C9NPNNNNNNN-LNNNNNN','C9NPNNNNNNN-LNNNNNN','P4P-NNNNN','qwe','asd',58,'58','final','pending',NULL,0.00,NULL,'2022-04-18 11:30:29','2022-11-07 02:20:34','2022-11-07 02:20:34',116,264,9,1,0),(133,'C9B000PANNNNNN-LANNNNN','C9B000PANNNNNN-LANNNNN','P2HW-NNNUN','test','test',58,'58','predefined','pending',NULL,0.00,NULL,'2022-04-20 01:59:24','2022-04-20 02:03:19','2022-04-20 02:03:19',116,264,9,1,0),(134,'C9B000PANNNNNN-LANNNNN','C9B000PANNNNNN-LANNNNN','P2HW-NNNUN','test','test',58,'58','predefined','pending',NULL,0.00,NULL,'2022-04-20 02:00:07','2022-04-20 02:03:22','2022-04-20 02:03:22',116,264,9,1,0),(135,'C9A000PANNNNNN-LANNNNN','C9A000PANNNNNN-LANNNNN','P3P-NNNPN','asdasd','asdasd',58,'58','predefined','pending',NULL,0.00,NULL,'2022-04-20 02:04:14','2022-04-20 02:04:14',NULL,116,264,9,1,0),(136,'C9A000PANNNNNL-LANNNNN','C9A000PANNNNNL-LANNNNN','P2HW-NNNPN','test','Project321',58,'58','final','pending',NULL,0.00,NULL,'2022-04-20 02:06:34','2022-04-20 02:06:34',NULL,116,264,9,1,0),(137,'C9A000PANNNNNN-LANNNNN','C9A000PANNNNNN-LANNNNN','P3P-NNNNN','asdasd','asd',58,'58','draft','pending',NULL,0.00,NULL,'2022-04-20 02:07:31','2022-04-20 02:07:53',NULL,116,264,9,1,0),(138,'C9A000PANNNNNN-LANNNNN','C9A000PANNNNNN-LANNNNN','P3HW-NNNPN','asdasd','asd',58,'58','draft','pending',NULL,0.00,NULL,'2022-05-09 04:20:43','2022-05-09 04:20:43',NULL,119,264,9,1,0),(139,'WCT600H-CNNN-BN-H2','WCT600H-CNNN-BN-H2','P2P-NRNPN','Acme','Tower',58,'58','draft','pending',NULL,0.00,NULL,'2022-06-03 00:22:04','2022-06-03 00:22:04',NULL,1,1,5,1,0),(140,'WCT600P-CCAN-BA-H2','WCT600P-CCAN-BA-H2','P2P-NNNUN','Acme Manufacturing','Cooling Tower Panel',58,'58','draft','pending',NULL,0.00,NULL,'2022-06-22 19:41:16','2022-06-22 19:41:16',NULL,298,1,12,1,0),(141,'C9A000PADHNNNH-LFIRNNN','C9A000PADHNNNH-LFIRNNN','P4HB-4CRBUA','2222','Giant tower',60,'60','final','pending',NULL,0.00,NULL,'2022-06-22 19:55:03','2022-06-22 19:55:03',NULL,119,125,9,1,0),(142,'C9A000PAADHNNH-LFAHRNN','C9A000PAADHNNH-LFAHRNN','P4HB-4CRBUA','Bob Johnson','Giant tower',58,'58','final','pending',NULL,0.00,NULL,'2022-06-22 20:05:09','2022-06-22 20:05:09',NULL,119,125,9,1,0),(143,'C9A000PAADNNNH-LAFHNNN','C9A000PAADNNNH-LAFHNNN','P3HB-4CRBUA','Bob Johnson4erf442','Giant tower',58,'58','final','pending',NULL,0.00,NULL,'2022-06-22 20:16:41','2022-06-22 20:16:41',NULL,119,125,9,1,0),(144,'WCT6A00NCNNN-L sensors','WCT6A00NCNNN-L sensors','P2N-NRBPN','Chemtreat','Panel',58,'58','draft','pending',NULL,0.00,NULL,'2022-09-01 23:43:50','2022-09-01 23:43:50',NULL,123,123,5,1,0),(145,'CTCST6NNCNNN-L sensors','CTCST6NNCNNN-L sensors','NGRAY','Chemtreat','ree',58,'58','final','pending',NULL,0.00,NULL,'2022-09-01 23:51:50','2022-09-02 00:07:32',NULL,60,50,63,1,0),(146,'WCT6A00NCNNN-L sensors','WCT6A00NCNNN-L sensors','P3HB-2RBUTP','Chris Suchey','AT&T Champa',61,'61','final','pending',NULL,0.00,NULL,'2022-09-21 20:10:52','2022-09-21 20:10:52',NULL,132,125,5,1,0),(147,'WCT6A00NCCNE-L sensors','WCT6A00NCCNE-L sensors','P3BUWT-4RBUB','Bob Johnson','Giant tower',60,'60','draft','pending',NULL,0.00,NULL,'2022-10-19 01:56:43','2022-10-19 01:56:43',NULL,296,296,5,1,0),(148,'WCT6A00NCCNM-L sensors','WCT6A00NCCNM-L sensors','P3BUWT-4RBUB','Andy Bryant','dhs',58,'58','draft','pending',NULL,0.00,NULL,'2022-10-19 01:56:45','2022-10-19 01:56:45',NULL,296,296,5,1,0),(149,'WCT6A00NCCNN-L sensors','WCT6A00NCCNN-L sensors','P4P-NNNPN','test','qwer',58,'58','draft','pending',NULL,0.00,NULL,'2022-11-07 02:21:42','2022-11-07 02:21:42',NULL,116,264,5,1,0),(150,'C9A000PDNNNNMN-LRNNNNN','C9A000PDNNNNMN-LRNNNNN','NHW-NNNPN','TestNAME','test',58,'58','draft','pending',NULL,0.00,NULL,'2022-11-09 23:38:32','2022-11-09 23:38:32',NULL,126,264,9,1,0),(151,'WCT6A00NCNNN-L sensors','WCT6A00NCNNN-L sensors','NN-NNNNN','AQA','Project 1',58,'58','draft','pending',NULL,0.00,NULL,'2022-11-14 19:44:31','2022-11-14 19:44:31',NULL,222,1,5,1,0),(152,'WCT6A00NCNNN-L sensors','WCT6A00NCNNN-L sensors','NN-NNNNN','asd','asd',58,'58','draft','pending',NULL,0.00,NULL,'2022-11-14 20:06:48','2022-11-14 20:06:48',NULL,250,1,5,1,0),(153,'C9NPADHNNNN-LFAHRNN','C9NPADHNNNN-LFAHRNN','P4HB-NNNUN','Andy Bryant','dhs',58,'58','final','pending',NULL,0.00,NULL,'2022-12-12 23:41:51','2022-12-12 23:41:51',NULL,296,296,9,1,0),(154,'WCT6A00NCNNN-L sensors','WCT6A00NCNNN-L sensors','P2HW-NNNPN','Aquaphoenix','A-Pro',58,'58','predefined','pending',NULL,0.00,NULL,'2022-12-29 03:55:21','2022-12-29 22:30:29','2022-12-29 22:30:29',1,1,5,1,0),(155,'WCT6A00NCNNN-L sensors','WCT6A00NCNNN-L sensors','P2P-NNNPN','Template 1','Aqua Test',58,'58','predefined','pending',NULL,0.00,NULL,'2022-12-29 22:31:52','2022-12-29 22:32:33',NULL,253,1,5,1,0);

--
-- Table structure for table `role_user`
--

CREATE TABLE `role_user` (
  `user_id` bigint(20) unsigned NOT NULL,
  `role_id` bigint(20) unsigned NOT NULL,
  KEY `user_id_fk_3645525` (`user_id`) USING BTREE,
  KEY `role_id_fk_3645525` (`role_id`) USING BTREE,
  CONSTRAINT `role_id_fk_3645525` FOREIGN KEY (`role_id`) REFERENCES `roles` (`id`) ON DELETE CASCADE,
  CONSTRAINT `user_id_fk_3645525` FOREIGN KEY (`user_id`) REFERENCES `users` (`id`) ON DELETE CASCADE
) ENGINE=InnoDB DEFAULT CHARSET=utf8mb4 COLLATE=utf8mb4_unicode_ci;

--
-- Dumping data for table `role_user`
--

INSERT INTO `role_user` VALUES (1,1),(2,2),(3,2),(4,2),(5,2),(7,2),(6,1),(8,2),(9,1),(10,2),(11,2),(12,1),(14,4),(15,2),(16,3),(17,3),(18,3),(19,3),(20,3),(21,4),(22,3),(23,3),(24,2),(25,2),(26,2),(27,2),(28,2),(29,2),(30,3),(31,3),(32,3),(33,3),(34,3),(35,3),(36,3),(37,3),(38,3),(39,4),(40,3),(41,3),(42,3),(43,3),(44,3),(45,3),(46,3),(47,3),(48,3),(49,3),(50,3),(51,3),(52,2),(54,2),(60,2),(65,3),(66,2),(67,4),(68,2),(69,3),(70,2),(71,3),(72,3),(73,2),(74,3),(75,2),(76,3),(77,2),(78,3),(79,2),(80,3),(81,2),(82,3),(83,3),(84,2),(85,3),(86,3),(87,3),(88,3),(89,3),(91,3),(92,3),(93,2),(94,2),(95,3),(96,2),(97,2),(98,2),(99,3),(100,2),(101,2),(102,2),(103,2),(104,2),(105,2),(106,2),(107,2),(108,2),(109,2),(110,2),(111,3),(112,3),(113,3),(114,3),(115,3),(120,3),(122,3),(123,3),(125,3),(126,3),(128,4),(132,2),(133,2),(134,2),(137,3),(139,2),(141,2),(143,3),(144,2),(146,2),(147,3),(148,3),(149,3),(150,3),(151,3),(152,3),(153,3),(154,3),(155,3),(156,3),(157,3),(158,3),(159,3),(160,3),(161,3),(162,3),(163,3),(164,3),(165,3),(166,3),(167,3),(168,3),(169,3),(170,3),(171,3),(172,3),(173,2),(174,3),(175,2),(176,2),(177,2),(178,3),(179,2),(180,3),(181,2),(182,2),(183,4),(184,3),(185,3),(186,3),(187,3),(188,3),(189,4),(190,2),(191,3),(192,3),(193,3),(194,3),(195,3),(196,4),(197,2),(198,2),(199,3),(200,3),(201,3),(202,2),(203,2),(204,2),(205,2),(206,2),(207,2),(208,2),(209,2),(210,2),(211,2),(212,2),(213,2),(214,2),(216,2),(217,2),(218,2),(220,2),(221,2),(219,2),(223,2),(222,2),(224,2),(225,1),(226,2),(227,2),(228,2),(229,2),(231,2),(232,2),(233,2),(234,2),(235,2),(236,2),(237,2),(238,3),(239,3),(240,2),(241,2),(242,3),(243,2),(244,2),(245,4),(246,2),(215,4),(247,2),(249,2),(250,1),(250,2),(250,3),(250,4),(251,2),(253,2),(248,2),(53,3),(13,2),(254,2),(255,2),(257,3),(258,2),(260,4),(262,2),(264,4),(266,3),(272,2),(116,2),(118,4),(119,4),(265,3),(273,2),(274,2),(275,2),(276,2),(277,2),(278,2),(280,2),(281,2),(282,2),(283,2),(285,2),(286,2),(287,2),(288,2),(294,3),(295,3),(124,4),(296,3),(297,2),(298,4),(299,4),(300,2),(264,1),(264,1),(301,4),(302,4),(303,2),(304,2),(318,2),(319,2),(320,2),(321,2),(322,3),(323,4),(127,4),(325,2),(327,2),(328,2);

--
-- Table structure for table `roles`
--

CREATE TABLE `roles` (
  `id` bigint(20) unsigned NOT NULL AUTO_INCREMENT,
  `title` varchar(255) COLLATE utf8mb4_unicode_ci DEFAULT NULL,
  `created_at` timestamp NULL DEFAULT NULL,
  `updated_at` timestamp NULL DEFAULT NULL,
  `deleted_at` timestamp NULL DEFAULT NULL,
  PRIMARY KEY (`id`) USING BTREE
) ENGINE=InnoDB AUTO_INCREMENT=5 DEFAULT CHARSET=utf8mb4 COLLATE=utf8mb4_unicode_ci;

--
-- Dumping data for table `roles`
--

INSERT INTO `roles` VALUES (1,'SuperAdmin',NULL,'2021-05-18 12:29:16',NULL),(2,'User',NULL,NULL,NULL),(3,'Admin','2021-05-18 12:29:38','2021-05-18 12:29:38',NULL),(4,'SuperUser','2021-05-18 12:32:18','2021-05-18 12:32:18',NULL);

--
-- Table structure for table `sensors`
--

CREATE TABLE `sensors` (
  `id` bigint(20) unsigned NOT NULL AUTO_INCREMENT,
  `name` varchar(255) COLLATE utf8mb4_unicode_ci NOT NULL,
  `model_number` varchar(255) COLLATE utf8mb4_unicode_ci DEFAULT NULL,
  `code` varchar(255) COLLATE utf8mb4_unicode_ci DEFAULT NULL,
  `skip_code` tinyint(1) DEFAULT '0',
  `tag` varchar(255) COLLATE utf8mb4_unicode_ci DEFAULT NULL,
  `price` decimal(15,2) DEFAULT NULL,
  `description` longtext COLLATE utf8mb4_unicode_ci,
  `type` varchar(255) COLLATE utf8mb4_unicode_ci NOT NULL,
  `sort_index` int(11) DEFAULT NULL,
  `note` varchar(255) COLLATE utf8mb4_unicode_ci DEFAULT NULL,
  `inputs` int(11) NOT NULL,
  `outputs` int(11) NOT NULL,
  `diagram_position` int(11) DEFAULT NULL,
  `created_at` timestamp NULL DEFAULT NULL,
  `updated_at` timestamp NULL DEFAULT NULL,
  `deleted_at` timestamp NULL DEFAULT NULL,
  `manufacturer_id` bigint(20) unsigned DEFAULT NULL,
  `category_id` bigint(20) unsigned DEFAULT NULL,
  PRIMARY KEY (`id`) USING BTREE,
  KEY `manufacturer_fk_3675635` (`manufacturer_id`) USING BTREE,
  KEY `category_fk_3689973` (`category_id`) USING BTREE,
  CONSTRAINT `category_fk_3689973` FOREIGN KEY (`category_id`) REFERENCES `categories` (`id`),
  CONSTRAINT `manufacturer_fk_3675635` FOREIGN KEY (`manufacturer_id`) REFERENCES `manufacturers` (`id`)
) ENGINE=InnoDB AUTO_INCREMENT=81 DEFAULT CHARSET=utf8mb4 COLLATE=utf8mb4_unicode_ci;

--
-- Dumping data for table `sensors`
--

INSERT INTO `sensors` VALUES (1,'Two Corrosion Sensors + Corrosion electrode tips, brass(pair) + Corrosion electrode tips, carbon(pair)','R-SEN1',NULL,0,'R',671.00,'<p>Two Corrosion Sensors + Corrosion electrode tips, brass(pair) + Corrosion electrode tips, carbon(pair)</p>','other',NULL,NULL,1,1,NULL,'2021-04-25 05:17:43','2021-05-18 00:16:11','2021-05-18 00:16:11',NULL,38),(2,'One Corrosion Sensor + Corrosion electrode tips, carbon(pair)','O-SEN2',NULL,0,'O',291.00,'<p>One Corrosion Sensor + Corrosion electrode tips, carbon(pair)</p>','other',NULL,NULL,1,1,NULL,'2021-04-25 05:20:19','2021-05-10 10:57:13',NULL,NULL,NULL),(3,'One Corrosion Sensor + Corrosion electrode tips, copper(pair)','O',NULL,0,'O-SEN3',368.00,'<p>One Corrosion Sensor + Corrosion electrode tips, copper(pair)</p>','other',NULL,NULL,1,1,NULL,'2021-04-25 05:21:26','2021-04-25 05:21:26',NULL,NULL,NULL),(4,'Two Corrosion Sensors + Corrosion electrode tips, carbon(pair) + Corrosion electrode tips, copper(pair)','R',NULL,0,'R-SEN3',659.00,'<p>Two Corrosion Sensors + Corrosion electrode tips, carbon(pair) + Corrosion electrode tips, copper(pair) with&nbsp;</p>','other',NULL,NULL,1,1,NULL,'2021-04-25 05:22:18','2021-04-26 16:04:46',NULL,NULL,26),(5,'TESR n electrode tips, copper(pair)www','sdc',NULL,0,'cds',765.00,NULL,'other',NULL,NULL,34,43,NULL,'2021-04-26 15:53:08','2021-04-26 15:53:30','2021-04-26 15:53:30',NULL,NULL),(6,'tre','erf',NULL,0,'erf',444.00,NULL,'other',NULL,NULL,3,4,NULL,'2021-04-26 16:05:28','2021-04-26 16:05:36','2021-04-26 16:05:36',NULL,26),(7,'3fdc','cd',NULL,0,'dec',3434.00,NULL,'other',NULL,NULL,34,34,NULL,'2021-04-27 18:23:44','2021-04-27 18:26:03','2021-04-27 18:26:03',NULL,39),(8,'No Flow Switch, Submersion Sensors, 20 foot cables',NULL,NULL,0,'S',0.00,NULL,'other',NULL,NULL,1,1,NULL,'2021-05-08 13:14:48','2021-05-18 00:16:12','2021-05-18 00:16:12',NULL,38),(9,'No Flow Switch, Inline Sensors, 20 foot cables',NULL,NULL,0,'I',0.00,NULL,'other',NULL,NULL,1,1,NULL,'2021-05-08 13:15:07','2021-05-18 00:16:13','2021-05-18 00:16:13',NULL,38),(10,'Loose Flow Switch Manifold, 20 foot cables, Low Pressure',NULL,NULL,0,'L',149.00,NULL,'other',NULL,NULL,1,1,NULL,'2021-05-08 13:15:23','2021-05-18 00:16:14','2021-05-18 00:16:14',NULL,38),(11,'Flow Switch Manifold on Panel, 3 foot cables, Low Pressure',NULL,NULL,0,'P',250.00,NULL,'other',NULL,NULL,1,1,NULL,'2021-05-08 13:15:47','2021-05-18 00:16:16','2021-05-18 00:16:16',NULL,38),(12,'Loose Flow Switch Manifold, 4 foot cable, High Pressure',NULL,NULL,0,'F',386.00,NULL,'other',NULL,NULL,1,1,NULL,'2021-05-08 13:16:04','2021-05-18 00:16:17','2021-05-18 00:16:17',NULL,38),(13,'Flow Switch Manifold on Panel, 4 foot cables, High Pressure*',NULL,NULL,0,'H',487.00,NULL,'other',NULL,NULL,1,1,NULL,'2021-05-08 13:16:21','2021-05-18 00:16:19','2021-05-18 00:16:19',NULL,38),(14,'zxc','123',NULL,0,'qwe',123123.00,NULL,'other',NULL,NULL,1,4,NULL,'2021-05-16 16:49:13','2021-05-16 16:51:09','2021-05-16 16:51:09',NULL,41),(15,'sdfs','sdf',NULL,0,'21',123.00,NULL,'other',NULL,NULL,2,1,NULL,'2021-05-16 16:51:22','2021-05-16 18:05:03','2021-05-16 18:05:03',NULL,39),(16,'sdfsdf','asd',NULL,0,'123',323.00,NULL,'other',NULL,NULL,1,2,NULL,'2021-05-16 16:53:21','2021-05-16 17:37:06','2021-05-16 17:37:06',NULL,38),(17,'asd','asd',NULL,0,'qwe',233.00,NULL,'other',NULL,NULL,11,2,NULL,'2021-05-16 17:19:48','2021-05-16 17:37:08','2021-05-16 17:37:08',NULL,38),(18,'test','123',NULL,0,'qwqe',333.00,NULL,'other',NULL,NULL,12,2,NULL,'2021-05-16 21:53:13','2021-05-17 12:25:56','2021-05-17 12:25:56',NULL,38),(19,'testSensor','qwe',NULL,0,'123',1234.00,NULL,'other',NULL,NULL,2,6,NULL,'2021-05-18 00:07:02','2021-05-18 00:16:20','2021-05-18 00:16:20',NULL,38),(20,'Industrial Cell Modem - Mini','GWRUT240-MINI',NULL,0,'CM-IND-MINI',391.49,NULL,'other',NULL,NULL,0,1,NULL,'2021-05-18 00:21:47','2021-05-18 03:05:53','2021-05-18 03:05:53',NULL,39),(21,'GWBR1-0-C6','GWBR1-0-C6',NULL,0,'CM-INTL-O',630.75,NULL,'other',NULL,NULL,0,1,NULL,'2021-05-18 00:25:45','2021-05-18 03:05:55','2021-05-18 03:05:55',NULL,78),(22,'GWBR1-C-C6','GWBR1-C-C6',NULL,0,'CM-INTL-C',603.75,NULL,'other',NULL,NULL,0,1,NULL,'2021-05-18 00:28:34','2021-05-18 03:05:56','2021-05-18 03:05:56',NULL,78),(23,'GWBR1-C','GWBR1-C',NULL,0,'CM-IND-C',515.34,NULL,'other',NULL,NULL,0,1,NULL,'2021-05-18 00:31:42','2021-05-18 03:05:57','2021-05-18 03:05:57',NULL,77),(24,'GWBR1-O','GWBR1-O',NULL,0,'CM-IND-S',494.34,NULL,'other',NULL,NULL,0,1,NULL,'2021-05-18 00:32:36','2021-05-18 03:05:59','2021-05-18 03:05:59',NULL,77),(25,'Dual Connection, Ethernet and WiFi','D',NULL,0,'D',205.00,NULL,'other',NULL,NULL,1,2,NULL,'2021-05-18 00:36:45','2021-05-18 03:10:57','2021-05-18 03:10:57',NULL,79),(26,'Modbus TCP Protocol Option','M1',NULL,0,'M-TCP',308.00,NULL,'other',NULL,NULL,0,1,NULL,'2021-05-18 00:53:04','2021-05-18 03:06:00','2021-05-18 03:06:00',NULL,79),(27,'asaASD','ASD',NULL,0,'QW',122.00,NULL,'other',NULL,NULL,1,0,NULL,'2021-05-18 01:36:57','2021-05-18 01:43:31','2021-05-18 01:43:31',NULL,NULL),(28,'Graphite contacting conductivity','q1',NULL,0,'12',147.00,NULL,'other',NULL,NULL,1,1,NULL,'2021-05-18 03:12:58','2021-05-24 18:47:43','2021-07-01 04:00:00',NULL,94),(29,'316SS contacting conductivity',NULL,NULL,0,NULL,147.00,NULL,'other',NULL,NULL,1,1,NULL,'2021-05-18 03:13:18','2021-05-20 18:36:48','2021-05-20 18:36:48',NULL,80),(30,'Electrodeless conductivity','C',NULL,0,'C',536.00,NULL,'other',NULL,NULL,1,0,NULL,'2021-05-18 03:13:29','2021-05-28 22:39:25','2021-05-28 22:39:25',NULL,114),(31,'High pressure contacting conductivity',NULL,NULL,0,NULL,618.00,NULL,'other',NULL,NULL,1,1,NULL,'2021-05-18 03:13:58','2021-05-20 18:36:51','2021-05-20 18:36:51',NULL,80),(32,'Graphite contacting conductivity for Makeup water, threaded mounting adapter','E',NULL,0,'E',162.00,NULL,'other',NULL,NULL,1,0,NULL,'2021-05-18 03:14:46','2022-08-10 18:02:19',NULL,50,126),(33,'Flat surface WEL pH, No ATC','F',NULL,0,'F',516.00,NULL,'other',NULL,NULL,1,0,NULL,'2021-05-18 03:15:27','2021-06-07 23:21:37','2021-07-01 04:00:00',50,119),(34,'asdasd','qwe',NULL,0,'ftg',142.00,NULL,'other',NULL,NULL,-1,-1,NULL,'2021-05-19 01:54:39','2021-05-22 17:57:01','2021-05-22 17:57:01',NULL,109),(35,'316SS Contacting Conductivit','a',NULL,0,'a',147.00,NULL,'other',NULL,NULL,0,0,NULL,'2021-05-23 22:09:13','2021-05-26 19:15:58','2021-05-26 19:15:58',NULL,NULL),(36,'Electrodeless Conductivity','a',NULL,0,'a',536.00,NULL,'other',NULL,NULL,1,0,NULL,'2021-05-23 22:09:56','2021-05-23 22:10:04','2021-05-23 22:10:04',NULL,NULL),(37,'High Pressure Contacting Conductivity','a',NULL,0,'a',618.00,NULL,'other',NULL,NULL,1,0,NULL,'2021-05-23 22:10:32','2021-05-23 22:10:32',NULL,NULL,NULL),(38,'High Pressure pH, No ATC','a',NULL,0,'a',691.00,NULL,'other',NULL,NULL,1,1,NULL,'2021-05-23 22:15:41','2021-05-26 19:16:02','2021-05-26 19:16:02',NULL,NULL),(39,'High Pressure pH, No ATC','a',NULL,0,'a',691.00,NULL,'other',NULL,NULL,1,1,NULL,'2021-05-23 22:16:41','2021-05-23 22:18:05','2021-05-23 22:18:05',NULL,NULL),(40,'Rod Style WEL ORP','H',NULL,0,'H',649.00,NULL,'other',-1,NULL,1,0,NULL,'2021-05-23 22:18:39','2022-08-10 18:02:04',NULL,50,122),(41,'Flat Surface WEL ORP','I',NULL,0,'I',606.00,NULL,'other',-2,NULL,1,0,NULL,'2021-05-23 22:19:22','2022-08-10 18:01:51',NULL,50,122),(42,'High Pressure ORP','a',NULL,0,'a',809.00,NULL,'other',NULL,NULL,1,1,NULL,'2021-05-23 22:19:56','2021-05-26 19:16:06','2021-05-26 19:16:06',NULL,NULL),(43,'Free Chlorine (20 ppm, extended pH range, membrane-style)','K',NULL,0,'K',2100.00,NULL,'other',NULL,NULL,1,0,NULL,'2021-05-23 22:20:32','2021-06-07 23:22:30',NULL,50,125),(44,'Chlorine Dioxide (0-20 ppm, membrane-style)','L',NULL,0,'L',2100.00,NULL,'other',NULL,NULL,1,0,NULL,'2021-05-23 22:21:13','2021-06-07 23:22:38',NULL,50,127),(45,'Little Dipper 2 (0-200 ppb PTSA)','a',NULL,0,'a',2211.00,NULL,'other',NULL,NULL,1,1,NULL,'2021-05-23 22:22:14','2021-05-26 19:16:11','2021-05-26 19:16:11',NULL,NULL),(46,'Single Corrosion Sensor (must purchase electrode separately below)','O',NULL,0,'O',244.00,NULL,'other',NULL,NULL,1,0,NULL,'2021-05-23 22:22:47','2022-08-10 18:02:59',NULL,50,121),(47,'Pyxis PTSA','a',NULL,0,'a',2381.00,NULL,'other',NULL,NULL,1,1,NULL,'2021-05-23 22:23:32','2021-05-26 19:16:15','2021-05-26 19:16:15',NULL,NULL),(48,'Two Corrosion Sensors (electrodes purchased separately)','R',NULL,0,'R',442.00,NULL,'other',NULL,NULL,2,0,NULL,'2021-05-23 22:24:16','2021-05-28 22:45:36','2021-05-28 22:45:36',NULL,121),(49,'Disinfection (membrane-style, electrode purchased separately)','a',NULL,0,'a',196.00,NULL,'other',NULL,NULL,1,1,NULL,'2021-05-23 22:24:55','2021-05-26 19:16:19','2021-05-26 19:16:19',NULL,NULL),(50,'Pyxis Tagged Polymer','a',NULL,0,'a',2381.00,NULL,'other',NULL,NULL,1,1,NULL,'2021-05-23 22:25:27','2021-05-26 19:16:30','2021-05-26 19:16:30',NULL,NULL),(51,'Pyxis PTSA + Tagged Polymer','a',NULL,0,'a',3070.00,NULL,'other',NULL,NULL,1,1,NULL,'2021-05-23 22:25:56','2021-05-26 19:16:32','2021-05-26 19:16:32',NULL,NULL),(52,'Inline graphite contacting conductivity W6','AN',NULL,0,'AN',147.00,NULL,'other',NULL,NULL,0,1,NULL,'2021-05-28 22:17:59','2021-05-28 22:39:27','2021-05-28 22:39:27',NULL,114),(53,'Inline graphite contacting conductivity W9','A',NULL,0,'A',147.00,NULL,'other',NULL,NULL,0,1,NULL,'2021-05-28 22:36:11','2021-05-28 22:39:29','2021-05-28 22:39:29',NULL,114),(54,'Graphite contacting conductivity','A',NULL,0,'A',162.00,NULL,'other',NULL,NULL,1,0,NULL,'2021-05-28 22:41:41','2022-08-10 18:01:15',NULL,50,114),(55,'Dual Corrosion Sensor (must purchase electrode separately below)','R',NULL,0,'R',488.00,NULL,'other',NULL,NULL,2,0,NULL,'2021-05-28 22:44:44','2022-08-10 18:03:13',NULL,50,121),(56,'Graphite contacting conductivity W6INT','Graphite contacting conductivity',NULL,0,'A',154.00,NULL,'other',NULL,NULL,1,0,NULL,'2021-05-28 23:21:24','2022-08-10 19:39:32',NULL,50,145),(57,'pH for W6 INT (WEL-PHF)','WEL-PHF',NULL,0,'F',570.00,NULL,'other',NULL,NULL,1,0,NULL,'2021-05-28 23:25:44','2022-08-18 21:57:12',NULL,50,130),(58,'Conductivity + WEL-MVR no ATC','Conductivity + WEL-MVR no ATC',NULL,0,'BB',945.00,NULL,'other',NULL,NULL,2,0,NULL,'2021-05-28 23:26:48','2021-06-09 22:03:45',NULL,50,129),(59,'ST500','ST500',NULL,1,'pYSp',1776.00,NULL,'other',NULL,NULL,1,0,NULL,'2021-06-04 19:33:39','2021-06-07 23:09:07','2021-06-07 23:09:07',49,135),(60,'ST500','ST500',NULL,1,'PTSA-1',1776.00,NULL,'other',NULL,NULL,1,0,NULL,'2021-06-07 18:04:20','2021-06-07 23:09:04','2021-06-07 23:09:04',49,135),(61,'Pyxis ST500 PTSA Sensor 0-200PPB  (4-20mA)','ST500',NULL,1,'ST500',1865.00,NULL,'other',NULL,NULL,1,0,NULL,'2021-06-07 18:08:13','2022-11-14 19:52:40',NULL,49,135),(62,'Turner Little Dipper, 0-200 PPM (4-20mA)','103963',NULL,1,'103963',2322.00,NULL,'other',NULL,NULL,1,0,NULL,'2021-06-07 18:13:25','2022-11-14 19:52:47',NULL,52,135),(63,'іаіваіа','іваіва',NULL,0,'івавіаві',234.00,NULL,'other',NULL,NULL,234,234,NULL,'2021-06-07 19:58:36','2021-06-07 19:58:36',NULL,51,NULL),(64,'Pyxis Tagged Polymer-PTSA (4-20mA)','ST588',NULL,1,'ST588',2390.00,NULL,'other',NULL,NULL,2,0,NULL,'2021-06-08 01:20:12','2022-11-14 19:52:55',NULL,49,135),(65,'123','123',NULL,0,'123',123.00,NULL,'other',NULL,NULL,123,123,NULL,'2021-06-08 09:33:47','2021-06-08 09:34:10','2021-06-08 09:34:10',49,114),(66,'First Pyxis CR300 Pyxis Corrosion Sensor (4-20mA)','Pyxis Corrosion Sensor - Wired - 24V/2W Powered /',NULL,1,'CR-300',1575.00,NULL,'other',NULL,NULL,1,0,NULL,'2021-06-08 20:50:09','2021-11-12 22:32:04',NULL,72,151),(67,'Second Pyxis CR300 Pyxis Corrosion Sensor (4-20mA)','Pyxis Corrosion Sensor #2 - Wired - 24V/2W Powered',NULL,1,'CR-300',1575.00,NULL,'other',NULL,NULL,1,0,NULL,'2021-06-08 20:54:24','2021-11-12 22:32:13',NULL,72,151),(68,'DL14-00 Flowline- EchoPod Ultrasonic Level Transmitter- Switch & Controller- 1.25m range- 1\" NPT','DL14-00 Flowline- EchoPod Ultrasonic Level Transmitter- Switch & Controller- 1.25m range- 1\" NPT',NULL,1,'DL14-00',400.00,NULL,'other',NULL,NULL,1,0,NULL,'2021-06-09 00:11:08','2021-06-09 00:49:53',NULL,51,136),(69,'DL24-00 Flowline- EchoPod Ultrasonic Level Transmitter- Switch & Controller- 3m range- 1\" NPT','DL24-00 Flowline- EchoPod Ultrasonic Level Transmitter- Switch & Controller- 3m range- 1\" NPT',NULL,1,'DL24-00',480.00,NULL,'other',NULL,NULL,1,0,NULL,'2021-06-09 00:13:10','2021-06-09 00:17:00',NULL,51,136),(70,'DL14-01 Flowline- EchoPod Ultrasonic Level Transmitter- 1.25m range- 1\" NPT- w/Fob','DL14-01 Flowline- EchoPod Ultrasonic Level Transmitter- 1.25m range- 1\" NPT- w/Fob',NULL,1,'DL14-01',445.00,NULL,'other',NULL,NULL,1,0,NULL,'2021-06-09 00:18:45','2021-06-09 00:19:02',NULL,51,136),(71,'DL24-01 Flowline- EchoPod Ultrasonic Level Transmitter- Switch & Controller- 3m range- 1\" NPT- w/Fob','DL24-01 Flowline- EchoPod Ultrasonic Level Transmitter- Switch & Controller- 3m range- 1\" NPT- w/Fob',NULL,1,'DL24-01',545.00,NULL,'other',NULL,NULL,1,0,NULL,'2021-06-09 00:49:46','2021-06-09 00:49:46',NULL,51,136),(72,'Pyxis Labs Ultrasonic Level Sensor w/ Display- 0-78\"','Pyxis Labs Ultrasonic Level Sensor w/ Display- 0-78\"',NULL,1,'LS-202',795.00,NULL,'other',NULL,NULL,1,0,NULL,'2021-06-09 00:51:33','2021-06-09 00:51:33',NULL,49,136),(73,'Dual 4-20MA output W9','Dual Channel Analog (4-20 mA) Output',NULL,0,'F',226.00,NULL,'other',NULL,NULL,0,4,NULL,'2021-06-11 23:23:19','2021-06-11 23:26:31',NULL,50,142),(74,'Four Channel Analog (4-20 mA) Output','Four Channel Analog (4-20 mA) Output',NULL,0,'G',335.00,NULL,'other',NULL,NULL,0,4,NULL,'2021-06-11 23:28:17','2021-06-11 23:28:17',NULL,50,142),(75,'Dual Channel Analog (4-20 mA) Input + Four channel Analog (4-20 mA) Output','Dual Channel Analog (4-20 mA) Input + Four channel Analog (4-20 mA) Output',NULL,0,'E',515.00,NULL,'other',NULL,NULL,2,4,NULL,'2021-06-11 23:29:41','2021-06-11 23:29:41',NULL,50,142),(76,'One dual isolated analog output card','A',NULL,0,'A',253.00,NULL,'other',NULL,NULL,0,2,NULL,'2021-06-11 23:31:45','2021-06-11 23:31:45',NULL,50,142),(77,'ORP for W6INT (WEL-MVR)','WEL-MVR',NULL,0,'H',649.00,NULL,'other',NULL,NULL,1,0,NULL,'2021-06-12 00:17:56','2022-08-18 21:57:35',NULL,50,130),(78,'Flat surface WEL pH, No ATC','Flat surface WEL pH, No ATC',NULL,0,'F',570.00,NULL,'other',NULL,NULL,1,0,NULL,'2021-06-14 18:44:05','2022-08-10 18:01:34',NULL,50,143),(79,'X2','X2',NULL,0,'X2',0.00,NULL,'other',NULL,NULL,1,0,NULL,'2021-08-25 20:31:15','2021-08-25 20:45:13',NULL,63,114),(80,'TEST TIGER','asd',NULL,0,'asd',55.00,NULL,'other',NULL,NULL,1,1,NULL,'2022-12-29 23:33:44','2022-12-29 23:33:44',NULL,NULL,167);

--
-- Table structure for table `territory_discount_profile_organization`
--

CREATE TABLE `territory_discount_profile_organization` (
  `territory_discount_profile_id` bigint(20) unsigned NOT NULL,
  `organization_id` bigint(20) unsigned NOT NULL
) ENGINE=InnoDB DEFAULT CHARSET=utf8mb4 COLLATE=utf8mb4_unicode_ci;

--
-- Dumping data for table `territory_discount_profile_organization`
--


--
-- Table structure for table `territory_discount_profiles`
--

CREATE TABLE `territory_discount_profiles` (
  `id` bigint(20) unsigned NOT NULL AUTO_INCREMENT,
  `name` varchar(100) COLLATE utf8mb4_unicode_ci DEFAULT NULL,
  `discount` int(11) DEFAULT NULL,
  `created_at` timestamp NULL DEFAULT NULL,
  `updated_at` timestamp NULL DEFAULT NULL,
  `deleted_at` timestamp NULL DEFAULT NULL,
  PRIMARY KEY (`id`) USING BTREE
) ENGINE=InnoDB AUTO_INCREMENT=27 DEFAULT CHARSET=utf8mb4 COLLATE=utf8mb4_unicode_ci;

--
-- Dumping data for table `territory_discount_profiles`
--

INSERT INTO `territory_discount_profiles` VALUES (20,'Chemtreat Territory',105,'2021-08-13 17:18:49','2021-08-13 18:14:22',NULL),(21,'Default',100,'2021-08-20 17:28:25','2021-08-20 17:28:25',NULL),(22,'TestTerritory',98,'2021-09-17 02:02:21','2021-09-17 02:02:35',NULL),(23,'TESTGTEST',1,'2022-12-29 08:28:18','2022-12-29 08:28:18',NULL),(24,'VAsya',0,'2022-12-29 08:29:10','2022-12-29 08:29:10',NULL),(25,'Test123',0,'2022-12-29 12:50:37','2022-12-29 12:50:37',NULL),(26,'asd',0,'2022-12-29 21:32:07','2022-12-29 21:32:07',NULL);

--
-- Table structure for table `user_pricing_option`
--

CREATE TABLE `user_pricing_option` (
  `user_id` int(11) NOT NULL,
  `pricing_option` text NOT NULL
) ENGINE=InnoDB DEFAULT CHARSET=utf8;

--
-- Dumping data for table `user_pricing_option`
--

INSERT INTO `user_pricing_option` VALUES (11,'List Price Only'),(11,'Total List Price Only'),(11,'List, Territory, and Net Cost'),(11,'List and Territory Cost'),(11,'No Price Listed'),(13,'List Price Only'),(13,'Total List Price Only'),(13,'List, Territory, and Net Cost'),(13,'List and Territory Cost'),(14,'No Price Listed'),(15,'List, Territory, and Net Cost'),(16,'List Price Only'),(16,'Total List Price Only'),(16,'List, Territory, and Net Cost'),(18,'List Price Only'),(18,'Total List Price Only'),(18,'List, Territory, and Net Cost'),(19,'List Price Only'),(19,'Total List Price Only'),(19,'List, Territory, and Net Cost'),(20,'List Price Only'),(20,'Total List Price Only'),(20,'List, Territory, and Net Cost'),(21,'List, Territory, and Net Cost'),(22,'List Price Only'),(22,'Total List Price Only'),(22,'List, Territory, and Net Cost'),(23,'List Price Only'),(23,'Total List Price Only'),(23,'List, Territory, and Net Cost'),(24,'List Price Only'),(24,'Total List Price Only'),(24,'List, Territory, and Net Cost'),(25,'List Price Only'),(25,'Total List Price Only'),(25,'List, Territory, and Net Cost'),(26,'List Price Only'),(26,'Total List Price Only'),(26,'List, Territory, and Net Cost'),(27,'List Price Only'),(27,'Total List Price Only'),(27,'List, Territory, and Net Cost'),(28,'List Price Only'),(28,'Total List Price Only'),(28,'List, Territory, and Net Cost'),(29,'List Price Only'),(29,'Total List Price Only'),(29,'List, Territory, and Net Cost'),(30,'List Price Only'),(30,'Total List Price Only'),(30,'List, Territory, and Net Cost'),(31,'List Price Only'),(31,'Total List Price Only'),(31,'List, Territory, and Net Cost'),(32,'List Price Only'),(32,'Total List Price Only'),(32,'List, Territory, and Net Cost'),(33,'List Price Only'),(33,'Total List Price Only'),(33,'List, Territory, and Net Cost'),(34,'List Price Only'),(34,'Total List Price Only'),(34,'List, Territory, and Net Cost'),(37,'List Price Only'),(37,'Total List Price Only'),(37,'List, Territory, and Net Cost'),(37,'List and Territory Cost'),(38,'List Price Only'),(38,'Total List Price Only'),(38,'List, Territory, and Net Cost'),(38,'List and Territory Cost'),(39,'List, Territory, and Net Cost'),(40,'List Price Only'),(40,'Total List Price Only'),(40,'List, Territory, and Net Cost'),(40,'List and Territory Cost'),(41,'List Price Only'),(41,'Total List Price Only'),(41,'List, Territory, and Net Cost'),(41,'List and Territory Cost'),(42,'List Price Only'),(42,'Total List Price Only'),(42,'List, Territory, and Net Cost'),(42,'List and Territory Cost'),(43,'List Price Only'),(43,'Total List Price Only'),(43,'List, Territory, and Net Cost'),(43,'List and Territory Cost'),(44,'List Price Only'),(44,'Total List Price Only'),(44,'List, Territory, and Net Cost'),(44,'List and Territory Cost'),(45,'List Price Only'),(45,'Total List Price Only'),(45,'List, Territory, and Net Cost'),(45,'List and Territory Cost'),(46,'List Price Only'),(46,'Total List Price Only'),(46,'List, Territory, and Net Cost'),(46,'List and Territory Cost'),(47,'List Price Only'),(47,'Total List Price Only'),(47,'List, Territory, and Net Cost'),(47,'List and Territory Cost'),(35,'List Price Only'),(35,'Total List Price Only'),(48,'List Price Only'),(48,'Total List Price Only'),(48,'List, Territory, and Net Cost'),(48,'List and Territory Cost'),(49,'List Price Only'),(49,'Total List Price Only'),(49,'List, Territory, and Net Cost'),(49,'List and Territory Cost'),(36,'List Price Only'),(36,'Total List Price Only'),(36,'List, Territory, and Net Cost'),(50,'List Price Only'),(50,'Total List Price Only'),(50,'List, Territory, and Net Cost'),(50,'List and Territory Cost'),(51,'List Price Only'),(51,'Total List Price Only'),(51,'List, Territory, and Net Cost'),(51,'List and Territory Cost'),(52,'List Price Only'),(52,'Total List Price Only'),(55,'List Price Only'),(55,'List, Territory, and Net Cost'),(55,'No Price Listed'),(56,'List Price Only'),(56,'Total List Price Only'),(56,'List, Territory, and Net Cost'),(56,'List and Territory Cost'),(57,'List Price Only'),(57,'Total List Price Only'),(57,'List, Territory, and Net Cost'),(57,'List and Territory Cost'),(59,'List Price Only'),(59,'Total List Price Only'),(59,'List, Territory, and Net Cost'),(59,'List and Territory Cost'),(60,'List Price Only'),(60,'Total List Price Only'),(60,'List, Territory, and Net Cost'),(60,'List and Territory Cost'),(60,'No Price Listed'),(61,'List Price Only'),(61,'Total List Price Only'),(61,'List, Territory, and Net Cost'),(61,'List and Territory Cost'),(61,'No Price Listed'),(54,'List Price Only'),(54,'Total List Price Only'),(54,'List, Territory, and Net Cost'),(62,'List Price Only'),(62,'Total List Price Only'),(62,'List, Territory, and Net Cost'),(62,'List and Territory Cost'),(62,'No Price Listed'),(63,'List Price Only'),(63,'Total List Price Only'),(63,'List, Territory, and Net Cost'),(63,'List and Territory Cost'),(63,'No Price Listed'),(64,'List Price Only'),(64,'Total List Price Only'),(64,'List, Territory, and Net Cost'),(64,'List and Territory Cost'),(65,'List Price Only'),(65,'Total List Price Only'),(65,'List, Territory, and Net Cost'),(65,'List and Territory Cost'),(66,'List Price Only'),(66,'Total List Price Only'),(66,'List, Territory, and Net Cost'),(67,'List Price Only'),(68,'List Price Only'),(68,'Total List Price Only'),(68,'List, Territory, and Net Cost'),(69,'List Price Only'),(69,'Total List Price Only'),(69,'List, Territory, and Net Cost'),(69,'List and Territory Cost'),(70,'List Price Only'),(70,'Total List Price Only'),(71,'List Price Only'),(71,'Total List Price Only'),(71,'List, Territory, and Net Cost'),(71,'List and Territory Cost'),(72,'List Price Only'),(72,'Total List Price Only'),(72,'List, Territory, and Net Cost'),(72,'List and Territory Cost'),(73,'List Price Only'),(73,'Total List Price Only'),(74,'List Price Only'),(74,'Total List Price Only'),(74,'List, Territory, and Net Cost'),(74,'List and Territory Cost'),(75,'List Price Only'),(75,'Total List Price Only'),(75,'List, Territory, and Net Cost'),(76,'List Price Only'),(76,'Total List Price Only'),(76,'List, Territory, and Net Cost'),(76,'List and Territory Cost'),(77,'List Price Only'),(77,'Total List Price Only'),(77,'List, Territory, and Net Cost'),(78,'List Price Only'),(78,'Total List Price Only'),(78,'List, Territory, and Net Cost'),(78,'List and Territory Cost'),(79,'List Price Only'),(79,'Total List Price Only'),(79,'List, Territory, and Net Cost'),(80,'List Price Only'),(80,'Total List Price Only'),(80,'List, Territory, and Net Cost'),(80,'List and Territory Cost'),(81,'List Price Only'),(81,'Total List Price Only'),(82,'List Price Only'),(82,'Total List Price Only'),(82,'List, Territory, and Net Cost'),(82,'List and Territory Cost'),(83,'List Price Only'),(83,'Total List Price Only'),(83,'List, Territory, and Net Cost'),(83,'List and Territory Cost'),(84,'List Price Only'),(84,'Total List Price Only'),(84,'List, Territory, and Net Cost'),(85,'List Price Only'),(85,'Total List Price Only'),(85,'List, Territory, and Net Cost'),(85,'List and Territory Cost'),(86,'List Price Only'),(86,'Total List Price Only'),(86,'List, Territory, and Net Cost'),(86,'List and Territory Cost'),(87,'List Price Only'),(87,'Total List Price Only'),(87,'List, Territory, and Net Cost'),(87,'List and Territory Cost'),(88,'List Price Only'),(88,'Total List Price Only'),(88,'List, Territory, and Net Cost'),(88,'List and Territory Cost'),(89,'List Price Only'),(89,'Total List Price Only'),(89,'List, Territory, and Net Cost'),(89,'List and Territory Cost'),(90,'List Price Only'),(90,'Total List Price Only'),(90,'List, Territory, and Net Cost'),(91,'List Price Only'),(91,'Total List Price Only'),(91,'List, Territory, and Net Cost'),(91,'List and Territory Cost'),(92,'List Price Only'),(92,'Total List Price Only'),(92,'List, Territory, and Net Cost'),(92,'List and Territory Cost'),(93,'List Price Only'),(93,'Total List Price Only'),(93,'List, Territory, and Net Cost'),(94,'List Price Only'),(94,'Total List Price Only'),(94,'List, Territory, and Net Cost'),(95,'List Price Only'),(95,'Total List Price Only'),(95,'List, Territory, and Net Cost'),(95,'List and Territory Cost'),(96,'List Price Only'),(96,'Total List Price Only'),(96,'List, Territory, and Net Cost'),(96,'List and Territory Cost'),(97,'List Price Only'),(97,'Total List Price Only'),(97,'List, Territory, and Net Cost'),(97,'List and Territory Cost'),(98,'List Price Only'),(98,'Total List Price Only'),(98,'List, Territory, and Net Cost'),(99,'List Price Only'),(99,'Total List Price Only'),(99,'List, Territory, and Net Cost'),(99,'List and Territory Cost'),(100,'List, Territory, and Net Cost'),(101,'List Price Only'),(101,'Total List Price Only'),(101,'List, Territory, and Net Cost'),(102,'List, Territory, and Net Cost'),(103,'List, Territory, and Net Cost'),(104,'List, Territory, and Net Cost'),(105,'List Price Only'),(105,'Total List Price Only'),(106,'List, Territory, and Net Cost'),(107,'List, Territory, and Net Cost'),(108,'List, Territory, and Net Cost'),(109,'List, Territory, and Net Cost'),(110,'List, Territory, and Net Cost'),(111,'List Price Only'),(111,'Total List Price Only'),(111,'List, Territory, and Net Cost'),(112,'List Price Only'),(112,'Total List Price Only'),(112,'List, Territory, and Net Cost'),(112,'List and Territory Cost'),(113,'List Price Only'),(113,'Total List Price Only'),(113,'List, Territory, and Net Cost'),(113,'List and Territory Cost'),(114,'List Price Only'),(114,'Total List Price Only'),(114,'List, Territory, and Net Cost'),(115,'List Price Only'),(115,'Total List Price Only'),(115,'List, Territory, and Net Cost'),(115,'List and Territory Cost'),(116,'List Price Only'),(116,'Total List Price Only'),(116,'List, Territory, and Net Cost'),(116,'List and Territory Cost'),(116,'No Price Listed'),(117,'List Price Only'),(117,'Total List Price Only'),(117,'List, Territory, and Net Cost'),(117,'List and Territory Cost'),(118,'List Price Only'),(118,'Total List Price Only'),(118,'List, Territory, and Net Cost'),(118,'List and Territory Cost'),(119,'List Price Only'),(119,'Total List Price Only'),(119,'List, Territory, and Net Cost'),(119,'List and Territory Cost'),(120,'List Price Only'),(120,'Total List Price Only'),(120,'List, Territory, and Net Cost'),(120,'List and Territory Cost'),(121,'List, Territory, and Net Cost'),(122,'List Price Only'),(122,'Total List Price Only'),(122,'List, Territory, and Net Cost'),(122,'List and Territory Cost'),(122,'No Price Listed'),(123,'List Price Only'),(123,'Total List Price Only'),(123,'List, Territory, and Net Cost'),(123,'List and Territory Cost'),(125,'List Price Only'),(125,'Total List Price Only'),(125,'List, Territory, and Net Cost'),(125,'List and Territory Cost'),(125,'No Price Listed'),(126,'List Price Only'),(126,'Total List Price Only'),(126,'List, Territory, and Net Cost'),(126,'List and Territory Cost'),(126,'No Price Listed'),(128,'List Price Only'),(128,'Total List Price Only'),(128,'List, Territory, and Net Cost'),(128,'List and Territory Cost'),(128,'No Price Listed'),(129,'List Price Only'),(129,'Total List Price Only'),(129,'List, Territory, and Net Cost'),(129,'List and Territory Cost'),(129,'No Price Listed'),(130,'List Price Only'),(130,'Total List Price Only'),(130,'List, Territory, and Net Cost'),(130,'List and Territory Cost'),(131,'List Price Only'),(131,'Total List Price Only'),(131,'List, Territory, and Net Cost'),(131,'List and Territory Cost'),(132,'List Price Only'),(132,'Total List Price Only'),(132,'List, Territory, and Net Cost'),(132,'List and Territory Cost'),(133,'List Price Only'),(133,'Total List Price Only'),(133,'List, Territory, and Net Cost'),(133,'List and Territory Cost'),(134,'List Price Only'),(134,'Total List Price Only'),(134,'List, Territory, and Net Cost'),(134,'List and Territory Cost'),(135,'List Price Only'),(135,'Total List Price Only'),(135,'List, Territory, and Net Cost'),(135,'List and Territory Cost'),(136,'List Price Only'),(136,'Total List Price Only'),(136,'List, Territory, and Net Cost'),(136,'List and Territory Cost'),(137,'List Price Only'),(137,'Total List Price Only'),(137,'List, Territory, and Net Cost'),(138,'List Price Only'),(138,'Total List Price Only'),(138,'List, Territory, and Net Cost'),(138,'List and Territory Cost'),(139,'List Price Only'),(139,'Total List Price Only'),(139,'List, Territory, and Net Cost'),(139,'List and Territory Cost'),(140,'List Price Only'),(140,'Total List Price Only'),(140,'List, Territory, and Net Cost'),(140,'List and Territory Cost'),(141,'List Price Only'),(141,'Total List Price Only'),(141,'List, Territory, and Net Cost'),(141,'List and Territory Cost'),(142,'List Price Only'),(142,'Total List Price Only'),(142,'List, Territory, and Net Cost'),(142,'List and Territory Cost'),(143,'List Price Only'),(143,'Total List Price Only'),(143,'List, Territory, and Net Cost'),(144,'List Price Only'),(144,'Total List Price Only'),(144,'List, Territory, and Net Cost'),(144,'List and Territory Cost'),(145,'List Price Only'),(146,'List Price Only'),(146,'Total List Price Only'),(146,'List, Territory, and Net Cost'),(147,'List Price Only'),(147,'Total List Price Only'),(147,'List, Territory, and Net Cost'),(148,'List Price Only'),(148,'Total List Price Only'),(148,'List, Territory, and Net Cost'),(149,'List Price Only'),(149,'Total List Price Only'),(149,'List, Territory, and Net Cost'),(150,'List Price Only'),(150,'Total List Price Only'),(150,'List, Territory, and Net Cost'),(151,'List Price Only'),(151,'Total List Price Only'),(151,'List, Territory, and Net Cost'),(152,'List Price Only'),(152,'Total List Price Only'),(152,'List, Territory, and Net Cost'),(153,'List Price Only'),(153,'Total List Price Only'),(153,'List, Territory, and Net Cost'),(154,'List Price Only'),(154,'Total List Price Only'),(154,'List, Territory, and Net Cost'),(155,'List Price Only'),(155,'Total List Price Only'),(155,'List, Territory, and Net Cost'),(156,'List Price Only'),(156,'Total List Price Only'),(156,'List, Territory, and Net Cost'),(157,'List Price Only'),(157,'Total List Price Only'),(157,'List, Territory, and Net Cost'),(158,'List Price Only'),(158,'Total List Price Only'),(158,'List, Territory, and Net Cost'),(158,'List and Territory Cost'),(159,'List Price Only'),(159,'Total List Price Only'),(159,'List, Territory, and Net Cost'),(160,'List Price Only'),(160,'Total List Price Only'),(160,'List, Territory, and Net Cost'),(160,'List and Territory Cost'),(161,'List Price Only'),(161,'Total List Price Only'),(161,'List, Territory, and Net Cost'),(161,'List and Territory Cost'),(162,'List Price Only'),(162,'Total List Price Only'),(162,'List, Territory, and Net Cost'),(162,'List and Territory Cost'),(163,'List Price Only'),(163,'Total List Price Only'),(163,'List, Territory, and Net Cost'),(164,'List Price Only'),(164,'Total List Price Only'),(164,'List, Territory, and Net Cost'),(164,'List and Territory Cost'),(165,'List Price Only'),(165,'Total List Price Only'),(165,'List, Territory, and Net Cost'),(165,'List and Territory Cost'),(166,'List Price Only'),(166,'Total List Price Only'),(166,'List, Territory, and Net Cost'),(167,'List Price Only'),(167,'Total List Price Only'),(167,'List, Territory, and Net Cost'),(167,'List and Territory Cost'),(168,'List Price Only'),(168,'Total List Price Only'),(168,'List, Territory, and Net Cost'),(168,'List and Territory Cost'),(169,'List Price Only'),(169,'Total List Price Only'),(169,'List, Territory, and Net Cost'),(170,'List, Territory, and Net Cost'),(171,'List Price Only'),(171,'Total List Price Only'),(171,'List, Territory, and Net Cost'),(172,'List, Territory, and Net Cost'),(173,'List, Territory, and Net Cost'),(174,'List Price Only'),(174,'Total List Price Only'),(174,'List, Territory, and Net Cost'),(175,'List Price Only'),(175,'Total List Price Only'),(175,'List, Territory, and Net Cost'),(175,'List and Territory Cost'),(176,'List, Territory, and Net Cost'),(177,'List Price Only'),(177,'Total List Price Only'),(178,'List Price Only'),(177,'List, Territory, and Net Cost'),(178,'Total List Price Only'),(177,'List and Territory Cost'),(178,'List, Territory, and Net Cost'),(179,'List, Territory, and Net Cost'),(180,'List Price Only'),(180,'Total List Price Only'),(180,'List, Territory, and Net Cost'),(181,'List, Territory, and Net Cost'),(182,'List, Territory, and Net Cost'),(183,'List Price Only'),(183,'Total List Price Only'),(183,'List, Territory, and Net Cost'),(183,'List and Territory Cost'),(184,'List Price Only'),(184,'Total List Price Only'),(184,'List, Territory, and Net Cost'),(185,'List Price Only'),(185,'Total List Price Only'),(185,'List, Territory, and Net Cost'),(185,'List and Territory Cost'),(186,'List Price Only'),(186,'Total List Price Only'),(186,'List, Territory, and Net Cost'),(187,'List Price Only'),(187,'Total List Price Only'),(187,'List, Territory, and Net Cost'),(187,'List and Territory Cost'),(188,'List Price Only'),(188,'Total List Price Only'),(188,'List, Territory, and Net Cost'),(189,'List, Territory, and Net Cost'),(190,'List Price Only'),(190,'List, Territory, and Net Cost'),(191,'List Price Only'),(191,'Total List Price Only'),(191,'List, Territory, and Net Cost'),(192,'List Price Only'),(192,'Total List Price Only'),(192,'List, Territory, and Net Cost'),(192,'List and Territory Cost'),(193,'List Price Only'),(193,'Total List Price Only'),(193,'List, Territory, and Net Cost'),(193,'List and Territory Cost'),(194,'List Price Only'),(194,'Total List Price Only'),(194,'List, Territory, and Net Cost'),(195,'List Price Only'),(195,'Total List Price Only'),(195,'List, Territory, and Net Cost'),(195,'List and Territory Cost'),(196,'No Price Listed'),(197,'No Price Listed'),(198,'List Price Only'),(198,'Total List Price Only'),(198,'List, Territory, and Net Cost'),(198,'List and Territory Cost'),(199,'List Price Only'),(199,'Total List Price Only'),(199,'List, Territory, and Net Cost'),(199,'List and Territory Cost'),(200,'List Price Only'),(200,'Total List Price Only'),(200,'List, Territory, and Net Cost'),(200,'List and Territory Cost'),(201,'List Price Only'),(201,'Total List Price Only'),(201,'List, Territory, and Net Cost'),(3,'List, Territory, and Net Cost'),(17,'No Price Listed'),(4,'No Price Listed'),(203,'No Price Listed'),(204,'No Price Listed'),(205,'No Price Listed'),(206,'No Price Listed'),(207,'No Price Listed'),(208,'No Price Listed'),(209,'No Price Listed'),(210,'No Price Listed'),(211,'No Price Listed'),(213,'No Price Listed'),(212,'No Price Listed'),(214,'No Price Listed'),(216,'No Price Listed'),(217,'No Price Listed'),(218,'List Price Only'),(220,'No Price Listed'),(221,'List Price Only'),(221,'Total List Price Only'),(221,'List, Territory, and Net Cost'),(221,'List and Territory Cost'),(221,'No Price Listed'),(223,'List Price Only'),(223,'Total List Price Only'),(223,'List, Territory, and Net Cost'),(223,'List and Territory Cost'),(223,'No Price Listed'),(224,'List Price Only'),(224,'Total List Price Only'),(225,'List Price Only'),(225,'Total List Price Only'),(225,'List, Territory, and Net Cost'),(225,'List and Territory Cost'),(225,'No Price Listed'),(226,'List Price Only'),(226,'Total List Price Only'),(226,'List, Territory, and Net Cost'),(226,'List and Territory Cost'),(226,'No Price Listed'),(227,'List Price Only'),(227,'Total List Price Only'),(227,'List, Territory, and Net Cost'),(227,'List and Territory Cost'),(227,'No Price Listed'),(228,'No Price Listed'),(229,'List Price Only'),(229,'Total List Price Only'),(229,'List, Territory, and Net Cost'),(230,'List Price Only'),(230,'Total List Price Only'),(230,'List, Territory, and Net Cost'),(230,'List and Territory Cost'),(230,'No Price Listed'),(222,'List Price Only'),(231,'List, Territory, and Net Cost'),(232,'List Price Only'),(233,'Total List Price Only'),(234,'List Price Only'),(235,'List Price Only'),(236,'No Price Listed'),(237,'No Price Listed'),(238,'List Price Only'),(239,'List and Territory Cost'),(219,'List Price Only'),(219,'Total List Price Only'),(219,'List, Territory, and Net Cost'),(219,'List and Territory Cost'),(240,'No Price Listed'),(241,'No Price Listed'),(243,'No Price Listed'),(242,'List Price Only'),(242,'Total List Price Only'),(242,'List, Territory, and Net Cost'),(242,'List and Territory Cost'),(244,'List Price Only'),(244,'Total List Price Only'),(244,'List, Territory, and Net Cost'),(244,'List and Territory Cost'),(246,'No Price Listed'),(245,'List Price Only'),(245,'Total List Price Only'),(245,'List, Territory, and Net Cost'),(245,'List and Territory Cost'),(215,'List Price Only'),(215,'Total List Price Only'),(215,'List, Territory, and Net Cost'),(215,'List and Territory Cost'),(247,'List Price Only'),(249,'List, Territory, and Net Cost'),(250,'No Price Listed'),(248,'List Price Only'),(251,'No Price Listed'),(127,'List Price Only'),(127,'Total List Price Only'),(127,'List, Territory, and Net Cost'),(127,'List and Territory Cost'),(127,'No Price Listed'),(124,'List Price Only'),(124,'Total List Price Only'),(124,'List, Territory, and Net Cost'),(124,'List and Territory Cost'),(253,'List Price Only'),(252,'List Price Only'),(252,'Total List Price Only'),(252,'List, Net Cost'),(252,'No Price Listed'),(1,'List Price Only'),(1,'Total List Price Only'),(1,'List, Territory, and Net Cost'),(1,'List and Territory Cost'),(1,'No Price Listed');

--
-- Table structure for table `users`
--

CREATE TABLE `users` (
  `id` bigint(20) unsigned NOT NULL AUTO_INCREMENT,
  `name` varchar(255) COLLATE utf8mb4_unicode_ci DEFAULT NULL,
  `code` varchar(255) COLLATE utf8mb4_unicode_ci DEFAULT NULL,
  `email` varchar(255) COLLATE utf8mb4_unicode_ci DEFAULT NULL,
  `email_verified_at` datetime DEFAULT NULL,
  `password` varchar(255) COLLATE utf8mb4_unicode_ci DEFAULT NULL,
  `remember_token` varchar(255) COLLATE utf8mb4_unicode_ci DEFAULT NULL,
  `phone` varchar(15) COLLATE utf8mb4_unicode_ci DEFAULT NULL,
  `discount` int(11) DEFAULT NULL,
  `created_at` timestamp NULL DEFAULT NULL,
  `updated_at` timestamp NULL DEFAULT NULL,
  `deleted_at` timestamp NULL DEFAULT NULL,
  `organization_id` bigint(20) unsigned DEFAULT NULL,
  `verified` tinyint(1) DEFAULT NULL,
  `blocked` tinyint(1) NOT NULL DEFAULT '0',
  PRIMARY KEY (`id`) USING BTREE,
  UNIQUE KEY `users_email_unique` (`email`) USING BTREE,
  KEY `organization_fk_3683312` (`organization_id`) USING BTREE,
  CONSTRAINT `organization_fk_3683312` FOREIGN KEY (`organization_id`) REFERENCES `organizations` (`id`)
) ENGINE=InnoDB AUTO_INCREMENT=332 DEFAULT CHARSET=utf8mb4 COLLATE=utf8mb4_unicode_ci;

--
-- Dumping data for table `users`
--

INSERT INTO `users` VALUES (1,'Super Admin',NULL,'masterchief@h2panelbuilder.com',NULL,'$2y$10$O0q8MdQNBvI9OkrIlpviXOwzjcJE8qOFZsxEk6V2v4hdSscRVQANa','OPvUnzPt3Fl4DtuN0SvP8TXwU5Ur3hCfOgY43whM1lZgjPW84shf0oC0tkvM','1879889012',NULL,NULL,'2022-03-21 20:35:18',NULL,13,1,0),(2,'test',NULL,'test@ghg.co',NULL,'$2y$10$ohskTZ8NEYFjMOVJSTiY7OrjHZBokRTBUpN/xIdOeDCu4zSGIvZgS',NULL,'345678876',NULL,'2021-04-21 08:57:34','2021-05-16 18:41:40','2021-05-16 18:41:40',1,NULL,0),(3,'Dylan Paczosa',NULL,'dylanpaczosa@advancedwatercompany.com',NULL,'$2y$10$zneWfXO6iONH8fV0yKLRD.AtkZJ8PuHxa6CyHCGkZWaAFC15GOfHS',NULL,'4029107086',NULL,'2021-04-21 09:13:44','2021-05-24 18:42:51','2021-05-24 18:42:51',1,NULL,0),(4,'Eric Baker',NULL,'ebaker@advancedwatercompany.com',NULL,'$2y$10$ijhki1j1/.VTJpwhrMuBAuQoRs1ISBa.uixeBna6QZnpmUzrwnKKC',NULL,'7125742249',NULL,'2021-04-21 09:56:11','2021-05-20 09:48:18',NULL,1,NULL,0),(5,'Portugal',NULL,'hgjkl@ghjk.bn',NULL,'$2y$10$5kKGO5Mil8qPec9xjRaB1OCgUE98kV1dK7qv4xeqwTM2fFoyTOsSG',NULL,'546789765',NULL,'2021-04-21 10:27:59','2021-04-21 10:30:42','2021-04-21 10:30:42',1,NULL,0),(6,'Jozef Test',NULL,'fghjk@hjk.com',NULL,'$2y$10$iwj58yuREdCInKbfaeltDeArCbPPtTy5svlHtGZdhHu4doJmwDJ26',NULL,'989823876876',NULL,'2021-04-21 10:31:12','2021-05-25 09:55:24','2021-05-25 09:55:24',13,NULL,0),(7,'Ronald Corg',NULL,'iujkjkj@jhj.co',NULL,'$2y$10$hvGemBQr/UnZcFKUcciA2efjB1pQs3FZzfSM/9A5T46BHDWB2VBKy',NULL,'7654334556',NULL,'2021-04-22 08:20:17','2021-05-17 12:48:57','2021-05-17 12:48:57',13,NULL,0),(8,'test',NULL,'test@gfgugik.com',NULL,'$2y$10$wh5X5wyZ4WGJbgxcgZjcQeBVNAOFFYQvyQuPyPsE/j/EwBLq8K9B.',NULL,'87878757657',NULL,'2021-05-10 10:19:45','2021-05-13 00:29:11','2021-05-13 00:29:11',13,NULL,0),(9,'test_123',NULL,'test@gfh.com',NULL,'$2y$10$3vmA6o.TUvrtIlyGgbudcuhl9YTOaviURdb1.DOrBJnzAyik0MPTW',NULL,'1',NULL,'2021-05-10 14:20:21','2021-05-13 00:29:15','2021-05-13 00:29:15',13,NULL,0),(10,'Test123',NULL,'test@gmai123.com',NULL,'$2y$10$ZGq1f3w6V/Ja3iyYfi4s3exOsVXKC7vq9f9xWo8UaUpk.xDQVToKW',NULL,'1234568790',NULL,'2021-05-16 18:40:42','2021-05-16 18:41:45','2021-05-16 18:41:45',13,NULL,0),(11,'ghjg',NULL,'asd@mgil.com',NULL,'$2y$10$qV9cuFyriY7Wzdu.riePX.g6xnLEzz2FsqxZQ3gTbCk/pY8QV.zoy',NULL,'1234567890',NULL,'2021-05-16 18:41:58','2021-05-16 18:42:10','2021-05-16 18:42:10',13,NULL,0),(12,'testPassword',NULL,'asdqwe123@mgila.cokm',NULL,'$2y$10$Adv6xzuG66zyC8/wxfcPbu0YQ/e/orNBzfXpwyR8P3kWXF.9E1CZC',NULL,'2312312321312',NULL,'2021-05-16 23:50:35','2021-05-21 11:00:20','2021-05-21 11:00:20',13,NULL,0),(13,'Greg Bacon',NULL,'gregbacon@afco.net',NULL,'$2y$10$KJtgMhSrV/Bgxjyh4Wp4vODVUwiELrf77dGl3MiBmifRCyqSNSYwK',NULL,'5738239685',NULL,'2021-05-18 12:48:14','2021-05-18 12:48:14',NULL,16,NULL,0),(14,'Al',NULL,'almail@gmail.com',NULL,'$2y$10$4Ez3r5bXbcgq2jDRQ6Q3Meswm5sCxrSuCgh/sxLHk5yllaUcXsdtu',NULL,'qwetyuy',NULL,'2021-05-18 13:09:24','2021-05-18 13:10:09','2021-05-18 13:10:09',1,NULL,0),(15,'Shaine Satoshige',NULL,'ssatoshige@advancedwatercompany.com',NULL,'$2y$10$abxwCQZ0QpOcHNl1xTjC9O0p71h7emwcJF7Nk3SmMb75t4iVPPtM2',NULL,'8083586928',NULL,'2021-05-18 13:10:47','2021-05-25 09:54:58','2021-05-25 09:54:58',1,NULL,0),(16,'Ben Paczosa',NULL,'bpaczosa@advancedwatercompany.com',NULL,'$2y$10$QIfBEengt67mPJ1dk3PRQuxBgtsH9/j0g6ea.TuznaWJMFj1zyyHy',NULL,'4025644448',NULL,'2021-05-18 14:13:05','2021-05-18 14:13:05',NULL,1,NULL,0),(17,'Dustin Paczosa',NULL,'dpaczosa@advancedwatercompany.com',NULL,'$2y$10$VcfCho2vJjKJZfyLvtcfYOitCUcHHPSqN.dAD6TpRKTjsKxn5ErGO',NULL,'4022705584',NULL,'2021-05-18 14:13:43','2021-05-25 09:55:10','2021-05-25 09:55:10',1,NULL,0),(18,'James Booth',NULL,'jbooth@aios-llc.com',NULL,'$2y$10$kDXbCN7Z0K0FBaR90F6DxefP2QKP8TnDImkTUsN95Vko7GrgrfsJe',NULL,'5732318524',NULL,'2021-05-18 14:15:22','2021-05-18 14:15:22',NULL,18,NULL,0),(19,'Jess Granlund',NULL,'jgranlund@accomn.com',NULL,'$2y$10$P5zSWYOLJv9hbzRRt0dTGeVpyV9Hly676cZWaRhznMCdLawtJx1VC',NULL,'6127233491',NULL,'2021-05-18 14:16:55','2021-05-18 14:16:55',NULL,19,NULL,0),(20,'Richard Wiedner',NULL,'rwiedner@accomn.com',NULL,'$2y$10$6eam5f1Kpp14ZkkkHdEc/uutFq2opLjm7lHcIN1K6foNxbANMwOt6',NULL,'6128658276',NULL,'2021-05-18 14:17:31','2022-05-18 01:36:56',NULL,19,NULL,1),(21,'Keith Kremer',NULL,'keith@accomn.com',NULL,'$2y$10$cGncnZ0rdd605DvE.nG3MepkPzSphtseN7bp4Bpm2EvBGoiX4LZJi',NULL,'3205934522',NULL,'2021-05-18 14:18:05','2021-05-18 14:18:05',NULL,19,NULL,0),(22,'Chris Fanning',NULL,'chris.fanning@apollowaterservices.com',NULL,'$2y$10$B9Xmwe3rEG/duf2j84P7W.BGoyYEGeY55AeTUWP4f5LmQA2lJlWOS',NULL,'4695977479',NULL,'2021-05-18 14:19:07','2021-05-18 14:19:07',NULL,20,NULL,0),(23,'Tricia Panick',NULL,'tricia.panick@apollowaterservices.com',NULL,'$2y$10$idoXn0LIg2FduTj35GLhke0.nHRlYwhCKqHT.U4ri8qnHfbMQb.s.',NULL,'9522276600',NULL,'2021-05-18 14:19:49','2021-05-18 14:19:49',NULL,20,NULL,0),(24,'Chris Roberts',NULL,'chris.roberts@apollowaterservices.com',NULL,'$2y$10$bn0eg/jq8optKLtstmpAMOkr3c5HRzGGltYrGEgmbLkOwU76XVGou',NULL,'5127819030',NULL,'2021-05-18 14:20:28','2021-05-18 14:20:28',NULL,20,NULL,0),(25,'DAvid Konvicka',NULL,'david.konvicka@apollowaterservices.com',NULL,'$2y$10$uMV9FA5u6SLl.rsmOKvo3eVz2h09oooncrV82LGBHyRAKZjYfuinC',NULL,'9522276600',NULL,'2021-05-18 14:21:10','2021-05-18 14:21:10',NULL,20,NULL,0),(26,'Ken Addington',NULL,'ken.addington@apollowaterservices.com',NULL,'$2y$10$NBu2MvsUznQsxbr.uTGbZuxk2grcTY.NxkbKHxnN9.d2WNzZgcIc6',NULL,'4695977477',NULL,'2021-05-18 14:21:45','2021-05-18 14:21:45',NULL,20,NULL,0),(27,'Kyle Wohlgemuth',NULL,'kyle.wohlgemuth@apollowaterservices.com',NULL,'$2y$10$JqOBSOnSpSpin0BUEzJi4.uh8J6bRDpgjecSIEwJTjtEqhFquLPc6',NULL,'4695977479',NULL,'2021-05-18 14:22:14','2021-05-18 14:22:14',NULL,20,NULL,0),(28,'Mark Johnson',NULL,'mark.johnson@apollowaterservices.com',NULL,'$2y$10$HcDW7VlwnIROB743pGeG8u8HJP0RiFqXyS785j2T7OWVF8mmbrNlO',NULL,'4695977479',NULL,'2021-05-18 14:22:44','2021-05-18 14:22:44',NULL,20,NULL,0),(29,'Mike Walrath',NULL,'mike.walrath@apollowaterservices.com',NULL,'$2y$10$kHFV2lP90BPwy5hv3cHSfOGCH/DAzADQA44vyYCc7iRQfE6gJLnXe',NULL,'8329631084',NULL,'2021-05-18 14:23:24','2021-05-18 14:23:24',NULL,20,NULL,0),(30,'Vince Murdock',NULL,'vmurdock@aquascience.com',NULL,'$2y$10$12rSZ4.Fa29IE6uwbcS99ehT9DMEaRL0dSox1vfTPljdyYCNLZ77W',NULL,'6142525000',NULL,'2021-05-18 14:24:40','2021-05-18 14:24:40',NULL,22,NULL,0),(31,'Jenny Dumler',NULL,'jdumler@h2tronics.com',NULL,'$2y$10$5n1B4CV9qLsZRP7dW0mvfeqyf8j5KFO5eGZBUEDHB7heFWjYYhHiK',NULL,'8172517184',NULL,'2021-05-18 14:25:43','2021-05-18 14:25:43',NULL,23,NULL,0),(32,'Will Tabor',NULL,'wtabor@aquasolutionswc.com',NULL,'$2y$10$NkjY7NDNMXuyjf.XXnOjourX3cagdMyK8ngF6P8Yc4kW2VzaJXygu',NULL,'4059908267',NULL,'2021-05-18 14:26:17','2021-05-18 14:26:17',NULL,23,NULL,0),(33,'Rich Nagel',NULL,'aquacheminc@aquacheminc.com',NULL,'$2y$10$.ivz1sagVLD4J6P38Lu9v.ZyQp1oNwGX0wwKNn3fQqnWWUSNDvbta',NULL,'3032051625',NULL,'2021-05-18 14:27:19','2021-05-18 14:27:19',NULL,24,NULL,0),(34,'Frank Marino',NULL,'frank@aqua-vize.com',NULL,'$2y$10$.8N/ZiAzTpsz79DANeubWemTRWNYXuQpdgDE04q08DZQhTdbMrrra',NULL,'9173295157',NULL,'2021-05-18 14:28:20','2021-05-18 14:28:20',NULL,25,NULL,0),(35,'Billy Hines',NULL,'billy.hines@vincitgroup.com',NULL,'$2y$10$mtuKGsLIvVmKDxaJxYo0BOLW76o0db.OlwHSEtLA4zNXFTCFf4lJy',NULL,'9104095132',NULL,'2021-05-18 14:33:32','2021-05-18 14:52:30',NULL,21,NULL,0),(36,'Loren Hunt',NULL,'loren.hunt@vincitgroup.com',NULL,'$2y$10$ug0up2Depma.J/GV8RfJ5egMmKJNs6IRs1qjZ/XQ9dsiiFERj/cF2',NULL,'9104095132',NULL,'2021-05-18 14:35:45','2021-05-18 14:56:59',NULL,21,NULL,0),(37,'Jeff Marshall',NULL,'jmarshall@aqualogicwc.com',NULL,'$2y$10$0u7QgRMyl6YEe/C5Za3Af.Uq3S19mxqa.r8pDQdw7WG8WupfmKTGG',NULL,'8662713625',NULL,'2021-05-18 14:38:49','2021-05-18 14:38:49',NULL,26,NULL,0),(38,'Zac Roberts',NULL,'zroberts@aqualogicwc.com',NULL,'$2y$10$lM6Uek3CMuOcH0EMrhP1KeWzgNhfz/DA7BE2BFVwWal/ByNyDcg82',NULL,'2819005142',NULL,'2021-05-18 14:39:22','2021-05-18 14:39:22',NULL,26,NULL,0),(39,'Graham Helburn',NULL,'ghelburn@aqualogicwc.com',NULL,'$2y$10$D9AtIdjd0CwygiMhp12ZsebAzzZmxfr12Z5QLhhIZViTxNVwFU2bO',NULL,'5126946283',NULL,'2021-05-18 14:40:03','2021-05-18 14:40:03',NULL,26,NULL,0),(40,'Patrick Parker',NULL,'patrick.parker@momar.com',NULL,'$2y$10$efSI0yEvspXBi7ouDsWjdepELnZruEn7CEdIb6hmbmSpC3OYQbeJG',NULL,'6626141732',NULL,'2021-05-18 14:41:01','2021-05-18 14:41:01',NULL,27,NULL,0),(41,'Teresa Brown',NULL,'aquatrolchemical@momar.com',NULL,'$2y$10$3sSA14.ASN6m10hj2JTsf.hzpdICYWNMLkZqjT7KycvN.qKrz1CEe',NULL,'4043354580',NULL,'2021-05-18 14:41:33','2021-05-18 14:41:33',NULL,27,NULL,0),(42,'Ronald Byrd',NULL,'ronald.byrd@halliburton.com',NULL,'$2y$10$/CB56nasW4fwVlUjd0AHjufRnnZVBrxOITlTJNvpsvyOJT1rzMx9S',NULL,'2818450404',NULL,'2021-05-18 14:42:47','2021-05-18 14:42:47',NULL,28,NULL,0),(43,'Gloria Kong',NULL,'gkong@barclaywater.com',NULL,'$2y$10$1ESuDEc77iDWba3X3ag2WuNIAlJmye8sX6wziFjK1pQi/Isn7ota2',NULL,'8574040344',NULL,'2021-05-18 14:43:45','2021-05-18 14:43:45',NULL,29,NULL,0),(44,'Brett Ragon',NULL,'brettr@bwrgroupllc.com',NULL,'$2y$10$TL2BoBAWGh.nYCBBrYfc9edR.KEBDMKdfci.8a72DgKiVmQrh17S6',NULL,'4322101928',NULL,'2021-05-18 14:44:41','2021-05-18 14:44:41',NULL,30,NULL,0),(45,'Randall Lewis',NULL,'randalll@bwrgroupllc.com',NULL,'$2y$10$.f93oPkspeqYPuaWXmWCl.jHkc9Qq6LHZLzU7FHpCStPQ1.Hx8cKq',NULL,'5753908567',NULL,'2021-05-18 14:45:15','2021-05-18 14:45:15',NULL,30,NULL,0),(46,'John Mavridis',NULL,'jmavridis@bondwater.com',NULL,'$2y$10$GYYP2AjbpZo39f1VixgAduvF6tZsVxOe.teFT7SCjvLk0k/uiGQDq',NULL,'3017212663',NULL,'2021-05-18 14:46:15','2021-05-18 14:46:15',NULL,31,NULL,0),(47,'David Cannon',NULL,'david@cannonwater.com',NULL,'$2y$10$idPA7gn38ZARtlRXW6Dkme/2SKFA1i41E5q3dMt4nkTJV5pE3SEmq',NULL,'9163152691',NULL,'2021-05-18 14:48:09','2021-05-18 14:48:09',NULL,32,NULL,0),(48,'Adam Sites',NULL,'adam@captec.us',NULL,'$2y$10$CLrOdZMDDVqW27mD7haQuuXWMrUmYUUwbC0yUW4wXSxVwrTdUNkbC',NULL,'7247477446',NULL,'2021-05-18 14:54:41','2021-05-18 14:54:41',NULL,33,NULL,0),(49,'John Rowen',NULL,'john@captureh2o.com',NULL,'$2y$10$nB20f4c0hoWknWWAN0c86e7tSmSp4D8D./fVs/h7pNTbLLxjxCqym',NULL,'7605180169',NULL,'2021-05-18 14:55:54','2021-05-18 14:55:54',NULL,34,NULL,0),(50,'ChemTreat Demo Administrator',NULL,'h2tronicsinc@gmail.com',NULL,'$2y$10$E5tPWFfplRhNJ1kywz6dPuWUaTrGZBUKh5yPAdw81nZaXzRtpjDmu','5LtnF4DBQ3jNmWFpv4SfUgvJP43fM1KhwgqeFYJEWyruF1VEFNaDfxgeqMwW','8175551234',NULL,'2021-05-18 14:57:05','2021-09-17 19:30:38',NULL,35,1,0),(51,'Julie Mielke',NULL,'juliem@chemtreat.com',NULL,'$2y$10$f20bd74KbqSMo4jTjbEpG.cYNDKbsZ6yBk5yAcPeq41d2W7TDnxv.',NULL,'8049352389',NULL,'2021-05-18 14:59:50','2021-05-18 14:59:50',NULL,35,NULL,0),(52,'Aaron Griesemer',NULL,'aaron.griesemer@vincitgroup.com',NULL,'$2y$10$tiZShJOHsLqq8q/oboxj/OK6T8nuKTK1JUVI0zP4Ke1GPi5AqVumK',NULL,'4234632059',NULL,'2021-05-18 15:00:05','2021-05-18 15:00:05',NULL,21,NULL,0),(53,'Alex Faulk',NULL,'alex.faulk@vincitgroup.com',NULL,'$2y$10$jIfjcWY.aNQfy/NvBChVcuduXZU5tBqC84jfZ3NJnLifpeC1ZHGVm',NULL,'9102642308',NULL,'2021-05-18 15:01:32','2021-05-18 15:01:32',NULL,21,NULL,0),(54,'Andy Shuford',NULL,'andy.shuford@vincitgroup.com',NULL,'$2y$10$KSD73iZfa3hLwJfbLLMdK.zz2lOzmF3NCI8ZdWmsg/GQo0L0dfmMe',NULL,'4236646663',NULL,'2021-05-18 15:03:35','2021-05-18 15:18:07',NULL,21,NULL,0),(60,'ChemTreatUser',NULL,'chemtreath2@gmail.com',NULL,'$2y$10$Rzj63UkMoEIJxUH2AarJ9efVVfKb./rnLDxY5bUDfjzzjnKmwQcY2',NULL,'111',NULL,'2021-05-18 15:13:17','2021-05-18 15:13:35',NULL,35,NULL,0),(65,'Lee Conner',NULL,'lconner@chemcoprod.com',NULL,'$2y$10$7iKxyOPdKmNecvVE5Vg1uuE5SCFbqIhDD./ymAClSrDXo/KR6sGSi',NULL,'2096480284',NULL,'2021-05-18 15:20:41','2021-05-18 15:20:41',NULL,36,NULL,0),(66,'Austin Stephens',NULL,'austin.stephens@vincitgroup.com',NULL,'$2y$10$BFSKhwxOZEe/pX686XMfq.xu4Q9v2U4cPCGg7uzn801/orkreP7cm',NULL,'4237021289',NULL,'2021-05-18 15:20:49','2021-05-18 15:20:49',NULL,21,NULL,0),(67,'test',NULL,'segoviawork@gmail.com',NULL,'$2y$10$rKwCe39peqsNXDSZYUa9KOWaevEnzIQ7l/WegGXuerhhQOHZHbxaG',NULL,'111',NULL,'2021-05-18 15:21:10','2021-05-18 15:21:10',NULL,36,NULL,0),(68,'Barry Owings',NULL,'barry.owings@vincitgroup.com',NULL,'$2y$10$RIIPn8Ud7DSgVeZGKZRHS.36rXi4YcS/UXdlbULlCzu8b5IZ6OpdO',NULL,'9106192804',NULL,'2021-05-18 15:21:58','2021-05-18 15:21:58',NULL,21,NULL,0),(69,'Mike Moeller',NULL,'mike@chemicalsystemsinc.com',NULL,'$2y$10$gKZUKNgUySXpC6xfHOQgP.Tt94DA.RvHWZHRqT0KurnCLLGePOJxK',NULL,'3176911743',NULL,'2021-05-18 15:22:12','2021-05-18 15:22:12',NULL,37,NULL,0),(70,'Ben Lukowski',NULL,'Ben Lukowski',NULL,'$2y$10$TGzCFs/bp6TUGY..VeRsQOSUhZokGb8FTbQnz4pTZW3LpYOMSF4U2',NULL,'9104091898',NULL,'2021-05-18 15:23:02','2021-05-18 15:23:02',NULL,21,NULL,0),(71,'Bruce Gutknecht',NULL,'bruce.gutknecht@chemsearchfe.com',NULL,'$2y$10$0Bu2pGh6G8n.JPopa0DTy.aCyplokM2Ez0UIPilxvW25s.yNm3mye',NULL,'6124148077',NULL,'2021-05-18 15:23:08','2021-05-18 15:23:08',NULL,38,NULL,0),(72,'Craig Pettis',NULL,'cpettis@bellsouth.net',NULL,'$2y$10$PsrCNU1BZ2Ggj13hCg65keyjNVpV63sPkdO/j8OEzhhUTehLHDkQy',NULL,'4045618198',NULL,'2021-05-18 15:24:04','2021-05-18 15:24:04',NULL,39,NULL,0),(73,'Bobby Dodd Jr',NULL,'bobby.doddjr@vincitgroup.com',NULL,'$2y$10$KDz9rvmg4Wf50PkOlRIxreZeQkFkiJyQBt9Bx6ul2IU1Yr52mvKY6',NULL,'9194183992',NULL,'2021-05-18 15:24:15','2021-05-18 15:24:15',NULL,21,NULL,0),(74,'Amy Pollock',NULL,'amyp@chemtronh2o.com',NULL,'$2y$10$me61Q7dNyrH9izaU68FBM.vyGQtkCGy8Hrzg651wM0Yr7ELqQS3BO',NULL,'3148096638',NULL,'2021-05-18 15:25:04','2021-05-18 15:25:04',NULL,40,NULL,0),(75,'Carlton Reynolds',NULL,'carlton.reynolds@vincitgroup.com',NULL,'$2y$10$Ic2MsubJpW3eMIZcomGEyOig6zyWARZE.9LHhb1hJ.8sU5Wbogbqa',NULL,'8881234567',NULL,'2021-05-18 15:25:31','2021-05-18 15:25:31',NULL,21,NULL,0),(76,'Bastian Wache',NULL,'bastianw@chemworld.com',NULL,'$2y$10$Zh6cSfZZl18Hmme9R.D1Z.FEorLdJgcrsa6ePHm.QIzaUJnpfC6GC',NULL,'6613804182',NULL,'2021-05-18 15:26:52','2021-05-18 15:26:52',NULL,41,NULL,0),(77,'Chase Cauvin',NULL,'chase.chauvin@vincitgroup.com',NULL,'$2y$10$BofxkSxj4veABJN0mptbbOYtrI6VLjADUZ3JvA9BepXIMEi6JamxW',NULL,'8881234567',NULL,'2021-05-18 15:27:29','2021-05-18 15:27:29',NULL,21,NULL,0),(78,'Jonathan Dumouchel',NULL,'jdumouchel@chimie-solution.ca',NULL,'$2y$10$2qyVdWM96QXtoonWgHg5GOZx4Nl2uTyfZookOcz07xgdWh98JB74y',NULL,'4504498684',NULL,'2021-05-18 15:28:23','2021-05-18 15:28:23',NULL,42,NULL,0),(79,'Grant Black',NULL,'grant.black@vincitgroup.com',NULL,'$2y$10$Z9nJyRHHyU26shu9VbLZ4us.OpeoGOGJFxybT.vCjs1L5/oXmFOXa',NULL,'9126589042',NULL,'2021-05-18 15:28:35','2021-05-18 15:28:35',NULL,21,NULL,0),(80,'Greg Frazier',NULL,'gfrazier@claritywatertech.com',NULL,'$2y$10$efqinPnJ.pgVfbsNWYmkp.Ff0ro2m14.UMN1EXlpduERFi15D6MZ.',NULL,'8455890580',NULL,'2021-05-18 15:29:36','2021-05-18 15:29:36',NULL,43,NULL,0),(81,'Jim Booth',NULL,'jim.booth@vincitgroup.com',NULL,'$2y$10$1AXrmKLD2/JLjD6hV1lVhODdWoe/7LbD7qKQ7nzgJc0jDBKZIX7Ga',NULL,'4232602765',NULL,'2021-05-18 15:29:46','2021-05-18 15:29:46',NULL,21,NULL,0),(82,'Josh Baty',NULL,'jbaty@claritywatertech.com',NULL,'$2y$10$KjPK2vGOPlpUcSyCPdJU7OIFNch8GLp241z62PnxnNzp0VYQ9K4ya',NULL,'8455890580',NULL,'2021-05-18 15:30:05','2021-05-18 15:30:05',NULL,43,NULL,0),(83,'Russell Smith',NULL,'rsmith@claritywatertech.com',NULL,'$2y$10$hoAZv04T1BDbqwyag6YSQunelQUvKfTgOlKfEzaS2LbLDYJSM1/AK',NULL,'6318077200',NULL,'2021-05-18 15:30:36','2021-05-18 15:30:36',NULL,43,NULL,0),(84,'Joshua Coppinger',NULL,'joshua.coppinger@vincitgroup.com',NULL,'$2y$10$b6wbuNkBC0dgQnP12PbEIOA3Nsm12ZJDI3fbA6N.RqiKbUJPjo1ri',NULL,'4235094910',NULL,'2021-05-18 15:30:55','2021-05-18 15:30:55',NULL,21,NULL,0),(85,'Ted Doyle',NULL,'tdoyle@condortechnologies.com',NULL,'$2y$10$oXcpdJLLsnSRqVEKNevOuOLY1aAuo3nyvoCw1LKo0wrxR3ot8ys9O',NULL,'3025477699',NULL,'2021-05-18 15:31:46','2021-05-18 15:31:46',NULL,44,NULL,0),(86,'Gary Schwartz',NULL,'gschwartz@ecowaterlab.com',NULL,'$2y$10$3Gpf6wc.gHiTerbszjdkyuf.dOTCyKwwN4.wrkAk6Ik0Bzjk2GACW',NULL,'5142273277',NULL,'2021-05-18 15:32:38','2021-05-18 15:32:38',NULL,45,NULL,0),(87,'Chris Koepke',NULL,'ckoepke@earthwiseenvironmental.com',NULL,'$2y$10$WqGNI8u4l2z7sVxLhQXW9uCBEjFy77hQnvzG0okz0tWceuNRT9jPe',NULL,'6307740419',NULL,'2021-05-18 15:33:39','2021-05-18 15:33:39',NULL,46,NULL,0),(88,'Mike McIntosh',NULL,'mike@ewero.com',NULL,'$2y$10$gcou6/xuZUzbRbMboglkDueVg4EDLXRO6KNi2qWSWgndp7FncVRNm',NULL,'4193526163',NULL,'2021-05-18 15:34:36','2021-05-18 15:34:36',NULL,47,NULL,0),(89,'Dan Adams',NULL,'drdclaytonadams@gmail.com',NULL,'$2y$10$Zfm9kowanJFTzYE9Tj9YbuKGYTeM..RtWjpoutKYizdx4w/enNzHW',NULL,'5804789873',NULL,'2021-05-18 15:35:42','2021-05-18 15:35:42',NULL,48,NULL,0),(91,'Rick Wirth',NULL,'sehmans13@gmail.com',NULL,'$2y$10$fvAkhCh8nwabNRAQkMmw3u/VCqhpT5A2hKyPW5pTRPfuH36vUZska',NULL,'9802533370',NULL,'2021-05-18 15:36:39','2021-05-18 15:36:39',NULL,49,NULL,0),(92,'Rick Wirth',NULL,'rick@experiencedwater.com',NULL,'$2y$10$80C7SC9WEtwbNmxh4nBBYeNYHPRW5ba4eFH4FkZWtqAChwUsQXWGa',NULL,'9802533370',NULL,'2021-05-18 15:37:15','2021-05-18 15:37:15',NULL,49,NULL,0),(93,'Mike Kornacki',NULL,'mike.kornacki@vincitgroup.com',NULL,'$2y$10$o0TqZfjoqpuJVf4y4xWWwOzTJh/ey4RoD/XUtGUAGWSf22pBRQv8O',NULL,'2314294393',NULL,'2021-05-18 15:37:15','2021-05-18 15:37:15',NULL,21,NULL,0),(94,'Taylor Wilson',NULL,'taylor.wilson@vincitgroup.com',NULL,'$2y$10$oSmIAKoCVbPgec0wVQac0.IM3KNz.gU0riJNKIBFWEmbCi0A0SP.G',NULL,'4238768476',NULL,'2021-05-18 15:38:24','2021-05-18 15:38:24',NULL,21,NULL,0),(95,'Conor Parrish',NULL,'cparrish@fctwater.com',NULL,'$2y$10$mY38Sa/Ru0oTrVKJOJZiFuncTDy5xo4B45P4YaJFTz5KYAwSDEKPK',NULL,'9703426867',NULL,'2021-05-18 15:39:49','2021-05-18 15:39:49',NULL,50,NULL,0),(96,'Conor Pecor',NULL,'cpecor@fctwater.com',NULL,'$2y$10$VvnKRZNFCAjUBrALwcCt7efCn2s4EG5laS41egIxtMxjy9lccskZ.',NULL,'9705904359',NULL,'2021-05-18 15:40:26','2021-05-18 15:40:26',NULL,50,NULL,0),(97,'Les Davis',NULL,'ldavis@fctwater.com',NULL,'$2y$10$p6TeZaXjKAqVg4muYUm.uOmf04rD7qmnGR/8i6HntAbUBiCCBBX9i',NULL,'7203083645',NULL,'2021-05-18 15:40:54','2021-05-18 15:40:54',NULL,50,NULL,0),(98,'Terry Barton',NULL,'terry.barton@vincitgroup.com',NULL,'$2y$10$4eDaehfy5qpurtVbghneCeIXPMff.zYrf3H19DBpXbGzo44/40Uba',NULL,'4233222046',NULL,'2021-05-18 15:41:47','2021-05-18 15:41:47',NULL,21,NULL,0),(99,'Jim Kuhn',NULL,'jkuhn@fremontind.com',NULL,'$2y$10$s.ysEoB7ZYSWhfR6MLJAUOS3enPrelUqF56hDbxGjZXVKoiLiawja',NULL,'9524029918',NULL,'2021-05-18 15:42:10','2021-05-18 15:42:10',NULL,51,NULL,0),(100,'Brady Fougner',NULL,'bfougner@fremontind.com',NULL,'$2y$10$r7Eq.PCzJCgRZiCiXW64MejroZDlY0dKUuE0jjdWXXU81eU5XTLPG',NULL,'6122406180',NULL,'2021-05-18 15:42:38','2021-05-18 15:42:38',NULL,51,NULL,0),(101,'Todd Faulk',NULL,'todd.faulk@vincitgroup.com',NULL,'$2y$10$W/e0oEXqrX8vlIZsXKuWQOgB7agf.LO5kQJAD/mVtToXoMjX.R7Am',NULL,'4235953442',NULL,'2021-05-18 15:42:58','2021-05-18 15:42:58',NULL,21,NULL,0),(102,'Brett Alsleben',NULL,'balsleben@fremontind.com',NULL,'$2y$10$iGAKidR30UH6uETCA3hAIutgSwBYICvfTcbj8sMzfBvrDjohI94Wi',NULL,'6127194150',NULL,'2021-05-18 15:43:12','2021-05-18 15:43:12',NULL,51,NULL,0),(103,'Greg Rastetter',NULL,'grastetter@fremontind.com',NULL,'$2y$10$2f64Cm2t7D5R4y8zszpyaeaejE4Qt2YYzSP/pUgqSn8cBFlhJnT5K',NULL,'3094290939',NULL,'2021-05-18 15:43:48','2021-05-18 15:43:48',NULL,51,NULL,0),(104,'Ken Marshall',NULL,'kmarshall@fremontind.com',NULL,'$2y$10$gxzJxhnz4zV.Reuq5jxG..N24hLFnDy98NwAQPrs1nj1R8DONPOza',NULL,'7132066070',NULL,'2021-05-18 15:44:18','2021-05-18 15:44:18',NULL,51,NULL,0),(105,'Zac Colwell',NULL,'zac.colwell@vincitgroup.com',NULL,'$2y$10$hnZdNMwZxcMaO70PGFln.uTyIzEDB/m8KG4v6NSqcfYBy8IfECVfq',NULL,'9106242638',NULL,'2021-05-18 15:44:40','2021-05-18 15:44:40',NULL,21,NULL,0),(106,'Mark Bertram',NULL,'mbertram@fremontind.com',NULL,'$2y$10$kvDC3dALkdX.bZ1gFDX9Ku8vx3va9022FtzQEF8//jCjRIZSBl/9K',NULL,'9205050965',NULL,'2021-05-18 15:45:09','2021-05-18 15:45:09',NULL,51,NULL,0),(107,'Nick Musselman',NULL,'nmusselman@fremontind.com',NULL,'$2y$10$NSe362exLZ1NMAijRKa7quUzLEWEPpsoE7CReaEViVK6RL0IYitXS',NULL,'8162611292',NULL,'2021-05-18 15:45:35','2021-05-18 15:45:35',NULL,51,NULL,0),(108,'Quentin Coffman',NULL,'qcoffman@fremontind.com',NULL,'$2y$10$EHNAt0HYqvc3ZbL.TMac7OGHnuZeYTErBQJRFLN0a50QG4xfTg2sK',NULL,'9139095766',NULL,'2021-05-18 15:46:10','2021-05-18 15:46:10',NULL,51,NULL,0),(109,'Steve Blumke',NULL,'sblumke@fremontind.com',NULL,'$2y$10$CbVXobDNi22EqMQ7okDocey5iOPI4l/n1DrPxclVTx9WgaSp3xNhO',NULL,'6129406334',NULL,'2021-05-18 15:46:39','2021-05-18 15:46:39',NULL,51,NULL,0),(110,'Tyler Munter',NULL,'tmunter@fremontind.com',NULL,'$2y$10$fu1IZA1lKZ4qrzek5jmoxeHhJk6RkksjdQ1VaxdVptICsBCnns5RO',NULL,'4023101763',NULL,'2021-05-18 15:47:05','2021-05-18 15:47:05',NULL,51,NULL,0),(111,'Rafael Gonzalez',NULL,'rgonzalez@xelera.us',NULL,'$2y$10$Zp9V2r.mXyzDM9IY3FaHmOzo71Rl1rF3vrp0gr5XPIFdAb4R8VHr2',NULL,'5403895232',NULL,'2021-05-18 15:47:28','2021-05-18 15:47:36',NULL,52,NULL,0),(112,'Chris Lilley',NULL,'eservice@gothamtechnologiesinc.com',NULL,'$2y$10$p4cF6jDsGBj2pp4nLWA46OpCkjiYGyKGfqfeEy8SpUbzBmMAoW3SO','ilZfdhe0rOP0EYDiFFP2DaD4eyR0URudz174ulVWWmHp2nHrfac7WFbW2Ksc','2038546644',NULL,'2021-05-18 15:48:02','2021-11-15 18:01:38',NULL,53,NULL,0),(113,'Brandon Norris',NULL,'brandon@guardian-ipco.com',NULL,'$2y$10$PxKhcanWF1s1WRq/xleXAOLPomCPvnWe3K/hGylIcZFXC6ABT8AM6',NULL,'2563388656',NULL,'2021-05-18 15:49:02','2021-05-18 15:49:02',NULL,55,NULL,0),(114,'Chuck Bjork',NULL,'chuck.bjork@weasengineering.com',NULL,'$2y$10$wCJOpjd3ukzXfhirvQqzDu2BWIAxTATAhWrhmH0mYWf3rlZS/W1S2',NULL,'3174021041',NULL,'2021-05-18 15:49:40','2021-05-18 15:49:40',NULL,54,NULL,0),(115,'Anthony Gowgiel',NULL,'argowgiel@hohwatertechnology.com',NULL,'$2y$10$GOuDLjtVLfWVd7wth3hC5eZLzVGJ1kGEmPF.bRSSfYBWTGMJC6mCO',NULL,'84735874000',NULL,'2021-05-18 15:49:53','2021-05-18 15:49:53',NULL,56,NULL,0),(116,'Adam Dumler',NULL,'adumler@h2tronics.com',NULL,'$2y$10$Evl.9WXor0ogx/fuFuqEqOFNGYcEpmmQ2ieEb66rUrjOT.cUZ7vlu','2ZOmkq9Y7Cagkia6x8NgsASz15AK94QlPkd6NdpnU4LLz3YvCBnpGnM3cOkY','8172517185',NULL,'2021-05-18 15:51:12','2023-04-04 20:16:59','2023-04-06 04:00:00',57,1,1),(118,'Brian Katarski',NULL,'bkatarski@aquaphoenixsci.com',NULL,'$2y$10$l8zqp1DCbzGFhxpHLTYnbO.8z/Xxab1IT0j29mjnDwdAPZayuh6Yi','40M7axWpHAIWExSSyLzYqKix5HYjX0gY2BJwNS0G6mV7DLLpnmj7qGiEmXRl','7174657859',NULL,'2021-05-18 15:52:07','2021-11-08 19:20:13',NULL,57,1,0),(119,'Frank Lecrone',NULL,'frank@aquaphoenixsci.com',NULL,'$2y$10$/Sd/ioPHP0dyigl12OXHeemklgFHlCTtE0vYkXPYfLPlOVF5Lufs6',NULL,'8666321291',NULL,'2021-05-18 15:52:33','2021-05-18 15:52:33',NULL,57,NULL,0),(120,'Michael Bass',NULL,'mbass@Aquaphoenixsci.com',NULL,'$2y$10$v69OtSpbMLd7uPX7rPxdZO/Mf0Ctd8f91yqJGqSLVIoExuzrADO66','7BQveWv2miUEvfY78DwzMl2bsT9pnpy8tQbZqdewD7VnPYKu8rCuSfIEfLoC','8172517184',NULL,'2021-05-18 15:53:05','2021-11-18 02:30:59',NULL,57,1,0),(122,'Oleg Bushmelev test Test Test Test',NULL,'obushmelev@aquaphoenixsci.com',NULL,'$2y$10$WpDU.FEVO15tRJ3lNdfinurUolSgVb9fqsTorb/UwgZn39YRia5su',NULL,'8172517184',NULL,'2021-05-18 15:54:08','2021-06-02 08:00:04','2021-06-02 08:00:04',57,NULL,0),(123,'Ryan Lowe',NULL,'rlowe@aquaphoenixsci.com',NULL,'$2y$10$ftKsU2jT2EjZGFWbpX5eiuBC9z.gObwL6/dQI7llQUWEVr8x5m/Hi','fjPMbRxfx8bbEuMidl0zMaz8RNurkFdaL7XQSgwSj8NMLAnqxCq1t5qZPhv7','8172517184',NULL,'2021-05-18 15:55:22','2021-11-30 20:33:42',NULL,57,1,0),(124,'taylor',NULL,'tsegov89@gmail.com',NULL,'$2y$10$NALoayYefigtmRZLvayiz.Ex6l1ecMtZJ4MWtw4nl2dZ0N207uvd6','nZ9nME3cFTgTTwsVfCDVQwSwDC2A2RrUXsTbjinGQ16XvWIRqOsdkZWLpSrF','4692542297',NULL,'2021-05-18 15:56:24','2021-11-09 20:18:24',NULL,57,1,0),(125,'Tom Tinney',NULL,'ttinney@h2tronics.com',NULL,'$2y$10$/T.ND4zP/2J/OOOC6e2sMuAY2Ss2ll2EnhlFLvADKdyGv/jEFo/CW','6mx3H3nAkf8RmFTTOAyoeQUSaZJXEFgAcHCTFMAqlaNJDFMGBaLbO6k91qKv','6234552613',NULL,'2021-05-18 15:56:53','2021-11-05 20:48:11',NULL,57,1,0),(126,'Zenoviia S',NULL,'zenoviia.s@egilax.com',NULL,'$2y$10$Vy2ZWMVshdFhwa8mIQrt7eJiV68I86ofAEu07Hy.GcW5D9iLHEbUK',NULL,'8885551234',NULL,'2021-05-18 15:57:26','2021-05-18 15:57:26',NULL,57,NULL,0),(127,'Taylor',NULL,'tsegovia@h2tronics.com',NULL,'$2y$10$0gjnHO4LqZSOwzTwc8csReT2XzCZzxik204pt.YefehbUskddAzIS','hgVNf7JfHHEdeIPj8j0mxqPBYvp7uYmKHOZRnuVvtd2R0bZXJetZrhbZ6bot','4692542297',NULL,'2021-05-18 15:58:11','2021-06-09 19:06:34',NULL,57,1,0),(128,'Tony Gamble',NULL,'tgamble@h2tronics.com',NULL,'$2y$10$xSySVd3X/YRngaGRGbAVu.0CFOba/Ali24Ir8j288VEkNx1OvlM1S',NULL,'111',NULL,'2021-05-18 15:58:37','2021-06-02 08:00:12','2021-06-02 08:00:12',57,NULL,0),(132,'David Hayse',NULL,'dhayse@aquaphoenixsci.com',NULL,'$2y$10$PN23AUVHmuZ1Z8Ez73O.6ueKn.j9Gz/Va9Rfx/f9b2WtFWdfMID7O',NULL,'7174518961',NULL,'2021-05-18 16:00:58','2021-05-18 16:00:58',NULL,57,NULL,0),(133,'Dean Tolson',NULL,'dtolson@aquaphoenixsci.com',NULL,'$2y$10$O47wOsogVS7kOKR4Z28YRedSs5JEldgRYwa7LsxP92/Dj.7F7.NQu','c4usa56hUqCCJH1qoTa61oAZklKOfUcJ5ojiF8V0ONMvnEU6pJ39OXlbcBg8','7176402924',NULL,'2021-05-18 16:01:27','2021-11-05 21:38:41',NULL,57,1,0),(134,'Demo Rep',NULL,'adam.dumler@gmail.com',NULL,'$2y$10$GcJaDY2QgpfTRAAvibazn.4x7NK1Tb5fRUdg5ZLuZn3BwYeSEKf9C',NULL,'8172517184',NULL,'2021-05-18 16:01:56','2021-05-18 16:01:56',NULL,57,NULL,0),(137,'Dave Kerr',NULL,'dave@watertechusa.com',NULL,'$2y$10$moLgT81Rpk9q/JpioYAJO.irFCryS9Lix0Gm68mziTX7./59f48s.',NULL,'8006451350',NULL,'2021-05-18 16:03:27','2021-05-18 16:03:27',NULL,58,NULL,0),(139,'John Steel',NULL,'jsteel@aquaphoenixsci.com',NULL,'$2y$10$Ns91PgBS4t.HfwFtCQUK6u33LJHVU56b6fErVb4PBgIm7hWQ5jMSa','mWgJ55mnmqC9HkCI79EA1GEJF5CVa9CryaWy2PF3r6JE6awNn9SvPbJwLfBd','7174659295',NULL,'2021-05-18 16:04:04','2021-11-08 19:23:40',NULL,57,1,0),(141,'Sabrina Krebs',NULL,'skrebs@aquaphoenixsci.com',NULL,'$2y$10$.XNiLKh92S8WbOqQTD8PkefsvuDUNfNId.U6lqZrS19OCPTkCEnZ6','npmcIpsY8o5ulQ4lKC05dvyyAQFZ7hOknnSaWN16B7LpZc9dnBTGziHW1ewn','8666321291',NULL,'2021-05-18 16:05:05','2021-11-17 21:00:18',NULL,57,1,0),(143,'Bill Campbell',NULL,'billc@wtservicesllc.com',NULL,'$2y$10$BjpS9c4CrwYsHX4/BkrRZefW7sjN86QfmUay09R7qNRj7pQcAhsk6',NULL,'7243962542',NULL,'2021-05-18 16:05:42','2021-05-18 16:05:42',NULL,59,NULL,0),(144,'Steve Snavely',NULL,'ssnavely@aquaphoenixsci.com',NULL,'$2y$10$GZQvdI9IJX6CgdTWakbmlupQ4vHIl.Zt9urc4jRdDnHnOkG43Lolm',NULL,'8666321291',NULL,'2021-05-18 16:06:14','2021-05-18 16:06:14',NULL,57,NULL,0),(146,'Steve Jaap',NULL,'sjaap@wtsi.cc',NULL,'$2y$10$DA//7ZJoXzV4k0uwRJE/Z.2J6LfOAB74G/Yro2D/cFArixDIVboh6',NULL,'7139438952',NULL,'2021-05-18 16:15:41','2021-05-18 16:15:41',NULL,61,NULL,0),(147,'Ryan Washington',NULL,'rwashington@watertechinc.net',NULL,'$2y$10$5RXYQiv2TYSrwnRXxI3See2UyGXMMEZLs1F0DnHfvraSm7CuRKJ8.',NULL,'4796497447',NULL,'2021-05-18 16:17:46','2021-05-18 16:17:46',NULL,62,NULL,0),(148,'Shawn Lee',NULL,'slee@watertechinc.net',NULL,'$2y$10$EhyRtAK0N3KBbPT3OSfNpOyWKhxH.8gtBaJzTB0iMCOsTJLSF9oIO',NULL,'5555555555',NULL,'2021-05-18 16:21:48','2021-05-18 16:21:48',NULL,62,NULL,0),(149,'Kevin Thurston CWT',NULL,'kevin@water-partners.com',NULL,'$2y$10$AVXyd/4L3JJrHZw6zM1dsuNX07X87jnmL6pvV6qglov0LiZQycLIa',NULL,'4016026126',NULL,'2021-05-18 16:23:43','2021-05-18 16:23:43',NULL,63,NULL,0),(150,'Matt Steiger',NULL,'msteiger@wateroneonline.com',NULL,'$2y$10$RW.rENRB7.SOLKGWGCpE1ee0W0sLXNxmTZfuWQ2/wihAEVUCKtO/W',NULL,'7077183713',NULL,'2021-05-18 16:29:44','2021-05-18 16:29:44',NULL,64,NULL,0),(151,'Micah Thomson',NULL,'micah@wmcwater.com',NULL,'$2y$10$nJtG23LmsWZ5mU4e0q/Bkez1rCUGAOIYmyvJRj11F4BFebrp1GIFe',NULL,'6478507800',NULL,'2021-05-18 16:31:17','2021-05-18 16:31:17',NULL,65,NULL,0),(152,'Cindy Helton',NULL,'cindy.helton@veolia.com',NULL,'$2y$10$XASyjaTtsEZcQ2fsUW011O1VQ0CS3aKQgP3NEZEOJx8f3kpUaosYC',NULL,'8505493830',NULL,'2021-05-18 16:32:44','2021-05-18 16:32:44',NULL,66,NULL,0),(153,'Don Reid',NULL,'don.reid@trinitywatersolutions.com',NULL,'$2y$10$2jnQxOiYaPFb/GUuu8NVq.NcAP.fbPS772l9pjiFxAhjupHcSInwq',NULL,'2013708472',NULL,'2021-05-18 16:34:53','2021-05-18 16:34:53',NULL,67,NULL,0),(154,'Admin1',NULL,'freakyferments@gmail.com',NULL,'$2y$10$R1UE1LjrSWcsOYb2Wn3U5eV2cy5fT6hmB6P4zfNAIQ8Ocmk.y3Bbe',NULL,'4692542297',NULL,'2021-05-18 16:36:43','2021-05-18 16:36:43',NULL,68,NULL,0),(155,'Gregg Gailey',NULL,'g.gailey@synthexorganics.net',NULL,'$2y$10$ez7rwaJlvXdW9E9XINvlW.9YEfxPBJeQuVpBTfKN8k0PuWLl59fCq',NULL,'7244959320',NULL,'2021-05-18 16:42:40','2021-05-18 16:42:40',NULL,69,NULL,0),(156,'James Booth',NULL,'jbooth@sustainachem.com',NULL,'$2y$10$d6vToD5cXDhUW37rHnnea.YhhHIuHgqyugsoOeec5FKRjNlQOIjV.',NULL,'5732318524',NULL,'2021-05-18 16:45:00','2021-05-18 16:45:00',NULL,70,NULL,0),(157,'Phil Rapp',NULL,'phil@summitlaboratories.com',NULL,'$2y$10$xTJXDNezEln8jbXHA.gSV.WEduFngodtmIHnSZCQjOinwLcAhPOW2',NULL,'3032939862',NULL,'2021-05-18 16:48:12','2021-05-18 16:48:12',NULL,72,NULL,0),(158,'Roger Mann',NULL,'rmann073@aol.com',NULL,'$2y$10$g6o.Pzmr4dgvcnj8.uQmb.2OYlLpKnNRpFCcUxCtNlYHSeyNQrkte',NULL,'8057464012',NULL,'2021-05-18 16:49:35','2021-05-18 16:49:35',NULL,71,NULL,0),(159,'Erhan Aydin',NULL,'erhan.aydin@suez.com',NULL,'$2y$10$LQFv28m.qrDEvwX3ZX8c6.Py7V7vwGyIF5KJq8Kl9IExbSwWDDEB6',NULL,'21559555110',NULL,'2021-05-18 16:50:03','2021-05-18 16:50:03',NULL,73,NULL,0),(160,'Paul Heinstein',NULL,'pheinstein@hwtrllc.com',NULL,'$2y$10$HpomsMYOlnnvcMcM.3Vrpe.ooD3MxOGoHoElq3sy0j/XT3DJ6rMf.',NULL,'4804507306',NULL,'2021-05-18 16:50:39','2021-05-18 16:50:39',NULL,74,NULL,0),(161,'Doug Hoffman',NULL,'doug.hoffman@hoffmanwater.com',NULL,'$2y$10$GU8BI/9yX4aWCzrwwKF.7eNy/YFUW/rKYveormN0n7QS6JA4V3eIC',NULL,'9375088739',NULL,'2021-05-18 16:51:38','2021-05-18 16:51:38',NULL,76,NULL,0),(162,'Jess Sadler',NULL,'jess@isiwater.com',NULL,'$2y$10$0qFBDeuzRM7fzTFCqOdrPeeO5aab8f61B.TJxRY3KoIRGBe7LRPPS',NULL,'8016904439',NULL,'2021-05-18 16:52:41','2021-05-18 16:52:41',NULL,77,NULL,0),(163,'Ty Thomas',NULL,'ty@steam-co.com',NULL,'$2y$10$87p7Eoar6jWV/V.jstHuO.pX/7bwfnv0bW7ElpbOtze5AZKaKxWjK',NULL,'9123108659',NULL,'2021-05-18 16:53:01','2021-05-18 16:53:01',NULL,75,NULL,0),(164,'Steve Bauder',NULL,'sbauder@industrialwater.net',NULL,'$2y$10$SP77lS0H5fRSsS81LY6rgeSmhI2H2EBr3dSFPCztcApbwSVuKMoXO',NULL,'5053455055',NULL,'2021-05-18 16:53:41','2021-05-18 16:53:41',NULL,78,NULL,0),(165,'Richard DeMartino',NULL,'rdemart130@aol.com',NULL,'$2y$10$sSuxwSVO8.aa7RbXYraOEuBCiA4ebOvGM99ZtJ1PuoXWnWicYHSC2',NULL,'7328881233',NULL,'2021-05-18 16:54:39','2021-05-18 16:54:39',NULL,80,NULL,0),(166,'Charlie Martella',NULL,'charlie@specialtychemicalsinc.com',NULL,'$2y$10$XUGt5hlLCpGgAmwxaKf/PuIq7qD.aujra6CNlrv2Fvop2WKovhJ6.',NULL,'585722321',NULL,'2021-05-18 16:54:53','2021-05-18 16:54:53',NULL,79,NULL,0),(167,'Brandon Punt',NULL,'bpunt@jaytech.com',NULL,'$2y$10$/UzKmgmI/Ikhig/wnqg7iOiGYjNC8dWV91OJzmVmPeO89u5J7y.J6',NULL,'6125541472',NULL,'2021-05-18 16:55:37','2021-05-18 16:55:37',NULL,81,NULL,0),(168,'Christine Halbert',NULL,'chalbert@keytech.ca',NULL,'$2y$10$ttIMnmj4ML.xN.R/myBw..195MmFqPdf7zr4o3R5Pbu.0iHllG4GS',NULL,'5197723435',NULL,'2021-05-18 16:56:35','2021-05-18 16:56:35',NULL,83,NULL,0),(169,'Ronnie Marx',NULL,'rmmarx@southwestengineers.com',NULL,'$2y$10$KDjYzvh7U9y1BWOFWv.DvOm3a6Y//mtX13e0s/o0Cb3rz5hZ5lVxC',NULL,'5617562315',NULL,'2021-05-18 16:56:39','2021-05-18 16:56:39',NULL,82,NULL,0),(170,'John Harrelson',NULL,'jharrelson@kroff.com',NULL,'$2y$10$FhzcXV51wqjZ3A4WzuyGF.KeS58lVlnNVeK2mLUjxYoZTwN7fHerW',NULL,'8647062385',NULL,'2021-05-18 16:57:42','2021-05-18 16:57:42',NULL,84,NULL,0),(171,'Ryan Hidalgo',NULL,'rthidalgo@southwestengineers.com',NULL,'$2y$10$rXdvbj318BNn6QygSJqD1OYYK8AhbpIO.BT6fh7DVZyT9V2bZWSWq','XPvlqnMTVYMxlpEv1cyxBZ2cFKLuMAEdlgZGL9PPuyjzXlVEFuKGI5un61EF','2253248904',NULL,'2021-05-18 16:57:48','2021-12-01 01:50:06',NULL,82,NULL,0),(172,'Rick Humes',NULL,'rhumes@kroff.com',NULL,'$2y$10$uzCXLzo4nhqgouoqOwBavOU/E.6TAW.mDyS0LkonkrkEPjUF1d/Iu',NULL,'4123219800',NULL,'2021-05-18 16:58:08','2021-05-18 16:58:08',NULL,84,NULL,0),(173,'Brian Merrill',NULL,'bmerrill@kroff.com',NULL,'$2y$10$CYvcZMCV7BtRKZScErxGluGbfr7Hb8XVXacB60TZsgcoc1Ro3S5.S',NULL,'4123219800',NULL,'2021-05-18 16:58:34','2021-05-18 16:58:34',NULL,84,NULL,0),(174,'Shane Dorough',NULL,'asdorough@southwestengineers.com',NULL,'$2y$10$M/rh.roFQZ3EStN49qIOhOvLu.mVENSB2hl29GslElsrND3e9fLGC',NULL,'8173430352',NULL,'2021-05-18 16:58:38','2021-05-18 16:58:38',NULL,82,NULL,0),(175,'David Schwab',NULL,'dschwab@kroff.com',NULL,'$2y$10$jYb8GFKvqlnlPMPuhZplQemNPxVdnZm/0z/4tyiBm/R6EvR.6Up26',NULL,'4127609206',NULL,'2021-05-18 16:59:01','2021-05-18 16:59:01',NULL,84,NULL,0),(176,'Frank Wiseley',NULL,'fwiseley@kroff.com',NULL,'$2y$10$wTTiQohsN2aA4FjRTxjfP.G82k6r7s/UT0e.aM8/gulAoNfvhhYUi',NULL,'4846553448',NULL,'2021-05-18 16:59:34','2021-05-18 16:59:34',NULL,84,NULL,0),(177,'Greg DiTullio',NULL,'gditullio@kroff.com',NULL,'$2y$10$JDf1z8s1xYmpsJHBpf/jqe/O7oWM47xV/nVSDiThrWJN9LhMXh4Oq',NULL,'4123219800',NULL,'2021-05-18 17:00:08','2021-05-18 17:00:08',NULL,84,NULL,0),(178,'CS Chewning',NULL,'schewning@me.com',NULL,'$2y$10$EEMPWNLsmnlpoHvoD8lFGOmSSMft6UqAUapjeNHbXZyNyGxPtog/e',NULL,'9192717204',NULL,'2021-05-18 17:00:08','2021-05-18 17:00:08',NULL,85,NULL,0),(179,'John Thomas',NULL,'jthomas@kroff.com',NULL,'$2y$10$rxWeKFdjEWGeOo2qSxZK/uUdtyiY.Q5qsL2LVCoU3oRUzkLSNJWRe',NULL,'4123219800',NULL,'2021-05-18 17:00:42','2021-05-18 17:00:42',NULL,84,NULL,0),(180,'Ralph Culbreth',NULL,'rculbreth@selaboratories.com',NULL,'$2y$10$k7oVvwSqqf1HVDfGzSRgnOc9bq4QqwM9o4Nn0zIsiqV7NBdC7zG2O',NULL,'9197511001',NULL,'2021-05-18 17:01:09','2021-05-18 17:01:09',NULL,85,NULL,0),(181,'Matt Roadarmal',NULL,'mroadarmel@kroff.com',NULL,'$2y$10$w0AXMeYZrPpPS8XnkJRcc.T2qDk86jjW3gwTXaGMMiedLhQI0/mLy',NULL,'4123219800',NULL,'2021-05-18 17:01:12','2021-05-18 17:01:12',NULL,84,NULL,0),(182,'Terry Vanburskirk',NULL,'tvanbuskirk@kroff.com',NULL,'$2y$10$fKiUwx9mBVR0XzAiH3rJ4efixKaHLvnl.LZc9TSDiKSIz4QZGNiLm',NULL,'4123219800',NULL,'2021-05-18 17:01:46','2021-05-18 17:01:46',NULL,84,NULL,0),(183,'Jeremy DeHaai',NULL,'jdehaai@kroff.com',NULL,'$2y$10$5NirVWNcwvQ0kOKP..92.egU8Hh.YYj9FmiI8vgWdYvxW1u/RXyje',NULL,'3098461222',NULL,'2021-05-18 17:02:38','2021-05-18 17:02:38',NULL,84,NULL,0),(184,'Patrick Hall',NULL,'phall@solidblendtechnologies.com',NULL,'$2y$10$cHde.ZM34xoExSDiVTJxUe2EgHIL2ojmH1lyUHLz7AdG.YoqFyqsO',NULL,'8662648453',NULL,'2021-05-18 17:02:54','2021-05-18 17:02:54',NULL,86,NULL,0),(185,'Andrew Ricks',NULL,'aricks@lcsnyc.com',NULL,'$2y$10$H6kKJclPt479xoYnPqGQhen1dvRUpNFbpPgwShzKDn01adT7rg8nG',NULL,'6468211419',NULL,'2021-05-18 17:03:43','2021-05-18 17:03:43',NULL,87,NULL,0),(186,'Ian Galyan',NULL,'igalyan@seacotech.com',NULL,'$2y$10$wKTaEdzycIa1nsacPV6DJ.kFqZVQ27tnjaf0fAadSR4OX3ZLSNetK',NULL,'6612137802',NULL,'2021-05-18 17:04:25','2021-05-18 17:04:25',NULL,88,NULL,0),(187,'James Gouge',NULL,'jgouge@lonewolftech.com',NULL,'$2y$10$syznblgubbncyBwpTuZut.t0/F22tc7Lv3BwGWG0fiaRgoqH0A7L.',NULL,'5123272331',NULL,'2021-05-18 17:04:56','2021-05-18 17:04:56',NULL,89,NULL,0),(188,'TBeck',NULL,'tbeck@seacotech.com',NULL,'$2y$10$u1kf1lFrKGkL4wgkrXxgKu6zdYO6vVpogB53h0DwR7.wQrIseZcje',NULL,'6613235115',NULL,'2021-05-18 17:05:16','2021-05-18 17:05:16',NULL,88,NULL,0),(189,'Blake Gouge',NULL,'jbgouge@lonewolftech.com',NULL,'$2y$10$UFCiSkqR.cIV8/Cs5VHxLepC4iUqi0lfVF43KCXKa4HHd.psf0rH2',NULL,'5126387686',NULL,'2021-05-18 17:05:27','2021-05-18 17:05:27',NULL,89,NULL,0),(190,'test',NULL,'test@teest.com',NULL,'$2y$10$mpQANeZUve6KJ/M4cLyTg.qwMOsvVEZ.tLVrKAUDLDhn9p4QvD90S',NULL,'111',NULL,'2021-05-18 17:06:07','2021-05-18 17:06:07',NULL,89,NULL,0),(191,'James Alewine',NULL,'jalewine@sjc-inc.com',NULL,'$2y$10$pYF88ZBaD7WHbzwx.gF4te5crEHdX52zCV63eGv/O4jwy3vk.9sg6',NULL,'81861292269',NULL,'2021-05-18 17:06:50','2021-05-18 17:06:50',NULL,90,NULL,0),(192,'Darren Swindell',NULL,'dswindell@nashchem.com',NULL,'$2y$10$IUSMvAhf91z/RCkd2FY22.39jxvQlSXLR05bXMUKYztvXUE6UEbvG',NULL,'6155857979',NULL,'2021-05-18 17:07:40','2021-05-18 17:07:40',NULL,91,NULL,0),(193,'Prashant',NULL,'prashant.khurpade@biz4solutions.com',NULL,'$2y$10$CMz6SX3O59Qq1KoN9HIAC.8G9PXD1/EE2yrtQO/jwRrlBtmMEsGwC',NULL,'4454544544',NULL,'2021-05-18 17:08:50','2021-05-18 17:08:50',NULL,93,NULL,0),(194,'Adrian Hinz',NULL,'ahinz@rochestermidland.com',NULL,'$2y$10$DxP1pFDkxqHzVI5367dj.OYjvlpU.plxtCsy6OkqF2xuZJXcn/M6y',NULL,'4023058661',NULL,'2021-05-18 17:08:52','2021-05-18 17:08:52',NULL,92,NULL,0),(195,'Satish',NULL,'satish.mishra@biz4solutions.com',NULL,'$2y$10$9Z15vi7iYOur3izVhkD8C.6nYvPHyYFbWjiQKAQ5J.BuqnBDc6I2O',NULL,'45454555545',NULL,'2021-05-18 17:09:40','2021-05-18 17:09:40',NULL,93,NULL,0),(196,'sdsd',NULL,'dss@gm.com',NULL,'$2y$10$gBRTNgYEZO55FNe8TmGO3.orUquo02Kmf21HGbAXsWAh3y5fAjh1u',NULL,'5432323544',NULL,'2021-05-18 17:10:09','2021-05-18 17:10:09',NULL,93,NULL,0),(197,'Monika',NULL,'monika.amrutkar@biz4solutions.com',NULL,'$2y$10$zA29/nHhxNDB5qxtifktL.eOLV5.M974u/8Mn4RvgDrQ4.9L8tqxe',NULL,'9874563210',NULL,'2021-05-18 17:10:41','2021-05-18 17:10:41',NULL,93,NULL,0),(198,'Satish user',NULL,'satishuser@mailinator.com',NULL,'$2y$10$RUwd2jZZNJyIhBYnj/RT3.BnLKGF35LOElFA0TqTGngTpXcInuM4u',NULL,'4343434343',NULL,'2021-05-18 17:11:11','2021-05-18 17:11:11',NULL,93,NULL,0),(199,'Nick Kaufman',NULL,'nkaufman@precisionchem.com',NULL,'$2y$10$JT3K4TDEiD86CRPKA0SeM.W/wxTWUR/SgPcKWL6ZCVhNHQtZZ50z2',NULL,'3177271847',NULL,'2021-05-18 17:12:13','2021-05-18 17:12:13',NULL,94,NULL,0),(200,'Bob Lee',NULL,'bob@r2j.com',NULL,'$2y$10$pnh/6BxCK.I4MQhaI3vhQeHyeF.TkxfiozVOKMZjpCgxTZM9/u4MC',NULL,'7275314135',NULL,'2021-05-18 17:14:13','2021-05-18 17:14:13',NULL,95,NULL,0),(201,'Mike Kondolf',NULL,'mkondolf@rochestermidland.com',NULL,'$2y$10$IZfLdJ2KRZaYMzp4zP8P4.CJ1hScgZDJavdD/XcxIacCKaNVoxFqu',NULL,'5853362455',NULL,'2021-05-18 17:16:03','2021-05-18 17:16:03',NULL,92,NULL,0),(202,'testuser',NULL,'test@user.com',NULL,'$2y$10$fhG.PxBYYSmHiwznd6xboen6T717BbOnFQM2TWmG9kbpY5aFINCHa',NULL,'111111111111',NULL,'2021-05-19 12:17:12','2021-05-20 10:57:54','2021-05-20 10:57:54',13,1,0),(203,'Userqwe',NULL,'qwerty@mail.com',NULL,'$2y$10$QK9ogW.7GtXPhm/CMd4wD../Bz2yPKxEP6.NmZIRBRZew1P36eMZa',NULL,'1234567890',NULL,'2021-05-20 10:54:31','2021-05-20 10:55:37','2021-05-20 10:55:37',13,NULL,0),(204,'test',NULL,'test2967@test',NULL,'$2y$10$qVY.wNQ7hXlij8E7AYcOTem9dCpOsdAHtxMhVImzzW97gsHGY7xMe',NULL,'1234567890',NULL,'2021-05-20 10:56:51','2021-05-21 16:39:08','2021-05-21 16:39:08',1,NULL,0),(205,'test2',NULL,'test23409@gmail.com',NULL,'$2y$10$mBj2hQagpCuTj2BupDRLTuNvV3tbne8LUggO8g8SUNQmjBGw0.txG',NULL,'1234567890',NULL,'2021-05-20 10:58:09','2021-05-21 10:21:49','2021-05-21 10:21:49',1,NULL,0),(206,'qweqwe',NULL,'qweqwe@mail.com',NULL,'$2y$10$DlzLPc7b.EkIkzF2xJS28O5lHZJN2n/DTjtsN5rtvupyvUS0OGClO',NULL,'1231231231',NULL,'2021-05-20 11:01:41','2021-05-20 11:02:08','2021-05-20 11:02:08',13,NULL,0),(207,'tset',NULL,'tset365@test.com',NULL,'$2y$10$G04QGUEVbTE1VyDrcRcf0ewpYibiRtnCn6hJCSkwOG1v5sSemHm0C',NULL,'1234567890',NULL,'2021-05-20 11:01:54','2021-05-21 10:21:43','2021-05-21 10:21:43',1,NULL,0),(208,'qweasd',NULL,'qwe@maul.com',NULL,'$2y$10$rHqYT3R66XfvqEc4LAD/5.P3P4AMafcUNEfsSl7.XD4B3I.CcfExy',NULL,'12312312312',NULL,'2021-05-20 11:03:04','2021-05-20 11:03:19','2021-05-20 11:03:19',13,NULL,0),(209,'Romil Test',NULL,'romil.m@egilax.com',NULL,'$2y$10$nE4lB3j5DlAwHk.GSUKH7.9Y8mqVqDkDNZIqIeAw8e0sWI1viBZjC',NULL,'1234567890',NULL,'2021-05-20 11:04:51','2021-05-20 11:05:08','2021-05-20 11:05:08',1,NULL,0),(210,'qweqweasd',NULL,'asda',NULL,'$2y$10$gEUehXHe5PTxu4IhEF5QC.LiodyAG9c22PKOqtJ5cOxyLZ5vF3OqW',NULL,'12313123123',NULL,'2021-05-20 11:05:25','2021-05-20 11:05:46','2021-05-20 11:05:46',13,NULL,0),(211,'rtest',NULL,'tset2342436@test.test',NULL,'$2y$10$XeQsqGDEoKyRCZzdRI/WUeThGqamTrkeHETDQsJ6Z4uXHm9hb1p5e',NULL,'1234567890',NULL,'2021-05-20 11:07:30','2021-05-21 10:21:38','2021-05-21 10:21:38',1,NULL,0),(212,'sdfsdfsd',NULL,'sdfsdf',NULL,'$2y$10$/5aiiHiOyufSfNCAdOAHHOv6Pj5xDDTS5bAVxSlAwAe5SiPD4Tiou',NULL,'1231231231',NULL,'2021-05-20 11:07:45','2021-05-20 11:10:05','2021-05-20 11:10:05',13,NULL,0),(213,'atest',NULL,'tests1247@test.test',NULL,'$2y$10$/Cpi1huaDMa1RU7o6TGJyOWUsq/aMx6ZiKDqWuQd3PdKPV5ON3Aji',NULL,'1234567890',NULL,'2021-05-20 11:09:05','2021-05-21 10:21:31','2021-05-21 10:21:31',1,NULL,0),(214,'qweqwe',NULL,'qweqw',NULL,'$2y$10$vSdWK1CyTWhtzyREATQqCueBWESwtYRQMezLrwT/t7d1vDh.x6elW',NULL,'1231231231',NULL,'2021-05-20 11:11:11','2021-05-20 11:11:13','2021-05-20 11:11:13',13,NULL,0),(215,'Admin',NULL,'0664719862@ukr.net',NULL,'$2y$10$XiP.WJG.U3CMAdo4QV7KSek.6qFJIlJSasd.ekL/qrqm.tLfUHIve',NULL,'0637372704',NULL,'2021-05-20 12:25:58','2021-05-25 09:55:32','2021-05-25 09:55:32',13,1,1),(216,'test213',NULL,'qwe123@mail',NULL,'$2y$10$V0FcOb9O2QKSByU5oOCDhuywYZxQKneP/KQD9L0CUNjKmZNTv9cau',NULL,'2131231231',NULL,'2021-05-20 13:39:16','2021-05-20 13:51:14','2021-05-20 13:51:14',13,1,0),(217,'asdzxc',NULL,'qwe@mail',NULL,'$2y$10$4myDwHSpktd.f8WyVmLTHeHRKt4/nwHUG7Dxl/sn6y5xpm53dtN.W',NULL,'123123123',NULL,'2021-05-20 13:51:29','2021-05-21 11:00:23','2021-05-21 11:00:23',13,1,0),(218,'Sharon Goldsmith',NULL,'zzslipch@gmail.com',NULL,'$2y$10$LI.2Kz8z2t2Isj./sSccle0oZhfEn2cgjSsyqkKmMsw5Wq2q4b4wy',NULL,'+380634706442',NULL,'2021-05-20 16:48:58','2021-05-20 17:01:37','2021-05-20 17:01:37',1,NULL,0),(219,'User',NULL,'test@test.ua',NULL,'$2y$10$zkGTf1oyOoFYwiNz3RZcQOmY9YSRYt1EfhmzaSHOxSVrD/Y77Uc7C',NULL,'7155821181',NULL,'2021-05-20 16:57:59','2021-05-25 11:02:53','2021-05-25 11:02:53',13,NULL,0),(220,'test',NULL,'zzslipch+001@gmail.com',NULL,'$2y$10$fDmeh7ezMkLXe.ESOYrnQeDEYy.frmyPRN9eARLFK/NdJcuzJF2Se',NULL,'1234567890',NULL,'2021-05-20 17:03:27','2021-05-21 10:21:20','2021-05-21 10:21:20',1,NULL,0),(221,'qwe123',NULL,'qwe@mail.com',NULL,'$2y$10$Xw/.7hKaCPDHRZNb.Ak73.oT.xv29qVmPvr2nL4G8R37OcEIz0.EO',NULL,'123123123121',NULL,'2021-05-21 11:00:07','2021-05-21 11:00:15','2021-05-21 11:00:15',13,NULL,0),(222,'roman',NULL,'romanantoniv8@gmail.com',NULL,'password',NULL,'+1234568790',NULL,'2021-05-21 11:50:13','2021-05-21 18:17:30',NULL,13,1,0),(223,'UserForTest',NULL,'test@mail.com',NULL,'$2y$10$NAFz/0jgmZ9/Q0Z/vc9d2uaO/zChi6yiqGjWIT8osHnCxsJ.zwVu2',NULL,'1234567890',NULL,'2021-05-21 11:55:53','2021-05-21 16:29:30','2021-05-21 16:29:30',13,1,0),(224,'test123',NULL,'qwe@mail.comn',NULL,'$2y$10$vv2xbMwjoKnNxnD8fKHjnOMiXG53JcIxMIQ5Jq18vWcSlStFCb8Dm',NULL,'1231231211',NULL,'2021-05-21 16:27:58','2021-05-21 16:39:07','2021-05-21 16:39:07',1,NULL,0),(225,'test',NULL,'123',NULL,'$2y$10$5HofT5jU9shJOh9qQcszZOeUlzHtWZExQHqqezsMjgpC4cHAFKa6C',NULL,'qwe',NULL,'2021-05-21 16:28:32','2021-05-21 16:29:26','2021-05-21 16:29:26',13,NULL,0),(226,'qweqwe',NULL,'qweqwe@mail.con',NULL,'$2y$10$VwJoNbyiUT/5offjnaz.fesnAmMLx3alQA2BYMJvDlSPTIEz.5ihu',NULL,'1231231111',NULL,'2021-05-21 16:33:09','2021-05-21 16:39:05','2021-05-21 16:39:05',1,NULL,0),(227,'asdasd',NULL,'asdasd@mail.com',NULL,'$2y$10$zP7sVkzrmBBCrHGSf8clSeOzq3BiiJFOfy7hXluH/iQiuETaSW8Ny',NULL,'12312312312',NULL,'2021-05-21 16:33:40','2021-05-21 16:33:47','2021-05-21 16:33:47',1,NULL,0),(228,'qwe',NULL,'qweqwe@mail123.com',NULL,'$2y$10$Cjkv0NiLCeva7C03VKowdOBMYKFILy8ZhWjVcAlmlml.jLgzFlNMa',NULL,'123123',NULL,'2021-05-21 16:37:23','2021-05-21 16:39:04','2021-05-21 16:39:04',1,NULL,0),(229,'test123',NULL,'normal@mail.ua',NULL,'$2y$10$rCpnvDNbk6cDAWzKiunW8ue9xihjsfibV99LfYueKXlxs7SWnF3DS',NULL,'123123123',NULL,'2021-05-21 16:39:42','2021-05-21 16:39:48','2021-05-21 16:39:48',1,NULL,0),(231,'test',NULL,'testom',NULL,'$2y$10$9MnAzkk8OqLZGuRXeEU.EOuCvQdph.mUkT6idWEh3msXIjeA1o6OS',NULL,'444444444',NULL,'2021-05-21 18:11:46','2021-05-25 09:56:57','2021-05-25 09:56:57',13,NULL,0),(232,'test2',NULL,'asdfasdf',NULL,'$2y$10$5XGnltRljtQmExO0Du/rvOJZe0uvUo7wVmGhlsv1KnaJipLbmmhge',NULL,'22222222',NULL,'2021-05-21 18:12:45','2021-05-25 09:56:27','2021-05-25 09:56:27',13,NULL,0),(233,'Anna',NULL,'kjhf',NULL,'$2y$10$wpxEgvf1E1g6S9wSliRZ7ew5Hmzi8NF1WcQLqWQIkJjPEr7fRmq6G',NULL,'2154654645',NULL,'2021-05-21 18:14:33','2021-05-21 18:14:33',NULL,99,NULL,0),(234,'Ivan',NULL,'a@a.com',NULL,'$2y$10$cqzXlxH5ZoMNf5JhurDp9.S/.kObsRnMA1wY/QyWuCJjh281sQaIe',NULL,'adfasdfafd',NULL,'2021-05-21 18:15:02','2021-05-21 18:15:02',NULL,99,NULL,0),(235,'Sasha',NULL,'a2a',NULL,'$2y$10$Wt7szZu2ITSQ5Ym0SQctYOBW5pORDA9V2Okn.nmcLNZQsm2LeVUy6',NULL,'asdfadf',NULL,'2021-05-21 18:16:34','2021-05-21 18:16:34',NULL,99,NULL,0),(236,'test',NULL,'22222',NULL,'$2y$10$Y6WikzjeoNAkmcD9dJORnu8OJZWkFC2zViUKElDpEYTlFcoYC2lUW',NULL,'333333333',NULL,'2021-05-21 18:40:39','2021-05-21 18:40:52','2021-05-21 18:40:52',1,NULL,0),(237,'test',NULL,'3333',NULL,'$2y$10$X3FzFY9kaL0IuatpSdie7uPBVBsKEA.6WeCSoQXbQdNQUGZlDc2Q.',NULL,'3333',NULL,'2021-05-21 18:42:33','2021-05-21 18:43:14','2021-05-21 18:43:14',100,NULL,0),(238,'test',NULL,'test',NULL,'$2y$10$ChLVwaBz4XjgSMjq2VmPmen3yc6FuR6fXb.nFOiE4UasMC4b5kNCa',NULL,'333333',NULL,'2021-05-21 18:43:05','2021-05-21 18:43:12','2021-05-21 18:43:12',100,NULL,0),(239,'Anna TEST',NULL,'asdf',NULL,'$2y$10$QSEX8flq0sXnL6YowgEUNe7QYPaEJM8Vz2f3PMEpmTwziMi.XWkEq',NULL,'adf',NULL,'2021-05-21 19:09:16','2021-05-21 19:09:36','2021-05-21 19:09:36',20,NULL,0),(240,'Test',NULL,'romil.masmov+234@gmail.com',NULL,'$2y$10$c3mMFycgtAXykzBrqUBzUuEs7xZiOMvuWEp.fh8WX2cdBM.24ufIu',NULL,'1234567890',NULL,'2021-05-24 15:46:12','2021-05-24 16:01:31','2021-05-24 16:01:31',1,NULL,0),(241,'Test welcome email',NULL,'romil.masimov+8765@gmail.com',NULL,'$2y$10$sv7Hpbgv8ZTWi6UQbwfVruiQV6iRhxEO/Q12O6OEIOiNV63s5854.',NULL,'1234567890',NULL,'2021-05-24 16:02:44','2021-05-24 16:05:04','2021-05-24 16:05:04',1,NULL,0),(242,'Admin',NULL,'TestAdmin@test.ua',NULL,'$2y$10$2eA1gXLYtIMcL.1RlFn/m.PT4fW4npknNehx.Xe0lYtQqgROYPiZK',NULL,'7155821181',NULL,'2021-05-24 16:03:53','2021-05-24 20:39:39','2021-05-24 20:39:39',13,NULL,0),(243,'test',NULL,'romil.masimov+567@gmail.com',NULL,'$2y$10$KKg0SJIWVAxqAN5XzPLUxOy9TpmD3ZPJMRb5Yr8BfrBnfNVTroc0K',NULL,'1234567890',NULL,'2021-05-24 16:04:08','2021-05-24 16:05:03','2021-05-24 16:05:03',1,NULL,0),(244,'user',NULL,'TestUser@Test.com',NULL,'$2y$10$bpUcqlWsZ810uiGcvtglOu6rFwiw.0G6VZIcQ6MaZmUg0adAfYUwO',NULL,'12345',NULL,'2021-05-24 16:17:03','2021-05-25 17:03:40','2021-05-25 17:03:40',13,1,0),(245,'TestSuperUser',NULL,'TestSuperUser@test.com',NULL,'$2y$10$aTsiMpV482XKfbH0nbE3iO6LgDH72pYzQoKox7vSV0Iddn1bFcs6O',NULL,'123456',NULL,'2021-05-24 16:29:05','2021-05-24 20:27:39',NULL,13,1,0),(246,'Test welcome email',NULL,'romil.masimov+2363@gmail.com',NULL,'$2y$10$H7uRvrdvKfDZ.PwJZPYq7u.vYfrLraGHE5uGlQhaPzqq7K2FcQxsm',NULL,'1234567899',NULL,'2021-05-24 17:01:48','2022-11-15 19:19:01',NULL,1,NULL,0),(247,'user',NULL,'user@user.user',NULL,'$2y$10$qJZfDqJUccNfHyHbzlC9Gun8AfER4m/5XgXQ5FV3p8zLb5oMwnnGa',NULL,'123123123',NULL,'2021-05-25 11:04:08','2021-05-25 11:04:50','2021-05-25 11:04:50',13,NULL,0),(248,'Edit User3',NULL,'user@user.com',NULL,'$2y$10$SqqUMWcrbhv2m4ETUbbskuOht4jfK66I3RoojT2PyHgebMkHN/XyC',NULL,'7035685666',NULL,'2021-05-25 23:09:07','2021-07-01 17:21:45','2021-07-01 17:21:45',13,NULL,0),(249,'q',NULL,'as@dfg.com',NULL,'$2y$10$SDMZGUGxTfSZTmjrQQEESOLBJ3zWO2NrZHRUT0IeCgLfom8PdMGdG',NULL,'097654',NULL,'2021-05-26 08:04:50','2021-05-26 08:05:21','2021-05-26 08:05:21',1,NULL,0),(250,'Aacer Flooring',NULL,'asdasddwefew',NULL,'$2y$10$wk6i.DUEs8RzDNf3BJOTOunzBXtwCLdBkmExhlcnX/Fg68nanLkMm',NULL,'577605214',NULL,'2021-05-26 09:45:36','2021-05-26 09:45:36',NULL,13,NULL,0),(251,'new123!@#',NULL,'a@a',NULL,'$2y$10$ARCnBplVqYu/qxmNHhv2n.AcSj7VBHN75KQb7ez/KRov0PjHCpIgC',NULL,'12312312312',NULL,'2021-05-26 18:03:58','2021-07-01 17:18:29','2021-07-01 17:18:29',1,NULL,0),(253,'TestUser',NULL,'0664719862+001@ukr.net',NULL,'$2y$10$nQKN9Pqb7OpQXwwjEU77ZeapgTxDrqvrZla/UWxct2SSriUNnMqaG',NULL,'7155821181',NULL,'2021-06-09 19:41:08','2021-06-09 19:43:37',NULL,13,1,0),(254,'test  test',NULL,'test@a.com',NULL,'$2y$10$H3pj1X3cUZIyQja1TlDyFe9BvHtLXoETmfcPxsDbXUG9FEH3RaF1.',NULL,'3333333333',NULL,'2021-07-14 20:01:55','2021-09-17 01:30:07',NULL,107,NULL,0),(255,'Non Admin',NULL,'bnagao@aquaphoenixsci.com',NULL,'$2y$10$O6OGbZcypx55QHxkC5mgmez2FD6681m1E771oZqlS/otKmJpkoW4q','N5Oq5VITwuFKx9os7diGLLniOsOmyxpl7VokgTa8a2KX8Mkqyrte3pxVXIF3','817-555-1212',NULL,'2021-07-26 22:42:35','2021-07-26 22:50:17',NULL,13,1,0),(257,'Vlad',NULL,'wlad202007@gmail.com',NULL,'$2y$10$ngyPlAbBJXFwMn8PQmpltOckM7eB2xqZT36E3STnNY1ndOtyLsR8O',NULL,'6262334241',NULL,'2021-08-23 23:34:52','2021-08-23 23:34:52',NULL,13,NULL,0),(258,'hghghg 987987',NULL,'gfhgfghgff@jhgjhg.com',NULL,'$2y$10$wNHryOyXjUTZ2HnsEG2LjuTODbcWKe0QDbFE0K4ZOnM6Z4k1Cj/xq',NULL,'6234241233',NULL,'2021-09-10 22:31:35','2021-09-11 04:19:38','2021-09-11 04:19:38',13,NULL,0),(260,'Olga',NULL,'olga@a.com',NULL,'$2y$10$DSQOXaJQhQPyKpmamW5ftuobqRhTYoBDR0sBawTKFENvwXeRdK56e',NULL,'2154564566',NULL,'2021-09-17 01:34:22','2021-09-17 01:34:22',NULL,107,NULL,0),(262,'Vasya',NULL,'a@yahoo.com',NULL,'$2y$10$f2CVTkdBvKdU/iK1qypEA.0xLpDIWT4iP.eHo8pUfltG4Wtgoi2z.',NULL,'2154564566',NULL,'2021-09-17 01:47:00','2021-09-17 01:47:00',NULL,107,NULL,0),(264,'H2 Demo',NULL,'h2panelbuilder@gmail.com',NULL,'$2y$10$O0q8MdQNBvI9OkrIlpviXOwzjcJE8qOFZsxEk6V2v4hdSscRVQANa','pZQm7zFTBHhjyI772sxQbvfGKm5KIYpSK3AAs91yIJ8DOxzrNLuZB7cS7cCQ','8888888888',NULL,'2021-09-23 01:06:38','2022-03-28 18:31:15',NULL,57,1,0),(265,'Joe Thomas',NULL,'jthomas@aquaphoenixsci.com',NULL,'$2y$10$nxpXhdBNCSBVTa4J9KSVtO6UaGkcV2SGBiEJhw4dgtGtxIRwED.Zm','PBPOw8jH8T6MB19YIGg7j4Y1Ee4I8rOKBlD9JgIeNyCwChoBnINGsUjzm63S','8172517184',NULL,'2021-11-04 20:57:19','2021-11-05 21:23:50',NULL,57,1,0),(266,'Tom Tinney',NULL,'ttinney@aquaphoenixsci.com',NULL,'$2y$10$ZhT9HTQEAwTmoh8gxQfp/O6lj7OEcdkFyCcPRHbczZXms3eleCRcO',NULL,'8172517184',NULL,'2021-11-04 21:45:42','2021-11-04 21:45:42',NULL,57,NULL,0),(272,'Marcus Burton',NULL,'mburton@aquaphoenixsci.com',NULL,'$2y$10$I1gzpyl/e6moVsYvyBuTXusu//R1AJAtTk2xlwA2KyJ1wgNYhhqaa',NULL,'8172517184',NULL,'2021-11-05 20:18:55','2021-11-05 20:18:55',NULL,57,NULL,0),(273,'Ashley Berry',NULL,'aberry@aquaphoenixsci.com',NULL,'$2y$10$HMFfTZQVWi52ZEJTdSk5sesfWbod8DnNYRTJTuyezznukTryCM83O',NULL,'8172517184',NULL,'2021-11-05 20:22:32','2021-11-05 20:22:32',NULL,57,NULL,0),(274,'Autumn Boehler',NULL,'aboehler@aquaphoenixsci.com',NULL,'$2y$10$Wu9TYzIOoHy9arlq.kdmJecYxapj7lA0sz/cw4QspMh2Or0aT/f5q',NULL,'8172517184',NULL,'2021-11-05 20:24:04','2021-11-05 20:24:04',NULL,57,NULL,0),(275,'Brianna Wagner',NULL,'bwagner@aquaphoenixsci.com',NULL,'$2y$10$odGQ6JJ74PcAj9h17FVb7.tWYL2Nq03yPZcWGY8UuU.eCd04ipc9q',NULL,'8172517184',NULL,'2021-11-05 20:24:40','2021-11-05 20:24:40',NULL,57,NULL,0),(276,'Deb Karr',NULL,'dkarr@aquaphoenixsci.com',NULL,'$2y$10$Ws8aHtWA8tbZSPtfhJHw9OlLaoiItdRTQaza2qU6ypiTmlobhGzD2',NULL,'8172517184',NULL,'2021-11-05 20:26:05','2021-11-05 20:26:05',NULL,57,NULL,0),(277,'Diane Brown',NULL,'dbrown@aquaphoenixsci.com',NULL,'$2y$10$b57PbiqA2arA2Q5CS1GkNu2TymYvoYTZGs3.tNenFDnrNFXy.1xgm',NULL,'8172517184',NULL,'2021-11-05 20:50:16','2021-11-05 20:50:16',NULL,57,NULL,0),(278,'Emma Myers',NULL,'emyers@aquaphoenixsci.com',NULL,'$2y$10$kKoSJe6bqk4VqzGqBes4eu7Jywxh8cgwgIspEEVYXK9701r8HhbXy','gLkAhpFpv6w43mQ5A3kMmt8itSVr5m9czV5gsuBcbuzWAh53Q7P9l9uVWiSQ','8172517184',NULL,'2021-11-05 20:50:56','2021-11-08 19:19:02',NULL,57,1,0),(280,'Kendra Smith',NULL,'ksmith@aquaphoenixsci.com',NULL,'$2y$10$ZOFaSzKBMTWVCJ3tc7q37e87JJgl/9dFpx/dwO2PKY2xXvcHtLOke',NULL,'8172517184',NULL,'2021-11-05 20:54:55','2021-11-05 20:54:55',NULL,57,NULL,0),(281,'Missy Harlacher',NULL,'mharlacher@aquaphoenixsci.com',NULL,'$2y$10$yfNo3v5VppNSlGZEXnH9.uAxl1oGBeg3FL4qfVFMirrNx2xCZuSce','RPrF05cPBkX42TF68U7TxSPvQLREiH1ABNHgU3W3sjjPGV88V2lXZvGP0g00','8172517184',NULL,'2021-11-05 20:55:47','2021-11-11 16:54:43',NULL,57,1,0),(282,'Shauna Castro',NULL,'scastro@aquaphoenixsci.com',NULL,'$2y$10$qlGa1mR3wy54TvUBLFAF7OiWOLynW0JS4X7z81hLRCKMu/yYMD236',NULL,'8172517184',NULL,'2021-11-05 20:57:03','2021-11-05 20:57:03',NULL,57,NULL,0),(283,'Wendy Gouker',NULL,'wgouker@aquaphoenixsci.com',NULL,'$2y$10$SERZuKAEsLiW8o4A1uIJdOF94Tv04dqc4TnBzl8VKV3FqxKBRY/K6',NULL,'8172517184',NULL,'2021-11-05 21:06:22','2021-11-05 21:06:22',NULL,57,NULL,0),(285,'Wanda Bowman',NULL,'wbowman@aquaphoenixsci.com',NULL,'$2y$10$nzIegDxwbuvgCsADBOjaruiBsTDPgovDulAO4oak9WCH0QFU0kJrC',NULL,'8172517184',NULL,'2021-11-05 21:09:10','2021-11-05 21:09:10',NULL,57,NULL,0),(286,'George Cramer',NULL,'gcramer@aquaphoenixsci.com',NULL,'$2y$10$VxnudXK/sQVl4AaRAYyxiu8M4jfN1PU29chyOs/I6aX35FSfPulau',NULL,'8172517184',NULL,'2021-11-05 21:12:55','2021-11-05 21:12:55',NULL,57,NULL,0),(287,'James Chiado Sr',NULL,'jchiado@aquaphoenixsci.com',NULL,'$2y$10$v6lynHQtbKVHINlyYCBQbOqf7ReaF8yXQ.Y82zSr7jKbvOWA5t41.',NULL,'8172517184',NULL,'2021-11-05 21:13:43','2021-11-05 21:13:43',NULL,57,NULL,0),(288,'James Chiado Jr.',NULL,'jjchiado@aquaphoenixsci.com',NULL,'$2y$10$fAyoK.CXSAt8a0.tmsTGLuEb6jmuXPxnwW9hzF4jGzFBLX3IcEkQO',NULL,'8172517184',NULL,'2021-11-05 21:15:42','2021-11-05 21:15:42',NULL,57,NULL,0),(294,'Blaine Nagao',NULL,'bnagao@mechnicalchemistry.com',NULL,'$2y$10$.VO9VV2FRxZunRHVx.KZ/.q2jZy9mW82.1GPUDQMpKmJ8oZkHk0E.',NULL,'8179138030',NULL,'2021-11-11 23:18:55','2021-11-11 23:18:55',NULL,127,NULL,0),(295,'Blaine Nagao 2',NULL,'btynagao@gmail.com',NULL,'$2y$10$neT0QCE6MiQ9fhjmz9j0GORCvn8E3M0p5R.5vwBlQV043QQIE6v3u','V0Hl76yIHHIjAtCyJHVMaY9q078sMJU6fcurIiIAcHCS1gFM1n4aTT51JUxz','8179138030',NULL,'2021-11-11 23:26:30','2021-11-15 22:03:03',NULL,127,1,0),(296,'H2 PB Test',NULL,'h2pbtest@gmail.com',NULL,'$2y$10$8HPr2c4eMZKUZ6mmJt/Zj.ge8Fk./mh6LTTBoadqkXCL7cSHMtese','s1p1WMaNcpfR1VpXb3fLjj0ZS8jB0SnrxqbipvlE394VN7eC4ci3v7XmjFj4','5555555555',NULL,'2021-11-11 23:59:43','2021-11-12 00:04:50',NULL,128,1,0),(297,'cowboys',NULL,'cowboys@awt.com',NULL,'$2y$10$jyZS1v2g.TnJPt0sqyk2H.DP.bhROURjY65Bluud5gsovnURDflJq',NULL,'4444444444',NULL,'2022-02-15 00:01:37','2022-02-15 00:01:37',NULL,130,NULL,0),(298,'Blaine Nagao',NULL,'bnagao@mechanicalchemistry.com',NULL,'$2y$10$r.GdKaAeP86FpcIbSxw3aemS7l2WbX//Hs7HzCPhHXJUCxWUgKVuS',NULL,'8179138030',NULL,'2022-03-15 22:15:07','2022-03-15 22:15:07',NULL,13,NULL,0),(299,'solo',NULL,'qwer@gmail.com',NULL,'$2y$10$cNpFnD4zkraaV/4UB7j8l.n5f1r.B/nTJgQpsb2zRh2lSNfIfj.oO',NULL,'8023234567',NULL,'2022-03-21 20:28:11','2022-03-21 20:28:11',NULL,16,NULL,0),(300,'user1',NULL,'test@gmail.com',NULL,'test',NULL,'8023234567',NULL,'2022-03-21 20:29:51','2022-03-21 20:29:51',NULL,16,NULL,0),(301,'Darren Wallerstedt',NULL,'dwallerstedt@aquaphoenixsci.com',NULL,'$2y$10$OV8N6tK4q/oHc0lS/19kl.7Wq9Ir.9cBp9VxBYnH3My0dP1zh.O2u',NULL,'8179447370',NULL,'2022-09-26 20:34:52','2022-09-26 20:34:52',NULL,57,NULL,0),(302,'David Branch',NULL,'dbranch@aquaphoenixsci.com',NULL,'$2y$10$DOzxDqTCkbXBRGNi.b89Ku5NF0jdk4Kzq8Axr8b88fu6klBsNvE1W',NULL,'828-569-9031',NULL,'2022-09-26 20:39:55','2022-09-26 20:39:55',NULL,57,NULL,0),(303,'Steven Shaeffer',NULL,'sshaeffer@aquaphoenixsci.com',NULL,'$2y$10$VjJUfJPGHlUvBGqcnPtexu/I2NUX4JWVcqtB9bSlNuMtjYOLB0YPC',NULL,'8172517184',NULL,'2022-09-26 20:51:41','2022-09-26 20:51:41',NULL,57,NULL,0),(304,'Andrew Bryant',NULL,'abryant@aquaphoenixsci.com',NULL,'$2y$10$eOo1N26tUjtOId1nhcJKSux2Wsfqp/AKATymA.5qx7DvfRM1m77LC',NULL,'812-216-0675',NULL,'2022-10-19 01:43:51','2022-10-19 01:43:51',NULL,57,NULL,0),(318,'Marc Beller',NULL,'marc.beller@vincitgroup.com',NULL,'$2y$10$qw9uaemm3A1Gx4KJoCf5xuXdyxucccoLueSZdQxqbyb8BR3LQpCaq',NULL,'8881234564',NULL,'2022-11-15 19:32:11','2022-11-15 19:32:11',NULL,21,NULL,0),(319,'Alla Johnson',NULL,'ajohnson@gmail.com',NULL,'$2y$10$hA.mW6DEh8sk00pbTWT3yenOubZS/L/D5zsFFaZssznUgxA.h4mnG',NULL,'214 654 455633',NULL,'2022-11-15 20:02:03','2022-12-29 04:06:54',NULL,126,NULL,0),(320,'Sean Conlon',NULL,'sconlon@aquaphoenixsci.com',NULL,'$2y$10$LZ0KLfTlYX4tZQwXNZlZTOIGKQWv9e9s/pbNoAUIY9PaBF1U8DR3e',NULL,'8474941451',NULL,'2022-12-09 22:07:18','2022-12-09 22:07:18',NULL,57,NULL,0),(321,'TEST',NULL,'qatesting@aquaphoenixsci.com',NULL,'$2y$10$MVrunjamJmv5lccQm/f/c.7NrPa6lInKoEKbanhG2isttIyLt8UNa',NULL,'214-568-5998',NULL,'2022-12-09 22:50:14','2022-12-09 22:50:14',NULL,22,NULL,0),(322,'Laila',NULL,'laila@asd.com',NULL,'$2y$10$jX/78RVR.SfsiMBaULqnaeNhMbbifdvAw/nVnJ8eQ5YZCS5RDQ7wW',NULL,'2142333221',NULL,'2022-12-09 22:51:13','2022-12-09 22:51:13',NULL,22,NULL,0),(323,'Test User',NULL,'tsegovia@aquaphoenixsci.com',NULL,'$2y$10$HNcLJq14aziVjVdTZo78n.0oBpwYSH8w1ID1MY0GuJ3kULyERoWNy',NULL,'4692542297',NULL,'2023-01-04 19:30:17','2023-01-04 19:30:17',NULL,128,NULL,0),(325,'Laila',NULL,'lkovalchuk@aquaphoenixsci.com',NULL,'$2y$10$QojqARvGzhAtSetxW9ViEehfrG/djb4QRYa4OodpjuDBefmBUEICG',NULL,'2145298558',NULL,'2023-04-06 18:30:09','2023-04-06 18:30:09',NULL,126,NULL,0),(327,'NewUser',NULL,'newUser@a.com',NULL,'$2y$10$5w.skIyM7JPWhe/Daq0oDe98X2AbdrD1fPNZQLEFq2yq//eCxA7P.',NULL,'4155687887',NULL,'2023-04-06 18:32:21','2023-04-06 18:32:21',NULL,126,NULL,0),(328,'Val',NULL,'wqeqweqweq@gmail.com',NULL,'$2y$10$l19opzI2aWcMszIbISfJt.MCyg1m2utCF4gsupBFz994bQf4Kjxkq',NULL,'2135238553',NULL,'2023-04-08 22:13:10','2023-04-08 22:13:10',NULL,126,NULL,0);


