(184,	5,	73,	85,	NULL,	20,	20,	NULL,	NULL,	NULL,	NULL,	'2023-08-28 09:30:53',	'2023-08-28 09:30:53',	NULL);

CREATE TABLE `discount_profile_organization` (
  `discount_profile_id` bigint unsigned NOT NULL,
  `organization_id` bigint unsigned NOT NULL,
  KEY `discount_profile_id_fk_3683306` (`discount_profile_id`) USING BTREE,
  KEY `organization_id_fk_3683306` (`organization_id`) USING BTREE,
  CONSTRAINT `discount_profile_id_fk_3683306` FOREIGN KEY (`discount_profile_id`) REFERENCES `discount_profiles` (`id`) ON DELETE CASCADE,
  CONSTRAINT `organization_id_fk_3683306` FOREIGN KEY (`organization_id`) REFERENCES `organizations` (`id`) ON DELETE CASCADE
) ENGINE=InnoDB DEFAULT CHARSET=utf8mb4 COLLATE=utf8mb4_unicode_ci;


CREATE TABLE `discount_profiles` (
  `id` bigint unsigned NOT NULL AUTO_INCREMENT,
  `name` varchar(100) CHARACTER SET utf8mb4 COLLATE utf8mb4_unicode_ci DEFAULT NULL,
  `discount` int DEFAULT NULL,
  `created_at` timestamp NULL DEFAULT NULL,
  `updated_at` timestamp NULL DEFAULT NULL,
  `deleted_at` timestamp NULL DEFAULT NULL,
  `manufacturer_id` bigint unsigned DEFAULT NULL,
  PRIMARY KEY (`id`) USING BTREE,
  KEY `manufacturer_fk_3683304` (`manufacturer_id`) USING BTREE,
  CONSTRAINT `manufacturer_fk_3683304` FOREIGN KEY (`manufacturer_id`) REFERENCES `manufacturers` (`id`)
) ENGINE=InnoDB DEFAULT CHARSET=utf8mb4 COLLATE=utf8mb4_unicode_ci;

INSERT INTO `discount_profiles` (`id`, `name`, `discount`, `created_at`, `updated_at`, `deleted_at`, `manufacturer_id`) VALUES
(1,	'qwerty',	NULL,	'2021-05-21 15:22:11',	'2021-05-28 22:57:20',	'2021-05-28 22:57:20',	NULL),
(2,	'test (copy)',	NULL,	'2021-05-21 15:27:20',	'2021-05-22 23:31:33',	'2021-05-22 23:31:33',	NULL),
(3,	'test (copy) (copy)',	NULL,	'2021-05-21 15:34:36',	'2021-05-28 22:57:10',	'2021-05-28 22:57:10',	NULL),
(4,	'test1',	NULL,	'2021-05-21 17:34:09',	'2021-05-21 17:47:42',	'2021-05-21 17:47:42',	NULL),
(5,	'test1 (copy)',	NULL,	'2021-05-21 17:34:43',	'2021-05-21 17:47:35',	'2021-05-21 17:47:35',	NULL),
(6,	'qwe',	NULL,	'2021-05-21 17:47:24',	'2021-05-21 17:47:30',	'2021-05-21 17:47:30',	NULL),
(7,	'Chembuable',	NULL,	'2021-05-22 00:18:08',	'2023-09-20 13:55:55',	'2023-09-20 13:55:55',	NULL),
(8,	'dallas (copy)',	NULL,	'2021-05-22 18:08:41',	'2021-05-28 22:57:15',	'2021-05-28 22:57:15',	NULL),
(9,	'-12343',	NULL,	'2021-05-22 22:46:53',	'2021-05-22 23:38:45',	'2021-05-22 23:38:45',	NULL),
(10,	'new (copy)',	NULL,	'2021-05-24 12:31:01',	'2021-05-28 22:57:28',	'2021-05-28 22:57:28',	NULL),
(11,	'new (copy) (copy)',	NULL,	'2021-05-24 12:31:11',	'2021-05-28 22:57:32',	'2021-05-28 22:57:32',	NULL),
(12,	'qwerty (copy)',	NULL,	'2021-05-26 12:26:28',	'2021-05-26 12:26:43',	'2021-05-26 12:26:43',	NULL),
(13,	'Standard Profile',	NULL,	'2021-05-26 20:27:28',	'2021-05-26 20:27:28',	NULL,	NULL),
(14,	'SP 1',	NULL,	'2021-05-28 22:57:43',	'2021-05-28 22:58:14',	'2021-05-28 22:58:14',	NULL),
(15,	'Standard Profile (copy)',	NULL,	'2021-05-28 22:58:04',	'2021-06-08 01:43:51',	'2021-06-08 01:43:51',	NULL),
(16,	'Chemtreat',	NULL,	'2021-06-09 20:13:35',	'2021-07-22 17:58:58',	NULL,	NULL),
(17,	'dallas  (copy)',	NULL,	'2021-06-09 20:13:55',	'2021-06-09 20:14:08',	'2021-06-09 20:14:08',	NULL),
(18,	'dallas (copy)',	NULL,	'2021-06-09 20:19:56',	'2021-07-06 17:46:09',	'2021-07-06 17:46:09',	NULL),
(19,	'dallas (copy)',	NULL,	'2021-06-09 20:22:36',	'2021-07-06 17:46:17',	'2021-07-06 17:46:17',	NULL),
(20,	'test123',	NULL,	'2022-03-21 20:49:23',	'2023-09-20 13:54:15',	'2023-09-20 13:54:15',	NULL),
(21,	'asdf123 (copy)',	NULL,	'2022-03-21 20:50:37',	'2022-03-21 21:02:18',	'2022-03-21 21:02:18',	NULL),
(22,	'test123 (copy)',	NULL,	'2022-03-21 21:02:11',	'2023-09-20 13:54:30',	'2023-09-20 13:54:30',	NULL),
(23,	'Chembuable (copy)',	NULL,	'2022-12-29 04:15:35',	'2022-12-29 22:21:07',	'2022-12-29 22:21:07',	NULL),
(24,	'adasdasdadads',	NULL,	'2022-12-29 08:21:51',	'2022-12-29 08:22:33',	'2022-12-29 08:22:33',	NULL),
(25,	'Viola',	NULL,	'2022-12-29 08:22:19',	'2022-12-29 08:22:54',	'2022-12-29 08:22:54',	NULL),
(26,	'VIOLA',	NULL,	'2022-12-29 08:23:53',	'2022-12-29 21:29:23',	'2022-12-29 21:29:23',	NULL),
(27,	'Lika 123',	NULL,	'2022-12-29 08:25:05',	'2022-12-29 08:27:06',	'2022-12-29 08:27:06',	NULL),
(28,	'test123 (copy) (copy)',	NULL,	'2022-12-29 08:26:22',	'2022-12-29 08:26:45',	'2022-12-29 08:26:45',	NULL),
(29,	'VIOLA (copy)',	NULL,	'2022-12-29 12:19:21',	'2022-12-29 12:19:50',	'2022-12-29 12:19:50',	NULL),
(30,	'VIOLA (copy)',	NULL,	'2022-12-29 12:40:17',	'2022-12-29 12:43:56',	'2022-12-29 12:43:56',	NULL),
(31,	'VIOLA (copy) (copy)',	NULL,	'2022-12-29 12:44:00',	'2022-12-29 12:44:28',	'2022-12-29 12:44:28',	NULL),
(32,	'VIOLA (copy)',	NULL,	'2022-12-29 12:44:35',	'2022-12-29 12:45:41',	'2022-12-29 12:45:41',	NULL),
(33,	'LAILA',	NULL,	'2022-12-29 21:28:14',	'2022-12-29 21:29:34',	'2022-12-29 21:29:34',	NULL),
(34,	'LAILA 2',	NULL,	'2022-12-29 21:28:28',	'2022-12-29 21:29:57',	'2022-12-29 21:29:57',	NULL),
(35,	'Second Laila',	NULL,	'2022-12-29 22:16:43',	'2022-12-29 22:16:58',	'2022-12-29 22:16:58',	NULL),
(36,	'Laila 1',	NULL,	'2022-12-29 22:18:02',	'2022-12-29 22:18:15',	'2022-12-29 22:18:15',	NULL),
(37,	'test',	NULL,	'2023-01-31 05:23:02',	'2023-04-17 18:25:35',	'2023-04-17 18:25:35',	NULL),
(38,	'test2',	NULL,	'2023-04-17 15:21:10',	'2023-04-17 15:22:09',	'2023-04-17 15:22:09',	NULL),
(39,	'test2',	NULL,	'2023-04-17 15:43:20',	'2023-04-17 15:43:35',	'2023-04-17 15:43:35',	NULL),
(40,	'AFTER FIX TEST',	NULL,	'2023-04-17 18:25:24',	'2023-09-20 13:55:30',	'2023-09-20 13:55:30',	NULL),
(41,	'AFTER FIX TEST (copy)',	NULL,	'2023-04-17 18:31:02',	'2023-09-20 13:56:20',	'2023-09-20 13:56:20',	NULL),
(42,	'Standard Profile (copy)',	NULL,	'2023-09-19 19:46:33',	'2023-09-20 13:55:37',	'2023-09-20 13:55:37',	NULL),
(43,	'APEX 038',	NULL,	'2023-09-28 14:40:09',	'2023-09-28 14:46:44',	NULL,	NULL);

CREATE TABLE `discounts` (
  `id` bigint NOT NULL AUTO_INCREMENT,
  `discount` int DEFAULT NULL,
  `manufacture_id` bigint DEFAULT NULL,
  `discount_profile_id` int DEFAULT NULL,
  `created_at` date DEFAULT NULL,
  `updated_at` date DEFAULT NULL,
  `deleted_at` int DEFAULT NULL,
  PRIMARY KEY (`id`)
) ENGINE=InnoDB DEFAULT CHARSET=utf8mb3;

INSERT INTO `discounts` (`id`, `discount`, `manufacture_id`, `discount_profile_id`, `created_at`, `updated_at`, `deleted_at`) VALUES
(1,	12,	2,	2,	'2021-05-21',	'2021-05-21',	NULL),
(2,	2,	3,	2,	'2021-05-21',	'2021-05-21',	NULL),
(3,	0,	8,	2,	'2021-05-21',	'2021-05-21',	NULL),
(4,	0,	9,	2,	'2021-05-21',	'2021-05-21',	NULL),
(5,	0,	10,	2,	'2021-05-21',	'2021-05-21',	NULL),
(6,	0,	11,	2,	'2021-05-21',	'2021-05-21',	NULL),
(7,	0,	12,	2,	'2021-05-21',	'2021-05-21',	NULL),
(8,	0,	13,	2,	'2021-05-21',	'2021-05-21',	NULL),
(9,	0,	14,	2,	'2021-05-21',	'2021-05-21',	NULL),
(10,	0,	15,	2,	'2021-05-21',	'2021-05-21',	NULL),
(11,	0,	16,	2,	'2021-05-21',	'2021-05-21',	NULL),
(12,	0,	19,	2,	'2021-05-21',	'2021-05-21',	NULL),
(13,	100,	20,	2,	'2021-05-21',	'2021-05-21',	NULL),
(14,	12,	39,	2,	'2021-05-21',	'2021-05-21',	NULL),
(15,	0,	2,	1,	'2021-05-21',	'2021-05-21',	NULL),
(16,	25,	3,	1,	'2021-05-21',	'2021-05-26',	NULL),
(17,	1,	8,	1,	'2021-05-21',	'2021-05-26',	NULL),
(18,	50,	9,	1,	'2021-05-21',	'2021-05-26',	NULL),
(19,	2,	10,	1,	'2021-05-21',	'2021-05-22',	NULL),
(20,	2,	11,	1,	'2021-05-21',	'2021-05-24',	NULL),
(21,	5,	12,	1,	'2021-05-21',	'2021-05-27',	NULL),
(22,	0,	13,	1,	'2021-05-21',	'2021-05-21',	NULL),
(23,	0,	14,	1,	'2021-05-21',	'2021-05-21',	NULL),
(24,	0,	15,	1,	'2021-05-21',	'2021-05-21',	NULL),
(25,	0,	16,	1,	'2021-05-21',	'2021-05-21',	NULL),
(26,	45,	19,	1,	'2021-05-21',	'2021-05-26',	NULL),
(27,	0,	20,	1,	'2021-05-21',	'2021-05-21',	NULL),
(28,	13,	39,	1,	'2021-05-21',	'2021-05-21',	NULL),
(29,	12,	2,	3,	'2021-05-21',	'2021-05-21',	NULL),
(30,	2,	3,	3,	'2021-05-21',	'2021-05-21',	NULL),
(31,	2,	8,	3,	'2021-05-21',	'2021-05-24',	NULL),
(32,	0,	9,	3,	'2021-05-21',	'2021-05-21',	NULL),
(33,	0,	10,	3,	'2021-05-21',	'2021-05-21',	NULL),
(34,	0,	11,	3,	'2021-05-21',	'2021-05-21',	NULL),
(35,	0,	12,	3,	'2021-05-21',	'2021-05-21',	NULL),
(36,	0,	13,	3,	'2021-05-21',	'2021-05-21',	NULL),
(37,	0,	14,	3,	'2021-05-21',	'2021-05-21',	NULL),
(38,	0,	15,	3,	'2021-05-21',	'2021-05-21',	NULL),
(39,	0,	16,	3,	'2021-05-21',	'2021-05-21',	NULL),
(40,	0,	19,	3,	'2021-05-21',	'2021-05-21',	NULL),
(41,	0,	20,	3,	'2021-05-21',	'2021-05-21',	NULL),
(42,	12,	39,	3,	'2021-05-21',	'2021-05-21',	NULL),
(43,	1,	2,	4,	'2021-05-21',	'2021-05-21',	NULL),
(44,	2,	3,	4,	'2021-05-21',	'2021-05-21',	NULL),
(45,	2,	8,	4,	'2021-05-21',	'2021-05-21',	NULL),
(46,	2,	9,	4,	'2021-05-21',	'2021-05-21',	NULL),
(47,	2,	10,	4,	'2021-05-21',	'2021-05-21',	NULL),
(48,	3,	11,	4,	'2021-05-21',	'2021-05-21',	NULL),
(49,	2,	12,	4,	'2021-05-21',	'2021-05-21',	NULL),
(50,	2,	13,	4,	'2021-05-21',	'2021-05-21',	NULL),
(51,	2,	14,	4,	'2021-05-21',	'2021-05-21',	NULL),
(52,	2,	15,	4,	'2021-05-21',	'2021-05-21',	NULL),
(53,	2,	16,	4,	'2021-05-21',	'2021-05-21',	NULL),
(54,	2,	19,	4,	'2021-05-21',	'2021-05-21',	NULL),
(55,	2,	20,	4,	'2021-05-21',	'2021-05-21',	NULL),
(56,	3,	39,	4,	'2021-05-21',	'2021-05-21',	NULL),
(57,	1,	2,	5,	'2021-05-21',	'2021-05-21',	NULL),
(58,	2,	3,	5,	'2021-05-21',	'2021-05-21',	NULL),
(59,	2,	8,	5,	'2021-05-21',	'2021-05-21',	NULL),
(60,	2,	9,	5,	'2021-05-21',	'2021-05-21',	NULL),
(61,	2,	10,	5,	'2021-05-21',	'2021-05-21',	NULL),
(62,	3,	11,	5,	'2021-05-21',	'2021-05-21',	NULL),
(63,	2,	12,	5,	'2021-05-21',	'2021-05-21',	NULL),
(64,	2,	13,	5,	'2021-05-21',	'2021-05-21',	NULL),
(65,	2,	14,	5,	'2021-05-21',	'2021-05-21',	NULL),
(66,	2,	15,	5,	'2021-05-21',	'2021-05-21',	NULL),
(67,	2,	16,	5,	'2021-05-21',	'2021-05-21',	NULL),
(68,	2,	19,	5,	'2021-05-21',	'2021-05-21',	NULL),
(69,	2,	20,	5,	'2021-05-21',	'2021-05-21',	NULL),
(70,	3,	39,	5,	'2021-05-21',	'2021-05-21',	NULL),
(71,	0,	2,	8,	'2021-05-22',	'2021-05-22',	NULL),
(72,	0,	3,	8,	'2021-05-22',	'2021-05-22',	NULL),
(73,	0,	8,	8,	'2021-05-22',	'2021-05-22',	NULL),
(74,	0,	9,	8,	'2021-05-22',	'2021-05-22',	NULL),
(75,	0,	10,	8,	'2021-05-22',	'2021-05-22',	NULL),
(76,	0,	11,	8,	'2021-05-22',	'2021-05-22',	NULL),
(77,	0,	12,	8,	'2021-05-22',	'2021-05-22',	NULL),
(78,	0,	13,	8,	'2021-05-22',	'2021-05-22',	NULL),
(79,	0,	14,	8,	'2021-05-22',	'2021-05-22',	NULL),
(80,	0,	15,	8,	'2021-05-22',	'2021-05-22',	NULL),
(81,	0,	16,	8,	'2021-05-22',	'2021-05-22',	NULL),
(82,	0,	19,	8,	'2021-05-22',	'2021-05-22',	NULL),
(83,	0,	20,	8,	'2021-05-22',	'2021-05-22',	NULL),
(84,	0,	2,	9,	'2021-05-22',	'2021-05-22',	NULL),
(85,	12,	3,	9,	'2021-05-22',	'2021-05-22',	NULL),
(86,	14,	8,	9,	'2021-05-22',	'2021-05-22',	NULL),
(87,	2,	9,	9,	'2021-05-22',	'2021-05-22',	NULL),
(88,	2,	10,	9,	'2021-05-22',	'2021-05-22',	NULL),
(89,	0,	11,	9,	'2021-05-22',	'2021-05-22',	NULL),
(90,	0,	12,	9,	'2021-05-22',	'2021-05-22',	NULL),
(91,	0,	13,	9,	'2021-05-22',	'2021-05-22',	NULL),
(92,	0,	14,	9,	'2021-05-22',	'2021-05-22',	NULL),
(93,	0,	15,	9,	'2021-05-22',	'2021-05-22',	NULL),
(94,	0,	16,	9,	'2021-05-22',	'2021-05-22',	NULL),
(95,	0,	19,	9,	'2021-05-22',	'2021-05-22',	NULL),
(96,	0,	20,	9,	'2021-05-22',	'2021-05-22',	NULL),
(97,	0,	2,	10,	'2021-05-24',	'2021-05-24',	NULL),
(98,	12,	3,	10,	'2021-05-24',	'2021-05-24',	NULL),
(99,	14,	8,	10,	'2021-05-24',	'2021-05-24',	NULL),
(100,	2,	9,	10,	'2021-05-24',	'2021-05-24',	NULL),
(101,	2,	10,	10,	'2021-05-24',	'2021-05-24',	NULL),
(102,	0,	11,	10,	'2021-05-24',	'2021-05-24',	NULL),
(103,	0,	12,	10,	'2021-05-24',	'2021-05-24',	NULL),
(104,	0,	13,	10,	'2021-05-24',	'2021-05-24',	NULL),
(105,	0,	14,	10,	'2021-05-24',	'2021-05-24',	NULL),
(106,	0,	15,	10,	'2021-05-24',	'2021-05-24',	NULL),
(107,	0,	16,	10,	'2021-05-24',	'2021-05-24',	NULL),
(108,	0,	19,	10,	'2021-05-24',	'2021-05-24',	NULL),
(109,	0,	20,	10,	'2021-05-24',	'2021-05-24',	NULL),
(110,	0,	2,	11,	'2021-05-24',	'2021-05-24',	NULL),
(111,	12,	3,	11,	'2021-05-24',	'2021-05-24',	NULL),
(112,	14,	8,	11,	'2021-05-24',	'2021-05-24',	NULL),
(113,	2,	9,	11,	'2021-05-24',	'2021-05-24',	NULL),
(114,	2,	10,	11,	'2021-05-24',	'2021-05-24',	NULL),
(115,	0,	11,	11,	'2021-05-24',	'2021-05-24',	NULL),
(116,	0,	12,	11,	'2021-05-24',	'2021-05-24',	NULL),
(117,	0,	13,	11,	'2021-05-24',	'2021-05-24',	NULL),
(118,	0,	14,	11,	'2021-05-24',	'2021-05-24',	NULL),
(119,	0,	15,	11,	'2021-05-24',	'2021-05-24',	NULL),
(120,	0,	16,	11,	'2021-05-24',	'2021-05-24',	NULL),
(121,	0,	19,	11,	'2021-05-24',	'2021-05-24',	NULL),
(122,	0,	20,	11,	'2021-05-24',	'2021-05-24',	NULL),
(123,	0,	40,	1,	'2021-05-26',	'2021-05-26',	NULL),
(124,	0,	41,	1,	'2021-05-26',	'2021-05-26',	NULL),
(125,	40,	42,	1,	'2021-05-26',	'2021-05-26',	NULL),
(126,	25,	43,	1,	'2021-05-26',	'2021-05-26',	NULL),
(127,	0,	44,	1,	'2021-05-26',	'2021-05-26',	NULL),
(128,	0,	2,	12,	'2021-05-26',	'2021-05-26',	NULL),
(129,	12,	3,	12,	'2021-05-26',	'2021-05-26',	NULL),
(130,	1,	8,	12,	'2021-05-26',	'2021-05-26',	NULL),
(131,	2,	9,	12,	'2021-05-26',	'2021-05-26',	NULL),
(132,	2,	10,	12,	'2021-05-26',	'2021-05-26',	NULL),
(133,	2,	11,	12,	'2021-05-26',	'2021-05-26',	NULL),
(134,	0,	12,	12,	'2021-05-26',	'2021-05-26',	NULL),
(135,	0,	13,	12,	'2021-05-26',	'2021-05-26',	NULL),
(136,	0,	14,	12,	'2021-05-26',	'2021-05-26',	NULL),
(137,	0,	15,	12,	'2021-05-26',	'2021-05-26',	NULL),
(138,	0,	16,	12,	'2021-05-26',	'2021-05-26',	NULL),
(139,	0,	19,	12,	'2021-05-26',	'2021-05-26',	NULL),
(140,	0,	20,	12,	'2021-05-26',	'2021-05-26',	NULL),
(141,	0,	40,	12,	'2021-05-26',	'2021-05-26',	NULL),
(142,	0,	41,	12,	'2021-05-26',	'2021-05-26',	NULL),
(143,	0,	42,	12,	'2021-05-26',	'2021-05-26',	NULL),
(144,	0,	43,	12,	'2021-05-26',	'2021-05-26',	NULL),
(145,	0,	44,	12,	'2021-05-26',	'2021-05-26',	NULL),
(146,	20,	45,	1,	'2021-05-26',	'2021-05-26',	NULL),
(147,	40,	46,	1,	'2021-05-26',	'2021-05-26',	NULL),
(148,	0,	47,	1,	'2021-05-27',	'2021-05-27',	NULL),
(149,	25,	3,	13,	'2021-05-28',	'2021-05-28',	NULL),
(150,	35,	10,	13,	'2021-05-28',	'2021-05-28',	NULL),
(151,	45,	11,	13,	'2021-05-28',	'2021-05-28',	NULL),
(152,	37,	12,	13,	'2021-05-28',	'2021-05-28',	NULL),
(153,	40,	14,	13,	'2021-05-28',	'2021-05-28',	NULL),
(154,	20,	16,	13,	'2021-05-28',	'2023-09-28',	NULL),
(155,	45,	19,	13,	'2021-05-28',	'2021-05-28',	NULL),
(156,	40,	20,	13,	'2021-05-28',	'2021-06-08',	NULL),
(157,	40,	40,	13,	'2021-05-28',	'2021-05-28',	NULL),
(158,	20,	41,	13,	'2021-05-28',	'2021-05-28',	NULL),
(159,	25,	44,	13,	'2021-05-28',	'2021-06-08',	NULL),
(160,	20,	45,	13,	'2021-05-28',	'2021-05-28',	NULL),
(161,	40,	46,	13,	'2021-05-28',	'2021-05-28',	NULL),
(162,	0,	47,	13,	'2021-05-28',	'2021-05-28',	NULL),
(163,	12,	3,	14,	'2021-05-28',	'2021-05-28',	NULL),
(164,	2,	10,	14,	'2021-05-28',	'2021-05-28',	NULL),
(165,	0,	11,	14,	'2021-05-28',	'2021-05-28',	NULL),
(166,	0,	12,	14,	'2021-05-28',	'2021-05-28',	NULL),
(167,	0,	14,	14,	'2021-05-28',	'2021-05-28',	NULL),
(168,	0,	16,	14,	'2021-05-28',	'2021-05-28',	NULL),
(169,	0,	19,	14,	'2021-05-28',	'2021-05-28',	NULL),
(170,	0,	20,	14,	'2021-05-28',	'2021-05-28',	NULL),
(171,	0,	40,	14,	'2021-05-28',	'2021-05-28',	NULL),
(172,	0,	41,	14,	'2021-05-28',	'2021-05-28',	NULL),
(173,	0,	44,	14,	'2021-05-28',	'2021-05-28',	NULL),
(174,	0,	45,	14,	'2021-05-28',	'2021-05-28',	NULL),
(175,	0,	46,	14,	'2021-05-28',	'2021-05-28',	NULL),
(176,	0,	47,	14,	'2021-05-28',	'2021-05-28',	NULL),
(177,	25,	3,	15,	'2021-05-28',	'2021-05-28',	NULL),
(178,	35,	10,	15,	'2021-05-28',	'2021-05-28',	NULL),
(179,	45,	11,	15,	'2021-05-28',	'2021-05-28',	NULL),
(180,	37,	12,	15,	'2021-05-28',	'2021-05-28',	NULL),
(181,	40,	14,	15,	'2021-05-28',	'2021-05-28',	NULL),
(182,	25,	16,	15,	'2021-05-28',	'2021-05-28',	NULL),
(183,	45,	19,	15,	'2021-05-28',	'2021-05-28',	NULL),
(184,	0,	20,	15,	'2021-05-28',	'2021-05-28',	NULL),
(185,	40,	40,	15,	'2021-05-28',	'2021-05-28',	NULL),
(186,	20,	41,	15,	'2021-05-28',	'2021-05-28',	NULL),
(187,	0,	44,	15,	'2021-05-28',	'2021-05-28',	NULL),
(188,	20,	45,	15,	'2021-05-28',	'2021-05-28',	NULL),
(189,	40,	46,	15,	'2021-05-28',	'2021-05-28',	NULL),
(190,	0,	47,	15,	'2021-05-28',	'2021-05-28',	NULL),
(193,	45,	48,	13,	'2021-06-04',	'2021-09-03',	NULL),
(194,	20,	49,	13,	'2021-06-04',	'2021-06-08',	NULL),
(195,	0,	48,	15,	'2021-06-04',	'2021-06-04',	NULL),
(196,	0,	49,	15,	'2021-06-04',	'2021-06-04',	NULL),
(197,	45,	50,	13,	'2021-06-08',	'2021-06-08',	NULL),
(198,	25,	51,	13,	'2021-06-08',	'2021-06-08',	NULL),
(199,	45,	52,	13,	'2021-06-08',	'2021-06-08',	NULL),
(200,	25,	53,	13,	'2021-06-08',	'2021-06-08',	NULL),
(201,	0,	54,	13,	'2021-06-08',	'2021-06-08',	NULL),
(202,	25,	55,	13,	'2021-06-08',	'2021-06-08',	NULL),
(203,	20,	56,	13,	'2021-06-08',	'2021-06-08',	NULL),
(204,	NULL,	3,	7,	'2021-06-09',	'2021-06-09',	NULL),
(205,	-90,	11,	7,	'2021-06-09',	'2021-06-09',	NULL),
(206,	-90,	12,	7,	'2021-06-09',	'2021-06-09',	NULL),
(207,	-90,	14,	7,	'2021-06-09',	'2021-06-09',	NULL),
(208,	-90,	16,	7,	'2021-06-09',	'2021-06-09',	NULL),
(209,	0,	19,	7,	'2021-06-09',	'2021-06-09',	NULL),
(210,	-90,	20,	7,	'2021-06-09',	'2021-06-09',	NULL),
(211,	-90,	40,	7,	'2021-06-09',	'2021-06-09',	NULL),
(212,	-90,	41,	7,	'2021-06-09',	'2021-06-09',	NULL),
(213,	0,	44,	7,	'2021-06-09',	'2021-06-09',	NULL),
(214,	0,	45,	7,	'2021-06-09',	'2021-06-09',	NULL),
(215,	0,	46,	7,	'2021-06-09',	'2021-06-09',	NULL),
(216,	0,	47,	7,	'2021-06-09',	'2021-06-09',	NULL),
(217,	0,	48,	7,	'2021-06-09',	'2021-06-09',	NULL),
(218,	0,	49,	7,	'2021-06-09',	'2021-06-09',	NULL),
(219,	0,	50,	7,	'2021-06-09',	'2021-06-09',	NULL),
(220,	0,	51,	7,	'2021-06-09',	'2021-06-09',	NULL),
(221,	0,	52,	7,	'2021-06-09',	'2021-06-09',	NULL),
(222,	0,	53,	7,	'2021-06-09',	'2021-06-09',	NULL),
(223,	0,	54,	7,	'2021-06-09',	'2021-06-09',	NULL),
(224,	0,	55,	7,	'2021-06-09',	'2021-06-09',	NULL),
(225,	0,	56,	7,	'2021-06-09',	'2021-06-09',	NULL),
(226,	0,	57,	7,	'2021-06-09',	'2021-06-09',	NULL),
(227,	NULL,	3,	7,	'2021-06-09',	'2021-06-09',	NULL),
(228,	-90,	11,	7,	'2021-06-09',	'2021-06-09',	NULL),
(229,	-90,	12,	7,	'2021-06-09',	'2021-06-09',	NULL),
(230,	-90,	14,	7,	'2021-06-09',	'2021-06-09',	NULL),
(231,	-90,	16,	7,	'2021-06-09',	'2021-06-09',	NULL),
(232,	0,	19,	7,	'2021-06-09',	'2021-06-09',	NULL),
(233,	-90,	20,	7,	'2021-06-09',	'2021-06-09',	NULL),
(234,	-90,	40,	7,	'2021-06-09',	'2021-06-09',	NULL),
(235,	-90,	41,	7,	'2021-06-09',	'2021-06-09',	NULL),
(236,	0,	44,	7,	'2021-06-09',	'2021-06-09',	NULL),
(237,	0,	45,	7,	'2021-06-09',	'2021-06-09',	NULL),
(238,	0,	46,	7,	'2021-06-09',	'2021-06-09',	NULL),
(239,	0,	47,	7,	'2021-06-09',	'2021-06-09',	NULL),
(240,	0,	48,	7,	'2021-06-09',	'2021-06-09',	NULL),
(241,	0,	49,	7,	'2021-06-09',	'2021-06-09',	NULL),
(242,	0,	50,	7,	'2021-06-09',	'2021-06-09',	NULL),
(243,	0,	51,	7,	'2021-06-09',	'2021-06-09',	NULL),
(244,	0,	52,	7,	'2021-06-09',	'2021-06-09',	NULL),
(245,	0,	53,	7,	'2021-06-09',	'2021-06-09',	NULL),
(246,	0,	54,	7,	'2021-06-09',	'2021-06-09',	NULL),
(247,	0,	55,	7,	'2021-06-09',	'2021-06-09',	NULL),
(248,	0,	56,	7,	'2021-06-09',	'2021-06-09',	NULL),
(249,	0,	57,	7,	'2021-06-09',	'2021-06-09',	NULL),
(250,	NULL,	3,	7,	'2021-06-09',	'2021-06-09',	NULL),
(251,	-90,	11,	7,	'2021-06-09',	'2021-06-09',	NULL),
(252,	-90,	12,	7,	'2021-06-09',	'2021-06-09',	NULL),
(253,	-90,	14,	7,	'2021-06-09',	'2021-06-09',	NULL),
(254,	-90,	16,	7,	'2021-06-09',	'2021-06-09',	NULL),
(255,	0,	19,	7,	'2021-06-09',	'2021-06-09',	NULL),
(256,	-90,	20,	7,	'2021-06-09',	'2021-06-09',	NULL),
(257,	-90,	40,	7,	'2021-06-09',	'2021-06-09',	NULL),
(258,	-90,	41,	7,	'2021-06-09',	'2021-06-09',	NULL),
(259,	0,	44,	7,	'2021-06-09',	'2021-06-09',	NULL),
(260,	0,	45,	7,	'2021-06-09',	'2021-06-09',	NULL),
(261,	0,	46,	7,	'2021-06-09',	'2021-06-09',	NULL),
(262,	0,	47,	7,	'2021-06-09',	'2021-06-09',	NULL),
(263,	0,	48,	7,	'2021-06-09',	'2021-06-09',	NULL),
(264,	0,	49,	7,	'2021-06-09',	'2021-06-09',	NULL),
(265,	0,	50,	7,	'2021-06-09',	'2021-06-09',	NULL),
(266,	0,	51,	7,	'2021-06-09',	'2021-06-09',	NULL),
(267,	0,	52,	7,	'2021-06-09',	'2021-06-09',	NULL),
(268,	0,	53,	7,	'2021-06-09',	'2021-06-09',	NULL),
(269,	0,	54,	7,	'2021-06-09',	'2021-06-09',	NULL),
(270,	0,	55,	7,	'2021-06-09',	'2021-06-09',	NULL),
(271,	0,	56,	7,	'2021-06-09',	'2021-06-09',	NULL),
(272,	0,	57,	7,	'2021-06-09',	'2021-06-09',	NULL),
(273,	NULL,	3,	7,	'2021-06-09',	'2021-06-09',	NULL),
(274,	-90,	11,	7,	'2021-06-09',	'2021-06-09',	NULL),
(275,	-90,	12,	7,	'2021-06-09',	'2021-06-09',	NULL),
(276,	-90,	14,	7,	'2021-06-09',	'2021-06-09',	NULL),
(277,	-90,	16,	7,	'2021-06-09',	'2021-06-09',	NULL),
(278,	0,	19,	7,	'2021-06-09',	'2021-06-09',	NULL),
(279,	-90,	20,	7,	'2021-06-09',	'2021-06-09',	NULL),
(280,	-90,	40,	7,	'2021-06-09',	'2021-06-09',	NULL),
(281,	-90,	41,	7,	'2021-06-09',	'2021-06-09',	NULL),
(282,	0,	44,	7,	'2021-06-09',	'2021-06-09',	NULL),
(283,	0,	45,	7,	'2021-06-09',	'2021-06-09',	NULL),
(284,	0,	46,	7,	'2021-06-09',	'2021-06-09',	NULL),
(285,	0,	47,	7,	'2021-06-09',	'2021-06-09',	NULL),
(286,	NULL,	3,	7,	'2021-06-09',	'2021-06-09',	NULL),
(287,	0,	48,	7,	'2021-06-09',	'2021-06-09',	NULL),
(288,	-90,	11,	7,	'2021-06-09',	'2021-06-09',	NULL),
(289,	0,	49,	7,	'2021-06-09',	'2021-06-09',	NULL),
(290,	-90,	12,	7,	'2021-06-09',	'2021-06-09',	NULL),
(291,	0,	50,	7,	'2021-06-09',	'2021-06-09',	NULL),
(292,	-90,	14,	7,	'2021-06-09',	'2021-06-09',	NULL),
(293,	0,	51,	7,	'2021-06-09',	'2021-06-09',	NULL),
(294,	-90,	16,	7,	'2021-06-09',	'2021-06-09',	NULL),
(295,	0,	52,	7,	'2021-06-09',	'2021-06-09',	NULL),
(296,	0,	19,	7,	'2021-06-09',	'2021-06-09',	NULL),
(297,	0,	53,	7,	'2021-06-09',	'2021-06-09',	NULL),
(298,	-90,	20,	7,	'2021-06-09',	'2021-06-09',	NULL),
(299,	0,	54,	7,	'2021-06-09',	'2021-06-09',	NULL),
(300,	-90,	40,	7,	'2021-06-09',	'2021-06-09',	NULL),
(301,	0,	55,	7,	'2021-06-09',	'2021-06-09',	NULL),
(302,	-90,	41,	7,	'2021-06-09',	'2021-06-09',	NULL),
(303,	0,	56,	7,	'2021-06-09',	'2021-06-09',	NULL),
(304,	NULL,	3,	7,	'2021-06-09',	'2021-06-09',	NULL),
(305,	0,	44,	7,	'2021-06-09',	'2021-06-09',	NULL),
(306,	0,	57,	7,	'2021-06-09',	'2021-06-09',	NULL),
(307,	-90,	11,	7,	'2021-06-09',	'2021-06-09',	NULL),
(308,	0,	45,	7,	'2021-06-09',	'2021-06-09',	NULL),
(309,	-90,	12,	7,	'2021-06-09',	'2021-06-09',	NULL),
(310,	0,	46,	7,	'2021-06-09',	'2021-06-09',	NULL),
(311,	-90,	14,	7,	'2021-06-09',	'2021-06-09',	NULL),
(312,	0,	47,	7,	'2021-06-09',	'2021-06-09',	NULL),
(313,	-90,	16,	7,	'2021-06-09',	'2021-06-09',	NULL),
(314,	0,	48,	7,	'2021-06-09',	'2021-06-09',	NULL),
(315,	0,	19,	7,	'2021-06-09',	'2021-06-09',	NULL),
(316,	0,	49,	7,	'2021-06-09',	'2021-06-09',	NULL),
(317,	-90,	20,	7,	'2021-06-09',	'2021-06-09',	NULL),
(318,	0,	50,	7,	'2021-06-09',	'2021-06-09',	NULL),
(319,	-90,	40,	7,	'2021-06-09',	'2021-06-09',	NULL),
(320,	0,	51,	7,	'2021-06-09',	'2021-06-09',	NULL),
(321,	-90,	41,	7,	'2021-06-09',	'2021-06-09',	NULL),
(322,	0,	52,	7,	'2021-06-09',	'2021-06-09',	NULL),
(323,	0,	44,	7,	'2021-06-09',	'2021-06-09',	NULL),
(324,	0,	53,	7,	'2021-06-09',	'2021-06-09',	NULL),
(325,	0,	45,	7,	'2021-06-09',	'2021-06-09',	NULL),
(326,	0,	54,	7,	'2021-06-09',	'2021-06-09',	NULL),
(327,	0,	46,	7,	'2021-06-09',	'2021-06-09',	NULL),
(328,	0,	55,	7,	'2021-06-09',	'2021-06-09',	NULL),
(329,	0,	47,	7,	'2021-06-09',	'2021-06-09',	NULL),
(330,	0,	56,	7,	'2021-06-09',	'2021-06-09',	NULL),
(331,	0,	48,	7,	'2021-06-09',	'2021-06-09',	NULL),
(332,	0,	57,	7,	'2021-06-09',	'2021-06-09',	NULL),
(333,	0,	49,	7,	'2021-06-09',	'2021-06-09',	NULL),
(334,	0,	50,	7,	'2021-06-09',	'2021-06-09',	NULL),
(335,	0,	51,	7,	'2021-06-09',	'2021-06-09',	NULL),
(336,	0,	52,	7,	'2021-06-09',	'2021-06-09',	NULL),
(337,	0,	53,	7,	'2021-06-09',	'2021-06-09',	NULL),
(338,	0,	54,	7,	'2021-06-09',	'2021-06-09',	NULL),
(339,	0,	55,	7,	'2021-06-09',	'2021-06-09',	NULL),
(340,	0,	56,	7,	'2021-06-09',	'2021-06-09',	NULL),
(341,	0,	57,	7,	'2021-06-09',	'2021-06-09',	NULL),
(342,	NULL,	3,	7,	'2021-06-09',	'2021-06-09',	NULL),
(343,	-90,	11,	7,	'2021-06-09',	'2021-06-09',	NULL),
(344,	-90,	12,	7,	'2021-06-09',	'2021-06-09',	NULL),
(345,	-90,	14,	7,	'2021-06-09',	'2021-06-09',	NULL),
(346,	-90,	16,	7,	'2021-06-09',	'2021-06-09',	NULL),
(347,	0,	19,	7,	'2021-06-09',	'2021-06-09',	NULL),
(348,	-90,	20,	7,	'2021-06-09',	'2021-06-09',	NULL),
(349,	-90,	40,	7,	'2021-06-09',	'2021-06-09',	NULL),
(350,	-90,	41,	7,	'2021-06-09',	'2021-06-09',	NULL),
(351,	NULL,	3,	7,	'2021-06-09',	'2021-06-09',	NULL),
(352,	0,	44,	7,	'2021-06-09',	'2021-06-09',	NULL),
(353,	-90,	11,	7,	'2021-06-09',	'2021-06-09',	NULL),
(354,	0,	45,	7,	'2021-06-09',	'2021-06-09',	NULL),
(355,	-90,	12,	7,	'2021-06-09',	'2021-06-09',	NULL),
(356,	0,	46,	7,	'2021-06-09',	'2021-06-09',	NULL),
(357,	-90,	14,	7,	'2021-06-09',	'2021-06-09',	NULL),
(358,	0,	47,	7,	'2021-06-09',	'2021-06-09',	NULL),
(359,	-90,	16,	7,	'2021-06-09',	'2021-06-09',	NULL),
(360,	0,	48,	7,	'2021-06-09',	'2021-06-09',	NULL),
(361,	0,	19,	7,	'2021-06-09',	'2021-06-09',	NULL),
(362,	0,	49,	7,	'2021-06-09',	'2021-06-09',	NULL),
(363,	-90,	20,	7,	'2021-06-09',	'2021-06-09',	NULL),
(364,	0,	50,	7,	'2021-06-09',	'2021-06-09',	NULL),
(365,	-90,	40,	7,	'2021-06-09',	'2021-06-09',	NULL),
(366,	0,	51,	7,	'2021-06-09',	'2021-06-09',	NULL),
(367,	-90,	41,	7,	'2021-06-09',	'2021-06-09',	NULL),
(368,	NULL,	3,	7,	'2021-06-09',	'2021-06-09',	NULL),
(369,	0,	52,	7,	'2021-06-09',	'2021-06-09',	NULL),
(370,	0,	44,	7,	'2021-06-09',	'2021-06-09',	NULL),
(371,	-90,	11,	7,	'2021-06-09',	'2021-06-09',	NULL),
(372,	0,	53,	7,	'2021-06-09',	'2021-06-09',	NULL),
(373,	0,	45,	7,	'2021-06-09',	'2021-06-09',	NULL),
(374,	-90,	12,	7,	'2021-06-09',	'2021-06-09',	NULL),
(375,	0,	54,	7,	'2021-06-09',	'2021-06-09',	NULL),
(376,	0,	46,	7,	'2021-06-09',	'2021-06-09',	NULL),
(377,	-90,	14,	7,	'2021-06-09',	'2021-06-09',	NULL),
(378,	0,	55,	7,	'2021-06-09',	'2021-06-09',	NULL),
(379,	-90,	16,	7,	'2021-06-09',	'2021-06-09',	NULL),
(380,	0,	47,	7,	'2021-06-09',	'2021-06-09',	NULL),
(381,	0,	56,	7,	'2021-06-09',	'2021-06-09',	NULL),
(382,	0,	19,	7,	'2021-06-09',	'2021-06-09',	NULL),
(383,	0,	48,	7,	'2021-06-09',	'2021-06-09',	NULL),
(384,	0,	57,	7,	'2021-06-09',	'2021-06-09',	NULL),
(385,	0,	49,	7,	'2021-06-09',	'2021-06-09',	NULL),
(386,	-90,	20,	7,	'2021-06-09',	'2021-06-09',	NULL),
(387,	-90,	40,	7,	'2021-06-09',	'2021-06-09',	NULL),
(388,	0,	50,	7,	'2021-06-09',	'2021-06-09',	NULL),
(389,	-90,	41,	7,	'2021-06-09',	'2021-06-09',	NULL),
(390,	0,	51,	7,	'2021-06-09',	'2021-06-09',	NULL),
(391,	0,	44,	7,	'2021-06-09',	'2021-06-09',	NULL),
(392,	0,	52,	7,	'2021-06-09',	'2021-06-09',	NULL),
(393,	0,	45,	7,	'2021-06-09',	'2021-06-09',	NULL),
(394,	0,	53,	7,	'2021-06-09',	'2021-06-09',	NULL),
(395,	0,	46,	7,	'2021-06-09',	'2021-06-09',	NULL),
(396,	0,	54,	7,	'2021-06-09',	'2021-06-09',	NULL),
(397,	NULL,	3,	7,	'2021-06-09',	'2021-06-09',	NULL),
(398,	0,	47,	7,	'2021-06-09',	'2021-06-09',	NULL),
(399,	0,	55,	7,	'2021-06-09',	'2021-06-09',	NULL),
(400,	-90,	11,	7,	'2021-06-09',	'2021-06-09',	NULL),
(401,	0,	48,	7,	'2021-06-09',	'2021-06-09',	NULL),
(402,	0,	56,	7,	'2021-06-09',	'2021-06-09',	NULL),
(403,	-90,	12,	7,	'2021-06-09',	'2021-06-09',	NULL),
(404,	0,	49,	7,	'2021-06-09',	'2021-06-09',	NULL),
(405,	-90,	14,	7,	'2021-06-09',	'2021-06-09',	NULL),
(406,	0,	57,	7,	'2021-06-09',	'2021-06-09',	NULL),
(407,	NULL,	3,	7,	'2021-06-09',	'2021-06-09',	NULL),
(408,	0,	50,	7,	'2021-06-09',	'2021-06-09',	NULL),
(409,	-90,	16,	7,	'2021-06-09',	'2021-06-09',	NULL),
(410,	-90,	11,	7,	'2021-06-09',	'2021-06-09',	NULL),
(411,	0,	51,	7,	'2021-06-09',	'2021-06-09',	NULL),
(412,	-90,	12,	7,	'2021-06-09',	'2021-06-09',	NULL),
(413,	0,	19,	7,	'2021-06-09',	'2021-06-09',	NULL),
(414,	0,	52,	7,	'2021-06-09',	'2021-06-09',	NULL),
(415,	NULL,	3,	7,	'2021-06-09',	'2021-06-09',	NULL),
(416,	-90,	14,	7,	'2021-06-09',	'2021-06-09',	NULL),
(417,	-90,	20,	7,	'2021-06-09',	'2021-06-09',	NULL),
(418,	0,	53,	7,	'2021-06-09',	'2021-06-09',	NULL),
(419,	-90,	11,	7,	'2021-06-09',	'2021-06-09',	NULL),
(420,	-90,	40,	7,	'2021-06-09',	'2021-06-09',	NULL),
(421,	-90,	16,	7,	'2021-06-09',	'2021-06-09',	NULL),
(422,	0,	54,	7,	'2021-06-09',	'2021-06-09',	NULL),
(423,	-90,	12,	7,	'2021-06-09',	'2021-06-09',	NULL),
(424,	-90,	41,	7,	'2021-06-09',	'2021-06-09',	NULL),
(425,	0,	19,	7,	'2021-06-09',	'2021-06-09',	NULL),
(426,	0,	55,	7,	'2021-06-09',	'2021-06-09',	NULL),
(427,	-90,	14,	7,	'2021-06-09',	'2021-06-09',	NULL),
(428,	-90,	20,	7,	'2021-06-09',	'2021-06-09',	NULL),
(429,	0,	44,	7,	'2021-06-09',	'2021-06-09',	NULL),
(430,	-90,	16,	7,	'2021-06-09',	'2021-06-09',	NULL),
(431,	0,	56,	7,	'2021-06-09',	'2021-06-09',	NULL),
(432,	0,	45,	7,	'2021-06-09',	'2021-06-09',	NULL),
(433,	-90,	40,	7,	'2021-06-09',	'2021-06-09',	NULL),
(434,	0,	19,	7,	'2021-06-09',	'2021-06-09',	NULL),
(435,	0,	57,	7,	'2021-06-09',	'2021-06-09',	NULL),
(436,	0,	46,	7,	'2021-06-09',	'2021-06-09',	NULL),
(437,	-90,	41,	7,	'2021-06-09',	'2021-06-09',	NULL),
(438,	-90,	20,	7,	'2021-06-09',	'2021-06-09',	NULL),
(439,	0,	47,	7,	'2021-06-09',	'2021-06-09',	NULL),
(440,	0,	44,	7,	'2021-06-09',	'2021-06-09',	NULL),
(441,	-90,	40,	7,	'2021-06-09',	'2021-06-09',	NULL),
(442,	0,	48,	7,	'2021-06-09',	'2021-06-09',	NULL),
(443,	0,	45,	7,	'2021-06-09',	'2021-06-09',	NULL),
(444,	-90,	41,	7,	'2021-06-09',	'2021-06-09',	NULL),
(445,	0,	49,	7,	'2021-06-09',	'2021-06-09',	NULL),
(446,	0,	46,	7,	'2021-06-09',	'2021-06-09',	NULL),
(447,	0,	44,	7,	'2021-06-09',	'2021-06-09',	NULL),
(448,	0,	50,	7,	'2021-06-09',	'2021-06-09',	NULL),
(449,	0,	47,	7,	'2021-06-09',	'2021-06-09',	NULL),
(450,	0,	45,	7,	'2021-06-09',	'2021-06-09',	NULL),
(451,	0,	48,	7,	'2021-06-09',	'2021-06-09',	NULL),
(452,	0,	51,	7,	'2021-06-09',	'2021-06-09',	NULL),
(453,	0,	46,	7,	'2021-06-09',	'2021-06-09',	NULL),
(454,	0,	52,	7,	'2021-06-09',	'2021-06-09',	NULL),
(455,	0,	49,	7,	'2021-06-09',	'2021-06-09',	NULL),
(456,	0,	47,	7,	'2021-06-09',	'2021-06-09',	NULL),
(457,	0,	53,	7,	'2021-06-09',	'2021-06-09',	NULL),
(458,	0,	50,	7,	'2021-06-09',	'2021-06-09',	NULL),
(459,	0,	48,	7,	'2021-06-09',	'2021-06-09',	NULL),
(460,	0,	54,	7,	'2021-06-09',	'2021-06-09',	NULL),
(461,	0,	51,	7,	'2021-06-09',	'2021-06-09',	NULL),
(462,	0,	49,	7,	'2021-06-09',	'2021-06-09',	NULL),
(463,	0,	52,	7,	'2021-06-09',	'2021-06-09',	NULL),
(464,	0,	55,	7,	'2021-06-09',	'2021-06-09',	NULL),
(465,	0,	50,	7,	'2021-06-09',	'2021-06-09',	NULL),
(466,	0,	53,	7,	'2021-06-09',	'2021-06-09',	NULL),
(467,	0,	56,	7,	'2021-06-09',	'2021-06-09',	NULL),
(468,	0,	51,	7,	'2021-06-09',	'2021-06-09',	NULL),
(469,	0,	54,	7,	'2021-06-09',	'2021-06-09',	NULL),
(470,	0,	57,	7,	'2021-06-09',	'2021-06-09',	NULL),
(471,	0,	52,	7,	'2021-06-09',	'2021-06-09',	NULL),
(472,	0,	55,	7,	'2021-06-09',	'2021-06-09',	NULL),
(473,	0,	53,	7,	'2021-06-09',	'2021-06-09',	NULL),
(474,	0,	56,	7,	'2021-06-09',	'2021-06-09',	NULL),
(475,	0,	54,	7,	'2021-06-09',	'2021-06-09',	NULL),
(476,	0,	57,	7,	'2021-06-09',	'2021-06-09',	NULL),
(477,	0,	55,	7,	'2021-06-09',	'2021-06-09',	NULL),
(478,	0,	56,	7,	'2021-06-09',	'2021-06-09',	NULL),
(479,	0,	57,	7,	'2021-06-09',	'2021-06-09',	NULL),
(480,	NULL,	3,	7,	'2021-06-09',	'2021-06-09',	NULL),
(481,	-90,	11,	7,	'2021-06-09',	'2021-06-09',	NULL),
(482,	-90,	12,	7,	'2021-06-09',	'2021-06-09',	NULL),
(483,	-90,	14,	7,	'2021-06-09',	'2021-06-09',	NULL),
(484,	-90,	16,	7,	'2021-06-09',	'2021-06-09',	NULL),
(485,	0,	19,	7,	'2021-06-09',	'2021-06-09',	NULL),
(486,	-90,	20,	7,	'2021-06-09',	'2021-06-09',	NULL),
(487,	-90,	40,	7,	'2021-06-09',	'2021-06-09',	NULL),
(488,	-90,	41,	7,	'2021-06-09',	'2021-06-09',	NULL),
(489,	0,	44,	7,	'2021-06-09',	'2021-06-09',	NULL),
(490,	0,	45,	7,	'2021-06-09',	'2021-06-09',	NULL),
(491,	0,	46,	7,	'2021-06-09',	'2021-06-09',	NULL),
(492,	0,	47,	7,	'2021-06-09',	'2021-06-09',	NULL),
(493,	0,	48,	7,	'2021-06-09',	'2021-06-09',	NULL),
(494,	0,	49,	7,	'2021-06-09',	'2021-06-09',	NULL),
(495,	0,	50,	7,	'2021-06-09',	'2021-06-09',	NULL),
(496,	0,	51,	7,	'2021-06-09',	'2021-06-09',	NULL),
(497,	0,	52,	7,	'2021-06-09',	'2021-06-09',	NULL),
(498,	0,	53,	7,	'2021-06-09',	'2021-06-09',	NULL),
(499,	0,	54,	7,	'2021-06-09',	'2021-06-09',	NULL),
(500,	0,	55,	7,	'2021-06-09',	'2021-06-09',	NULL),
(501,	0,	56,	7,	'2021-06-09',	'2021-06-09',	NULL),
(502,	0,	57,	7,	'2021-06-09',	'2021-06-09',	NULL),
(503,	NULL,	3,	7,	'2021-06-09',	'2021-06-09',	NULL),
(504,	-90,	11,	7,	'2021-06-09',	'2021-06-09',	NULL),
(505,	-90,	12,	7,	'2021-06-09',	'2021-06-09',	NULL),
(506,	0,	3,	7,	'2021-06-09',	'2021-06-09',	NULL),
(507,	-90,	14,	7,	'2021-06-09',	'2021-06-09',	NULL),
(508,	0,	11,	7,	'2021-06-09',	'2021-06-09',	NULL),
(509,	-90,	16,	7,	'2021-06-09',	'2021-06-09',	NULL),
(510,	0,	12,	7,	'2021-06-09',	'2021-06-09',	NULL),
(511,	0,	19,	7,	'2021-06-09',	'2021-06-09',	NULL),
(512,	11,	14,	7,	'2021-06-09',	'2021-06-09',	NULL),
(513,	-90,	20,	7,	'2021-06-09',	'2021-06-09',	NULL),
(514,	0,	16,	7,	'2021-06-09',	'2021-06-09',	NULL),
(515,	-90,	40,	7,	'2021-06-09',	'2021-06-09',	NULL),
(516,	10,	19,	7,	'2021-06-09',	'2021-06-09',	NULL),
(517,	-90,	41,	7,	'2021-06-09',	'2021-06-09',	NULL),
(518,	0,	20,	7,	'2021-06-09',	'2021-06-09',	NULL),
(519,	0,	44,	7,	'2021-06-09',	'2021-06-09',	NULL),
(520,	0,	40,	7,	'2021-06-09',	'2021-06-09',	NULL),
(521,	0,	45,	7,	'2021-06-09',	'2021-06-09',	NULL),
(522,	0,	41,	7,	'2021-06-09',	'2021-06-09',	NULL),
(523,	0,	46,	7,	'2021-06-09',	'2021-06-09',	NULL),
(524,	0,	44,	7,	'2021-06-09',	'2021-06-09',	NULL),
(525,	0,	47,	7,	'2021-06-09',	'2021-06-09',	NULL),
(526,	0,	48,	7,	'2021-06-09',	'2021-06-09',	NULL),
(527,	0,	45,	7,	'2021-06-09',	'2021-06-09',	NULL),
(528,	0,	49,	7,	'2021-06-09',	'2021-06-09',	NULL),
(529,	0,	46,	7,	'2021-06-09',	'2021-06-09',	NULL),
(530,	0,	50,	7,	'2021-06-09',	'2021-06-09',	NULL),
(531,	0,	47,	7,	'2021-06-09',	'2021-06-09',	NULL),
(532,	0,	51,	7,	'2021-06-09',	'2021-06-09',	NULL),
(533,	0,	48,	7,	'2021-06-09',	'2021-06-09',	NULL),
(534,	0,	52,	7,	'2021-06-09',	'2021-06-09',	NULL),
(535,	0,	49,	7,	'2021-06-09',	'2021-06-09',	NULL),
(536,	0,	53,	7,	'2021-06-09',	'2021-06-09',	NULL),
(537,	0,	50,	7,	'2021-06-09',	'2021-06-09',	NULL),
(538,	0,	54,	7,	'2021-06-09',	'2021-06-09',	NULL),
(539,	0,	51,	7,	'2021-06-09',	'2021-06-09',	NULL),
(540,	0,	55,	7,	'2021-06-09',	'2021-06-09',	NULL),
(541,	0,	52,	7,	'2021-06-09',	'2021-06-09',	NULL),
(542,	0,	56,	7,	'2021-06-09',	'2021-06-09',	NULL),
(543,	0,	53,	7,	'2021-06-09',	'2021-06-09',	NULL),
(544,	0,	57,	7,	'2021-06-09',	'2021-06-09',	NULL),
(545,	0,	54,	7,	'2021-06-09',	'2021-06-09',	NULL),
(546,	0,	55,	7,	'2021-06-09',	'2021-06-09',	NULL),
(547,	0,	56,	7,	'2021-06-09',	'2021-06-09',	NULL),
(548,	0,	57,	7,	'2021-06-09',	'2021-06-09',	NULL),
(549,	25,	3,	16,	'2021-06-09',	'2021-11-01',	NULL),
(550,	50,	11,	16,	'2021-06-09',	'2021-11-01',	NULL),
(551,	25,	12,	16,	'2021-06-09',	'2021-11-01',	NULL),
(552,	55,	14,	16,	'2021-06-09',	'2021-11-01',	NULL),
(553,	25,	16,	16,	'2021-06-09',	'2021-11-01',	NULL),
(554,	50,	19,	16,	'2021-06-09',	'2021-11-02',	NULL),
(555,	45,	20,	16,	'2021-06-09',	'2021-11-01',	NULL),
(556,	40,	40,	16,	'2021-06-09',	'2021-11-01',	NULL),
(557,	20,	41,	16,	'2021-06-09',	'2021-11-01',	NULL),
(558,	25,	44,	16,	'2021-06-09',	'2021-11-01',	NULL),
(559,	20,	45,	16,	'2021-06-09',	'2021-11-01',	NULL),
(560,	35,	46,	16,	'2021-06-09',	'2021-11-01',	NULL),
(561,	0,	47,	16,	'2021-06-09',	'2021-06-09',	NULL),
(562,	50,	48,	16,	'2021-06-09',	'2021-11-02',	NULL),
(563,	45,	49,	16,	'2021-06-09',	'2021-11-05',	NULL),
(564,	50,	50,	16,	'2021-06-09',	'2021-11-02',	NULL),
(565,	25,	51,	16,	'2021-06-09',	'2021-11-01',	NULL),
(566,	45,	52,	16,	'2021-06-09',	'2021-11-01',	NULL),
(567,	25,	53,	16,	'2021-06-09',	'2021-11-01',	NULL),
(568,	0,	54,	16,	'2021-06-09',	'2021-06-09',	NULL),
(569,	15,	55,	16,	'2021-06-09',	'2021-11-01',	NULL),
(570,	30,	56,	16,	'2021-06-09',	'2021-11-01',	NULL),
(571,	50,	57,	16,	'2021-06-09',	'2021-11-01',	NULL),
(572,	0,	3,	17,	'2021-06-09',	'2021-06-09',	NULL),
(573,	0,	11,	17,	'2021-06-09',	'2021-06-09',	NULL),
(574,	0,	12,	17,	'2021-06-09',	'2021-06-09',	NULL),
(575,	11,	14,	17,	'2021-06-09',	'2021-06-09',	NULL),
(576,	0,	16,	17,	'2021-06-09',	'2021-06-09',	NULL),
(577,	10,	19,	17,	'2021-06-09',	'2021-06-09',	NULL),
(578,	0,	20,	17,	'2021-06-09',	'2021-06-09',	NULL),
(579,	0,	40,	17,	'2021-06-09',	'2021-06-09',	NULL),
(580,	0,	41,	17,	'2021-06-09',	'2021-06-09',	NULL),
(581,	0,	44,	17,	'2021-06-09',	'2021-06-09',	NULL),
(582,	0,	45,	17,	'2021-06-09',	'2021-06-09',	NULL),
(583,	0,	46,	17,	'2021-06-09',	'2021-06-09',	NULL),
(584,	0,	47,	17,	'2021-06-09',	'2021-06-09',	NULL),
(585,	0,	48,	17,	'2021-06-09',	'2021-06-09',	NULL),
(586,	0,	49,	17,	'2021-06-09',	'2021-06-09',	NULL),
(587,	0,	50,	17,	'2021-06-09',	'2021-06-09',	NULL),
(588,	0,	51,	17,	'2021-06-09',	'2021-06-09',	NULL),
(589,	0,	52,	17,	'2021-06-09',	'2021-06-09',	NULL),
(590,	0,	53,	17,	'2021-06-09',	'2021-06-09',	NULL),
(591,	0,	54,	17,	'2021-06-09',	'2021-06-09',	NULL),
(592,	0,	55,	17,	'2021-06-09',	'2021-06-09',	NULL),
(593,	0,	56,	17,	'2021-06-09',	'2021-06-09',	NULL),
(594,	0,	57,	17,	'2021-06-09',	'2021-06-09',	NULL),
(595,	0,	3,	18,	'2021-06-09',	'2021-06-09',	NULL),
(596,	12,	11,	18,	'2021-06-09',	'2021-06-09',	NULL),
(597,	0,	12,	18,	'2021-06-09',	'2021-06-09',	NULL),
(598,	11,	14,	18,	'2021-06-09',	'2021-06-09',	NULL),
(599,	0,	16,	18,	'2021-06-09',	'2021-06-09',	NULL),
(600,	10,	19,	18,	'2021-06-09',	'2021-06-09',	NULL),
(601,	0,	20,	18,	'2021-06-09',	'2021-06-09',	NULL),
(602,	0,	40,	18,	'2021-06-09',	'2021-06-09',	NULL),
(603,	0,	41,	18,	'2021-06-09',	'2021-06-09',	NULL),
(604,	0,	44,	18,	'2021-06-09',	'2021-06-09',	NULL),
(605,	0,	45,	18,	'2021-06-09',	'2021-06-09',	NULL),
(606,	0,	46,	18,	'2021-06-09',	'2021-06-09',	NULL),
(607,	0,	47,	18,	'2021-06-09',	'2021-06-09',	NULL),
(608,	0,	48,	18,	'2021-06-09',	'2021-06-09',	NULL),
(609,	0,	49,	18,	'2021-06-09',	'2021-06-09',	NULL),
(610,	0,	50,	18,	'2021-06-09',	'2021-06-09',	NULL),
(611,	0,	51,	18,	'2021-06-09',	'2021-06-09',	NULL),
(612,	0,	52,	18,	'2021-06-09',	'2021-06-09',	NULL),
(613,	0,	53,	18,	'2021-06-09',	'2021-06-09',	NULL),
(614,	0,	54,	18,	'2021-06-09',	'2021-06-09',	NULL),
(615,	0,	55,	18,	'2021-06-09',	'2021-06-09',	NULL),
(616,	0,	56,	18,	'2021-06-09',	'2021-06-09',	NULL),
(617,	0,	57,	18,	'2021-06-09',	'2021-06-09',	NULL),
(618,	0,	3,	19,	'2021-06-09',	'2021-06-09',	NULL),
(619,	0,	11,	19,	'2021-06-09',	'2021-06-09',	NULL),
(620,	0,	12,	19,	'2021-06-09',	'2021-06-09',	NULL),
(621,	11,	14,	19,	'2021-06-09',	'2021-06-09',	NULL),
(622,	0,	16,	19,	'2021-06-09',	'2021-06-09',	NULL),
(623,	10,	19,	19,	'2021-06-09',	'2021-06-09',	NULL),
(624,	0,	20,	19,	'2021-06-09',	'2021-06-09',	NULL),
(625,	0,	40,	19,	'2021-06-09',	'2021-06-09',	NULL),
(626,	0,	41,	19,	'2021-06-09',	'2021-06-09',	NULL),
(627,	0,	44,	19,	'2021-06-09',	'2021-06-09',	NULL),
(628,	0,	45,	19,	'2021-06-09',	'2021-06-09',	NULL),
(629,	0,	46,	19,	'2021-06-09',	'2021-06-09',	NULL),
(630,	0,	47,	19,	'2021-06-09',	'2021-06-09',	NULL),
(631,	0,	48,	19,	'2021-06-09',	'2021-06-09',	NULL),
(632,	0,	49,	19,	'2021-06-09',	'2021-06-09',	NULL),
(633,	0,	50,	19,	'2021-06-09',	'2021-06-09',	NULL),
(634,	0,	51,	19,	'2021-06-09',	'2021-06-09',	NULL),
(635,	0,	52,	19,	'2021-06-09',	'2021-06-09',	NULL),
(636,	0,	53,	19,	'2021-06-09',	'2021-06-09',	NULL),
(637,	0,	54,	19,	'2021-06-09',	'2021-06-09',	NULL),
(638,	0,	55,	19,	'2021-06-09',	'2021-06-09',	NULL),
(639,	0,	56,	19,	'2021-06-09',	'2021-06-09',	NULL),
(640,	0,	57,	19,	'2021-06-09',	'2021-06-09',	NULL),
(641,	50,	57,	13,	'2021-06-09',	'2021-06-09',	NULL),
(642,	35,	58,	13,	'2021-07-01',	'2021-07-01',	NULL),
(643,	35,	59,	13,	'2021-07-01',	'2021-07-01',	NULL),
(644,	25,	60,	13,	'2021-07-01',	'2021-07-01',	NULL),
(645,	30,	61,	13,	'2021-08-18',	'2021-08-18',	NULL),
(647,	25,	62,	13,	'2021-09-03',	'2021-09-03',	NULL),
(654,	0,	63,	13,	'2021-09-03',	'2021-09-03',	NULL),
(655,	25,	64,	13,	'2021-09-03',	'2021-11-01',	NULL),
(656,	35,	58,	16,	'2021-09-16',	'2021-11-01',	NULL),
(657,	35,	59,	16,	'2021-09-16',	'2021-11-01',	NULL),
(658,	35,	60,	16,	'2021-09-16',	'2021-11-01',	NULL),
(659,	30,	61,	16,	'2021-09-16',	'2021-11-01',	NULL),
(660,	25,	62,	16,	'2021-09-16',	'2021-09-16',	NULL),
(661,	0,	63,	16,	'2021-09-16',	'2021-09-16',	NULL),
(662,	0,	64,	16,	'2021-09-16',	'2021-09-16',	NULL),
(663,	0,	65,	16,	'2021-09-16',	'2021-09-16',	NULL),
(664,	45,	66,	16,	'2021-09-16',	'2021-11-01',	NULL),
(665,	0,	67,	16,	'2021-09-16',	'2021-09-16',	NULL),
(666,	0,	65,	13,	'2021-09-16',	'2021-09-16',	NULL),
(667,	0,	66,	13,	'2021-09-16',	'2021-09-16',	NULL),
(668,	0,	67,	13,	'2021-09-16',	'2021-09-16',	NULL),
(671,	0,	68,	13,	'2021-09-17',	'2021-09-17',	NULL),
(672,	0,	69,	13,	'2021-09-17',	'2021-09-17',	NULL),
(674,	40,	70,	13,	'2021-11-01',	'2021-11-01',	NULL),
(675,	40,	70,	16,	'2021-11-01',	'2021-11-01',	NULL),
(676,	40,	70,	16,	'2021-11-01',	'2021-11-01',	NULL),
(677,	0,	71,	16,	'2021-11-05',	'2021-11-05',	NULL),
(678,	0,	71,	16,	'2021-11-05',	'2021-11-05',	NULL),
(679,	0,	71,	13,	'2021-11-05',	'2021-11-05',	NULL),
(680,	20,	72,	13,	'2021-11-05',	'2021-11-05',	NULL),
(681,	40,	72,	16,	'2021-11-05',	'2021-11-05',	NULL),
(682,	0,	3,	20,	'2022-03-21',	'2022-03-21',	NULL),
(683,	0,	11,	20,	'2022-03-21',	'2022-03-21',	NULL),
(684,	0,	12,	20,	'2022-03-21',	'2022-03-21',	NULL),
(685,	0,	14,	20,	'2022-03-21',	'2022-03-21',	NULL),
(686,	0,	16,	20,	'2022-03-21',	'2022-03-21',	NULL),
(687,	2,	19,	20,	'2022-03-21',	'2022-03-21',	NULL),
(688,	0,	20,	20,	'2022-03-21',	'2022-03-21',	NULL),
(689,	0,	40,	20,	'2022-03-21',	'2022-03-21',	NULL),
(690,	0,	41,	20,	'2022-03-21',	'2022-03-21',	NULL),
(691,	0,	44,	20,	'2022-03-21',	'2022-03-21',	NULL),
(692,	0,	45,	20,	'2022-03-21',	'2022-03-21',	NULL),
(693,	0,	46,	20,	'2022-03-21',	'2022-03-21',	NULL),
(694,	0,	47,	20,	'2022-03-21',	'2022-03-21',	NULL),
(695,	0,	48,	20,	'2022-03-21',	'2022-03-21',	NULL),
(696,	0,	49,	20,	'2022-03-21',	'2022-03-21',	NULL),
(697,	0,	50,	20,	'2022-03-21',	'2022-03-21',	NULL),
(698,	0,	51,	20,	'2022-03-21',	'2022-03-21',	NULL),
(699,	0,	52,	20,	'2022-03-21',	'2022-03-21',	NULL),
(700,	0,	53,	20,	'2022-03-21',	'2022-03-21',	NULL),
(701,	0,	54,	20,	'2022-03-21',	'2022-03-21',	NULL),
(702,	0,	55,	20,	'2022-03-21',	'2022-03-21',	NULL),
(703,	0,	56,	20,	'2022-03-21',	'2022-03-21',	NULL),
(704,	0,	57,	20,	'2022-03-21',	'2022-03-21',	NULL),
(705,	0,	58,	20,	'2022-03-21',	'2022-03-21',	NULL),
(706,	0,	59,	20,	'2022-03-21',	'2022-03-21',	NULL),
(707,	0,	60,	20,	'2022-03-21',	'2022-03-21',	NULL),
(708,	0,	61,	20,	'2022-03-21',	'2022-03-21',	NULL),
(709,	2,	62,	20,	'2022-03-21',	'2022-03-21',	NULL),
(710,	0,	63,	20,	'2022-03-21',	'2022-03-21',	NULL),
(711,	0,	64,	20,	'2022-03-21',	'2022-03-21',	NULL),
(712,	2,	65,	20,	'2022-03-21',	'2022-03-21',	NULL),
(713,	2,	66,	20,	'2022-03-21',	'2022-03-21',	NULL),
(714,	3,	67,	20,	'2022-03-21',	'2022-03-21',	NULL),
(715,	0,	70,	20,	'2022-03-21',	'2022-03-21',	NULL),
(716,	3,	71,	20,	'2022-03-21',	'2022-03-21',	NULL),
(717,	0,	72,	20,	'2022-03-21',	'2022-03-21',	NULL),
(718,	2,	73,	20,	'2022-03-21',	'2022-03-21',	NULL),
(719,	0,	3,	20,	'2022-03-21',	'2022-03-21',	NULL),
(720,	0,	11,	20,	'2022-03-21',	'2022-03-21',	NULL),
(721,	0,	12,	20,	'2022-03-21',	'2022-03-21',	NULL),
(722,	0,	14,	20,	'2022-03-21',	'2022-03-21',	NULL),
(723,	0,	16,	20,	'2022-03-21',	'2022-03-21',	NULL),
(724,	2,	19,	20,	'2022-03-21',	'2022-03-21',	NULL),
(725,	0,	20,	20,	'2022-03-21',	'2022-03-21',	NULL),
(726,	0,	40,	20,	'2022-03-21',	'2022-03-21',	NULL),
(727,	0,	41,	20,	'2022-03-21',	'2022-03-21',	NULL),
(728,	0,	44,	20,	'2022-03-21',	'2022-03-21',	NULL),
(729,	0,	45,	20,	'2022-03-21',	'2022-03-21',	NULL),
(730,	0,	46,	20,	'2022-03-21',	'2022-03-21',	NULL),
(731,	0,	47,	20,	'2022-03-21',	'2022-03-21',	NULL),
(732,	0,	48,	20,	'2022-03-21',	'2022-03-21',	NULL),
(733,	0,	49,	20,	'2022-03-21',	'2022-03-21',	NULL),
(734,	0,	50,	20,	'2022-03-21',	'2022-03-21',	NULL),
(735,	0,	3,	20,	'2022-03-21',	'2022-03-21',	NULL),
(736,	0,	51,	20,	'2022-03-21',	'2022-03-21',	NULL),
(737,	0,	11,	20,	'2022-03-21',	'2022-03-21',	NULL),
(738,	0,	52,	20,	'2022-03-21',	'2022-03-21',	NULL),
(739,	0,	12,	20,	'2022-03-21',	'2022-03-21',	NULL),
(740,	0,	53,	20,	'2022-03-21',	'2022-03-21',	NULL),
(741,	0,	14,	20,	'2022-03-21',	'2022-03-21',	NULL),
(742,	0,	54,	20,	'2022-03-21',	'2022-03-21',	NULL),
(743,	0,	16,	20,	'2022-03-21',	'2022-03-21',	NULL),
(744,	0,	55,	20,	'2022-03-21',	'2022-03-21',	NULL),
(745,	2,	19,	20,	'2022-03-21',	'2022-03-21',	NULL),
(746,	0,	56,	20,	'2022-03-21',	'2022-03-21',	NULL),
(747,	0,	20,	20,	'2022-03-21',	'2022-03-21',	NULL),
(748,	0,	57,	20,	'2022-03-21',	'2022-03-21',	NULL),
(749,	0,	40,	20,	'2022-03-21',	'2022-03-21',	NULL),
(750,	0,	58,	20,	'2022-03-21',	'2022-03-21',	NULL),
(751,	0,	41,	20,	'2022-03-21',	'2022-03-21',	NULL),
(752,	0,	59,	20,	'2022-03-21',	'2022-03-21',	NULL),
(753,	0,	44,	20,	'2022-03-21',	'2022-03-21',	NULL),
(754,	0,	60,	20,	'2022-03-21',	'2022-03-21',	NULL),
(755,	0,	45,	20,	'2022-03-21',	'2022-03-21',	NULL),
(756,	0,	61,	20,	'2022-03-21',	'2022-03-21',	NULL),
(757,	0,	46,	20,	'2022-03-21',	'2022-03-21',	NULL),
(758,	2,	62,	20,	'2022-03-21',	'2022-03-21',	NULL),
(759,	0,	47,	20,	'2022-03-21',	'2022-03-21',	NULL),
(760,	0,	63,	20,	'2022-03-21',	'2022-03-21',	NULL),
(761,	0,	48,	20,	'2022-03-21',	'2022-03-21',	NULL),
(762,	0,	64,	20,	'2022-03-21',	'2022-03-21',	NULL),
(763,	0,	49,	20,	'2022-03-21',	'2022-03-21',	NULL),
(764,	2,	65,	20,	'2022-03-21',	'2022-03-21',	NULL),
(765,	0,	50,	20,	'2022-03-21',	'2022-03-21',	NULL),
(766,	2,	66,	20,	'2022-03-21',	'2022-03-21',	NULL),
(767,	0,	51,	20,	'2022-03-21',	'2022-03-21',	NULL),
(768,	3,	67,	20,	'2022-03-21',	'2022-03-21',	NULL),
(769,	0,	52,	20,	'2022-03-21',	'2022-03-21',	NULL),
(770,	0,	70,	20,	'2022-03-21',	'2022-03-21',	NULL),
(771,	0,	53,	20,	'2022-03-21',	'2022-03-21',	NULL),
(772,	3,	71,	20,	'2022-03-21',	'2022-03-21',	NULL),
(773,	0,	54,	20,	'2022-03-21',	'2022-03-21',	NULL),
(774,	0,	72,	20,	'2022-03-21',	'2022-03-21',	NULL),
(775,	0,	55,	20,	'2022-03-21',	'2022-03-21',	NULL),
(776,	2,	73,	20,	'2022-03-21',	'2022-03-21',	NULL),
(777,	0,	56,	20,	'2022-03-21',	'2022-03-21',	NULL),
(778,	0,	57,	20,	'2022-03-21',	'2022-03-21',	NULL),
(779,	0,	58,	20,	'2022-03-21',	'2022-03-21',	NULL),
(780,	0,	59,	20,	'2022-03-21',	'2022-03-21',	NULL),
(781,	0,	60,	20,	'2022-03-21',	'2022-03-21',	NULL),
(782,	0,	61,	20,	'2022-03-21',	'2022-03-21',	NULL),
(783,	2,	62,	20,	'2022-03-21',	'2022-03-21',	NULL),
(784,	0,	63,	20,	'2022-03-21',	'2022-03-21',	NULL),
(785,	0,	64,	20,	'2022-03-21',	'2022-03-21',	NULL),
(786,	2,	65,	20,	'2022-03-21',	'2022-03-21',	NULL),
(787,	2,	66,	20,	'2022-03-21',	'2022-03-21',	NULL),
(788,	3,	67,	20,	'2022-03-21',	'2022-03-21',	NULL),
(789,	0,	70,	20,	'2022-03-21',	'2022-03-21',	NULL),
(790,	3,	71,	20,	'2022-03-21',	'2022-03-21',	NULL),
(791,	0,	72,	20,	'2022-03-21',	'2022-03-21',	NULL),
(792,	2,	73,	20,	'2022-03-21',	'2022-03-21',	NULL),
(793,	0,	3,	20,	'2022-03-21',	'2022-03-21',	NULL),
(794,	0,	11,	20,	'2022-03-21',	'2022-03-21',	NULL),
(795,	0,	12,	20,	'2022-03-21',	'2022-03-21',	NULL),
(796,	0,	14,	20,	'2022-03-21',	'2022-03-21',	NULL),
(797,	0,	16,	20,	'2022-03-21',	'2022-03-21',	NULL),
(798,	2,	19,	20,	'2022-03-21',	'2022-03-21',	NULL),
(799,	0,	20,	20,	'2022-03-21',	'2022-03-21',	NULL),
(800,	0,	40,	20,	'2022-03-21',	'2022-03-21',	NULL),
(801,	0,	41,	20,	'2022-03-21',	'2022-03-21',	NULL),
(802,	0,	44,	20,	'2022-03-21',	'2022-03-21',	NULL),
(803,	0,	45,	20,	'2022-03-21',	'2022-03-21',	NULL),
(804,	0,	46,	20,	'2022-03-21',	'2022-03-21',	NULL),
(805,	0,	47,	20,	'2022-03-21',	'2022-03-21',	NULL),
(806,	0,	48,	20,	'2022-03-21',	'2022-03-21',	NULL),
(807,	0,	49,	20,	'2022-03-21',	'2022-03-21',	NULL),
(808,	0,	50,	20,	'2022-03-21',	'2022-03-21',	NULL),
(809,	0,	51,	20,	'2022-03-21',	'2022-03-21',	NULL),
(810,	0,	52,	20,	'2022-03-21',	'2022-03-21',	NULL),
(811,	0,	53,	20,	'2022-03-21',	'2022-03-21',	NULL),
(812,	0,	54,	20,	'2022-03-21',	'2022-03-21',	NULL),
(813,	0,	55,	20,	'2022-03-21',	'2022-03-21',	NULL),
(814,	0,	56,	20,	'2022-03-21',	'2022-03-21',	NULL),
(815,	0,	57,	20,	'2022-03-21',	'2022-03-21',	NULL),
(816,	0,	58,	20,	'2022-03-21',	'2022-03-21',	NULL),
(817,	0,	59,	20,	'2022-03-21',	'2022-03-21',	NULL),
(818,	0,	3,	20,	'2022-03-21',	'2022-03-21',	NULL),
(819,	0,	60,	20,	'2022-03-21',	'2022-03-21',	NULL),
(820,	0,	11,	20,	'2022-03-21',	'2022-03-21',	NULL),
(821,	0,	61,	20,	'2022-03-21',	'2022-03-21',	NULL),
(822,	0,	12,	20,	'2022-03-21',	'2022-03-21',	NULL),
(823,	2,	62,	20,	'2022-03-21',	'2022-03-21',	NULL),
(824,	0,	14,	20,	'2022-03-21',	'2022-03-21',	NULL),
(825,	0,	63,	20,	'2022-03-21',	'2022-03-21',	NULL),
(826,	0,	3,	20,	'2022-03-21',	'2022-03-21',	NULL),
(827,	0,	16,	20,	'2022-03-21',	'2022-03-21',	NULL),
(828,	0,	11,	20,	'2022-03-21',	'2022-03-21',	NULL),
(829,	0,	64,	20,	'2022-03-21',	'2022-03-21',	NULL),
(830,	2,	19,	20,	'2022-03-21',	'2022-03-21',	NULL),
(831,	0,	12,	20,	'2022-03-21',	'2022-03-21',	NULL),
(832,	2,	65,	20,	'2022-03-21',	'2022-03-21',	NULL),
(833,	0,	20,	20,	'2022-03-21',	'2022-03-21',	NULL),
(834,	0,	14,	20,	'2022-03-21',	'2022-03-21',	NULL),
(835,	2,	66,	20,	'2022-03-21',	'2022-03-21',	NULL),
(836,	0,	40,	20,	'2022-03-21',	'2022-03-21',	NULL),
(837,	0,	3,	20,	'2022-03-21',	'2022-03-21',	NULL),
(838,	0,	16,	20,	'2022-03-21',	'2022-03-21',	NULL),
(839,	3,	67,	20,	'2022-03-21',	'2022-03-21',	NULL),
(840,	0,	41,	20,	'2022-03-21',	'2022-03-21',	NULL),
(841,	0,	11,	20,	'2022-03-21',	'2022-03-21',	NULL),
(842,	2,	19,	20,	'2022-03-21',	'2022-03-21',	NULL),
(843,	0,	70,	20,	'2022-03-21',	'2022-03-21',	NULL),
(844,	0,	44,	20,	'2022-03-21',	'2022-03-21',	NULL),
(845,	0,	12,	20,	'2022-03-21',	'2022-03-21',	NULL),
(846,	0,	20,	20,	'2022-03-21',	'2022-03-21',	NULL),
(847,	3,	71,	20,	'2022-03-21',	'2022-03-21',	NULL),
(848,	0,	45,	20,	'2022-03-21',	'2022-03-21',	NULL),
(849,	0,	14,	20,	'2022-03-21',	'2022-03-21',	NULL),
(850,	0,	40,	20,	'2022-03-21',	'2022-03-21',	NULL),
(851,	0,	72,	20,	'2022-03-21',	'2022-03-21',	NULL),
(852,	0,	46,	20,	'2022-03-21',	'2022-03-21',	NULL),
(853,	0,	16,	20,	'2022-03-21',	'2022-03-21',	NULL),
(854,	0,	41,	20,	'2022-03-21',	'2022-03-21',	NULL),
(855,	2,	73,	20,	'2022-03-21',	'2022-03-21',	NULL),
(856,	0,	47,	20,	'2022-03-21',	'2022-03-21',	NULL),
(857,	2,	19,	20,	'2022-03-21',	'2022-03-21',	NULL),
(858,	0,	44,	20,	'2022-03-21',	'2022-03-21',	NULL),
(859,	0,	20,	20,	'2022-03-21',	'2022-03-21',	NULL),
(860,	0,	48,	20,	'2022-03-21',	'2022-03-21',	NULL),
(861,	0,	45,	20,	'2022-03-21',	'2022-03-21',	NULL),
(862,	0,	49,	20,	'2022-03-21',	'2022-03-21',	NULL),
(863,	0,	40,	20,	'2022-03-21',	'2022-03-21',	NULL),
(864,	0,	46,	20,	'2022-03-21',	'2022-03-21',	NULL),
(865,	0,	41,	20,	'2022-03-21',	'2022-03-21',	NULL),
(866,	0,	50,	20,	'2022-03-21',	'2022-03-21',	NULL),
(867,	0,	47,	20,	'2022-03-21',	'2022-03-21',	NULL),
(868,	0,	44,	20,	'2022-03-21',	'2022-03-21',	NULL),
(869,	0,	51,	20,	'2022-03-21',	'2022-03-21',	NULL),
(870,	0,	48,	20,	'2022-03-21',	'2022-03-21',	NULL),
(871,	0,	45,	20,	'2022-03-21',	'2022-03-21',	NULL),
(872,	0,	52,	20,	'2022-03-21',	'2022-03-21',	NULL),
(873,	0,	49,	20,	'2022-03-21',	'2022-03-21',	NULL),
(874,	0,	46,	20,	'2022-03-21',	'2022-03-21',	NULL),
(875,	0,	53,	20,	'2022-03-21',	'2022-03-21',	NULL),
(876,	0,	50,	20,	'2022-03-21',	'2022-03-21',	NULL),
(877,	0,	54,	20,	'2022-03-21',	'2022-03-21',	NULL),
(878,	0,	47,	20,	'2022-03-21',	'2022-03-21',	NULL),
(879,	0,	51,	20,	'2022-03-21',	'2022-03-21',	NULL),
(880,	0,	55,	20,	'2022-03-21',	'2022-03-21',	NULL),
(881,	0,	48,	20,	'2022-03-21',	'2022-03-21',	NULL),
(882,	0,	52,	20,	'2022-03-21',	'2022-03-21',	NULL),
(883,	0,	56,	20,	'2022-03-21',	'2022-03-21',	NULL),
(884,	0,	49,	20,	'2022-03-21',	'2022-03-21',	NULL),
(885,	0,	53,	20,	'2022-03-21',	'2022-03-21',	NULL),
(886,	0,	57,	20,	'2022-03-21',	'2022-03-21',	NULL),
(887,	0,	50,	20,	'2022-03-21',	'2022-03-21',	NULL),
(888,	0,	54,	20,	'2022-03-21',	'2022-03-21',	NULL),
(889,	0,	58,	20,	'2022-03-21',	'2022-03-21',	NULL),
(890,	0,	51,	20,	'2022-03-21',	'2022-03-21',	NULL),
(891,	0,	55,	20,	'2022-03-21',	'2022-03-21',	NULL),
(892,	0,	59,	20,	'2022-03-21',	'2022-03-21',	NULL),
(893,	0,	52,	20,	'2022-03-21',	'2022-03-21',	NULL),
(894,	0,	56,	20,	'2022-03-21',	'2022-03-21',	NULL),
(895,	0,	60,	20,	'2022-03-21',	'2022-03-21',	NULL),
(896,	0,	53,	20,	'2022-03-21',	'2022-03-21',	NULL),
(897,	0,	57,	20,	'2022-03-21',	'2022-03-21',	NULL),
(898,	0,	61,	20,	'2022-03-21',	'2022-03-21',	NULL),
(899,	0,	54,	20,	'2022-03-21',	'2022-03-21',	NULL),
(900,	0,	58,	20,	'2022-03-21',	'2022-03-21',	NULL),
(901,	0,	55,	20,	'2022-03-21',	'2022-03-21',	NULL),
(902,	2,	62,	20,	'2022-03-21',	'2022-03-21',	NULL),
(903,	0,	59,	20,	'2022-03-21',	'2022-03-21',	NULL),
(904,	0,	56,	20,	'2022-03-21',	'2022-03-21',	NULL),
(905,	0,	63,	20,	'2022-03-21',	'2022-03-21',	NULL),
(906,	0,	60,	20,	'2022-03-21',	'2022-03-21',	NULL),
(907,	0,	64,	20,	'2022-03-21',	'2022-03-21',	NULL),
(908,	0,	57,	20,	'2022-03-21',	'2022-03-21',	NULL),
(909,	0,	61,	20,	'2022-03-21',	'2022-03-21',	NULL),
(910,	2,	65,	20,	'2022-03-21',	'2022-03-21',	NULL),
(911,	0,	58,	20,	'2022-03-21',	'2022-03-21',	NULL),
(912,	2,	62,	20,	'2022-03-21',	'2022-03-21',	NULL),
(913,	2,	66,	20,	'2022-03-21',	'2022-03-21',	NULL),
(914,	0,	59,	20,	'2022-03-21',	'2022-03-21',	NULL),
(915,	0,	63,	20,	'2022-03-21',	'2022-03-21',	NULL),
(916,	3,	67,	20,	'2022-03-21',	'2022-03-21',	NULL),
(917,	0,	60,	20,	'2022-03-21',	'2022-03-21',	NULL),
(918,	0,	64,	20,	'2022-03-21',	'2022-03-21',	NULL),
(919,	0,	70,	20,	'2022-03-21',	'2022-03-21',	NULL),
(920,	0,	61,	20,	'2022-03-21',	'2022-03-21',	NULL),
(921,	2,	65,	20,	'2022-03-21',	'2022-03-21',	NULL),
(922,	3,	71,	20,	'2022-03-21',	'2022-03-21',	NULL),
(923,	2,	62,	20,	'2022-03-21',	'2022-03-21',	NULL),
(924,	2,	66,	20,	'2022-03-21',	'2022-03-21',	NULL),
(925,	0,	72,	20,	'2022-03-21',	'2022-03-21',	NULL),
(926,	0,	63,	20,	'2022-03-21',	'2022-03-21',	NULL),
(927,	3,	67,	20,	'2022-03-21',	'2022-03-21',	NULL),
(928,	0,	64,	20,	'2022-03-21',	'2022-03-21',	NULL),
(929,	2,	73,	20,	'2022-03-21',	'2022-03-21',	NULL),
(930,	0,	70,	20,	'2022-03-21',	'2022-03-21',	NULL),
(931,	2,	65,	20,	'2022-03-21',	'2022-03-21',	NULL),
(932,	3,	71,	20,	'2022-03-21',	'2022-03-21',	NULL),
(933,	2,	66,	20,	'2022-03-21',	'2022-03-21',	NULL),
(934,	0,	72,	20,	'2022-03-21',	'2022-03-21',	NULL),
(935,	3,	67,	20,	'2022-03-21',	'2022-03-21',	NULL),
(936,	2,	73,	20,	'2022-03-21',	'2022-03-21',	NULL),
(937,	0,	70,	20,	'2022-03-21',	'2022-03-21',	NULL),
(938,	3,	71,	20,	'2022-03-21',	'2022-03-21',	NULL),
(939,	0,	72,	20,	'2022-03-21',	'2022-03-21',	NULL),
(940,	2,	73,	20,	'2022-03-21',	'2022-03-21',	NULL),
(941,	0,	3,	20,	'2022-03-21',	'2022-03-21',	NULL),
(942,	0,	11,	20,	'2022-03-21',	'2022-03-21',	NULL),
(943,	0,	12,	20,	'2022-03-21',	'2022-03-21',	NULL),
(944,	0,	14,	20,	'2022-03-21',	'2022-03-21',	NULL),
(945,	0,	16,	20,	'2022-03-21',	'2022-03-21',	NULL),
(946,	2,	19,	20,	'2022-03-21',	'2022-03-21',	NULL),
(947,	0,	20,	20,	'2022-03-21',	'2022-03-21',	NULL),
(948,	0,	40,	20,	'2022-03-21',	'2022-03-21',	NULL),
(949,	0,	41,	20,	'2022-03-21',	'2022-03-21',	NULL),
(950,	0,	44,	20,	'2022-03-21',	'2022-03-21',	NULL),
(951,	0,	45,	20,	'2022-03-21',	'2022-03-21',	NULL),
(952,	0,	46,	20,	'2022-03-21',	'2022-03-21',	NULL),
(953,	0,	47,	20,	'2022-03-21',	'2022-03-21',	NULL),
(954,	0,	48,	20,	'2022-03-21',	'2022-03-21',	NULL),
(955,	0,	49,	20,	'2022-03-21',	'2022-03-21',	NULL),
(956,	0,	50,	20,	'2022-03-21',	'2022-03-21',	NULL),
(957,	0,	51,	20,	'2022-03-21',	'2022-03-21',	NULL),
(958,	0,	52,	20,	'2022-03-21',	'2022-03-21',	NULL),
(959,	0,	53,	20,	'2022-03-21',	'2022-03-21',	NULL),
(960,	0,	54,	20,	'2022-03-21',	'2022-03-21',	NULL),
(961,	0,	55,	20,	'2022-03-21',	'2022-03-21',	NULL),
(962,	0,	56,	20,	'2022-03-21',	'2022-03-21',	NULL),
(963,	0,	57,	20,	'2022-03-21',	'2022-03-21',	NULL),
(964,	0,	58,	20,	'2022-03-21',	'2022-03-21',	NULL),
(965,	0,	59,	20,	'2022-03-21',	'2022-03-21',	NULL),
(966,	0,	60,	20,	'2022-03-21',	'2022-03-21',	NULL),
(967,	0,	61,	20,	'2022-03-21',	'2022-03-21',	NULL),
(968,	2,	62,	20,	'2022-03-21',	'2022-03-21',	NULL),
(969,	0,	63,	20,	'2022-03-21',	'2022-03-21',	NULL),
(970,	0,	64,	20,	'2022-03-21',	'2022-03-21',	NULL),
(971,	2,	65,	20,	'2022-03-21',	'2022-03-21',	NULL),
(972,	2,	66,	20,	'2022-03-21',	'2022-03-21',	NULL),
(973,	3,	67,	20,	'2022-03-21',	'2022-03-21',	NULL),
(974,	0,	70,	20,	'2022-03-21',	'2022-03-21',	NULL),
(975,	3,	71,	20,	'2022-03-21',	'2022-03-21',	NULL),
(976,	0,	72,	20,	'2022-03-21',	'2022-03-21',	NULL),
(977,	2,	73,	20,	'2022-03-21',	'2022-03-21',	NULL),
(978,	0,	3,	20,	'2022-03-21',	'2022-03-21',	NULL),
(979,	0,	11,	20,	'2022-03-21',	'2022-03-21',	NULL),
(980,	0,	12,	20,	'2022-03-21',	'2022-03-21',	NULL),
(981,	0,	14,	20,	'2022-03-21',	'2022-03-21',	NULL),
(982,	0,	16,	20,	'2022-03-21',	'2022-03-21',	NULL),
(983,	1,	19,	20,	'2022-03-21',	'2022-03-21',	NULL),
(984,	0,	20,	20,	'2022-03-21',	'2022-03-21',	NULL),
(985,	0,	40,	20,	'2022-03-21',	'2022-03-21',	NULL),
(986,	0,	41,	20,	'2022-03-21',	'2022-03-21',	NULL),
(987,	0,	44,	20,	'2022-03-21',	'2022-03-21',	NULL),
(988,	0,	45,	20,	'2022-03-21',	'2022-03-21',	NULL),
(989,	0,	46,	20,	'2022-03-21',	'2022-03-21',	NULL),
(990,	0,	47,	20,	'2022-03-21',	'2022-03-21',	NULL),
(991,	0,	48,	20,	'2022-03-21',	'2022-03-21',	NULL),
(992,	0,	49,	20,	'2022-03-21',	'2022-03-21',	NULL),
(993,	0,	50,	20,	'2022-03-21',	'2022-03-21',	NULL),
(994,	0,	51,	20,	'2022-03-21',	'2022-03-21',	NULL),
(995,	0,	52,	20,	'2022-03-21',	'2022-03-21',	NULL),
(996,	0,	53,	20,	'2022-03-21',	'2022-03-21',	NULL),
(997,	0,	54,	20,	'2022-03-21',	'2022-03-21',	NULL),
(998,	0,	55,	20,	'2022-03-21',	'2022-03-21',	NULL),
(999,	0,	56,	20,	'2022-03-21',	'2022-03-21',	NULL),
(1000,	0,	57,	20,	'2022-03-21',	'2022-03-21',	NULL),
(1001,	0,	3,	20,	'2022-03-21',	'2022-03-21',	NULL),
(1002,	0,	58,	20,	'2022-03-21',	'2022-03-21',	NULL),
(1003,	0,	11,	20,	'2022-03-21',	'2022-03-21',	NULL),
(1004,	0,	59,	20,	'2022-03-21',	'2022-03-21',	NULL),
(1005,	0,	3,	20,	'2022-03-21',	'2022-03-21',	NULL),
(1006,	0,	12,	20,	'2022-03-21',	'2022-03-21',	NULL),
(1007,	0,	60,	20,	'2022-03-21',	'2022-03-21',	NULL),
(1008,	0,	11,	20,	'2022-03-21',	'2022-03-21',	NULL),
(1009,	0,	14,	20,	'2022-03-21',	'2022-03-21',	NULL),
(1010,	0,	61,	20,	'2022-03-21',	'2022-03-21',	NULL),
(1011,	0,	12,	20,	'2022-03-21',	'2022-03-21',	NULL),
(1012,	0,	16,	20,	'2022-03-21',	'2022-03-21',	NULL),
(1013,	0,	3,	20,	'2022-03-21',	'2022-03-21',	NULL),
(1014,	1,	62,	20,	'2022-03-21',	'2022-03-21',	NULL),
(1015,	0,	14,	20,	'2022-03-21',	'2022-03-21',	NULL),
(1016,	1,	19,	20,	'2022-03-21',	'2022-03-21',	NULL),
(1017,	0,	11,	20,	'2022-03-21',	'2022-03-21',	NULL),
(1018,	0,	16,	20,	'2022-03-21',	'2022-03-21',	NULL),
(1019,	0,	63,	20,	'2022-03-21',	'2022-03-21',	NULL),
(1020,	0,	20,	20,	'2022-03-21',	'2022-03-21',	NULL),
(1021,	0,	12,	20,	'2022-03-21',	'2022-03-21',	NULL),
(1022,	1,	19,	20,	'2022-03-21',	'2022-03-21',	NULL),
(1023,	0,	64,	20,	'2022-03-21',	'2022-03-21',	NULL),
(1024,	0,	14,	20,	'2022-03-21',	'2022-03-21',	NULL),
(1025,	0,	40,	20,	'2022-03-21',	'2022-03-21',	NULL),
(1026,	0,	20,	20,	'2022-03-21',	'2022-03-21',	NULL),
(1027,	0,	16,	20,	'2022-03-21',	'2022-03-21',	NULL),
(1028,	0,	65,	20,	'2022-03-21',	'2022-03-21',	NULL),
(1029,	0,	41,	20,	'2022-03-21',	'2022-03-21',	NULL),
(1030,	0,	40,	20,	'2022-03-21',	'2022-03-21',	NULL),
(1031,	1,	19,	20,	'2022-03-21',	'2022-03-21',	NULL),
(1032,	1,	66,	20,	'2022-03-21',	'2022-03-21',	NULL),
(1033,	0,	44,	20,	'2022-03-21',	'2022-03-21',	NULL),
(1034,	0,	41,	20,	'2022-03-21',	'2022-03-21',	NULL),
(1035,	0,	20,	20,	'2022-03-21',	'2022-03-21',	NULL),
(1036,	1,	67,	20,	'2022-03-21',	'2022-03-21',	NULL),
(1037,	0,	45,	20,	'2022-03-21',	'2022-03-21',	NULL),
(1038,	0,	44,	20,	'2022-03-21',	'2022-03-21',	NULL),
(1039,	0,	40,	20,	'2022-03-21',	'2022-03-21',	NULL),
(1040,	0,	46,	20,	'2022-03-21',	'2022-03-21',	NULL),
(1041,	0,	70,	20,	'2022-03-21',	'2022-03-21',	NULL),
(1042,	0,	45,	20,	'2022-03-21',	'2022-03-21',	NULL),
(1043,	0,	47,	20,	'2022-03-21',	'2022-03-21',	NULL),
(1044,	1,	71,	20,	'2022-03-21',	'2022-03-21',	NULL),
(1045,	0,	41,	20,	'2022-03-21',	'2022-03-21',	NULL),
(1046,	0,	46,	20,	'2022-03-21',	'2022-03-21',	NULL),
(1047,	0,	72,	20,	'2022-03-21',	'2022-03-21',	NULL),
(1048,	0,	44,	20,	'2022-03-21',	'2022-03-21',	NULL),
(1049,	0,	48,	20,	'2022-03-21',	'2022-03-21',	NULL),
(1050,	0,	47,	20,	'2022-03-21',	'2022-03-21',	NULL),
(1051,	1,	73,	20,	'2022-03-21',	'2022-03-21',	NULL),
(1052,	0,	45,	20,	'2022-03-21',	'2022-03-21',	NULL),
(1053,	0,	49,	20,	'2022-03-21',	'2022-03-21',	NULL),
(1054,	0,	48,	20,	'2022-03-21',	'2022-03-21',	NULL),
(1055,	0,	46,	20,	'2022-03-21',	'2022-03-21',	NULL),
(1056,	0,	50,	20,	'2022-03-21',	'2022-03-21',	NULL),
(1057,	0,	49,	20,	'2022-03-21',	'2022-03-21',	NULL),
(1058,	0,	47,	20,	'2022-03-21',	'2022-03-21',	NULL),
(1059,	0,	51,	20,	'2022-03-21',	'2022-03-21',	NULL),
(1060,	0,	50,	20,	'2022-03-21',	'2022-03-21',	NULL),
(1061,	0,	52,	20,	'2022-03-21',	'2022-03-21',	NULL),
(1062,	0,	48,	20,	'2022-03-21',	'2022-03-21',	NULL),
(1063,	0,	51,	20,	'2022-03-21',	'2022-03-21',	NULL),
(1064,	0,	53,	20,	'2022-03-21',	'2022-03-21',	NULL),
(1065,	0,	49,	20,	'2022-03-21',	'2022-03-21',	NULL),
(1066,	0,	52,	20,	'2022-03-21',	'2022-03-21',	NULL),
(1067,	0,	54,	20,	'2022-03-21',	'2022-03-21',	NULL),
(1068,	0,	50,	20,	'2022-03-21',	'2022-03-21',	NULL),
(1069,	0,	53,	20,	'2022-03-21',	'2022-03-21',	NULL),
(1070,	0,	55,	20,	'2022-03-21',	'2022-03-21',	NULL),
(1071,	0,	51,	20,	'2022-03-21',	'2022-03-21',	NULL),
(1072,	0,	54,	20,	'2022-03-21',	'2022-03-21',	NULL),
(1073,	0,	52,	20,	'2022-03-21',	'2022-03-21',	NULL),
(1074,	0,	56,	20,	'2022-03-21',	'2022-03-21',	NULL),
(1075,	0,	55,	20,	'2022-03-21',	'2022-03-21',	NULL),
(1076,	0,	53,	20,	'2022-03-21',	'2022-03-21',	NULL),
(1077,	0,	57,	20,	'2022-03-21',	'2022-03-21',	NULL),
(1078,	0,	56,	20,	'2022-03-21',	'2022-03-21',	NULL),
(1079,	0,	3,	21,	'2022-03-21',	'2022-03-21',	NULL),
(1080,	0,	58,	20,	'2022-03-21',	'2022-03-21',	NULL),
(1081,	0,	54,	20,	'2022-03-21',	'2022-03-21',	NULL),
(1082,	0,	57,	20,	'2022-03-21',	'2022-03-21',	NULL),
(1083,	0,	11,	21,	'2022-03-21',	'2022-03-21',	NULL),
(1084,	0,	59,	20,	'2022-03-21',	'2022-03-21',	NULL),
(1085,	0,	55,	20,	'2022-03-21',	'2022-03-21',	NULL),
(1086,	0,	58,	20,	'2022-03-21',	'2022-03-21',	NULL),
(1087,	0,	12,	21,	'2022-03-21',	'2022-03-21',	NULL),
(1088,	0,	60,	20,	'2022-03-21',	'2022-03-21',	NULL),
(1089,	0,	56,	20,	'2022-03-21',	'2022-03-21',	NULL),
(1090,	0,	59,	20,	'2022-03-21',	'2022-03-21',	NULL),
(1091,	0,	14,	21,	'2022-03-21',	'2022-03-21',	NULL),
(1092,	0,	57,	20,	'2022-03-21',	'2022-03-21',	NULL),
(1093,	0,	61,	20,	'2022-03-21',	'2022-03-21',	NULL),
(1094,	0,	60,	20,	'2022-03-21',	'2022-03-21',	NULL),
(1095,	0,	16,	21,	'2022-03-21',	'2022-03-21',	NULL),
(1096,	0,	58,	20,	'2022-03-21',	'2022-03-21',	NULL),
(1097,	1,	62,	20,	'2022-03-21',	'2022-03-21',	NULL),
(1098,	0,	61,	20,	'2022-03-21',	'2022-03-21',	NULL),
(1099,	1,	19,	21,	'2022-03-21',	'2022-03-21',	NULL),
(1100,	0,	59,	20,	'2022-03-21',	'2022-03-21',	NULL),
(1101,	1,	62,	20,	'2022-03-21',	'2022-03-21',	NULL),
(1102,	0,	63,	20,	'2022-03-21',	'2022-03-21',	NULL),
(1103,	0,	60,	20,	'2022-03-21',	'2022-03-21',	NULL),
(1104,	0,	20,	21,	'2022-03-21',	'2022-03-21',	NULL),
(1105,	0,	64,	20,	'2022-03-21',	'2022-03-21',	NULL),
(1106,	0,	63,	20,	'2022-03-21',	'2022-03-21',	NULL),
(1107,	0,	61,	20,	'2022-03-21',	'2022-03-21',	NULL),
(1108,	0,	40,	21,	'2022-03-21',	'2022-03-21',	NULL),
(1109,	0,	65,	20,	'2022-03-21',	'2022-03-21',	NULL),
(1110,	0,	64,	20,	'2022-03-21',	'2022-03-21',	NULL),
(1111,	0,	41,	21,	'2022-03-21',	'2022-03-21',	NULL),
(1112,	1,	62,	20,	'2022-03-21',	'2022-03-21',	NULL),
(1113,	0,	65,	20,	'2022-03-21',	'2022-03-21',	NULL),
(1114,	1,	66,	20,	'2022-03-21',	'2022-03-21',	NULL),
(1115,	0,	63,	20,	'2022-03-21',	'2022-03-21',	NULL),
(1116,	0,	44,	21,	'2022-03-21',	'2022-03-21',	NULL),
(1117,	1,	66,	20,	'2022-03-21',	'2022-03-21',	NULL),
(1118,	1,	67,	20,	'2022-03-21',	'2022-03-21',	NULL),
(1119,	0,	45,	21,	'2022-03-21',	'2022-03-21',	NULL),
(1120,	0,	64,	20,	'2022-03-21',	'2022-03-21',	NULL),
(1121,	1,	67,	20,	'2022-03-21',	'2022-03-21',	NULL),
(1122,	0,	70,	20,	'2022-03-21',	'2022-03-21',	NULL),
(1123,	0,	46,	21,	'2022-03-21',	'2022-03-21',	NULL),
(1124,	0,	65,	20,	'2022-03-21',	'2022-03-21',	NULL),
(1125,	1,	71,	20,	'2022-03-21',	'2022-03-21',	NULL),
(1126,	0,	70,	20,	'2022-03-21',	'2022-03-21',	NULL),
(1127,	1,	66,	20,	'2022-03-21',	'2022-03-21',	NULL),
(1128,	0,	47,	21,	'2022-03-21',	'2022-03-21',	NULL),
(1129,	0,	72,	20,	'2022-03-21',	'2022-03-21',	NULL),
(1130,	1,	71,	20,	'2022-03-21',	'2022-03-21',	NULL),
(1131,	1,	67,	20,	'2022-03-21',	'2022-03-21',	NULL),
(1132,	0,	48,	21,	'2022-03-21',	'2022-03-21',	NULL),
(1133,	0,	72,	20,	'2022-03-21',	'2022-03-21',	NULL),
(1134,	1,	73,	20,	'2022-03-21',	'2022-03-21',	NULL),
(1135,	0,	49,	21,	'2022-03-21',	'2022-03-21',	NULL),
(1136,	0,	70,	20,	'2022-03-21',	'2022-03-21',	NULL),
(1137,	1,	73,	20,	'2022-03-21',	'2022-03-21',	NULL),
(1138,	0,	50,	21,	'2022-03-21',	'2022-03-21',	NULL),
(1139,	1,	71,	20,	'2022-03-21',	'2022-03-21',	NULL),
(1140,	0,	72,	20,	'2022-03-21',	'2022-03-21',	NULL),
(1141,	0,	51,	21,	'2022-03-21',	'2022-03-21',	NULL),
(1142,	2,	73,	20,	'2022-03-21',	'2022-03-21',	NULL),
(1143,	0,	52,	21,	'2022-03-21',	'2022-03-21',	NULL),
(1144,	0,	53,	21,	'2022-03-21',	'2022-03-21',	NULL),
(1145,	0,	54,	21,	'2022-03-21',	'2022-03-21',	NULL),
(1146,	0,	55,	21,	'2022-03-21',	'2022-03-21',	NULL),
(1147,	0,	56,	21,	'2022-03-21',	'2022-03-21',	NULL),
(1148,	0,	57,	21,	'2022-03-21',	'2022-03-21',	NULL),
(1149,	0,	58,	21,	'2022-03-21',	'2022-03-21',	NULL),
(1150,	0,	59,	21,	'2022-03-21',	'2022-03-21',	NULL),
(1151,	0,	60,	21,	'2022-03-21',	'2022-03-21',	NULL),
(1152,	0,	61,	21,	'2022-03-21',	'2022-03-21',	NULL),
(1153,	1,	62,	21,	'2022-03-21',	'2022-03-21',	NULL),
(1154,	0,	63,	21,	'2022-03-21',	'2022-03-21',	NULL),
(1155,	0,	64,	21,	'2022-03-21',	'2022-03-21',	NULL),
(1156,	0,	65,	21,	'2022-03-21',	'2022-03-21',	NULL),
(1157,	1,	66,	21,	'2022-03-21',	'2022-03-21',	NULL),
(1158,	1,	67,	21,	'2022-03-21',	'2022-03-21',	NULL),
(1159,	0,	70,	21,	'2022-03-21',	'2022-03-21',	NULL),
(1160,	1,	71,	21,	'2022-03-21',	'2022-03-21',	NULL),
(1161,	0,	72,	21,	'2022-03-21',	'2022-03-21',	NULL),
(1162,	1,	73,	21,	'2022-03-21',	'2022-03-21',	NULL),
(1163,	0,	3,	22,	'2022-03-21',	'2022-03-21',	NULL),
(1164,	0,	11,	22,	'2022-03-21',	'2022-03-21',	NULL),
(1165,	0,	12,	22,	'2022-03-21',	'2022-03-21',	NULL),
(1166,	0,	14,	22,	'2022-03-21',	'2022-03-21',	NULL),
(1167,	0,	16,	22,	'2022-03-21',	'2022-03-21',	NULL),
(1168,	2,	19,	22,	'2022-03-21',	'2022-03-21',	NULL),
(1169,	0,	20,	22,	'2022-03-21',	'2022-03-21',	NULL),
(1170,	0,	40,	22,	'2022-03-21',	'2022-03-21',	NULL),
(1171,	0,	41,	22,	'2022-03-21',	'2022-03-21',	NULL),
(1172,	0,	44,	22,	'2022-03-21',	'2022-03-21',	NULL),
(1173,	0,	45,	22,	'2022-03-21',	'2022-03-21',	NULL),
(1174,	0,	46,	22,	'2022-03-21',	'2022-03-21',	NULL),
(1175,	0,	47,	22,	'2022-03-21',	'2022-03-21',	NULL),
(1176,	0,	48,	22,	'2022-03-21',	'2022-03-21',	NULL),
(1177,	0,	49,	22,	'2022-03-21',	'2022-03-21',	NULL),
(1178,	0,	50,	22,	'2022-03-21',	'2022-03-21',	NULL),
(1179,	0,	51,	22,	'2022-03-21',	'2022-03-21',	NULL),
(1180,	0,	52,	22,	'2022-03-21',	'2022-03-21',	NULL),
(1181,	0,	53,	22,	'2022-03-21',	'2022-03-21',	NULL),
(1182,	0,	54,	22,	'2022-03-21',	'2022-03-21',	NULL),
(1183,	0,	55,	22,	'2022-03-21',	'2022-03-21',	NULL),
(1184,	0,	56,	22,	'2022-03-21',	'2022-03-21',	NULL),
(1185,	0,	57,	22,	'2022-03-21',	'2022-03-21',	NULL),
(1186,	0,	58,	22,	'2022-03-21',	'2022-03-21',	NULL),
(1187,	0,	59,	22,	'2022-03-21',	'2022-03-21',	NULL),
(1188,	0,	60,	22,	'2022-03-21',	'2022-03-21',	NULL),
(1189,	0,	61,	22,	'2022-03-21',	'2022-03-21',	NULL),
(1190,	1,	62,	22,	'2022-03-21',	'2022-03-21',	NULL),
(1191,	0,	63,	22,	'2022-03-21',	'2022-03-21',	NULL),
(1192,	0,	64,	22,	'2022-03-21',	'2022-03-21',	NULL),
(1193,	0,	65,	22,	'2022-03-21',	'2022-03-21',	NULL),
(1194,	1,	66,	22,	'2022-03-21',	'2022-03-21',	NULL),
(1195,	1,	67,	22,	'2022-03-21',	'2022-03-21',	NULL),
(1196,	0,	70,	22,	'2022-03-21',	'2022-03-21',	NULL),
(1197,	1,	71,	22,	'2022-03-21',	'2022-03-21',	NULL),
(1198,	0,	72,	22,	'2022-03-21',	'2022-03-21',	NULL),
(1199,	1,	73,	22,	'2022-03-21',	'2022-03-21',	NULL),
(1200,	0,	3,	23,	'2022-12-28',	'2022-12-28',	NULL),
(1201,	0,	11,	23,	'2022-12-28',	'2022-12-28',	NULL),
(1202,	0,	12,	23,	'2022-12-28',	'2022-12-28',	NULL),
(1203,	11,	14,	23,	'2022-12-28',	'2022-12-28',	NULL),
(1204,	0,	16,	23,	'2022-12-28',	'2022-12-28',	NULL),
(1205,	10,	19,	23,	'2022-12-28',	'2022-12-28',	NULL),
(1206,	0,	20,	23,	'2022-12-28',	'2022-12-28',	NULL),
(1207,	0,	40,	23,	'2022-12-28',	'2022-12-28',	NULL),
(1208,	0,	41,	23,	'2022-12-28',	'2022-12-28',	NULL),
(1209,	0,	44,	23,	'2022-12-28',	'2022-12-28',	NULL),
(1210,	0,	45,	23,	'2022-12-28',	'2022-12-28',	NULL),
(1211,	0,	46,	23,	'2022-12-28',	'2022-12-28',	NULL),
(1212,	0,	47,	23,	'2022-12-28',	'2022-12-28',	NULL),
(1213,	0,	48,	23,	'2022-12-28',	'2022-12-28',	NULL),
(1214,	0,	49,	23,	'2022-12-28',	'2022-12-28',	NULL),
(1215,	0,	50,	23,	'2022-12-28',	'2022-12-28',	NULL),
(1216,	0,	51,	23,	'2022-12-28',	'2022-12-28',	NULL),
(1217,	0,	52,	23,	'2022-12-28',	'2022-12-28',	NULL),
(1218,	0,	53,	23,	'2022-12-28',	'2022-12-28',	NULL),
(1219,	0,	54,	23,	'2022-12-28',	'2022-12-28',	NULL),
(1220,	0,	55,	23,	'2022-12-28',	'2022-12-28',	NULL),
(1221,	0,	56,	23,	'2022-12-28',	'2022-12-28',	NULL),
(1222,	0,	57,	23,	'2022-12-28',	'2022-12-28',	NULL),
(1223,	0,	58,	23,	'2022-12-28',	'2022-12-28',	NULL),
(1224,	0,	59,	23,	'2022-12-28',	'2022-12-28',	NULL),
(1225,	0,	60,	23,	'2022-12-28',	'2022-12-28',	NULL),
(1226,	0,	61,	23,	'2022-12-28',	'2022-12-28',	NULL),
(1227,	0,	62,	23,	'2022-12-28',	'2022-12-28',	NULL),
(1228,	0,	63,	23,	'2022-12-28',	'2022-12-28',	NULL),
(1229,	0,	64,	23,	'2022-12-28',	'2022-12-28',	NULL),
(1230,	0,	65,	23,	'2022-12-28',	'2022-12-28',	NULL),
(1231,	0,	66,	23,	'2022-12-28',	'2022-12-28',	NULL),
(1232,	0,	67,	23,	'2022-12-28',	'2022-12-28',	NULL),
(1233,	0,	70,	23,	'2022-12-28',	'2022-12-28',	NULL),
(1234,	0,	71,	23,	'2022-12-28',	'2022-12-28',	NULL),
(1235,	0,	72,	23,	'2022-12-28',	'2022-12-28',	NULL),
(1236,	0,	3,	28,	'2022-12-29',	'2022-12-29',	NULL),
(1237,	0,	11,	28,	'2022-12-29',	'2022-12-29',	NULL),
(1238,	0,	12,	28,	'2022-12-29',	'2022-12-29',	NULL),
(1239,	0,	14,	28,	'2022-12-29',	'2022-12-29',	NULL),
(1240,	0,	16,	28,	'2022-12-29',	'2022-12-29',	NULL),
(1241,	2,	19,	28,	'2022-12-29',	'2022-12-29',	NULL),
(1242,	0,	20,	28,	'2022-12-29',	'2022-12-29',	NULL),
(1243,	0,	40,	28,	'2022-12-29',	'2022-12-29',	NULL),
(1244,	0,	41,	28,	'2022-12-29',	'2022-12-29',	NULL),
(1245,	0,	44,	28,	'2022-12-29',	'2022-12-29',	NULL),
(1246,	0,	45,	28,	'2022-12-29',	'2022-12-29',	NULL),
(1247,	0,	46,	28,	'2022-12-29',	'2022-12-29',	NULL),
(1248,	0,	47,	28,	'2022-12-29',	'2022-12-29',	NULL),
(1249,	0,	48,	28,	'2022-12-29',	'2022-12-29',	NULL),
(1250,	0,	49,	28,	'2022-12-29',	'2022-12-29',	NULL),
(1251,	0,	50,	28,	'2022-12-29',	'2022-12-29',	NULL),
(1252,	0,	51,	28,	'2022-12-29',	'2022-12-29',	NULL),
(1253,	0,	52,	28,	'2022-12-29',	'2022-12-29',	NULL),
(1254,	0,	53,	28,	'2022-12-29',	'2022-12-29',	NULL),
(1255,	0,	54,	28,	'2022-12-29',	'2022-12-29',	NULL),
(1256,	0,	55,	28,	'2022-12-29',	'2022-12-29',	NULL),
(1257,	0,	56,	28,	'2022-12-29',	'2022-12-29',	NULL),
(1258,	0,	57,	28,	'2022-12-29',	'2022-12-29',	NULL),
(1259,	0,	58,	28,	'2022-12-29',	'2022-12-29',	NULL),
(1260,	0,	59,	28,	'2022-12-29',	'2022-12-29',	NULL),
(1261,	0,	60,	28,	'2022-12-29',	'2022-12-29',	NULL),
(1262,	0,	61,	28,	'2022-12-29',	'2022-12-29',	NULL),
(1263,	1,	62,	28,	'2022-12-29',	'2022-12-29',	NULL),
(1264,	0,	63,	28,	'2022-12-29',	'2022-12-29',	NULL),
(1265,	0,	64,	28,	'2022-12-29',	'2022-12-29',	NULL),
(1266,	0,	65,	28,	'2022-12-29',	'2022-12-29',	NULL),
(1267,	1,	66,	28,	'2022-12-29',	'2022-12-29',	NULL),
(1268,	1,	67,	28,	'2022-12-29',	'2022-12-29',	NULL),
(1269,	0,	70,	28,	'2022-12-29',	'2022-12-29',	NULL),
(1270,	1,	71,	28,	'2022-12-29',	'2022-12-29',	NULL),
(1271,	0,	72,	28,	'2022-12-29',	'2022-12-29',	NULL),
(1272,	0,	3,	29,	'2022-12-29',	'2022-12-29',	NULL),
(1273,	0,	11,	29,	'2022-12-29',	'2022-12-29',	NULL),
(1274,	0,	12,	29,	'2022-12-29',	'2022-12-29',	NULL),
(1275,	0,	14,	29,	'2022-12-29',	'2022-12-29',	NULL),
(1276,	0,	16,	29,	'2022-12-29',	'2022-12-29',	NULL),
(1277,	0,	19,	29,	'2022-12-29',	'2022-12-29',	NULL),
(1278,	0,	20,	29,	'2022-12-29',	'2022-12-29',	NULL),
(1279,	0,	40,	29,	'2022-12-29',	'2022-12-29',	NULL),
(1280,	0,	41,	29,	'2022-12-29',	'2022-12-29',	NULL),
(1281,	0,	44,	29,	'2022-12-29',	'2022-12-29',	NULL),
(1282,	0,	45,	29,	'2022-12-29',	'2022-12-29',	NULL),
(1283,	0,	46,	29,	'2022-12-29',	'2022-12-29',	NULL),
(1284,	0,	47,	29,	'2022-12-29',	'2022-12-29',	NULL),
(1285,	0,	48,	29,	'2022-12-29',	'2022-12-29',	NULL),
(1286,	0,	49,	29,	'2022-12-29',	'2022-12-29',	NULL),
(1287,	0,	50,	29,	'2022-12-29',	'2022-12-29',	NULL),
(1288,	0,	51,	29,	'2022-12-29',	'2022-12-29',	NULL),
(1289,	0,	52,	29,	'2022-12-29',	'2022-12-29',	NULL),
(1290,	0,	53,	29,	'2022-12-29',	'2022-12-29',	NULL),
(1291,	0,	54,	29,	'2022-12-29',	'2022-12-29',	NULL),
(1292,	0,	55,	29,	'2022-12-29',	'2022-12-29',	NULL),
(1293,	0,	56,	29,	'2022-12-29',	'2022-12-29',	NULL),
(1294,	0,	57,	29,	'2022-12-29',	'2022-12-29',	NULL),
(1295,	0,	58,	29,	'2022-12-29',	'2022-12-29',	NULL),
(1296,	0,	59,	29,	'2022-12-29',	'2022-12-29',	NULL),
(1297,	0,	60,	29,	'2022-12-29',	'2022-12-29',	NULL),
(1298,	0,	61,	29,	'2022-12-29',	'2022-12-29',	NULL),
(1299,	0,	62,	29,	'2022-12-29',	'2022-12-29',	NULL),
(1300,	0,	63,	29,	'2022-12-29',	'2022-12-29',	NULL),
(1301,	0,	64,	29,	'2022-12-29',	'2022-12-29',	NULL),
(1302,	0,	65,	29,	'2022-12-29',	'2022-12-29',	NULL),
(1303,	0,	66,	29,	'2022-12-29',	'2022-12-29',	NULL),
(1304,	0,	67,	29,	'2022-12-29',	'2022-12-29',	NULL),
(1305,	0,	70,	29,	'2022-12-29',	'2022-12-29',	NULL),
(1306,	0,	71,	29,	'2022-12-29',	'2022-12-29',	NULL),
(1307,	0,	72,	29,	'2022-12-29',	'2022-12-29',	NULL),
(1308,	0,	3,	26,	'2022-12-29',	'2022-12-29',	NULL),
(1309,	0,	11,	26,	'2022-12-29',	'2022-12-29',	NULL),
(1310,	0,	12,	26,	'2022-12-29',	'2022-12-29',	NULL),
(1311,	0,	14,	26,	'2022-12-29',	'2022-12-29',	NULL),
(1312,	0,	16,	26,	'2022-12-29',	'2022-12-29',	NULL),
(1313,	15,	19,	26,	'2022-12-29',	'2022-12-29',	NULL),
(1314,	0,	20,	26,	'2022-12-29',	'2022-12-29',	NULL),
(1315,	0,	40,	26,	'2022-12-29',	'2022-12-29',	NULL),
(1316,	0,	41,	26,	'2022-12-29',	'2022-12-29',	NULL),
(1317,	0,	44,	26,	'2022-12-29',	'2022-12-29',	NULL),
(1318,	0,	45,	26,	'2022-12-29',	'2022-12-29',	NULL),
(1319,	0,	46,	26,	'2022-12-29',	'2022-12-29',	NULL),
(1320,	0,	47,	26,	'2022-12-29',	'2022-12-29',	NULL),
(1321,	0,	48,	26,	'2022-12-29',	'2022-12-29',	NULL),
(1322,	0,	49,	26,	'2022-12-29',	'2022-12-29',	NULL),
(1323,	0,	50,	26,	'2022-12-29',	'2022-12-29',	NULL),
(1324,	0,	51,	26,	'2022-12-29',	'2022-12-29',	NULL),
(1325,	0,	52,	26,	'2022-12-29',	'2022-12-29',	NULL),
(1326,	0,	53,	26,	'2022-12-29',	'2022-12-29',	NULL),
(1327,	0,	54,	26,	'2022-12-29',	'2022-12-29',	NULL),
(1328,	0,	55,	26,	'2022-12-29',	'2022-12-29',	NULL),
(1329,	0,	56,	26,	'2022-12-29',	'2022-12-29',	NULL),
(1330,	0,	57,	26,	'2022-12-29',	'2022-12-29',	NULL),
(1331,	0,	58,	26,	'2022-12-29',	'2022-12-29',	NULL),
(1332,	0,	59,	26,	'2022-12-29',	'2022-12-29',	NULL),
(1333,	0,	60,	26,	'2022-12-29',	'2022-12-29',	NULL),
(1334,	0,	61,	26,	'2022-12-29',	'2022-12-29',	NULL),
(1335,	0,	62,	26,	'2022-12-29',	'2022-12-29',	NULL),
(1336,	0,	63,	26,	'2022-12-29',	'2022-12-29',	NULL),
(1337,	0,	64,	26,	'2022-12-29',	'2022-12-29',	NULL),
(1338,	0,	65,	26,	'2022-12-29',	'2022-12-29',	NULL),
(1339,	0,	66,	26,	'2022-12-29',	'2022-12-29',	NULL),
(1340,	0,	67,	26,	'2022-12-29',	'2022-12-29',	NULL),
(1341,	0,	70,	26,	'2022-12-29',	'2022-12-29',	NULL),
(1342,	0,	71,	26,	'2022-12-29',	'2022-12-29',	NULL),
(1343,	0,	72,	26,	'2022-12-29',	'2022-12-29',	NULL),
(1344,	0,	3,	30,	'2022-12-29',	'2022-12-29',	NULL),
(1345,	0,	11,	30,	'2022-12-29',	'2022-12-29',	NULL),
(1346,	0,	12,	30,	'2022-12-29',	'2022-12-29',	NULL),
(1347,	0,	14,	30,	'2022-12-29',	'2022-12-29',	NULL),
(1348,	0,	16,	30,	'2022-12-29',	'2022-12-29',	NULL),
(1349,	15,	19,	30,	'2022-12-29',	'2022-12-29',	NULL),
(1350,	0,	20,	30,	'2022-12-29',	'2022-12-29',	NULL),
(1351,	0,	40,	30,	'2022-12-29',	'2022-12-29',	NULL),
(1352,	0,	41,	30,	'2022-12-29',	'2022-12-29',	NULL),
(1353,	0,	44,	30,	'2022-12-29',	'2022-12-29',	NULL),
(1354,	0,	45,	30,	'2022-12-29',	'2022-12-29',	NULL),
(1355,	0,	46,	30,	'2022-12-29',	'2022-12-29',	NULL),
(1356,	0,	47,	30,	'2022-12-29',	'2022-12-29',	NULL),
(1357,	0,	48,	30,	'2022-12-29',	'2022-12-29',	NULL),
(1358,	0,	49,	30,	'2022-12-29',	'2022-12-29',	NULL),
(1359,	0,	50,	30,	'2022-12-29',	'2022-12-29',	NULL),
(1360,	0,	51,	30,	'2022-12-29',	'2022-12-29',	NULL),
(1361,	0,	52,	30,	'2022-12-29',	'2022-12-29',	NULL),
(1362,	0,	53,	30,	'2022-12-29',	'2022-12-29',	NULL),
(1363,	0,	54,	30,	'2022-12-29',	'2022-12-29',	NULL),
(1364,	0,	55,	30,	'2022-12-29',	'2022-12-29',	NULL),
(1365,	0,	56,	30,	'2022-12-29',	'2022-12-29',	NULL),
(1366,	0,	57,	30,	'2022-12-29',	'2022-12-29',	NULL),
(1367,	0,	58,	30,	'2022-12-29',	'2022-12-29',	NULL),
(1368,	0,	59,	30,	'2022-12-29',	'2022-12-29',	NULL),
(1369,	0,	60,	30,	'2022-12-29',	'2022-12-29',	NULL),
(1370,	0,	61,	30,	'2022-12-29',	'2022-12-29',	NULL),
(1371,	0,	62,	30,	'2022-12-29',	'2022-12-29',	NULL),
(1372,	0,	63,	30,	'2022-12-29',	'2022-12-29',	NULL),
(1373,	0,	64,	30,	'2022-12-29',	'2022-12-29',	NULL),
(1374,	0,	65,	30,	'2022-12-29',	'2022-12-29',	NULL),
(1375,	0,	66,	30,	'2022-12-29',	'2022-12-29',	NULL),
(1376,	0,	67,	30,	'2022-12-29',	'2022-12-29',	NULL),
(1377,	0,	70,	30,	'2022-12-29',	'2022-12-29',	NULL),
(1378,	0,	71,	30,	'2022-12-29',	'2022-12-29',	NULL),
(1379,	0,	72,	30,	'2022-12-29',	'2022-12-29',	NULL),
(1380,	0,	3,	31,	'2022-12-29',	'2022-12-29',	NULL),
(1381,	0,	11,	31,	'2022-12-29',	'2022-12-29',	NULL),
(1382,	0,	12,	31,	'2022-12-29',	'2022-12-29',	NULL),
(1383,	0,	14,	31,	'2022-12-29',	'2022-12-29',	NULL),
(1384,	0,	16,	31,	'2022-12-29',	'2022-12-29',	NULL),
(1385,	15,	19,	31,	'2022-12-29',	'2022-12-29',	NULL),
(1386,	0,	20,	31,	'2022-12-29',	'2022-12-29',	NULL),
(1387,	0,	40,	31,	'2022-12-29',	'2022-12-29',	NULL),
(1388,	0,	41,	31,	'2022-12-29',	'2022-12-29',	NULL),
(1389,	0,	44,	31,	'2022-12-29',	'2022-12-29',	NULL),
(1390,	0,	45,	31,	'2022-12-29',	'2022-12-29',	NULL),
(1391,	0,	46,	31,	'2022-12-29',	'2022-12-29',	NULL),
(1392,	0,	47,	31,	'2022-12-29',	'2022-12-29',	NULL),
(1393,	0,	48,	31,	'2022-12-29',	'2022-12-29',	NULL),
(1394,	0,	49,	31,	'2022-12-29',	'2022-12-29',	NULL),
(1395,	0,	50,	31,	'2022-12-29',	'2022-12-29',	NULL),
(1396,	0,	51,	31,	'2022-12-29',	'2022-12-29',	NULL),
(1397,	0,	52,	31,	'2022-12-29',	'2022-12-29',	NULL),
(1398,	0,	53,	31,	'2022-12-29',	'2022-12-29',	NULL),
(1399,	0,	54,	31,	'2022-12-29',	'2022-12-29',	NULL),
(1400,	0,	55,	31,	'2022-12-29',	'2022-12-29',	NULL),
(1401,	0,	56,	31,	'2022-12-29',	'2022-12-29',	NULL),
(1402,	0,	57,	31,	'2022-12-29',	'2022-12-29',	NULL),
(1403,	0,	58,	31,	'2022-12-29',	'2022-12-29',	NULL),
(1404,	0,	59,	31,	'2022-12-29',	'2022-12-29',	NULL),
(1405,	0,	60,	31,	'2022-12-29',	'2022-12-29',	NULL),
(1406,	0,	61,	31,	'2022-12-29',	'2022-12-29',	NULL),
(1407,	0,	62,	31,	'2022-12-29',	'2022-12-29',	NULL),
(1408,	0,	63,	31,	'2022-12-29',	'2022-12-29',	NULL),
(1409,	0,	64,	31,	'2022-12-29',	'2022-12-29',	NULL),
(1410,	0,	65,	31,	'2022-12-29',	'2022-12-29',	NULL),
(1411,	0,	66,	31,	'2022-12-29',	'2022-12-29',	NULL),
(1412,	0,	67,	31,	'2022-12-29',	'2022-12-29',	NULL),
(1413,	0,	70,	31,	'2022-12-29',	'2022-12-29',	NULL),
(1414,	0,	71,	31,	'2022-12-29',	'2022-12-29',	NULL),
(1415,	0,	72,	31,	'2022-12-29',	'2022-12-29',	NULL),
(1416,	0,	3,	32,	'2022-12-29',	'2022-12-29',	NULL),
(1417,	0,	11,	32,	'2022-12-29',	'2022-12-29',	NULL),
(1418,	0,	12,	32,	'2022-12-29',	'2022-12-29',	NULL),
(1419,	0,	14,	32,	'2022-12-29',	'2022-12-29',	NULL),
(1420,	0,	16,	32,	'2022-12-29',	'2022-12-29',	NULL),
(1421,	15,	19,	32,	'2022-12-29',	'2022-12-29',	NULL),
(1422,	0,	20,	32,	'2022-12-29',	'2022-12-29',	NULL),
(1423,	0,	40,	32,	'2022-12-29',	'2022-12-29',	NULL),
(1424,	0,	41,	32,	'2022-12-29',	'2022-12-29',	NULL),
(1425,	0,	44,	32,	'2022-12-29',	'2022-12-29',	NULL),
(1426,	0,	45,	32,	'2022-12-29',	'2022-12-29',	NULL),
(1427,	0,	46,	32,	'2022-12-29',	'2022-12-29',	NULL),
(1428,	0,	47,	32,	'2022-12-29',	'2022-12-29',	NULL),
(1429,	0,	48,	32,	'2022-12-29',	'2022-12-29',	NULL),
(1430,	0,	49,	32,	'2022-12-29',	'2022-12-29',	NULL),
(1431,	0,	50,	32,	'2022-12-29',	'2022-12-29',	NULL),
(1432,	0,	51,	32,	'2022-12-29',	'2022-12-29',	NULL),
(1433,	0,	52,	32,	'2022-12-29',	'2022-12-29',	NULL),
(1434,	0,	53,	32,	'2022-12-29',	'2022-12-29',	NULL),
(1435,	0,	54,	32,	'2022-12-29',	'2022-12-29',	NULL),
(1436,	0,	55,	32,	'2022-12-29',	'2022-12-29',	NULL),
(1437,	0,	56,	32,	'2022-12-29',	'2022-12-29',	NULL),
(1438,	0,	57,	32,	'2022-12-29',	'2022-12-29',	NULL),
(1439,	0,	58,	32,	'2022-12-29',	'2022-12-29',	NULL),
(1440,	0,	59,	32,	'2022-12-29',	'2022-12-29',	NULL),
(1441,	0,	60,	32,	'2022-12-29',	'2022-12-29',	NULL),
(1442,	0,	61,	32,	'2022-12-29',	'2022-12-29',	NULL),
(1443,	0,	62,	32,	'2022-12-29',	'2022-12-29',	NULL),
(1444,	0,	63,	32,	'2022-12-29',	'2022-12-29',	NULL),
(1445,	0,	64,	32,	'2022-12-29',	'2022-12-29',	NULL),
(1446,	0,	65,	32,	'2022-12-29',	'2022-12-29',	NULL),
(1447,	0,	66,	32,	'2022-12-29',	'2022-12-29',	NULL),
(1448,	0,	67,	32,	'2022-12-29',	'2022-12-29',	NULL),
(1449,	0,	70,	32,	'2022-12-29',	'2022-12-29',	NULL),
(1450,	0,	71,	32,	'2022-12-29',	'2022-12-29',	NULL),
(1451,	0,	72,	32,	'2022-12-29',	'2022-12-29',	NULL),
(1452,	0,	3,	41,	'2023-04-17',	'2023-04-17',	NULL),
(1453,	0,	11,	41,	'2023-04-17',	'2023-04-17',	NULL),
(1454,	0,	12,	41,	'2023-04-17',	'2023-04-17',	NULL),
(1455,	0,	14,	41,	'2023-04-17',	'2023-04-17',	NULL),
(1456,	0,	16,	41,	'2023-04-17',	'2023-04-17',	NULL),
(1457,	0,	19,	41,	'2023-04-17',	'2023-04-17',	NULL),
(1458,	0,	20,	41,	'2023-04-17',	'2023-04-17',	NULL),
(1459,	0,	40,	41,	'2023-04-17',	'2023-04-17',	NULL),
(1460,	0,	41,	41,	'2023-04-17',	'2023-04-17',	NULL),
(1461,	0,	44,	41,	'2023-04-17',	'2023-04-17',	NULL),
(1462,	0,	45,	41,	'2023-04-17',	'2023-04-17',	NULL),
(1463,	0,	46,	41,	'2023-04-17',	'2023-04-17',	NULL),
(1464,	0,	47,	41,	'2023-04-17',	'2023-04-17',	NULL),
(1465,	0,	48,	41,	'2023-04-17',	'2023-04-17',	NULL),
(1466,	0,	49,	41,	'2023-04-17',	'2023-04-17',	NULL),
(1467,	0,	50,	41,	'2023-04-17',	'2023-04-17',	NULL),
(1468,	0,	51,	41,	'2023-04-17',	'2023-04-17',	NULL),
(1469,	0,	52,	41,	'2023-04-17',	'2023-04-17',	NULL),
(1470,	0,	53,	41,	'2023-04-17',	'2023-04-17',	NULL),
(1471,	0,	54,	41,	'2023-04-17',	'2023-04-17',	NULL),
(1472,	0,	55,	41,	'2023-04-17',	'2023-04-17',	NULL),
(1473,	0,	56,	41,	'2023-04-17',	'2023-04-17',	NULL),
(1474,	0,	57,	41,	'2023-04-17',	'2023-04-17',	NULL),
(1475,	0,	58,	41,	'2023-04-17',	'2023-04-17',	NULL),
(1476,	0,	59,	41,	'2023-04-17',	'2023-04-17',	NULL),
(1477,	0,	60,	41,	'2023-04-17',	'2023-04-17',	NULL),
(1478,	0,	61,	41,	'2023-04-17',	'2023-04-17',	NULL),
(1479,	0,	62,	41,	'2023-04-17',	'2023-04-17',	NULL),
(1480,	0,	63,	41,	'2023-04-17',	'2023-04-17',	NULL),
(1481,	0,	64,	41,	'2023-04-17',	'2023-04-17',	NULL),
(1482,	0,	65,	41,	'2023-04-17',	'2023-04-17',	NULL),
(1483,	0,	66,	41,	'2023-04-17',	'2023-04-17',	NULL),
(1484,	0,	67,	41,	'2023-04-17',	'2023-04-17',	NULL),
(1485,	0,	70,	41,	'2023-04-17',	'2023-04-17',	NULL),
(1486,	0,	71,	41,	'2023-04-17',	'2023-04-17',	NULL),
(1487,	0,	72,	41,	'2023-04-17',	'2023-04-17',	NULL),
(1488,	0,	79,	41,	'2023-04-17',	'2023-04-17',	NULL),
(1489,	25,	3,	42,	'2023-09-19',	'2023-09-19',	NULL),
(1490,	45,	11,	42,	'2023-09-19',	'2023-09-19',	NULL),
(1491,	37,	12,	42,	'2023-09-19',	'2023-09-19',	NULL),
(1492,	40,	14,	42,	'2023-09-19',	'2023-09-19',	NULL),
(1493,	25,	16,	42,	'2023-09-19',	'2023-09-19',	NULL),
(1494,	45,	19,	42,	'2023-09-19',	'2023-09-19',	NULL),
(1495,	40,	20,	42,	'2023-09-19',	'2023-09-19',	NULL),
(1496,	40,	40,	42,	'2023-09-19',	'2023-09-19',	NULL),
(1497,	20,	41,	42,	'2023-09-19',	'2023-09-19',	NULL),
(1498,	25,	44,	42,	'2023-09-19',	'2023-09-19',	NULL),
(1499,	20,	45,	42,	'2023-09-19',	'2023-09-19',	NULL),
(1500,	40,	46,	42,	'2023-09-19',	'2023-09-19',	NULL),
(1501,	0,	47,	42,	'2023-09-19',	'2023-09-19',	NULL),
(1502,	45,	48,	42,	'2023-09-19',	'2023-09-19',	NULL),
(1503,	20,	49,	42,	'2023-09-19',	'2023-09-19',	NULL),
(1504,	45,	50,	42,	'2023-09-19',	'2023-09-19',	NULL),
(1505,	25,	51,	42,	'2023-09-19',	'2023-09-19',	NULL),
(1506,	45,	52,	42,	'2023-09-19',	'2023-09-19',	NULL),
(1507,	25,	53,	42,	'2023-09-19',	'2023-09-19',	NULL),
(1508,	0,	54,	42,	'2023-09-19',	'2023-09-19',	NULL),
(1509,	25,	55,	42,	'2023-09-19',	'2023-09-19',	NULL),
(1510,	20,	56,	42,	'2023-09-19',	'2023-09-19',	NULL),
(1511,	50,	57,	42,	'2023-09-19',	'2023-09-19',	NULL),
(1512,	35,	58,	42,	'2023-09-19',	'2023-09-19',	NULL),
(1513,	35,	59,	42,	'2023-09-19',	'2023-09-19',	NULL),
(1514,	25,	60,	42,	'2023-09-19',	'2023-09-19',	NULL),
(1515,	30,	61,	42,	'2023-09-19',	'2023-09-19',	NULL),
(1516,	25,	62,	42,	'2023-09-19',	'2023-09-19',	NULL),
(1517,	0,	63,	42,	'2023-09-19',	'2023-09-19',	NULL),
(1518,	25,	64,	42,	'2023-09-19',	'2023-09-19',	NULL),
(1519,	0,	65,	42,	'2023-09-19',	'2023-09-19',	NULL),
(1520,	0,	66,	42,	'2023-09-19',	'2023-09-19',	NULL),
(1521,	0,	67,	42,	'2023-09-19',	'2023-09-19',	NULL),
(1522,	40,	70,	42,	'2023-09-19',	'2023-09-19',	NULL),
(1523,	0,	71,	42,	'2023-09-19',	'2023-09-19',	NULL),
(1524,	20,	72,	42,	'2023-09-19',	'2023-09-19',	NULL),
(1525,	25,	3,	43,	'2023-09-28',	'2023-09-28',	NULL),
(1526,	50,	11,	43,	'2023-09-28',	'2023-09-28',	NULL),
(1527,	37,	12,	43,	'2023-09-28',	'2023-09-28',	NULL),
(1528,	50,	14,	43,	'2023-09-28',	'2023-09-28',	NULL),
(1529,	20,	16,	43,	'2023-09-28',	'2023-09-28',	NULL),
(1530,	50,	19,	43,	'2023-09-28',	'2023-09-28',	NULL),
(1531,	40,	20,	43,	'2023-09-28',	'2023-09-28',	NULL),
(1532,	40,	40,	43,	'2023-09-28',	'2023-09-28',	NULL),
(1533,	20,	41,	43,	'2023-09-28',	'2023-09-28',	NULL),
(1534,	25,	44,	43,	'2023-09-28',	'2023-09-28',	NULL),
(1535,	40,	45,	43,	'2023-09-28',	'2023-09-28',	NULL),
(1536,	40,	46,	43,	'2023-09-28',	'2023-09-28',	NULL),
(1537,	0,	47,	43,	'2023-09-28',	'2023-09-28',	NULL),
(1538,	50,	48,	43,	'2023-09-28',	'2023-09-28',	NULL),
(1539,	40,	49,	43,	'2023-09-28',	'2023-09-28',	NULL),
(1540,	40,	50,	43,	'2023-09-28',	'2023-09-28',	NULL),
(1541,	25,	51,	43,	'2023-09-28',	'2023-09-28',	NULL),
(1542,	45,	52,	43,	'2023-09-28',	'2023-09-28',	NULL),
(1543,	25,	53,	43,	'2023-09-28',	'2023-09-28',	NULL),
(1544,	0,	54,	43,	'2023-09-28',	'2023-09-28',	NULL),
(1545,	25,	55,	43,	'2023-09-28',	'2023-09-28',	NULL),
(1546,	40,	56,	43,	'2023-09-28',	'2023-09-28',	NULL),
(1547,	50,	57,	43,	'2023-09-28',	'2023-09-28',	NULL),
(1548,	35,	58,	43,	'2023-09-28',	'2023-09-28',	NULL),
(1549,	35,	59,	43,	'2023-09-28',	'2023-09-28',	NULL),
(1550,	25,	60,	43,	'2023-09-28',	'2023-09-28',	NULL),
(1551,	30,	61,	43,	'2023-09-28',	'2023-09-28',	NULL),
(1552,	25,	62,	43,	'2023-09-28',	'2023-09-28',	NULL),
(1553,	0,	63,	43,	'2023-09-28',	'2023-09-28',	NULL),
(1554,	25,	64,	43,	'2023-09-28',	'2023-09-28',	NULL),
(1555,	0,	65,	43,	'2023-09-28',	'2023-09-28',	NULL),
(1556,	45,	66,	43,	'2023-09-28',	'2023-09-28',	NULL),
(1557,	0,	67,	43,	'2023-09-28',	'2023-09-28',	NULL),
(1558,	40,	70,	43,	'2023-09-28',	'2023-09-28',	NULL),
(1559,	0,	71,	43,	'2023-09-28',	'2023-09-28',	NULL),
(1560,	40,	72,	43,	'2023-09-28',	'2023-09-28',	NULL);

CREATE TABLE `elbows` (
  `id` bigint unsigned NOT NULL AUTO_INCREMENT,
  `name` varchar(255) COLLATE utf8mb4_unicode_ci NOT NULL,
  `type` varchar(255) COLLATE utf8mb4_unicode_ci NOT NULL,
  `created_at` timestamp NULL DEFAULT NULL,
  `updated_at` timestamp NULL DEFAULT NULL,
  `deleted_at` timestamp NULL DEFAULT NULL,
  PRIMARY KEY (`id`)
) ENGINE=InnoDB DEFAULT CHARSET=utf8mb4 COLLATE=utf8mb4_unicode_ci;

INSERT INTO `elbows` (`id`, `name`, `type`, `created_at`, `updated_at`, `deleted_at`) VALUES
(1,	'Right Top',	'rt',	'2023-10-02 05:33:39',	'2023-10-02 05:33:39',	NULL),
(2,	'Right Bottom',	'rb',	'2023-10-02 05:34:02',	'2023-10-02 05:34:02',	NULL),
(3,	'Left Top',	'lt',	'2023-10-02 05:34:47',	'2023-10-02 05:34:47',	NULL),
(4,	'Left Bottom',	'lb',	'2023-10-02 05:35:09',	'2023-10-02 05:35:09',	NULL),
(5,	'Tee-L',	'T',	'2023-10-13 14:18:00',	'2023-10-13 14:18:00',	NULL),
(6,	'tee-r',	'T',	'2023-10-13 14:18:31',	'2023-10-13 14:18:31',	NULL);

CREATE TABLE `manufacturers` (
  `id` bigint unsigned NOT NULL AUTO_INCREMENT,
  `name` varchar(255) CHARACTER SET utf8mb4 COLLATE utf8mb4_unicode_ci NOT NULL,
  `discount` int DEFAULT NULL,
  `type` varchar(255) CHARACTER SET utf8mb4 COLLATE utf8mb4_unicode_ci NOT NULL,
  `active` tinyint(1) NOT NULL DEFAULT '1',
  `sort_index` int DEFAULT NULL,
  `created_at` timestamp NULL DEFAULT NULL,
  `updated_at` timestamp NULL DEFAULT NULL,
  `deleted_at` timestamp NULL DEFAULT NULL,
  PRIMARY KEY (`id`) USING BTREE
) ENGINE=InnoDB DEFAULT CHARSET=utf8mb4 COLLATE=utf8mb4_unicode_ci;

INSERT INTO `manufacturers` (`id`, `name`, `discount`, `type`, `active`, `sort_index`, `created_at`, `updated_at`, `deleted_at`) VALUES
(1,	'Manufacturer #29www',	NULL,	'controller',	1,	NULL,	'2021-04-22 13:54:52',	'2021-04-22 14:14:00',	'2021-04-22 14:14:00'),
(2,	'Turner Designs',	NULL,	'accessory',	1,	NULL,	'2021-04-22 14:31:23',	'2021-05-26 20:02:38',	'2021-05-26 20:02:38'),
(3,	'H2tronics',	NULL,	'accessory',	1,	NULL,	'2021-04-22 14:32:49',	'2021-08-24 17:33:12',	NULL),
(4,	'qsqwsqsqwsq',	NULL,	'controller',	1,	NULL,	'2021-04-22 14:33:43',	'2021-04-22 15:03:03',	'2021-04-22 15:03:03'),
(5,	'Asxas',	NULL,	'accessory',	1,	NULL,	'2021-04-22 14:33:53',	'2021-04-22 15:03:26',	'2021-04-22 15:03:26'),
(6,	'sdcsdc',	NULL,	'controller',	1,	NULL,	'2021-04-22 14:36:09',	'2021-04-22 15:01:49',	'2021-04-22 15:01:49'),
(7,	'dscdscscsdw',	NULL,	'accessory',	1,	NULL,	'2021-04-22 14:36:16',	'2021-04-22 15:01:46',	'2021-04-22 15:01:46'),
(8,	'Pulsafeeder',	NULL,	'controller',	1,	NULL,	'2021-04-22 15:04:28',	'2021-05-27 03:28:33',	'2021-05-27 03:28:33'),
(9,	'Advantage Controls',	NULL,	'controller',	1,	NULL,	'2021-04-22 15:04:36',	'2021-05-27 03:28:36',	'2021-05-27 03:28:36'),
(10,	'Prominent',	NULL,	'accessory',	1,	NULL,	'2021-04-22 15:04:43',	'2021-06-07 17:25:57',	'2021-06-07 17:25:57'),
(11,	'Grundfos',	NULL,	'accessory',	1,	NULL,	'2021-04-22 15:05:00',	'2021-05-24 18:43:52',	NULL),
(12,	'Peabody Engineering',	NULL,	'accessory',	1,	NULL,	'2021-04-22 15:05:06',	'2021-04-23 09:03:29',	NULL),
(13,	'Carlon Meter',	NULL,	'accessory',	1,	NULL,	'2021-04-22 15:05:13',	'2021-05-26 20:02:49',	'2021-05-26 20:02:49'),
(14,	'Iwaki',	NULL,	'accessory',	1,	NULL,	'2021-04-22 15:05:21',	'2021-05-22 23:39:33',	NULL),
(15,	'ProMinent',	NULL,	'controller',	1,	NULL,	'2021-04-22 15:05:30',	'2021-05-27 03:28:38',	'2021-05-27 03:28:38'),
(16,	'Flowline',	NULL,	'accessory',	1,	NULL,	'2021-04-22 15:05:37',	'2021-05-21 17:49:16',	NULL),
(18,	'Advantage Controls',	NULL,	'controller',	1,	NULL,	'2021-04-23 14:26:23',	'2021-05-19 19:44:02',	'2021-05-19 19:44:02'),
(19,	'Walchem',	NULL,	'controller',	1,	NULL,	'2021-04-23 14:26:32',	'2021-05-24 18:44:27',	NULL),
(20,	'ProMinent',	NULL,	'accessory',	1,	NULL,	'2021-04-23 14:26:40',	'2021-05-21 17:49:05',	NULL),
(26,	'Test',	NULL,	'controller',	1,	NULL,	'2021-05-04 18:56:35',	'2021-05-04 19:09:28',	'2021-05-04 19:09:28'),
(27,	'tests',	NULL,	'controller',	1,	NULL,	'2021-05-16 13:15:33',	'2021-05-16 13:31:37',	'2021-05-16 13:31:37'),
(28,	'test',	NULL,	'controller',	1,	NULL,	'2021-05-16 13:41:04',	'2021-05-16 14:15:57',	'2021-05-16 14:15:57'),
(29,	'vbnghg',	NULL,	'controller',	1,	NULL,	'2021-05-16 15:28:52',	'2021-05-16 15:35:58',	'2021-05-16 15:35:58'),
(30,	'bvnvb',	NULL,	'controller',	1,	NULL,	'2021-05-16 18:12:31',	'2021-05-16 18:15:50',	'2021-05-16 18:15:50'),
(31,	'test',	NULL,	'controller',	1,	NULL,	'2021-05-16 18:16:11',	'2021-05-16 18:16:45',	'2021-05-16 18:16:45'),
(32,	'test',	NULL,	'controller',	1,	NULL,	'2021-05-16 18:16:39',	'2021-05-16 18:17:03',	'2021-05-16 18:17:03'),
(33,	'test',	NULL,	'controller',	1,	NULL,	'2021-05-17 02:27:38',	'2021-05-17 02:32:28',	'2021-05-17 02:32:28'),
(34,	'ytytyty',	NULL,	'controller',	1,	NULL,	'2021-05-17 02:32:41',	'2021-05-17 03:37:38',	'2021-05-17 03:37:38'),
(35,	'test',	NULL,	'controller',	1,	NULL,	'2021-05-18 17:51:00',	'2021-05-18 17:51:05',	'2021-05-18 17:51:05'),
(36,	'Test',	NULL,	'controller',	1,	NULL,	'2021-05-19 16:34:47',	'2021-05-20 11:22:28',	'2021-05-20 11:22:28'),
(37,	'tests',	NULL,	'controller',	1,	NULL,	'2021-05-20 11:23:54',	'2021-05-20 12:07:51',	'2021-05-20 12:07:51'),
(38,	'asd',	NULL,	'controller',	1,	NULL,	'2021-05-20 11:24:57',	'2021-05-20 12:07:50',	'2021-05-20 12:07:50'),
(39,	'qwert',	NULL,	'controller',	1,	NULL,	'2021-05-21 11:40:55',	'2021-05-22 17:54:45',	'2021-05-22 17:54:45'),
(40,	'GTP Tanks',	NULL,	'accessory',	1,	NULL,	'2021-05-25 20:17:17',	'2021-07-01 22:55:54',	NULL),
(41,	'Seametrics',	NULL,	'accessory',	1,	NULL,	'2021-05-25 20:17:43',	'2021-05-25 20:17:43',	NULL),
(42,	'Lakewood Instruments',	NULL,	'controller',	1,	NULL,	'2021-05-25 20:18:35',	'2021-05-27 03:28:31',	'2021-05-27 03:28:31'),
(43,	'EMEC',	NULL,	'controller',	1,	NULL,	'2021-05-25 20:18:43',	'2021-05-27 03:28:27',	'2021-05-27 03:28:27'),
(44,	'Granzow',	NULL,	'accessory',	1,	NULL,	'2021-05-25 20:19:06',	'2021-05-25 20:19:06',	NULL),
(45,	'Pyxis',	NULL,	'accessory',	1,	NULL,	'2021-05-26 20:03:06',	'2021-05-26 20:03:06',	NULL),
(46,	'Advantage Controls',	NULL,	'accessory',	1,	NULL,	'2021-05-26 20:03:35',	'2021-05-26 20:03:35',	NULL),
(47,	'H2Tronics ND',	NULL,	'accessory',	1,	NULL,	'2021-05-26 20:31:55',	'2021-05-26 20:31:55',	NULL),
(48,	'Walchem -Cont',	NULL,	'panel_option',	1,	NULL,	'2021-06-04 13:10:10',	'2021-06-07 18:41:46',	NULL),
(49,	'Pyxis Sensors',	NULL,	'sensor',	1,	NULL,	'2021-06-04 13:10:18',	'2021-07-27 01:54:13',	NULL),
(50,	'Walchem Sens',	NULL,	'sensor',	1,	NULL,	'2021-06-04 18:57:51',	'2021-06-04 18:57:51',	NULL),
(51,	'Flowline',	NULL,	'sensor',	1,	NULL,	'2021-06-07 17:26:57',	'2021-06-07 17:26:57',	NULL),
(52,	'Turner',	NULL,	'sensor',	1,	NULL,	'2021-06-07 18:04:39',	'2021-06-07 18:04:39',	NULL),
(53,	'H2Tronics',	NULL,	'panel_option',	1,	NULL,	'2021-06-07 23:20:24',	'2021-06-07 23:20:24',	NULL),
(54,	'H2Tronics ND',	NULL,	'panel_option',	1,	NULL,	'2021-06-07 23:25:05',	'2021-06-07 23:25:05',	NULL),
(55,	'Twist 2 Clean',	NULL,	'panel_option',	1,	NULL,	'2021-06-07 23:34:58',	'2021-06-07 23:34:58',	NULL),
(56,	'Pyxis',	NULL,	'panel_option',	1,	NULL,	'2021-06-08 21:35:40',	'2021-06-08 21:35:40',	NULL),
(57,	'Belimo',	NULL,	'accessory',	1,	NULL,	'2021-06-09 01:07:02',	'2021-06-09 01:07:02',	NULL),
(58,	'GTP Bromine',	NULL,	'accessory',	1,	NULL,	'2021-07-01 22:49:04',	'2021-07-01 22:49:04',	NULL),
(59,	'GTP Gycol',	NULL,	'accessory',	1,	NULL,	'2021-07-01 22:56:19',	'2021-07-01 22:56:19',	NULL),
(60,	'GTP Bypass',	NULL,	'accessory',	1,	NULL,	'2021-07-01 22:56:34',	'2021-07-01 22:56:34',	NULL),
(61,	'Blue White',	NULL,	'accessory',	1,	NULL,	'2021-08-18 17:21:39',	'2021-08-18 17:21:39',	NULL),
(62,	'H2 Pre-config',	NULL,	'controller',	2,	NULL,	'2021-08-25 20:22:37',	'2021-08-29 18:21:59',	NULL),
(63,	'H2 Preconfig',	NULL,	'sensor',	1,	NULL,	'2021-08-25 20:29:09',	'2021-08-25 20:29:09',	NULL),
(64,	'H2 Preconfig',	NULL,	'panel_option',	1,	NULL,	'2021-08-25 20:29:32',	'2021-08-25 20:29:32',	NULL),
(65,	'Prominent Controls',	NULL,	'controller',	0,	NULL,	'2021-09-16 21:57:57',	'2021-09-16 21:57:57',	NULL),
(66,	'Advantage Controls',	NULL,	'controller',	0,	NULL,	'2021-09-16 21:58:37',	'2021-09-16 21:58:37',	NULL),
(67,	'Pulsafeeder',	NULL,	'controller',	0,	NULL,	'2021-09-16 21:58:51',	'2021-09-16 21:58:51',	NULL),
(68,	'test',	NULL,	'controller',	1,	NULL,	'2021-09-17 02:03:11',	'2021-09-28 01:00:16',	'2021-09-28 01:00:16'),
(69,	'TEST123',	NULL,	'controller',	1,	NULL,	'2021-09-17 02:03:58',	'2021-09-28 01:00:21',	'2021-09-28 01:00:21'),
(70,	'Modem Millie',	NULL,	'panel_option',	1,	NULL,	'2021-11-02 00:28:13',	'2021-11-02 00:28:13',	NULL),
(71,	'Chemtreat ND',	NULL,	'controller',	0,	NULL,	'2021-11-04 22:40:20',	'2023-09-28 21:34:35',	NULL),
(72,	'Pyxis Corrosion',	NULL,	'sensor',	1,	NULL,	'2021-11-05 19:46:23',	'2021-11-05 19:46:23',	NULL),
(73,	'qwert',	NULL,	'controller',	1,	NULL,	'2022-03-21 20:36:46',	'2022-05-18 23:05:31',	'2022-05-18 23:05:31'),
(74,	'VIOLA ZHOPA',	NULL,	'controller',	1,	NULL,	'2022-12-29 08:19:25',	'2022-12-29 08:21:01',	'2022-12-29 08:21:01'),
(75,	'Test Vivi',	NULL,	'controller',	1,	NULL,	'2022-12-29 12:06:25',	'2022-12-29 12:08:34',	'2022-12-29 12:08:34'),
(76,	'fff',	NULL,	'accessory',	1,	NULL,	'2022-12-29 12:13:01',	'2022-12-29 12:13:04',	'2022-12-29 12:13:04'),
(77,	'TEST TIGER',	NULL,	'controller',	1,	NULL,	'2022-12-29 22:52:34',	'2022-12-29 22:55:02',	'2022-12-29 22:55:02'),
(78,	'TEST TIGER',	NULL,	'controller',	1,	NULL,	'2022-12-29 22:53:13',	'2022-12-29 22:53:55',	'2022-12-29 22:53:55'),
(79,	'TEST TIGER',	NULL,	'controller',	1,	NULL,	'2022-12-29 22:55:56',	'2023-07-11 21:58:18',	'2023-07-11 21:58:18'),
(80,	'TEST 123',	NULL,	'controller',	1,	NULL,	'2022-12-29 22:57:00',	'2022-12-29 22:57:14',	'2022-12-29 22:57:14'),
(81,	'TIGER 2',	NULL,	'controller',	1,	NULL,	'2022-12-29 22:57:31',	'2022-12-29 23:07:21',	'2022-12-29 23:07:21'),
(82,	'TIGER 2',	NULL,	'controller',	1,	NULL,	'2022-12-29 23:02:33',	'2022-12-29 23:07:16',	'2022-12-29 23:07:16'),
(83,	'TIGER 2',	NULL,	'controller',	1,	NULL,	'2022-12-29 23:02:36',	'2022-12-29 23:07:12',	'2022-12-29 23:07:12'),
(84,	'TIGER 2',	NULL,	'controller',	1,	NULL,	'2022-12-29 23:02:37',	'2022-12-29 23:07:08',	'2022-12-29 23:07:08'),
(85,	'TIGER 2',	NULL,	'controller',	1,	NULL,	'2022-12-29 23:02:38',	'2022-12-29 23:07:04',	'2022-12-29 23:07:04'),
(86,	'test2',	NULL,	'controller',	0,	NULL,	'2023-04-17 15:48:38',	'2023-04-17 15:48:52',	'2023-04-17 15:48:52'),
(87,	'test2',	NULL,	'controller',	1,	NULL,	'2023-04-17 15:55:38',	'2023-04-17 15:56:45',	'2023-04-17 15:56:45'),
(88,	'test32',	NULL,	'controller',	1,	NULL,	'2023-04-17 16:05:18',	'2023-04-17 16:06:05',	'2023-04-17 16:06:05'),
(89,	'test3',	NULL,	'controller',	1,	NULL,	'2023-04-17 16:09:25',	'2023-04-17 16:09:56',	'2023-04-17 16:09:56'),
(90,	'test3',	NULL,	'controller',	1,	NULL,	'2023-04-17 16:09:25',	'2023-04-17 16:09:51',	'2023-04-17 16:09:51'),
(91,	'test3',	NULL,	'controller',	1,	NULL,	'2023-04-17 16:09:25',	'2023-04-17 16:09:47',	'2023-04-17 16:09:47'),
(92,	'test5',	NULL,	'controller',	1,	NULL,	'2023-04-17 16:14:46',	'2023-04-17 16:14:55',	'2023-04-17 16:14:55'),
(93,	'Test after Fix edit',	NULL,	'controller',	1,	NULL,	'2023-04-17 18:16:47',	'2023-04-17 18:17:09',	'2023-04-17 18:17:09'),
(94,	'QA MANUFACTURER',	NULL,	'controller',	1,	NULL,	'2023-10-23 06:12:31',	'2023-10-23 06:15:42',	'2023-10-23 06:15:42');

CREATE TABLE `media` (
  `id` bigint unsigned NOT NULL AUTO_INCREMENT,
  `model_type` varchar(255) CHARACTER SET utf8mb4 COLLATE utf8mb4_unicode_ci NOT NULL,
  `model_id` bigint unsigned NOT NULL,
  `uuid` char(36) CHARACTER SET utf8mb4 COLLATE utf8mb4_unicode_ci DEFAULT NULL,
  `collection_name` varchar(255) CHARACTER SET utf8mb4 COLLATE utf8mb4_unicode_ci NOT NULL,
  `name` varchar(255) CHARACTER SET utf8mb4 COLLATE utf8mb4_unicode_ci NOT NULL,
  `file_name` varchar(255) CHARACTER SET utf8mb4 COLLATE utf8mb4_unicode_ci NOT NULL,
  `mime_type` varchar(255) CHARACTER SET utf8mb4 COLLATE utf8mb4_unicode_ci DEFAULT NULL,
  `disk` varchar(255) CHARACTER SET utf8mb4 COLLATE utf8mb4_unicode_ci NOT NULL,
  `conversions_disk` varchar(255) CHARACTER SET utf8mb4 COLLATE utf8mb4_unicode_ci DEFAULT NULL,
  `size` bigint unsigned NOT NULL,
  `manipulations` json NOT NULL,
  `custom_properties` json NOT NULL,
  `responsive_images` json NOT NULL,
  `order_column` int unsigned DEFAULT NULL,
  `created_at` timestamp NULL DEFAULT NULL,
  `updated_at` timestamp NULL DEFAULT NULL,
  PRIMARY KEY (`id`) USING BTREE,
  KEY `media_model_type_model_id_index` (`model_type`,`model_id`) USING BTREE
) ENGINE=InnoDB DEFAULT CHARSET=utf8mb4 COLLATE=utf8mb4_unicode_ci;

INSERT INTO `media` (`id`, `model_type`, `model_id`, `uuid`, `collection_name`, `name`, `file_name`, `mime_type`, `disk`, `conversions_disk`, `size`, `manipulations`, `custom_properties`, `responsive_images`, `order_column`, `created_at`, `updated_at`) VALUES
(40,	'App\\Models\\Manufacturer',	20,	'4b38f5be-9030-43a1-b31f-73b012918604',	'logo',	'608e7a6e0fceb_ProMinent',	'608e7a6e0fceb_ProMinent.jpeg',	'image/png',	'public',	'public',	25432,	'[]',	'{\"generated_conversions\": {\"thumb\": true, \"preview\": true}}',	'[]',	7,	'2021-05-02 14:09:57',	'2021-05-02 14:09:58'),
(41,	'App\\Models\\Manufacturer',	19,	'97af4491-e7fa-4b86-8312-060f790d5ab1',	'logo',	'608e7af6a2c55_Wall',	'608e7af6a2c55_Wall.jpeg',	'image/jpeg',	'public',	'public',	19337,	'[]',	'{\"generated_conversions\": {\"thumb\": true, \"preview\": true}}',	'[]',	8,	'2021-05-02 14:12:08',	'2021-05-02 14:12:08'),
(42,	'App\\Models\\Manufacturer',	18,	'480a98b0-e9d3-43e8-89a2-a1b8268b42e7',	'logo',	'608e7e502cf8e_Adv',	'608e7e502cf8e_Adv.jpeg',	'image/png',	'public',	'public',	41826,	'[]',	'{\"generated_conversions\": {\"thumb\": true, \"preview\": true}}',	'[]',	9,	'2021-05-02 14:26:26',	'2021-05-02 14:26:26'),
(43,	'App\\Models\\Manufacturer',	17,	'bee67daa-8792-4fb5-96ee-6fbc630dee45',	'logo',	'608e7f3674c64_pulsafeeder+logo',	'608e7f3674c64_pulsafeeder+logo.png',	'image/png',	'public',	'public',	19702,	'[]',	'{\"generated_conversions\": {\"thumb\": true, \"preview\": true}}',	'[]',	10,	'2021-05-02 14:30:15',	'2021-05-02 14:30:15'),
(58,	'App\\Models\\PanelController',	3,	'a723f96b-3aff-47ff-af02-0527cd01f3a0',	'sheets',	'608ff095aab89_Rotameter',	'608ff095aab89_Rotameter.pdf',	'application/pdf',	'public',	'public',	1098088,	'[]',	'[]',	'[]',	11,	'2021-05-03 16:46:15',	'2021-05-03 16:46:15'),
(60,	'App\\Models\\Manufacturer',	24,	'6ae25613-24bc-4ce1-b25c-c191ba78a8c7',	'logo',	'609000852ccaa_Adv',	'609000852ccaa_Adv.jpeg',	'image/png',	'public',	'public',	41826,	'[]',	'{\"generated_conversions\": {\"thumb\": true, \"preview\": true}}',	'[]',	12,	'2021-05-03 17:54:14',	'2021-05-03 17:54:14'),
(63,	'App\\Models\\Card',	1,	'fa1a4a46-ba67-4989-9121-f5e7cc4393ab',	'sheets',	'60900243081b3_Rotameter',	'60900243081b3_Rotameter.pdf',	'application/pdf',	'public',	'public',	1098088,	'[]',	'[]',	'[]',	14,	'2021-05-03 18:01:40',	'2021-05-03 18:01:40'),
(64,	'App\\Models\\Sensor',	2,	'8179a19f-17f9-40c0-89ed-b1a7780d91ce',	'sheets',	'6090034e3a14e_Rotameter',	'6090034e3a14e_Rotameter.pdf',	'application/pdf',	'public',	'public',	1098088,	'[]',	'[]',	'[]',	15,	'2021-05-03 18:06:07',	'2021-05-03 18:06:07'),
(68,	'App\\Models\\Accessory',	4,	'933b0b39-3c23-4ebb-b9ba-45627570da69',	'sheets',	'60916127414fb_Rotameter',	'60916127414fb_Rotameter.pdf',	'application/pdf',	'public',	'public',	1098088,	'[]',	'[]',	'[]',	18,	'2021-05-04 18:58:54',	'2021-05-04 18:58:54'),
(69,	'App\\Models\\Manufacturer',	26,	'99664516-8bd9-429e-bbad-f3d2d65ad224',	'logo',	'6091617cb863e_Adv',	'6091617cb863e_Adv.jpeg',	'image/png',	'public',	'public',	41826,	'[]',	'{\"generated_conversions\": {\"thumb\": true, \"preview\": true}}',	'[]',	19,	'2021-05-04 19:00:14',	'2021-05-04 19:00:15'),
(70,	'App\\Models\\PanelOption',	4,	'08272a5e-7bcb-47ea-8537-f7f1ba4bd28f',	'sheets',	'609164d2eb68a_Rotameter',	'609164d2eb68a_Rotameter.pdf',	'application/pdf',	'public',	'public',	1098088,	'[]',	'[]',	'[]',	20,	'2021-05-04 19:14:29',	'2021-05-04 19:14:29'),
(71,	'App\\Models\\Sensor',	1,	'446ae8e3-67a6-47c4-8aa8-3c026af640e9',	'sheets',	'609166dd06f01_Rotameter',	'609166dd06f01_Rotameter.pdf',	'application/pdf',	'public',	'public',	1098088,	'[]',	'[]',	'[]',	21,	'2021-05-04 19:23:16',	'2021-05-04 19:23:16'),
(85,	'App\\Models\\Manufacturer',	28,	'664d46a0-dd7d-4de1-a6f8-5c9097977283',	'logo',	'60a0e8a656c85_google_PNG19635',	'60a0e8a656c85_google_PNG19635.png',	'image/png',	'public',	'public',	62973,	'[]',	'[]',	'[]',	26,	'2021-05-16 13:41:04',	'2021-05-16 13:41:04'),
(102,	'panel_controllers',	21,	'b4d7a1d6-3464-4ab2-8b6c-d74bc4e162d3',	'sheets',	'60a10048445d1_sheet',	'60a10048445d1_sheet.pdf',	'application/x-empty',	'public',	'public',	0,	'[]',	'[]',	'[]',	28,	'2021-05-16 15:21:47',	'2021-05-16 15:21:47'),
(104,	'App\\Models\\Manufacturer',	29,	'1125162b-f8e5-4525-bc91-23d94af76576',	'logo',	'60a10391a19c4_google_PNG19635',	'60a10391a19c4_google_PNG19635.png',	'image/png',	'public',	'public',	62973,	'[]',	'[]',	'[]',	29,	'2021-05-16 15:35:47',	'2021-05-16 15:35:47'),
(105,	'panel_controllers',	21,	'14c60b68-1c83-4d97-93e8-dfaf5473b930',	'diagram_img',	'60a105a4ac04a_google_PNG19635',	'60a105a4ac04a_google_PNG19635.png',	'image/png',	'public',	'public',	62973,	'[]',	'[]',	'[]',	30,	'2021-05-16 15:44:38',	'2021-05-16 15:44:38'),
(106,	'panel_controllers',	22,	'21602f48-4289-4152-a532-eb7428909547',	'diagram_img',	'60a109a61efca_google_PNG19635',	'60a109a61efca_google_PNG19635.png',	'image/png',	'public',	'public',	62973,	'[]',	'[]',	'[]',	31,	'2021-05-16 16:01:59',	'2021-05-16 16:01:59'),
(108,	'panel_controllers',	23,	'4cf9ac9d-1b5a-477b-a69f-adfed2bffcfe',	'diagram_img',	'60a10f393096d_google_PNG19635',	'60a10f393096d_google_PNG19635.png',	'image/png',	'public',	'public',	62973,	'[]',	'[]',	'[]',	32,	'2021-05-16 16:25:30',	'2021-05-16 16:25:30'),
(111,	'panel_controllers',	24,	'0448b547-fe54-4cae-81f8-3515064374dc',	'diagram_img',	'60a126b336440_google_PNG19635',	'60a126b336440_google_PNG19635.png',	'image/png',	'public',	'public',	62973,	'[]',	'[]',	'[]',	33,	'2021-05-16 18:05:40',	'2021-05-16 18:05:40'),
(112,	'panel_controllers',	25,	'83884803-4aeb-457c-9ff2-f2e3d3d81922',	'diagram_img',	'60a126e75c771_google_PNG19635',	'60a126e75c771_google_PNG19635.png',	'image/png',	'public',	'public',	62973,	'[]',	'[]',	'[]',	34,	'2021-05-16 18:06:32',	'2021-05-16 18:06:32'),
(113,	'panel_controllers',	26,	'f0286e20-13a3-4c91-9447-143964951977',	'diagram_img',	'60a15b9ff21a3_google_PNG19635',	'60a15b9ff21a3_google_PNG19635.png',	'image/png',	'public',	'public',	62973,	'[]',	'[]',	'[]',	35,	'2021-05-16 21:51:30',	'2021-05-16 21:51:30'),
(120,	'panel_controllers',	28,	'c0f2aed3-506c-4093-a651-bf13ee36dd33',	'diagram_img',	'60a19b8cb1228_google_PNG19635',	'60a19b8cb1228_google_PNG19635.png',	'image/png',	'public',	'public',	62973,	'[]',	'[]',	'[]',	38,	'2021-05-17 02:24:14',	'2021-05-17 02:24:14'),
(136,	'panel_controllers',	27,	'210e4b52-b821-4be5-9c83-bb9c3425871c',	'diagram_img_url',	'60a1a61a5af2b_google_PNG19635',	'60a1a61a5af2b_google_PNG19635.png',	'image/png',	'public',	'public',	62973,	'[]',	'[]',	'[]',	43,	'2021-05-17 03:09:16',	'2021-05-17 03:09:16'),
(146,	'panel_controllers',	29,	'68baee91-648b-4d59-a951-f73468c77398',	'diagram_img',	'60a1a7e742dea_google_PNG19635',	'60a1a7e742dea_google_PNG19635.png',	'image/png',	'public',	'public',	62973,	'[]',	'[]',	'[]',	45,	'2021-05-17 03:16:57',	'2021-05-17 03:16:57'),
(147,	'panel_controllers',	30,	'613492d8-afce-43bf-93e7-8a7707464e18',	'diagram_img',	'60a1a7f486001_google_PNG19635',	'60a1a7f486001_google_PNG19635.png',	'image/png',	'public',	'public',	62973,	'[]',	'[]',	'[]',	46,	'2021-05-17 03:17:10',	'2021-05-17 03:17:10'),
(171,	'panel_controllers',	27,	'3831e06d-04a1-4ce2-8f96-ea5084e5b747',	'diagram_img',	'60a1ac7662ef2_Untitled',	'60a1ac7662ef2_Untitled.png',	'image/png',	'public',	'public',	13386,	'[]',	'[]',	'[]',	47,	'2021-05-17 03:36:23',	'2021-05-17 03:36:23'),
(172,	'App\\Models\\Manufacturer',	34,	'05b83848-8053-4f1f-abcd-6d988b0f3770',	'logo',	'60a1acb6ca544_google_PNG19635',	'60a1acb6ca544_google_PNG19635.png',	'image/png',	'public',	'public',	62973,	'[]',	'[]',	'[]',	48,	'2021-05-17 03:37:28',	'2021-05-17 03:37:28'),
(178,	'sensors',	18,	'1448b08a-bdc6-4ad5-bd81-bc14e4cf5393',	'diagram_img',	'60a1affb06b9e_Untitled',	'60a1affb06b9e_Untitled.png',	'image/png',	'public',	'public',	13386,	'[]',	'[]',	'[]',	49,	'2021-05-17 03:51:24',	'2021-05-17 03:51:24'),
(181,	'panel_options',	41,	'590e61d5-2a91-426a-b416-d15d41b1c500',	'diagram_img',	'60a1b2a385e61_Untitled',	'60a1b2a385e61_Untitled.png',	'image/png',	'public',	'public',	13386,	'[]',	'[]',	'[]',	50,	'2021-05-17 04:02:45',	'2021-05-17 04:02:45'),
(182,	'panel_controllers',	31,	'b0b33d59-9ce8-43e4-8871-e36ffa4c3607',	'diagram_img',	'60a1b312137ab_google_PNG19635',	'60a1b312137ab_google_PNG19635.png',	'image/png',	'public',	'public',	62973,	'[]',	'[]',	'[]',	51,	'2021-05-17 04:04:35',	'2021-05-17 04:04:35'),
(184,	'panel_controllers',	32,	'c0109ab0-dce8-4eda-8532-df458c3e2652',	'diagram_img',	'60a2665977720_Untitled',	'60a2665977720_Untitled.png',	'image/png',	'public',	'public',	13386,	'[]',	'[]',	'[]',	52,	'2021-05-17 16:49:30',	'2021-05-17 16:49:30'),
(189,	'panel_controllers',	33,	'0f4ed40a-fa76-439f-a3b4-314dfafb0e5e',	'diagram_img',	'60a27a414c934_Untitled',	'60a27a414c934_Untitled.png',	'image/png',	'public',	'public',	13386,	'[]',	'[]',	'[]',	53,	'2021-05-17 18:14:26',	'2021-05-17 18:14:26'),
(190,	'panel_options',	45,	'6afac684-292c-48cf-b0c3-96061438864a',	'diagram_img',	'60a27bb35bd1e_google_PNG19635',	'60a27bb35bd1e_google_PNG19635.png',	'image/png',	'public',	'public',	62973,	'[]',	'[]',	'[]',	54,	'2021-05-17 18:20:36',	'2021-05-17 18:20:36'),
(191,	'panel_options',	47,	'99dcddff-5f36-473a-80a9-4f4489111889',	'diagram_img',	'60a27c0d5f7a1_Untitled',	'60a27c0d5f7a1_Untitled.png',	'image/png',	'public',	'public',	13386,	'[]',	'[]',	'[]',	55,	'2021-05-17 18:22:06',	'2021-05-17 18:22:06'),
(196,	'panel_controllers',	4,	'3335644a-7066-4890-b943-5a0e217b050c',	'sheets',	'60a304669be6a_Walchem W900 Series Tower Controller, 8 Prewired Powered Relays, 12 Digital Inputs',	'60a304669be6a_Walchem-W900-Series-Tower-Controller,-8-Prewired-Powered-Relays,-12-Digital-Inputs.pdf',	'application/pdf',	'public',	'public',	1474881,	'[]',	'[]',	'[]',	60,	'2021-05-18 04:03:52',	'2021-05-18 04:03:52'),
(203,	'panel_controllers',	38,	'6d2a5c13-5316-4a50-9622-a7ee3ea38a4b',	'diagram_img',	'60a602b31ec65_Simple-logo',	'60a602b31ec65_Simple-logo.svg',	'image/svg+xml',	'public',	'public',	1418,	'[]',	'[]',	'[]',	66,	'2021-05-20 10:33:25',	'2021-05-20 10:33:25'),
(204,	'panel_controllers',	39,	'c93ac1b0-a5d4-4131-90ff-dc77da35691b',	'diagram_img',	'60a60bd8ce905_Simple-logo',	'60a60bd8ce905_Simple-logo.svg',	'image/svg+xml',	'public',	'public',	1418,	'[]',	'[]',	'[]',	67,	'2021-05-20 11:12:33',	'2021-05-20 11:12:33'),
(205,	'panel_controllers',	40,	'f91a3617-50b5-4e6b-99e9-e895de52d83c',	'diagram_img',	'60a60c3681ce2_Simple-logo',	'60a60c3681ce2_Simple-logo.svg',	'image/svg+xml',	'public',	'public',	1418,	'[]',	'[]',	'[]',	68,	'2021-05-20 11:14:00',	'2021-05-20 11:14:00'),
(208,	'App\\Models\\Manufacturer',	36,	'2bca2f5c-7a92-4dc5-acb2-83902b43d9f9',	'logo',	'60a60e2c68fb8_Untitled',	'60a60e2c68fb8_Untitled.png',	'image/png',	'public',	'public',	13386,	'[]',	'[]',	'[]',	69,	'2021-05-20 11:22:24',	'2021-05-20 11:22:24'),
(211,	'App\\Models\\Manufacturer',	37,	'5a21c6e4-a90c-43ea-b068-14b76425e166',	'logo',	'60a60e83c440c_Untitled',	'60a60e83c440c_Untitled.png',	'image/png',	'public',	'public',	13386,	'[]',	'[]',	'[]',	71,	'2021-05-20 11:23:54',	'2021-05-20 11:23:54'),
(251,	'App\\Models\\Manufacturer',	38,	'a8157ef3-3a41-4273-b232-b1249705a701',	'logo',	'60a6186fe51c1_Simple-logo',	'60a6186fe51c1_Simple-logo.svg',	'image/svg+xml',	'public',	'public',	1418,	'[]',	'[]',	'[]',	78,	'2021-05-20 12:06:09',	'2021-05-20 12:06:09'),
(252,	'panel_controllers',	41,	'2609d9c5-8111-41c5-99d7-b0f032eb3602',	'diagram_img',	'60a618ca9f308_Simple-logo',	'60a618ca9f308_Simple-logo.svg',	'image/svg+xml',	'public',	'public',	1418,	'[]',	'[]',	'[]',	79,	'2021-05-20 12:07:40',	'2021-05-20 12:07:40'),
(253,	'panel_controllers',	50,	'8d6b378c-18c6-4bd7-93a8-8787d6ba01ec',	'diagram_img',	'60ae683be7b0d_User\'s search doesn\'t work',	'60ae683be7b0d_User\'s-search-doesn\'t-work.png',	'image/png',	'public',	'public',	207855,	'[]',	'[]',	'[]',	80,	'2021-05-26 19:25:15',	'2021-05-26 19:25:15'),
(255,	'sensors',	33,	'1cb7e695-e462-4c7a-bf40-1711ec113735',	'diagram_img',	'60b93a4b99213_WALCHEM-WCT900-01',	'60b93a4b99213_WALCHEM-WCT900-01.svg',	'image/svg+xml',	'public',	'public',	15231,	'[]',	'[]',	'[]',	81,	'2021-06-04 00:23:43',	'2021-06-04 00:23:43'),
(258,	'panel_options',	116,	'09f628e7-ce47-4645-aa62-a9da4b7efea8',	'diagram_img',	'60ba4cfd14f14_WALCHEM-WCT900-17',	'60ba4cfd14f14_WALCHEM-WCT900-17.svg',	'image/svg+xml',	'public',	'public',	19296,	'[]',	'[]',	'[]',	83,	'2021-06-04 19:55:58',	'2021-06-04 19:55:58'),
(260,	'sensors',	43,	'28fc6e23-a3d6-454c-9dff-997ed5e0dae1',	'diagram_img',	'60bab4db8dbf1_WALCHEM-WCT900-02',	'60bab4db8dbf1_WALCHEM-WCT900-02.svg',	'image/svg+xml',	'public',	'public',	16469,	'[]',	'[]',	'[]',	85,	'2021-06-05 03:18:54',	'2021-06-05 03:18:54'),
(272,	'panel_controllers',	12,	'b2cc81b3-676e-4940-b897-2e92995c3228',	'sheets',	'60bfe50b1f0b3_180625_W600_Brochure - Copy',	'60bfe50b1f0b3_180625_W600_Brochure---Copy.pdf',	'application/pdf',	'public',	'public',	2133060,	'[]',	'[]',	'[]',	94,	'2021-06-09 01:45:49',	'2021-06-09 01:45:49'),
(274,	'panel_controllers',	8,	'b6ee4800-f8de-4500-8e5e-ef85e2ea49d7',	'sheets',	'60bfe5560b31c_180687_W900_Brochure',	'60bfe5560b31c_180687_W900_Brochure.pdf',	'application/pdf',	'public',	'public',	2467445,	'[]',	'[]',	'[]',	96,	'2021-06-09 01:47:03',	'2021-06-09 01:47:03'),
(275,	'panel_controllers',	13,	'8f345991-7317-4a7b-a55f-820b01710d73',	'sheets',	'60bfe573bc735_180687_W900_Brochure',	'60bfe573bc735_180687_W900_Brochure.pdf',	'application/pdf',	'public',	'public',	2467445,	'[]',	'[]',	'[]',	97,	'2021-06-09 01:47:33',	'2021-06-09 01:47:33'),
(276,	'panel_controllers',	10,	'6aca9a2f-387a-48ee-8278-1fdcc607be03',	'sheets',	'60bfe5840b103_180687_W900_Brochure',	'60bfe5840b103_180687_W900_Brochure.pdf',	'application/pdf',	'public',	'public',	2467445,	'[]',	'[]',	'[]',	98,	'2021-06-09 01:47:50',	'2021-06-09 01:47:50'),
(277,	'panel_controllers',	11,	'5c21190c-37e2-4462-833c-2cf1ac99b0b0',	'sheets',	'60bfe59304958_180687_W900_Brochure',	'60bfe59304958_180687_W900_Brochure.pdf',	'application/pdf',	'public',	'public',	2467445,	'[]',	'[]',	'[]',	99,	'2021-06-09 01:48:06',	'2021-06-09 01:48:06'),
(279,	'sensors',	54,	'bb55902e-7178-4edd-9b30-1e224e47859b',	'sheets',	'60c0d2c04f8cd_W600-Inline-Graphite-Contacting-Conductivity,-20-ft-cable,-with-Tee',	'60c0d2c04f8cd_W600-Inline-Graphite-Contacting-Conductivity,-20-ft-cable,-with-Tee.pdf',	'application/pdf',	'public',	'public',	172860,	'[]',	'[]',	'[]',	100,	'2021-06-09 18:40:02',	'2021-06-09 18:40:02'),
(280,	'sensors',	33,	'a03d0db2-240b-4133-845a-2ae06bc7988f',	'sheets',	'60c0d68f4b7b8_W600-pH-ORP-sensor,-rod,-preamp-housing-with-tee',	'60c0d68f4b7b8_W600-pH-ORP-sensor,-rod,-preamp-housing-with-tee.pdf',	'application/pdf',	'public',	'public',	191411,	'[]',	'[]',	'[]',	101,	'2021-06-09 18:56:22',	'2021-06-09 18:56:22'),
(281,	'sensors',	40,	'6d1ca52e-1d46-4c0b-8301-ebfcc1c3f22c',	'sheets',	'60c0d6a99f641_W600-pH-ORP-sensor,-rod,-preamp-housing-with-tee',	'60c0d6a99f641_W600-pH-ORP-sensor,-rod,-preamp-housing-with-tee.pdf',	'application/pdf',	'public',	'public',	191411,	'[]',	'[]',	'[]',	102,	'2021-06-09 18:56:43',	'2021-06-09 18:56:43'),
(282,	'sensors',	32,	'228751b7-4eb9-47b5-97ce-2437b8f1ee55',	'sheets',	'60c0fead3567f_W600-Inline-Graphite-Contacting-Conductivity,-20-ft-cable,-with-Tee',	'60c0fead3567f_W600-Inline-Graphite-Contacting-Conductivity,-20-ft-cable,-with-Tee.pdf',	'application/pdf',	'public',	'public',	172860,	'[]',	'[]',	'[]',	103,	'2021-06-09 21:47:26',	'2021-06-09 21:47:26'),
(283,	'sensors',	61,	'c7ef7237-5932-4ae0-af24-c6e19097531b',	'sheets',	'60c0febca9974_Pyxis ST-500-Series-Data-Sheet',	'60c0febca9974_Pyxis-ST-500-Series-Data-Sheet.pdf',	'application/pdf',	'public',	'public',	536120,	'[]',	'[]',	'[]',	104,	'2021-06-09 21:47:43',	'2021-06-09 21:47:43'),
(284,	'sensors',	62,	'0ee32360-977f-411b-ad91-76b8778bbff4',	'sheets',	'60c0fecd96095_Turner Little Dipper 2',	'60c0fecd96095_Turner-Little-Dipper-2.pdf',	'application/pdf',	'public',	'public',	88054,	'[]',	'[]',	'[]',	105,	'2021-06-09 21:47:58',	'2021-06-09 21:47:58'),
(285,	'sensors',	64,	'e0df102c-bc8e-46c2-9c4e-3409dc4558a1',	'sheets',	'60c0fef295602_Pyxis ST-588-PTSA-Tagged-Polymer-Data-Sheet-1',	'60c0fef295602_Pyxis-ST-588-PTSA-Tagged-Polymer-Data-Sheet-1.pdf',	'application/pdf',	'public',	'public',	490837,	'[]',	'[]',	'[]',	106,	'2021-06-09 21:48:35',	'2021-06-09 21:48:35'),
(286,	'sensors',	68,	'738fdac5-a15f-4f36-af65-a595588e469a',	'sheets',	'60c0ff08122e7_EchoPod_DL14_Data_Sheet',	'60c0ff08122e7_EchoPod_DL14_Data_Sheet.pdf',	'application/pdf',	'public',	'public',	264648,	'[]',	'[]',	'[]',	107,	'2021-06-09 21:48:57',	'2021-06-09 21:48:57'),
(287,	'sensors',	69,	'96210b5c-1313-42f1-945f-1432311cf837',	'sheets',	'60c0ff2672b2f_EchoPod_DL24_Data_Sheet',	'60c0ff2672b2f_EchoPod_DL24_Data_Sheet.pdf',	'application/pdf',	'public',	'public',	208028,	'[]',	'[]',	'[]',	108,	'2021-06-09 21:49:27',	'2021-06-09 21:49:27'),
(288,	'sensors',	70,	'a356eec5-2ae3-4ecf-88d2-68695fb8fab5',	'sheets',	'60c0ff327d45b_EchoPod_DL14_Data_Sheet',	'60c0ff327d45b_EchoPod_DL14_Data_Sheet.pdf',	'application/pdf',	'public',	'public',	264648,	'[]',	'[]',	'[]',	109,	'2021-06-09 21:49:39',	'2021-06-09 21:49:39'),
(289,	'sensors',	71,	'24f4f233-5a1f-4c74-b19e-b4150f9b3d36',	'sheets',	'60c0ff3bc2dd1_EchoPod_DL24_Data_Sheet',	'60c0ff3bc2dd1_EchoPod_DL24_Data_Sheet.pdf',	'application/pdf',	'public',	'public',	208028,	'[]',	'[]',	'[]',	110,	'2021-06-09 21:49:48',	'2021-06-09 21:49:48'),
(290,	'sensors',	72,	'ce365c0f-95a2-4883-8f7e-90792d2d2ce1',	'sheets',	'60c0ff43ec65d_LS-200-Pyxis-Level-Sensor-Datasheet',	'60c0ff43ec65d_LS-200-Pyxis-Level-Sensor-Datasheet.pdf',	'application/pdf',	'public',	'public',	276222,	'[]',	'[]',	'[]',	111,	'2021-06-09 21:49:57',	'2021-06-09 21:49:57'),
(291,	'sensors',	66,	'f0f097fa-51d4-4003-a5eb-ef5829734e08',	'sheets',	'60c0ff5905ee4_LS-200-Pyxis-Level-Sensor-Datasheet',	'60c0ff5905ee4_LS-200-Pyxis-Level-Sensor-Datasheet.pdf',	'application/pdf',	'public',	'public',	276222,	'[]',	'[]',	'[]',	112,	'2021-06-09 21:50:18',	'2021-06-09 21:50:18'),
(292,	'sensors',	67,	'0d55e948-c666-4bb1-b94b-a7d93e12b27f',	'sheets',	'60c0ff60d32da_LS-200-Pyxis-Level-Sensor-Datasheet',	'60c0ff60d32da_LS-200-Pyxis-Level-Sensor-Datasheet.pdf',	'application/pdf',	'public',	'public',	276222,	'[]',	'[]',	'[]',	113,	'2021-06-09 21:50:25',	'2021-06-09 21:50:25'),
(294,	'sensors',	57,	'c4678c4a-0877-4456-a903-e0ff6c14e45a',	'sheets',	'60c10036717ce_W600-pH-ORP-sensor,-rod,-preamp-housing-with-tee',	'60c10036717ce_W600-pH-ORP-sensor,-rod,-preamp-housing-with-tee.pdf',	'application/pdf',	'public',	'public',	191411,	'[]',	'[]',	'[]',	115,	'2021-06-09 21:54:02',	'2021-06-09 21:54:02'),
(295,	'sensors',	58,	'a98fd656-19da-4417-a877-5d86830ee072',	'sheets',	'60c100d2a3f48_W600-Inline-Graphite-Contacting-Conductivity,-20-ft-cable,-with-Tee',	'60c100d2a3f48_W600-Inline-Graphite-Contacting-Conductivity,-20-ft-cable,-with-Tee.pdf',	'application/pdf',	'public',	'public',	172860,	'[]',	'[]',	'[]',	116,	'2021-06-09 21:56:40',	'2021-06-09 21:56:40'),
(296,	'sensors',	58,	'd80989d1-09a6-4c8b-a9f5-40cb171c9ec8',	'sheets',	'60c100d67640a_W600-pH-ORP-sensor,-rod,-preamp-housing-with-tee',	'60c100d67640a_W600-pH-ORP-sensor,-rod,-preamp-housing-with-tee.pdf',	'application/pdf',	'public',	'public',	191411,	'[]',	'[]',	'[]',	117,	'2021-06-09 21:56:40',	'2021-06-09 21:56:40'),
(297,	'sensors',	46,	'5dcbca98-0378-47c8-84d8-f269ceecc95e',	'sheets',	'60c1017c8dccb_180727.A_Corrosion Sensor (1)',	'60c1017c8dccb_180727.A_Corrosion-Sensor-(1).pdf',	'application/pdf',	'public',	'public',	507506,	'[]',	'[]',	'[]',	118,	'2021-06-09 21:59:26',	'2021-06-09 21:59:26'),
(298,	'sensors',	55,	'602f88d3-ede0-4e80-abc2-d34a93d8fce5',	'sheets',	'60c1018490568_180727.A_Corrosion Sensor (1)',	'60c1018490568_180727.A_Corrosion-Sensor-(1).pdf',	'application/pdf',	'public',	'public',	507506,	'[]',	'[]',	'[]',	119,	'2021-06-09 21:59:33',	'2021-06-09 21:59:33'),
(303,	'accessories',	91,	'f07137f8-c9a7-4d36-90cb-b9800321c896',	'sheets',	'60c2249fc3000_Seametrics MJ-series-datasheet',	'60c2249fc3000_Seametrics-MJ-series-datasheet.pdf',	'application/pdf',	'public',	'public',	1619868,	'[]',	'[]',	'[]',	123,	'2021-06-10 18:41:37',	'2021-06-10 18:41:37'),
(304,	'accessories',	92,	'133efa09-946a-4bd8-9c88-4f4f768a07eb',	'sheets',	'60c224dfb0112_Seametrics MJ-series-datasheet',	'60c224dfb0112_Seametrics-MJ-series-datasheet.pdf',	'application/pdf',	'public',	'public',	1619868,	'[]',	'[]',	'[]',	124,	'2021-06-10 18:42:42',	'2021-06-10 18:42:42'),
(305,	'accessories',	93,	'29bf5b8f-07f5-4ece-8734-d56a13b4a456',	'sheets',	'60c224f19e647_Seametrics MJ-series-datasheet',	'60c224f19e647_Seametrics-MJ-series-datasheet.pdf',	'application/pdf',	'public',	'public',	1619868,	'[]',	'[]',	'[]',	125,	'2021-06-10 18:43:57',	'2021-06-10 18:43:57'),
(306,	'accessories',	94,	'8adc10a1-fdde-4d4e-b4b9-fc9c5c96702e',	'sheets',	'60c22541731ae_Seametrics MJ-series-datasheet',	'60c22541731ae_Seametrics-MJ-series-datasheet.pdf',	'application/pdf',	'public',	'public',	1619868,	'[]',	'[]',	'[]',	126,	'2021-06-10 18:44:18',	'2021-06-10 18:44:18'),
(307,	'accessories',	96,	'87589499-1eee-4cd8-8892-94ed4509df70',	'sheets',	'60c2254ca8041_Seametrics MJ-series-datasheet',	'60c2254ca8041_Seametrics-MJ-series-datasheet.pdf',	'application/pdf',	'public',	'public',	1619868,	'[]',	'[]',	'[]',	127,	'2021-06-10 18:44:49',	'2021-06-10 18:44:49'),
(308,	'accessories',	98,	'd21a7c7d-b57f-4fd2-89b4-e74bf51a12a7',	'sheets',	'60c22599b8571_Seametrics MJ-series-datasheet',	'60c22599b8571_Seametrics-MJ-series-datasheet.pdf',	'application/pdf',	'public',	'public',	1619868,	'[]',	'[]',	'[]',	128,	'2021-06-10 18:45:50',	'2021-06-10 18:45:50'),
(309,	'accessories',	99,	'4b7ce5de-77db-41f9-b99e-39bc5da87f24',	'sheets',	'60c225a9215e6_Seametrics MJ-series-datasheet',	'60c225a9215e6_Seametrics-MJ-series-datasheet.pdf',	'application/pdf',	'public',	'public',	1619868,	'[]',	'[]',	'[]',	129,	'2021-06-10 18:46:02',	'2021-06-10 18:46:02'),
(310,	'accessories',	95,	'3aab29c9-9161-440c-a730-1161ab15c2c1',	'sheets',	'60c225da85021_Seametrics MJ-series-datasheet',	'60c225da85021_Seametrics-MJ-series-datasheet.pdf',	'application/pdf',	'public',	'public',	1619868,	'[]',	'[]',	'[]',	130,	'2021-06-10 18:46:51',	'2021-06-10 18:46:51'),
(311,	'accessories',	97,	'bddcb42f-7ff5-4a79-948e-b36a0d666114',	'sheets',	'60c225f89df0b_Seametrics MJ-series-datasheet',	'60c225f89df0b_Seametrics-MJ-series-datasheet.pdf',	'application/pdf',	'public',	'public',	1619868,	'[]',	'[]',	'[]',	131,	'2021-06-10 18:47:21',	'2021-06-10 18:47:21'),
(312,	'accessories',	66,	'1cff3fcc-f2ce-4de6-9ce8-6fdd245cf3ea',	'sheets',	'60c2263351c06_180165_EZ11_Brochure',	'60c2263351c06_180165_EZ11_Brochure.pdf',	'application/pdf',	'public',	'public',	1332486,	'[]',	'[]',	'[]',	132,	'2021-06-10 18:48:20',	'2021-06-10 18:48:20'),
(313,	'accessories',	67,	'a7c701ce-b0dc-4a1e-8844-8de7640f8e2c',	'sheets',	'60c2263fb5670_180165_EZ11_Brochure',	'60c2263fb5670_180165_EZ11_Brochure.pdf',	'application/pdf',	'public',	'public',	1332486,	'[]',	'[]',	'[]',	133,	'2021-06-10 18:48:33',	'2021-06-10 18:48:33'),
(314,	'accessories',	68,	'738b75e7-7db6-4320-9137-a8a1b7f1ca45',	'sheets',	'60c2264e91a7c_180165_EZ11_Brochure',	'60c2264e91a7c_180165_EZ11_Brochure.pdf',	'application/pdf',	'public',	'public',	1332486,	'[]',	'[]',	'[]',	134,	'2021-06-10 18:48:48',	'2021-06-10 18:48:48'),
(315,	'accessories',	69,	'df8f790c-8699-43da-8733-34c8e8898070',	'sheets',	'60c2265b3c4a6_180165_EZ11_Brochure',	'60c2265b3c4a6_180165_EZ11_Brochure.pdf',	'application/pdf',	'public',	'public',	1332486,	'[]',	'[]',	'[]',	135,	'2021-06-10 18:49:01',	'2021-06-10 18:49:01'),
(316,	'accessories',	70,	'abc11849-1638-44f5-a131-0b7baf3f10c2',	'sheets',	'60c2266f66c09_180165_EZ11_Brochure',	'60c2266f66c09_180165_EZ11_Brochure.pdf',	'application/pdf',	'public',	'public',	1332486,	'[]',	'[]',	'[]',	136,	'2021-06-10 18:49:20',	'2021-06-10 18:49:20'),
(317,	'accessories',	71,	'5e178a0a-5c92-48cc-914f-803540dc81cb',	'sheets',	'60c2267d3fb52_180165_EZ11_Brochure',	'60c2267d3fb52_180165_EZ11_Brochure.pdf',	'application/pdf',	'public',	'public',	1332486,	'[]',	'[]',	'[]',	137,	'2021-06-10 18:49:34',	'2021-06-10 18:49:34'),
(319,	'accessories',	72,	'd3bb9615-d2fe-4b16-ad60-7a3900b18b05',	'sheets',	'60c22797ac456_gamma_X_lr',	'60c22797ac456_gamma_X_lr.pdf',	'application/pdf',	'public',	'public',	333602,	'[]',	'[]',	'[]',	138,	'2021-06-10 18:54:17',	'2021-06-10 18:54:17'),
(320,	'accessories',	73,	'39830140-e285-467f-aa8d-c820267e5656',	'sheets',	'60c227a6db388_gamma_X_lr',	'60c227a6db388_gamma_X_lr.pdf',	'application/pdf',	'public',	'public',	333602,	'[]',	'[]',	'[]',	139,	'2021-06-10 18:54:32',	'2021-06-10 18:54:32'),
(321,	'accessories',	74,	'516431fe-2535-47ec-b69b-162fb912e0e9',	'sheets',	'60c227b164bec_gamma_X_lr',	'60c227b164bec_gamma_X_lr.pdf',	'application/pdf',	'public',	'public',	333602,	'[]',	'[]',	'[]',	140,	'2021-06-10 18:54:42',	'2021-06-10 18:54:42'),
(322,	'accessories',	75,	'b6fc3dcf-9c2d-4a47-82da-5a1827f80460',	'sheets',	'60c227be87d71_gamma_X_lr',	'60c227be87d71_gamma_X_lr.pdf',	'application/pdf',	'public',	'public',	333602,	'[]',	'[]',	'[]',	141,	'2021-06-10 18:54:55',	'2021-06-10 18:54:55'),
(323,	'accessories',	76,	'5055afdf-59aa-4fa9-b77a-2bfa0575ec5b',	'sheets',	'60c227ed511a2_Concept_b_LR',	'60c227ed511a2_Concept_b_LR.pdf',	'application/pdf',	'public',	'public',	362240,	'[]',	'[]',	'[]',	142,	'2021-06-10 18:55:43',	'2021-06-10 18:55:43'),
(324,	'accessories',	77,	'1a27c9f2-d6dd-4c86-9717-b898bea7b8b9',	'sheets',	'60c227f6c614a_Concept_b_LR',	'60c227f6c614a_Concept_b_LR.pdf',	'application/pdf',	'public',	'public',	362240,	'[]',	'[]',	'[]',	143,	'2021-06-10 18:55:52',	'2021-06-10 18:55:52'),
(325,	'accessories',	78,	'29542064-c9a4-4a7e-9adb-11a8c0ef5e49',	'sheets',	'60c22801d0b4e_Concept_b_LR',	'60c22801d0b4e_Concept_b_LR.pdf',	'application/pdf',	'public',	'public',	362240,	'[]',	'[]',	'[]',	144,	'2021-06-10 18:56:03',	'2021-06-10 18:56:03'),
(326,	'accessories',	79,	'db2832e3-e875-4825-9c0d-e2787ce370d3',	'sheets',	'60c228375f721_Concept_b_LR',	'60c228375f721_Concept_b_LR.pdf',	'application/pdf',	'public',	'public',	362240,	'[]',	'[]',	'[]',	145,	'2021-06-10 18:56:56',	'2021-06-10 18:56:56'),
(327,	'accessories',	80,	'262abb4a-68a8-4371-b819-e71f41ff53e1',	'sheets',	'60c22840c0043_Concept_b_LR',	'60c22840c0043_Concept_b_LR.pdf',	'application/pdf',	'public',	'public',	362240,	'[]',	'[]',	'[]',	146,	'2021-06-10 18:57:05',	'2021-06-10 18:57:05'),
(328,	'accessories',	81,	'95d2b192-4e73-4aca-bc99-a5ef129d2cdf',	'sheets',	'60c22848afb63_Concept_b_LR',	'60c22848afb63_Concept_b_LR.pdf',	'application/pdf',	'public',	'public',	362240,	'[]',	'[]',	'[]',	147,	'2021-06-10 18:57:13',	'2021-06-10 18:57:13'),
(331,	'accessories',	64,	'c7f55db8-c438-47ea-b088-429df04131da',	'sheets',	'60c229f2e25a6_97721064_DDE_6-10',	'60c229f2e25a6_97721064_DDE_6-10.pdf',	'application/pdf',	'public',	'public',	1056685,	'[]',	'[]',	'[]',	150,	'2021-06-10 19:04:20',	'2021-06-10 19:04:20'),
(335,	'accessories',	56,	'c6611b13-631a-4f2d-bbd6-16eb0019aedd',	'sheets',	'60c2318da8c93_Granzow Solenoid Valves',	'60c2318da8c93_Granzow-Solenoid-Valves.pdf',	'application/pdf',	'public',	'public',	158190,	'[]',	'[]',	'[]',	154,	'2021-06-10 19:36:46',	'2021-06-10 19:36:46'),
(336,	'accessories',	57,	'21b526d4-478e-4617-bcb8-82eeffb15510',	'sheets',	'60c231960fa1d_Granzow Solenoid Valves',	'60c231960fa1d_Granzow-Solenoid-Valves.pdf',	'application/pdf',	'public',	'public',	158190,	'[]',	'[]',	'[]',	155,	'2021-06-10 19:36:55',	'2021-06-10 19:36:55'),
(337,	'accessories',	58,	'3d1888a6-5f7d-40ec-9e3d-dd43a4df93e2',	'sheets',	'60c2319dbf2e5_Granzow Solenoid Valves',	'60c2319dbf2e5_Granzow-Solenoid-Valves.pdf',	'application/pdf',	'public',	'public',	158190,	'[]',	'[]',	'[]',	156,	'2021-06-10 19:37:02',	'2021-06-10 19:37:02'),
(338,	'accessories',	59,	'170e4e71-9798-4a50-ae3b-203e9e07333b',	'sheets',	'60c231a5cbb50_Granzow Solenoid Valves',	'60c231a5cbb50_Granzow-Solenoid-Valves.pdf',	'application/pdf',	'public',	'public',	158190,	'[]',	'[]',	'[]',	157,	'2021-06-10 19:37:11',	'2021-06-10 19:37:11'),
(339,	'accessories',	101,	'66e7cc14-2355-4ae2-b610-c57a5803947c',	'sheets',	'60c23215326fc_belimo_B220_LF120_US_assembly_en-us',	'60c23215326fc_belimo_B220_LF120_US_assembly_en-us.pdf',	'application/pdf',	'public',	'public',	717488,	'[]',	'[]',	'[]',	158,	'2021-06-10 19:39:02',	'2021-06-10 19:39:02'),
(340,	'accessories',	22,	'd4ad445b-27c5-42f5-ab38-b7bcc2e2b194',	'sheets',	'60c2847674cd2_Containment Tanks_2020',	'60c2847674cd2_Containment-Tanks_2020.pdf',	'application/pdf',	'public',	'public',	537998,	'[]',	'[]',	'[]',	159,	'2021-06-11 01:30:32',	'2021-06-11 01:30:32'),
(341,	'accessories',	23,	'6489ec12-894a-4105-92ca-ed404c1d50a4',	'sheets',	'60c284843d4e6_Containment Tanks_2020',	'60c284843d4e6_Containment-Tanks_2020.pdf',	'application/pdf',	'public',	'public',	537998,	'[]',	'[]',	'[]',	160,	'2021-06-11 01:30:45',	'2021-06-11 01:30:45'),
(342,	'accessories',	24,	'96f83319-d37a-4716-aa9e-617f48bd7833',	'sheets',	'60c284963feb4_Containment Tanks_2020',	'60c284963feb4_Containment-Tanks_2020.pdf',	'application/pdf',	'public',	'public',	537998,	'[]',	'[]',	'[]',	161,	'2021-06-11 01:31:03',	'2021-06-11 01:31:03'),
(343,	'accessories',	25,	'296cad24-8858-461a-a146-ff8d054d6c04',	'sheets',	'60c286a673173_20 Gallon Gemini Dual Containment Tank System, Square, Blue',	'60c286a673173_20-Gallon-Gemini-Dual-Containment-Tank-System,-Square,-Blue.pdf',	'application/pdf',	'public',	'public',	1356370,	'[]',	'[]',	'[]',	162,	'2021-06-11 01:39:52',	'2021-06-11 01:39:52'),
(344,	'accessories',	26,	'db7515ab-2afb-4fde-95f0-9ebeb8d339f4',	'sheets',	'60c286cdc110a_40 Gallon Gemini Dual Containment Tank System, Square, Blue',	'60c286cdc110a_40-Gallon-Gemini-Dual-Containment-Tank-System,-Square,-Blue.pdf',	'application/pdf',	'public',	'public',	257212,	'[]',	'[]',	'[]',	163,	'2021-06-11 01:40:32',	'2021-06-11 01:40:32'),
(345,	'accessories',	27,	'a6e31101-c8a4-422c-ad80-13b0a9809028',	'sheets',	'60c286dca4348_40 Gallon Gemini Dual Containment Tank System, Square, Blue',	'60c286dca4348_40-Gallon-Gemini-Dual-Containment-Tank-System,-Square,-Blue.pdf',	'application/pdf',	'public',	'public',	257212,	'[]',	'[]',	'[]',	164,	'2021-06-11 01:40:45',	'2021-06-11 01:40:45'),
(346,	'accessories',	28,	'798a0c22-7f99-4dc1-afb2-89106b25fcad',	'sheets',	'60c2872d26190_62 Gallon Gemini Dual Containment Tank System, Blue',	'60c2872d26190_62-Gallon-Gemini-Dual-Containment-Tank-System,-Blue.pdf',	'application/pdf',	'public',	'public',	212241,	'[]',	'[]',	'[]',	165,	'2021-06-11 01:42:06',	'2021-06-11 01:42:06'),
(347,	'accessories',	29,	'0bbee579-c0aa-4713-8269-24e544eb4f86',	'sheets',	'60c2873a7dd40_90 Gallon Gemini Dual Containment Tank System, Blue',	'60c2873a7dd40_90-Gallon-Gemini-Dual-Containment-Tank-System,-Blue.pdf',	'application/pdf',	'public',	'public',	275555,	'[]',	'[]',	'[]',	166,	'2021-06-11 01:42:19',	'2021-06-11 01:42:19'),
(348,	'accessories',	30,	'd0bf16bc-7791-4fdd-a429-40e4fc49237d',	'sheets',	'60c2874a3c665_120 Gallon Gemini Dual Containment Tank System, Blue',	'60c2874a3c665_120-Gallon-Gemini-Dual-Containment-Tank-System,-Blue.pdf',	'application/pdf',	'public',	'public',	375777,	'[]',	'[]',	'[]',	167,	'2021-06-11 01:42:35',	'2021-06-11 01:42:35'),
(349,	'accessories',	31,	'82724443-3057-4720-b492-f1d767c58f23',	'sheets',	'60c28759527f5_160 Gallon Gemini Dual Containment Tank System, Blue',	'60c28759527f5_160-Gallon-Gemini-Dual-Containment-Tank-System,-Blue.pdf',	'application/pdf',	'public',	'public',	324679,	'[]',	'[]',	'[]',	168,	'2021-06-11 01:42:50',	'2021-06-11 01:42:50'),
(350,	'accessories',	32,	'434a637f-adfb-42f4-a2ad-8f621899cde7',	'sheets',	'60c28763b2ea6_220 Gallon Gemini Dual Containment Tank System, Blue',	'60c28763b2ea6_220-Gallon-Gemini-Dual-Containment-Tank-System,-Blue.pdf',	'application/pdf',	'public',	'public',	360538,	'[]',	'[]',	'[]',	169,	'2021-06-11 01:43:00',	'2021-06-11 01:43:00'),
(351,	'accessories',	33,	'd7d69be7-fa8d-4f72-8c6b-ea9b390c8b53',	'sheets',	'60c2877419ed3_320 Gallon Gemini Dual Containment Tank System, Blue',	'60c2877419ed3_320-Gallon-Gemini-Dual-Containment-Tank-System,-Blue.pdf',	'application/pdf',	'public',	'public',	1866556,	'[]',	'[]',	'[]',	170,	'2021-06-11 01:43:17',	'2021-06-11 01:43:17'),
(352,	'accessories',	34,	'983693f3-f1a3-4a1e-9aec-6a047125f2b5',	'sheets',	'60c2879b08fe8_500 Gallon Gemini Dual Containment Tank System, Blue',	'60c2879b08fe8_500-Gallon-Gemini-Dual-Containment-Tank-System,-Blue.pdf',	'application/pdf',	'public',	'public',	181041,	'[]',	'[]',	'[]',	171,	'2021-06-11 01:43:56',	'2021-06-11 01:43:56'),
(353,	'accessories',	35,	'a4f7bc7a-1cd9-4c4a-9906-72fde39fe30c',	'sheets',	'60c287a828413_10 Gallon Gemini Dual Containment Tank System, Square, Blue',	'60c287a828413_10-Gallon-Gemini-Dual-Containment-Tank-System,-Square,-Blue.pdf',	'application/pdf',	'public',	'public',	243940,	'[]',	'[]',	'[]',	172,	'2021-06-11 01:44:09',	'2021-06-11 01:44:09'),
(354,	'accessories',	36,	'9b638599-1ddf-4475-b2ee-528e26251b1c',	'sheets',	'60c287d92f2e9_20 Gallon Gemini Dual Containment Tank System, Square, Blue',	'60c287d92f2e9_20-Gallon-Gemini-Dual-Containment-Tank-System,-Square,-Blue.pdf',	'application/pdf',	'public',	'public',	1356370,	'[]',	'[]',	'[]',	173,	'2021-06-11 01:44:58',	'2021-06-11 01:44:58'),
(355,	'accessories',	37,	'68ff5a25-845f-4f26-83ca-20490a673046',	'sheets',	'60c287e9b5717_70 Gallon Gemini Dual Containment Tank System, Square, Blue _HDPE',	'60c287e9b5717_70-Gallon-Gemini-Dual-Containment-Tank-System,-Square,-Blue-_HDPE.pdf',	'application/pdf',	'public',	'public',	253087,	'[]',	'[]',	'[]',	174,	'2021-06-11 01:45:15',	'2021-06-11 01:45:15'),
(356,	'accessories',	38,	'853a7735-93c5-4104-b9bc-e0604bde0d78',	'sheets',	'60c288a201fa0_Gemini-Square-Tank-120gal-ribbed',	'60c288a201fa0_Gemini-Square-Tank-120gal-ribbed.pdf',	'application/pdf',	'public',	'public',	2202225,	'[]',	'[]',	'[]',	175,	'2021-06-11 01:48:20',	'2021-06-11 01:48:20'),
(357,	'accessories',	39,	'215279de-79cd-44d8-ab81-675d806cc424',	'sheets',	'60c2890fa1e8e_15_Gallon_Gemini_Tank',	'60c2890fa1e8e_15_Gallon_Gemini_Tank.pdf',	'application/pdf',	'public',	'public',	312212,	'[]',	'[]',	'[]',	176,	'2021-06-11 01:50:15',	'2021-06-11 01:50:15'),
(358,	'accessories',	40,	'2b63cb2d-c1e3-47a3-bd93-056ef76b6e4b',	'sheets',	'60c289388aa43_65_Gallon_Gemini_Tank',	'60c289388aa43_65_Gallon_Gemini_Tank.pdf',	'application/pdf',	'public',	'public',	312360,	'[]',	'[]',	'[]',	177,	'2021-06-11 01:50:49',	'2021-06-11 01:50:49'),
(359,	'accessories',	41,	'59dcb871-9f69-4caf-8b09-86d538656eed',	'sheets',	'60c2896e2b137_Gemini-Square-Tank-40gal',	'60c2896e2b137_Gemini-Square-Tank-40gal.pdf',	'application/pdf',	'public',	'public',	318574,	'[]',	'[]',	'[]',	178,	'2021-06-11 01:51:43',	'2021-06-11 01:51:43'),
(360,	'accessories',	18,	'a6b0318d-649f-4302-acdd-18e2f57f816d',	'sheets',	'60c28e1ad384a_Bypass Feeders',	'60c28e1ad384a_Bypass-Feeders.pdf',	'application/pdf',	'public',	'public',	240669,	'[]',	'[]',	'[]',	179,	'2021-06-11 02:11:41',	'2021-06-11 02:11:41'),
(361,	'accessories',	19,	'4a357a6e-23fd-4be3-afce-fe1f404f7f92',	'sheets',	'60c28e29492aa_Bypass Feeders',	'60c28e29492aa_Bypass-Feeders.pdf',	'application/pdf',	'public',	'public',	240669,	'[]',	'[]',	'[]',	180,	'2021-06-11 02:11:54',	'2021-06-11 02:11:54'),
(362,	'accessories',	20,	'250d0e74-b847-4c62-bb18-9eb07f100ddf',	'sheets',	'60c28e37b241d_Bypass Feeders',	'60c28e37b241d_Bypass-Feeders.pdf',	'application/pdf',	'public',	'public',	240669,	'[]',	'[]',	'[]',	181,	'2021-06-11 02:12:08',	'2021-06-11 02:12:08'),
(363,	'accessories',	21,	'7995c6c3-2930-4cc7-a7b3-5a7b6e0eab96',	'sheets',	'60c28e41250e5_Bypass Feeders',	'60c28e41250e5_Bypass-Feeders.pdf',	'application/pdf',	'public',	'public',	240669,	'[]',	'[]',	'[]',	182,	'2021-06-11 02:12:20',	'2021-06-11 02:12:20'),
(365,	'accessories',	42,	'500155ec-1264-40dc-b041-cdf4bd6cb6c7',	'sheets',	'60c382f65ca4a_Glycol Feeders',	'60c382f65ca4a_Glycol-Feeders.pdf',	'application/pdf',	'public',	'public',	169108,	'[]',	'[]',	'[]',	184,	'2021-06-11 19:36:23',	'2021-06-11 19:36:23'),
(385,	'panel_controllers',	10,	'598c1d74-e028-496d-93d8-281cfe7e63f3',	'diagram_img',	'60c764fb4dc30_W900',	'60c764fb4dc30_W900.png',	'image/png',	'public',	'public',	5252,	'[]',	'[]',	'[]',	204,	'2021-06-14 18:17:32',	'2021-06-14 18:17:32'),
(386,	'panel_controllers',	11,	'11bb679d-7781-4d72-b7bf-547d02573d6d',	'diagram_img',	'60c765023d9c2_W900',	'60c765023d9c2_W900.png',	'image/png',	'public',	'public',	5252,	'[]',	'[]',	'[]',	205,	'2021-06-14 18:17:39',	'2021-06-14 18:17:39'),
(394,	'sensors',	78,	'3363e730-076f-42e6-ab73-d732327a38ed',	'sheets',	'60c76b9a1577e_W600-pH-ORP-sensor,-rod,-preamp-housing-with-tee',	'60c76b9a1577e_W600-pH-ORP-sensor,-rod,-preamp-housing-with-tee.pdf',	'application/pdf',	'public',	'public',	191411,	'[]',	'[]',	'[]',	213,	'2021-06-14 18:45:47',	'2021-06-14 18:45:47'),
(397,	'sensors',	41,	'87c6c80a-72cc-46a5-b00d-5b31bf401f52',	'sheets',	'60c76bd378690_W600-pH-ORP-sensor,-rod,-preamp-housing-with-tee',	'60c76bd378690_W600-pH-ORP-sensor,-rod,-preamp-housing-with-tee.pdf',	'application/pdf',	'public',	'public',	191411,	'[]',	'[]',	'[]',	216,	'2021-06-14 18:46:44',	'2021-06-14 18:46:44'),
(402,	'sensors',	56,	'fe2d7f78-c3cb-4446-bee4-8d0d52c2fbc0',	'sheets',	'60c76f0313414_W600-Inline-Graphite-Contacting-Conductivity,-20-ft-cable,-with-Tee',	'60c76f0313414_W600-Inline-Graphite-Contacting-Conductivity,-20-ft-cable,-with-Tee.pdf',	'application/pdf',	'public',	'public',	172860,	'[]',	'[]',	'[]',	221,	'2021-06-14 19:00:21',	'2021-06-14 19:00:21'),
(405,	'sensors',	77,	'fc9b0535-4e18-4438-b1fe-a8857eb36424',	'sheets',	'60c76f7e02d70_W600-pH-ORP-sensor,-rod,-preamp-housing-with-tee',	'60c76f7e02d70_W600-pH-ORP-sensor,-rod,-preamp-housing-with-tee.pdf',	'application/pdf',	'public',	'public',	191411,	'[]',	'[]',	'[]',	224,	'2021-06-14 19:02:34',	'2021-06-14 19:02:34'),
(418,	'panel_options',	64,	'd33d8fec-e696-4816-9f95-65fcd7e94190',	'diagram_img',	'60c8b1a948b98_P1-(24x24)',	'60c8b1a948b98_P1-(24x24).png',	'image/png',	'public',	'public',	28699,	'[]',	'[]',	'[]',	237,	'2021-06-15 17:57:01',	'2021-06-15 17:57:01'),
(419,	'panel_options',	79,	'4d86f10e-e890-4c55-bf23-36d854ae2542',	'diagram_img',	'60c8b1b7a08c2_P2-(33x22)',	'60c8b1b7a08c2_P2-(33x22).png',	'image/png',	'public',	'public',	35766,	'[]',	'[]',	'[]',	238,	'2021-06-15 17:57:13',	'2021-06-15 17:57:13'),
(420,	'panel_options',	85,	'3ee8954b-ea40-4a0b-aa31-ee0c709e66d3',	'diagram_img',	'60c8b1d3e0ab2_P3-(33x22)',	'60c8b1d3e0ab2_P3-(33x22).png',	'image/png',	'public',	'public',	54037,	'[]',	'[]',	'[]',	239,	'2021-06-15 17:57:42',	'2021-06-15 17:57:42'),
(421,	'panel_options',	86,	'0ee4dc22-2f29-4caa-9dcf-a44bc7b086aa',	'diagram_img',	'60c8b1e31dd36_P4-(48x48)',	'60c8b1e31dd36_P4-(48x48).png',	'image/png',	'public',	'public',	97272,	'[]',	'[]',	'[]',	240,	'2021-06-15 17:57:57',	'2021-06-15 17:57:57'),
(435,	'panel_options',	112,	'31f3d114-c5ba-45dc-80bb-bd5917a01ed5',	'diagram_img',	'60e478a1eeb09_Modem',	'60e478a1eeb09_Modem.png',	'image/png',	'public',	'public',	16826,	'[]',	'[]',	'[]',	252,	'2021-07-06 19:37:07',	'2021-07-06 19:37:07'),
(438,	'panel_controllers',	8,	'6d004d50-2689-40ba-b1af-e88320698918',	'diagram_img',	'60e4c821602cb_W900 Proper size',	'60e4c821602cb_W900-Proper-size.png',	'image/png',	'public',	'public',	29412,	'[]',	'[]',	'[]',	255,	'2021-07-07 01:16:18',	'2021-07-07 01:16:18'),
(439,	'panel_controllers',	13,	'7c789acc-7618-4a61-89ce-b3c00ba4f04b',	'diagram_img',	'60e4c82a589cd_W900 Proper size',	'60e4c82a589cd_W900-Proper-size.png',	'image/png',	'public',	'public',	29412,	'[]',	'[]',	'[]',	256,	'2021-07-07 01:16:27',	'2021-07-07 01:16:27'),
(440,	'panel_controllers',	12,	'abf3b77d-68e9-4ebc-b4b5-2c39d861d8c7',	'diagram_img',	'60e4ca5fb2178_W600 Sized correctly',	'60e4ca5fb2178_W600-Sized-correctly.png',	'image/png',	'public',	'public',	21684,	'[]',	'[]',	'[]',	257,	'2021-07-07 01:25:56',	'2021-07-07 01:25:56'),
(464,	'App\\Models\\Organization',	111,	'66e82ee2-ded6-4fb1-992e-291c926395d8',	'logo',	'6136018857f74_Screen Shot 2021-09-06 at 12.25.19 PM',	'6136018857f74_Screen-Shot-2021-09-06-at-12.25.19-PM.png',	'image/png',	'public',	'public',	572700,	'[]',	'[]',	'[]',	280,	'2021-09-06 15:55:01',	'2021-09-06 15:55:01'),
(465,	'App\\Models\\Organization',	114,	'531a5dd4-220c-4c84-b6d2-539857e9670b',	'logo',	'61360938d7f38_Screen Shot 2021-09-03 at 6.04.54 PM',	'61360938d7f38_Screen-Shot-2021-09-03-at-6.04.54-PM.png',	'image/png',	'public',	'public',	200449,	'[]',	'[]',	'[]',	281,	'2021-09-06 16:27:43',	'2021-09-06 16:27:43'),
(467,	'App\\Models\\Organization',	123,	'f66d1522-6979-4a66-a582-dabb93d42cea',	'logo',	'61363699035a5_Screen Shot 2021-09-06 at 12.22.17 PM',	'61363699035a5_Screen-Shot-2021-09-06-at-12.22.17-PM.png',	'image/png',	'public',	'public',	685650,	'[]',	'[]',	'[]',	282,	'2021-09-06 19:41:16',	'2021-09-06 19:41:16'),
(468,	'App\\Models\\Organization',	124,	'3f399c08-3e45-4557-a001-d73b47cc76fa',	'logo',	'613636cbda76f_Screen Shot 2021-09-06 at 12.25.19 PM',	'613636cbda76f_Screen-Shot-2021-09-06-at-12.25.19-PM.png',	'image/png',	'public',	'public',	572700,	'[]',	'[]',	'[]',	283,	'2021-09-06 19:42:09',	'2021-09-06 19:42:09'),
(471,	'App\\Models\\Quote',	96,	'5fbbf715-0abc-4f6a-931e-a2cf01142710',	'img',	'61375f90ee51f_Screen Shot 2021-09-06 at 12.25.19 PM',	'61375f90ee51f_Screen-Shot-2021-09-06-at-12.25.19-PM.png',	'image/png',	'public',	'public',	572700,	'[]',	'[]',	'[]',	285,	'2021-09-07 16:49:13',	'2021-09-07 16:49:13'),
(472,	'App\\Models\\Quote',	97,	'f4a42411-337d-4473-9f4a-4a8011414e3b',	'img',	'613765b4a38f0_Screen Shot 2021-09-06 at 12.25.19 PM',	'613765b4a38f0_Screen-Shot-2021-09-06-at-12.25.19-PM.png',	'image/png',	'public',	'public',	572700,	'[]',	'[]',	'[]',	286,	'2021-09-07 17:14:55',	'2021-09-07 17:14:55'),
(473,	'App\\Models\\Quote',	97,	'933e2407-545d-486f-b82c-93150b8d479a',	'img',	'613793f3edb43_Panel-1',	'613793f3edb43_Panel-1.png',	'image/png',	'public',	'public',	565371,	'[]',	'[]',	'[]',	287,	'2021-09-07 20:31:53',	'2021-09-07 20:31:53'),
(474,	'App\\Models\\Quote',	98,	'001acf21-1117-4b33-9899-63e790a85122',	'img',	'613b5a436d04c_Panel-1',	'613b5a436d04c_Panel-1.png',	'image/png',	'public',	'public',	565371,	'[]',	'[]',	'[]',	288,	'2021-09-10 17:16:43',	'2021-09-10 17:16:43'),
(475,	'App\\Models\\Quote',	99,	'f14e6133-6ee4-4713-8328-5b19bb267de5',	'img',	'613fa6f06245f_Panel-1',	'613fa6f06245f_Panel-1.png',	'image/png',	'public',	'public',	565371,	'[]',	'[]',	'[]',	289,	'2021-09-13 23:31:09',	'2021-09-13 23:31:09'),
(476,	'App\\Models\\Quote',	102,	'048c1764-6887-4928-9c98-fb84bb6ceeab',	'img',	'61409e85bc0b8_Panel-1',	'61409e85bc0b8_Panel-1.png',	'image/png',	'public',	'public',	565371,	'[]',	'[]',	'[]',	290,	'2021-09-14 17:07:21',	'2021-09-14 17:07:21'),
(477,	'App\\Models\\Quote',	103,	'641d3449-794a-41cf-801a-3a4e94ea1bda',	'img',	'6140a47c995d5_Panel-1',	'6140a47c995d5_Panel-1.png',	'image/png',	'public',	'public',	565371,	'[]',	'[]',	'[]',	291,	'2021-09-14 17:34:31',	'2021-09-14 17:34:31'),
(479,	'App\\Models\\Quote',	105,	'8df5ee0c-cec7-4769-ab56-531a4f60f50a',	'img',	'6144972faa6a0_Panel-1',	'6144972faa6a0_Panel-1.png',	'image/png',	'public',	'public',	565371,	'[]',	'[]',	'[]',	293,	'2021-09-17 17:25:09',	'2021-09-17 17:25:09'),
(482,	'App\\Models\\Quote',	105,	'1620dc44-ae1d-49a2-93da-84fba040e605',	'img',	'6144af3d5d501_MicrosoftTeams-image (8)',	'6144af3d5d501_MicrosoftTeams-image-(8).png',	'image/png',	'public',	'public',	85975,	'[]',	'[]',	'[]',	295,	'2021-09-17 19:07:42',	'2021-09-17 19:07:42'),
(483,	'App\\Models\\Quote',	105,	'e04d11da-1fc9-49ba-b167-f7b608c6d462',	'img',	'6144af6c8cebd_MicrosoftTeams-image (8)',	'6144af6c8cebd_MicrosoftTeams-image-(8).png',	'image/png',	'public',	'public',	85975,	'[]',	'[]',	'[]',	296,	'2021-09-17 19:08:37',	'2021-09-17 19:08:37'),
(484,	'App\\Models\\Quote',	105,	'e83ba74c-faba-4857-a06f-d5d609a9f310',	'img',	'6144afbbe9d40_MicrosoftTea',	'6144afbbe9d40_MicrosoftTea.png',	'image/png',	'public',	'public',	85975,	'[]',	'[]',	'[]',	297,	'2021-09-17 19:09:50',	'2021-09-17 19:09:50'),
(485,	'App\\Models\\Quote',	105,	'6a60b9df-7866-4a4b-96b1-8b614d420ccb',	'img',	'6144b077b0911_MicrosoftTea',	'6144b077b0911_MicrosoftTea.png',	'image/png',	'public',	'public',	68785,	'[]',	'[]',	'[]',	298,	'2021-09-17 19:12:57',	'2021-09-17 19:12:57'),
(489,	'panel_controllers',	56,	'd2947055-26be-41a1-9a8e-f05c0470081c',	'diagram_img',	'6148d54b9a31c_chemtreat_silver panel builder AWT',	'6148d54b9a31c_chemtreat_silver-panel-builder-AWT.png',	'image/png',	'public',	'public',	148301,	'[]',	'[]',	'[]',	301,	'2021-09-20 22:39:11',	'2021-09-20 22:39:11'),
(490,	'panel_controllers',	57,	'f899d311-d50a-4814-a089-0ad76c5792a2',	'diagram_img',	'6148d7faf3f9a_chemtreat_silver panel builder -pH AWT',	'6148d7faf3f9a_chemtreat_silver-panel-builder--pH-AWT.png',	'image/png',	'public',	'public',	165373,	'[]',	'[]',	'[]',	302,	'2021-09-20 22:50:39',	'2021-09-20 22:50:39'),
(491,	'panel_controllers',	58,	'f8827c80-3eff-4b9a-a1ec-fcb2c1e55911',	'diagram_img',	'6148d8db11e73_chemtreat_gold panel builder AWT',	'6148d8db11e73_chemtreat_gold-panel-builder-AWT.png',	'image/png',	'public',	'public',	142678,	'[]',	'[]',	'[]',	303,	'2021-09-20 22:55:49',	'2021-09-20 22:55:49'),
(492,	'panel_controllers',	59,	'8d208260-7f11-47c8-887e-0b577ed23dee',	'diagram_img',	'6148daae1d706_chemtreat_platinum panel builder AWT',	'6148daae1d706_chemtreat_platinum-panel-builder-AWT.png',	'image/png',	'public',	'public',	152429,	'[]',	'[]',	'[]',	304,	'2021-09-20 23:02:09',	'2021-09-20 23:02:09'),
(493,	'panel_controllers',	55,	'ef98065e-f189-40d5-bf95-86c9e1cdefd6',	'diagram_img',	'6148de9ccfc5a_chemtreat_bronze panel builder AWT',	'6148de9ccfc5a_chemtreat_bronze-panel-builder-AWT.png',	'image/png',	'public',	'public',	151866,	'[]',	'[]',	'[]',	305,	'2021-09-20 23:18:55',	'2021-09-20 23:18:55'),
(494,	'App\\Models\\Quote',	106,	'03d79092-daf8-425d-ab07-054f1d5fc8cd',	'img',	'6148e332b4e8f_chemtreat_bronze panel builder AWT',	'6148e332b4e8f_chemtreat_bronze-panel-builder-AWT.png',	'image/png',	'public',	'public',	151866,	'[]',	'[]',	'[]',	306,	'2021-09-20 23:38:31',	'2021-09-20 23:38:31'),
(495,	'App\\Models\\Quote',	108,	'c8b1de8e-5c3e-435b-86bc-74be7c33a72f',	'img',	'6148e376ce3f3_chemtreat_silver panel builder AWT',	'6148e376ce3f3_chemtreat_silver-panel-builder-AWT.png',	'image/png',	'public',	'public',	148301,	'[]',	'[]',	'[]',	307,	'2021-09-20 23:39:45',	'2021-09-20 23:39:45'),
(496,	'App\\Models\\Quote',	109,	'd67c7ceb-af6d-4f27-b408-97b2d18bee3f',	'img',	'6148e3ca2fb21_chemtreat_silver panel builder -pH AWT',	'6148e3ca2fb21_chemtreat_silver-panel-builder--pH-AWT.png',	'image/png',	'public',	'public',	165373,	'[]',	'[]',	'[]',	308,	'2021-09-20 23:41:08',	'2021-09-20 23:41:08'),
(497,	'App\\Models\\Quote',	110,	'6ee251a3-8b22-413c-994c-62eeec41defb',	'img',	'6148e4deeeead_chemtreat_silver panel builder AWT',	'6148e4deeeead_chemtreat_silver-panel-builder-AWT.png',	'image/png',	'public',	'public',	148301,	'[]',	'[]',	'[]',	309,	'2021-09-20 23:46:24',	'2021-09-20 23:46:24'),
(498,	'App\\Models\\Quote',	111,	'6bfa3669-c3f8-48fe-8117-13e3b822bd58',	'img',	'6148e56cc5362_chemtreat_gold panel builder AWT',	'6148e56cc5362_chemtreat_gold-panel-builder-AWT.png',	'image/png',	'public',	'public',	142678,	'[]',	'[]',	'[]',	310,	'2021-09-20 23:49:46',	'2021-09-20 23:49:46'),
(499,	'App\\Models\\Quote',	112,	'3d422f7f-28d6-46e3-b3cd-9522fa76b944',	'img',	'6148ebb56f88b_chemtreat_platinum panel builder AWT',	'6148ebb56f88b_chemtreat_platinum-panel-builder-AWT.png',	'image/png',	'public',	'public',	152429,	'[]',	'[]',	'[]',	311,	'2021-09-21 00:17:25',	'2021-09-21 00:17:25'),
(500,	'App\\Models\\Quote',	103,	'7ed6e34b-db84-4005-be78-a38a9ce808c2',	'img',	'6148edd25c1da_Sampel panel',	'6148edd25c1da_Sampel-panel.png',	'image/png',	'public',	'public',	18297,	'[]',	'[]',	'[]',	312,	'2021-09-21 00:23:50',	'2021-09-21 00:23:50'),
(505,	'panel_options',	149,	'5fe3c27b-1dcb-44af-b962-67a8def7f366',	'diagram_img',	'61800a4207233_standart-left  Union-Gray Plumb  No corr Blnkpipe',	'61800a4207233_standart-left--Union-Gray-Plumb--No-corr-Blnkpipe.png',	'image/png',	'public',	'public',	10555,	'[]',	'[]',	'[]',	317,	'2021-11-01 19:39:50',	'2021-11-01 19:39:50'),
(506,	'panel_options',	187,	'9e35d0ef-87ba-436a-a393-29ab66d9818e',	'diagram_img',	'61800a52df09a_standart-left  Union-Gray Plumb  No corr Blnkpipe',	'61800a52df09a_standart-left--Union-Gray-Plumb--No-corr-Blnkpipe.png',	'image/png',	'public',	'public',	10555,	'[]',	'[]',	'[]',	318,	'2021-11-01 19:40:05',	'2021-11-01 19:40:05'),
(507,	'panel_options',	189,	'ba4db8ec-9320-4050-8b91-eba26581a95a',	'diagram_img',	'61800b883046f_standart-left  Union- No corr Blnkpipe',	'61800b883046f_standart-left--Union--No-corr-Blnkpipe.png',	'image/png',	'public',	'public',	10546,	'[]',	'[]',	'[]',	319,	'2021-11-01 19:45:14',	'2021-11-01 19:45:14'),
(508,	'panel_options',	190,	'2d29960a-ae3b-423f-a197-01988372325d',	'diagram_img',	'61800bce6c859_standart-left  Union- No corr Blnkpipe',	'61800bce6c859_standart-left--Union--No-corr-Blnkpipe.png',	'image/png',	'public',	'public',	10546,	'[]',	'[]',	'[]',	320,	'2021-11-01 19:46:24',	'2021-11-01 19:46:24'),
(509,	'panel_options',	191,	'3fdf5f05-abcf-40db-abe2-f4e5c26fbba3',	'diagram_img',	'61800c8705e6b_camlockleftBlank Gray Pipe',	'61800c8705e6b_camlockleftBlank-Gray-Pipe.png',	'image/png',	'public',	'public',	11187,	'[]',	'[]',	'[]',	321,	'2021-11-01 19:49:33',	'2021-11-01 19:49:33'),
(510,	'panel_options',	192,	'8bbc7872-7800-4abc-b019-b9c12d1eb8d4',	'diagram_img',	'61800cc471c7d_camlockleftBlank Gray Pipe',	'61800cc471c7d_camlockleftBlank-Gray-Pipe.png',	'image/png',	'public',	'public',	11187,	'[]',	'[]',	'[]',	322,	'2021-11-01 19:50:30',	'2021-11-01 19:50:30'),
(511,	'panel_options',	193,	'04ed89ba-efd7-48ed-aa40-2881557c8204',	'diagram_img',	'61800d639934a_camlockleftBlank',	'61800d639934a_camlockleftBlank.png',	'image/png',	'public',	'public',	11682,	'[]',	'[]',	'[]',	323,	'2021-11-01 19:53:14',	'2021-11-01 19:53:14'),
(512,	'panel_options',	194,	'032eec69-bc34-430e-9008-76c0e8c137a7',	'diagram_img',	'61800da171ba8_camlockleftBlank',	'61800da171ba8_camlockleftBlank.png',	'image/png',	'public',	'public',	11682,	'[]',	'[]',	'[]',	324,	'2021-11-01 19:54:13',	'2021-11-01 19:54:13'),
(514,	'panel_options',	157,	'da41bef9-5201-4c20-8332-28b5a08f4b87',	'diagram_img',	'61800e114531c_CV100-TTB',	'61800e114531c_CV100-TTB.png',	'image/png',	'public',	'public',	760,	'[]',	'[]',	'[]',	326,	'2021-11-01 19:56:03',	'2021-11-01 19:56:03'),
(516,	'panel_options',	158,	'57e7a806-c5a5-4bd6-9fc1-2fe372eb9de2',	'diagram_img',	'61800f082db7d_HAYWARD-ball-valve H',	'61800f082db7d_HAYWARD-ball-valve-H.png',	'image/png',	'public',	'public',	1371,	'[]',	'[]',	'[]',	328,	'2021-11-01 20:00:09',	'2021-11-01 20:00:09'),
(517,	'panel_options',	195,	'040df114-1e09-4277-baaa-adf6ed0494a4',	'diagram_img',	'61800f4131dfd_HAYWARD-Tru Union Ball-Valve-1-H',	'61800f4131dfd_HAYWARD-Tru-Union-Ball-Valve-1-H.png',	'image/png',	'public',	'public',	2268,	'[]',	'[]',	'[]',	329,	'2021-11-01 20:01:06',	'2021-11-01 20:01:06'),
(518,	'panel_options',	159,	'ca9b78a2-329a-41f5-b9b3-67dbacdd3c26',	'diagram_img',	'61800f66a5e08_Banjo-Strainer-LTR',	'61800f66a5e08_Banjo-Strainer-LTR.png',	'image/png',	'public',	'public',	6145,	'[]',	'[]',	'[]',	330,	'2021-11-01 20:01:46',	'2021-11-01 20:01:46'),
(519,	'panel_options',	196,	'8b132991-6b94-4d13-b894-55981dd8c9dd',	'diagram_img',	'618011699431b_Ron-Vik',	'618011699431b_Ron-Vik.png',	'image/png',	'public',	'public',	2193,	'[]',	'[]',	'[]',	331,	'2021-11-01 20:10:18',	'2021-11-01 20:10:18'),
(520,	'panel_options',	197,	'0d549f6c-91a6-4be9-9ef4-7c04ee61e3bd',	'diagram_img',	'618011af4a498_Asahi-Strainer-LTR',	'618011af4a498_Asahi-Strainer-LTR.png',	'image/png',	'public',	'public',	7883,	'[]',	'[]',	'[]',	332,	'2021-11-01 20:11:31',	'2021-11-01 20:11:31'),
(521,	'panel_options',	198,	'3be23e29-7f50-4276-804e-0ecd89031f1d',	'diagram_img',	'61801219d4774_Inj points 2',	'61801219d4774_Inj-points-2.png',	'image/png',	'public',	'public',	3371,	'[]',	'[]',	'[]',	333,	'2021-11-01 20:13:20',	'2021-11-01 20:13:20'),
(522,	'panel_options',	161,	'043d60d0-bb47-47db-97e1-86a4edad22ed',	'diagram_img',	'618012324c0dd_Tee Inj',	'618012324c0dd_Tee-Inj.png',	'image/png',	'public',	'public',	2092,	'[]',	'[]',	'[]',	334,	'2021-11-01 20:13:39',	'2021-11-01 20:13:39'),
(523,	'panel_options',	199,	'8543b6d4-6b98-4db6-8d5a-d646c2b41a7a',	'diagram_img',	'6180125bb215a_3 Inj Points',	'6180125bb215a_3-Inj-Points.png',	'image/png',	'public',	'public',	4541,	'[]',	'[]',	'[]',	335,	'2021-11-01 20:14:22',	'2021-11-01 20:14:22'),
(524,	'panel_options',	200,	'd2ba0838-ab05-48c4-bc42-b585de938f5d',	'diagram_img',	'618012893377a_Inj points 4',	'618012893377a_Inj-points-4.png',	'image/png',	'public',	'public',	5016,	'[]',	'[]',	'[]',	336,	'2021-11-01 20:15:07',	'2021-11-01 20:15:07'),
(525,	'panel_options',	201,	'3bdb65c7-0a61-4e3a-9fc8-c61800a8cbd0',	'diagram_img',	'618013b8992ed_Modem',	'618013b8992ed_Modem.png',	'image/png',	'public',	'public',	16826,	'[]',	'[]',	'[]',	337,	'2021-11-01 20:20:12',	'2021-11-01 20:20:12'),
(529,	'panel_options',	188,	'182f23cb-c50b-4e73-80df-ed35c7bb0c93',	'diagram_img',	'618067e85ccf6_standart-left  Union-Gray Plumb  No corr Blnkpipe',	'618067e85ccf6_standart-left--Union-Gray-Plumb--No-corr-Blnkpipe.png',	'image/png',	'public',	'public',	10555,	'[]',	'[]',	'[]',	341,	'2021-11-02 02:19:23',	'2021-11-02 02:19:23'),
(530,	'panel_controllers',	61,	'71add91e-faad-488b-85db-71013cec62bc',	'sheets',	'61813b866b714_INTUITION.Final (002)',	'61813b866b714_INTUITION.Final-(002).pdf',	'application/pdf',	'public',	'public',	650406,	'[]',	'[]',	'[]',	342,	'2021-11-02 17:22:16',	'2021-11-02 17:22:16'),
(531,	'panel_controllers',	9,	'c5f9fec5-7687-4a05-841b-fc8817910fdb',	'sheets',	'61813ba515b3e_INTUITION.Final (002)',	'61813ba515b3e_INTUITION.Final-(002).pdf',	'application/pdf',	'public',	'public',	650406,	'[]',	'[]',	'[]',	343,	'2021-11-02 17:22:47',	'2021-11-02 17:22:47'),
(532,	'panel_controllers',	63,	'89670fce-f340-45c1-99aa-1b7549d98b60',	'sheets',	'61813c3ac5a74_180625_W600_Brochure---Copy',	'61813c3ac5a74_180625_W600_Brochure---Copy.pdf',	'application/pdf',	'public',	'public',	2133060,	'[]',	'[]',	'[]',	344,	'2021-11-02 17:25:16',	'2021-11-02 17:25:16'),
(533,	'panel_controllers',	64,	'0ae0a0a0-7d93-4270-bf63-6150c57e8f1f',	'sheets',	'61813c526d9ae_180625_W600_Brochure---Copy',	'61813c526d9ae_180625_W600_Brochure---Copy.pdf',	'application/pdf',	'public',	'public',	2133060,	'[]',	'[]',	'[]',	345,	'2021-11-02 17:25:39',	'2021-11-02 17:25:39'),
(535,	'panel_controllers',	64,	'8699eec8-c159-4831-adc0-edd2d8480799',	'diagram_img',	'6181525cddade_W600 Sized correctly',	'6181525cddade_W600-Sized-correctly.png',	'image/png',	'public',	'public',	21684,	'[]',	'[]',	'[]',	347,	'2021-11-02 18:59:45',	'2021-11-02 18:59:45'),
(536,	'App\\Models\\Quote',	116,	'e3b67861-1feb-4832-825a-ec81bda6f869',	'img',	'618435c64ab9c_chemtreat_bronze panel builder AWT',	'618435c64ab9c_chemtreat_bronze-panel-builder-AWT.png',	'image/png',	'public',	'public',	151866,	'[]',	'[]',	'[]',	348,	'2021-11-04 23:34:44',	'2021-11-04 23:34:44'),
(537,	'App\\Models\\Quote',	117,	'9f2a9ac8-9ed5-4211-b220-e782c302eb96',	'img',	'618436a68423b_chemtreat_bronze panel builder AWT',	'618436a68423b_chemtreat_bronze-panel-builder-AWT.png',	'image/png',	'public',	'public',	151866,	'[]',	'[]',	'[]',	349,	'2021-11-04 23:39:15',	'2021-11-04 23:39:15'),
(538,	'panel_options',	229,	'910aa6c4-0350-4b65-98ef-fb24e8bacabb',	'diagram_img',	'61858bf71e367_Modem',	'61858bf71e367_Modem.png',	'image/png',	'public',	'public',	16826,	'[]',	'[]',	'[]',	350,	'2021-11-05 23:54:45',	'2021-11-05 23:54:45'),
(564,	'panel_options',	154,	'670546b2-e880-4fff-836c-4d3e273b9431',	'diagram_img',	'619578392d61b_H2T-RM-007 and Ballcheck larger',	'619578392d61b_H2T-RM-007-and-Ballcheck-larger.png',	'image/png',	'public',	'public',	18633,	'[]',	'[]',	'[]',	375,	'2021-11-18 02:46:35',	'2021-11-18 02:46:35'),
(565,	'panel_options',	156,	'ea4fd9e3-0918-4c4d-8341-d2c55af5b0cb',	'diagram_img',	'6195784636b5a_H2T-RM-007-larger',	'6195784636b5a_H2T-RM-007-larger.png',	'image/png',	'public',	'public',	15809,	'[]',	'[]',	'[]',	376,	'2021-11-18 02:46:47',	'2021-11-18 02:46:47'),
(567,	'accessories',	114,	'dd89a49e-baed-4101-83d9-37257ac0f22e',	'sheets',	'61d619e7cb91d_MBV_Motorized Ball Valves',	'61d619e7cb91d_MBV_Motorized-Ball-Valves.pdf',	'application/pdf',	'public',	'public',	274949,	'[]',	'[]',	'[]',	378,	'2022-01-06 03:21:30',	'2022-01-06 03:21:30'),
(568,	'accessories',	115,	'c3780f34-f4f1-4682-a244-eedb87b0213d',	'sheets',	'61d619f6a8ab0_MBV_Motorized Ball Valves',	'61d619f6a8ab0_MBV_Motorized-Ball-Valves.pdf',	'application/pdf',	'public',	'public',	274949,	'[]',	'[]',	'[]',	379,	'2022-01-06 03:21:47',	'2022-01-06 03:21:47'),
(569,	'accessories',	116,	'2326cef8-e098-4642-81e2-d34e02dbc5d6',	'sheets',	'61d61a1667e22_MBV_Motorized Ball Valves',	'61d61a1667e22_MBV_Motorized-Ball-Valves.pdf',	'application/pdf',	'public',	'public',	274949,	'[]',	'[]',	'[]',	380,	'2022-01-06 03:22:15',	'2022-01-06 03:22:15'),
(570,	'accessories',	117,	'd4adb5ed-4a4b-4d7c-9f58-eee4319cc250',	'sheets',	'61d61a28b78da_MBV_Motorized Ball Valves',	'61d61a28b78da_MBV_Motorized-Ball-Valves.pdf',	'application/pdf',	'public',	'public',	274949,	'[]',	'[]',	'[]',	381,	'2022-01-06 03:22:34',	'2022-01-06 03:22:34'),
(577,	'App\\Models\\Manufacturer',	77,	'd1623d14-0025-4c50-83fb-e9e671652a60',	'logo',	'63add36e38d20_Lion',	'63add36e38d20_Lion.jfif',	'image/jpeg',	'public',	'public',	13911,	'[]',	'[]',	'[]',	386,	'2022-12-29 22:52:35',	'2022-12-29 22:52:35'),
(578,	'App\\Models\\Manufacturer',	78,	'afe09944-7d62-48e8-83e2-f4651905a751',	'logo',	'63add36e38d20_Lion',	'63add36e38d20_Lion.jfif',	'image/jpeg',	'public',	'public',	13911,	'[]',	'[]',	'[]',	387,	'2022-12-29 22:53:13',	'2022-12-29 22:53:13'),
(579,	'App\\Models\\Manufacturer',	79,	'18f904aa-ae23-40bb-975d-0756a5ff7a45',	'logo',	'63add4a1b40b8_Lion',	'63add4a1b40b8_Lion.jfif',	'image/jpeg',	'public',	'public',	13911,	'[]',	'[]',	'[]',	388,	'2022-12-29 22:55:56',	'2022-12-29 22:55:56'),
(580,	'App\\Models\\Manufacturer',	81,	'dac9c50e-a347-4f66-b519-16f66359191a',	'logo',	'63add5084995e_Catimages',	'63add5084995e_Catimages.jpg',	'image/jpeg',	'public',	'public',	4211,	'[]',	'[]',	'[]',	389,	'2022-12-29 22:57:31',	'2022-12-29 22:57:31'),
(581,	'App\\Models\\Manufacturer',	82,	'cd012cad-075b-43ac-b0c3-e8fe0f4326ef',	'logo',	'63add5084995e_Catimages',	'63add5084995e_Catimages.jpg',	'image/jpeg',	'public',	'public',	4211,	'[]',	'[]',	'[]',	390,	'2022-12-29 23:02:33',	'2022-12-29 23:02:33'),
(582,	'App\\Models\\Manufacturer',	83,	'7963faf0-69ad-4d9f-9ed7-3e6757789c0f',	'logo',	'63add5084995e_Catimages',	'63add5084995e_Catimages.jpg',	'image/jpeg',	'public',	'public',	4211,	'[]',	'[]',	'[]',	391,	'2022-12-29 23:02:36',	'2022-12-29 23:02:36'),
(583,	'App\\Models\\Manufacturer',	84,	'5e8e136b-6225-4bc5-9a47-299d8b6ba6d8',	'logo',	'63add5084995e_Catimages',	'63add5084995e_Catimages.jpg',	'image/jpeg',	'public',	'public',	4211,	'[]',	'[]',	'[]',	392,	'2022-12-29 23:02:37',	'2022-12-29 23:02:37'),
(584,	'App\\Models\\Manufacturer',	85,	'd6ad5404-77d0-4648-ba0f-7381659d97bd',	'logo',	'63add5084995e_Catimages',	'63add5084995e_Catimages.jpg',	'image/jpeg',	'public',	'public',	4211,	'[]',	'[]',	'[]',	393,	'2022-12-29 23:02:38',	'2022-12-29 23:02:38'),
(585,	'panel_controllers',	72,	'f9ad3ccc-9823-4696-9092-9f5acd29e67d',	'diagram_img',	'63adda7908959_Lion',	'63adda7908959_Lion.jfif',	'image/jpeg',	'public',	'public',	13911,	'[]',	'[]',	'[]',	394,	'2022-12-29 23:20:44',	'2022-12-29 23:20:44'),
(586,	'sensors',	80,	'71e9fdef-ba2b-4f38-869e-f7b6e15ebdcd',	'diagram_img',	'63addd85dde9f_framework-architecture',	'63addd85dde9f_framework-architecture.png',	'image/png',	'public',	'public',	11082,	'[]',	'[]',	'[]',	395,	'2022-12-29 23:33:44',	'2022-12-29 23:33:44'),
(587,	'panel_controllers',	74,	'912b928c-ae49-4012-bee9-6a2ccdf349a5',	'diagram_img',	'643d55319ab6a_Catimages',	'643d55319ab6a_Catimages.jpg',	'image/jpeg',	'public',	'public',	4211,	'[]',	'[]',	'[]',	396,	'2023-04-17 18:18:28',	'2023-04-17 18:18:28'),
(589,	'panel_controllers',	63,	'6d913a00-aba9-47ec-95c0-e981a60c5bca',	'diagram_img',	'64d123531290a_W6 Int',	'64d123531290a_W6-Int.png',	'image/png',	'public',	'public',	35203,	'[]',	'[]',	'[]',	398,	'2023-08-07 17:01:08',	'2023-08-07 17:01:08'),
(592,	'sensors',	54,	'6aa789d6-0c5c-441c-b078-769e267a9aa8',	'diagram_img',	'64d12475b0cbf_191198-25 bigger',	'64d12475b0cbf_191198-25-bigger.png',	'image/png',	'public',	'public',	10710,	'[]',	'[]',	'[]',	400,	'2023-08-07 17:06:01',	'2023-08-07 17:06:01'),
(594,	'sensors',	56,	'e02b009a-8291-4ac6-8c4a-9aa4795a64f8',	'diagram_img',	'64d124b0647df_191198-25 bigger',	'64d124b0647df_191198-25-bigger.png',	'image/png',	'public',	'public',	10710,	'[]',	'[]',	'[]',	401,	'2023-08-07 17:06:59',	'2023-08-07 17:06:59'),
(604,	'App\\Models\\Quote',	156,	'd9365668-efe4-46fc-afe5-2700958b8db4',	'img',	'64d2360b65ed8_60b939847d316_WALCHEM-WCT900-07',	'64d2360b65ed8_60b939847d316_WALCHEM-WCT900-07.svg',	'image/svg',	'public',	'public',	50445,	'[]',	'[]',	'[]',	406,	'2023-08-08 12:33:19',	'2023-08-08 12:33:19'),
(606,	'panel_controllers',	61,	'dc5203a6-5dcc-4afe-b939-59a904ac0d6c',	'diagram_img',	'64d26571e1159_inutition (1)',	'64d26571e1159_inutition-(1).png',	'image/png',	'public',	'public',	73643,	'[]',	'[]',	'[]',	408,	'2023-08-08 15:55:32',	'2023-08-08 15:55:32'),
(607,	'panel_controllers',	9,	'efcd0b23-93b8-441f-bc3f-81a4c8c8a19e',	'diagram_img',	'64d2658132338_inutition (1)',	'64d2658132338_inutition-(1).png',	'image/png',	'public',	'public',	73643,	'[]',	'[]',	'[]',	409,	'2023-08-08 15:55:46',	'2023-08-08 15:55:46'),
(608,	'panel_options',	12,	'e70fdd18-ea9e-4ba6-8688-af080168e188',	'diagram_img',	'64d266338d55f_Modem',	'64d266338d55f_Modem.png',	'image/png',	'public',	'public',	16826,	'[]',	'[]',	'[]',	410,	'2023-08-08 15:58:45',	'2023-08-08 15:58:45'),
(609,	'panel_options',	111,	'33ec9763-0d48-4bc2-ab23-65d8e5100d29',	'diagram_img',	'64d2666ee6478_Modem',	'64d2666ee6478_Modem.png',	'image/png',	'public',	'public',	16826,	'[]',	'[]',	'[]',	411,	'2023-08-08 15:59:45',	'2023-08-08 15:59:45'),
(610,	'panel_options',	231,	'9f7094f9-fb4f-48ed-a457-f084f28cce7b',	'diagram_img',	'64d26693ec05f_MiniModem',	'64d26693ec05f_MiniModem.png',	'image/png',	'public',	'public',	13789,	'[]',	'[]',	'[]',	412,	'2023-08-08 16:00:21',	'2023-08-08 16:00:21'),
(611,	'panel_options',	232,	'4b432a9b-39e1-4184-b411-db41873810c0',	'diagram_img',	'64d266aac2f1a_Modem',	'64d266aac2f1a_Modem.png',	'image/png',	'public',	'public',	16826,	'[]',	'[]',	'[]',	413,	'2023-08-08 16:00:44',	'2023-08-08 16:00:44'),
(612,	'sensors',	77,	'f4f038e6-8913-45bd-8839-59cdd3ca0cc4',	'diagram_img',	'64d266e229bff_WEL-MVR-NN-25 Larger',	'64d266e229bff_WEL-MVR-NN-25-Larger.png',	'image/png',	'public',	'public',	14316,	'[]',	'[]',	'[]',	414,	'2023-08-08 16:01:39',	'2023-08-08 16:01:39'),
(613,	'sensors',	57,	'cd49242f-a2ff-4020-baef-4258b020c344',	'diagram_img',	'64d26711262d1_WEL-MVR-NN-25 Larger',	'64d26711262d1_WEL-MVR-NN-25-Larger.png',	'image/png',	'public',	'public',	14316,	'[]',	'[]',	'[]',	415,	'2023-08-08 16:02:27',	'2023-08-08 16:02:27'),
(614,	'sensors',	78,	'7ef61f4e-3458-4856-a69c-343bbae6a9c3',	'diagram_img',	'64d2673f5c587_WEL-MVR-NN-25 Larger',	'64d2673f5c587_WEL-MVR-NN-25-Larger.png',	'image/png',	'public',	'public',	14316,	'[]',	'[]',	'[]',	416,	'2023-08-08 16:03:12',	'2023-08-08 16:03:12'),
(615,	'sensors',	41,	'5bc41bc1-ed10-4126-bba6-3d254fa744ec',	'diagram_img',	'64d267511ac67_WEL-MVR-NN-25 Larger',	'64d267511ac67_WEL-MVR-NN-25-Larger.png',	'image/png',	'public',	'public',	14316,	'[]',	'[]',	'[]',	417,	'2023-08-08 16:03:30',	'2023-08-08 16:03:30'),
(616,	'sensors',	40,	'c0b98537-3a5d-4cc2-8539-7c8e5e57a603',	'diagram_img',	'64d2675db4440_WEL-MVR-NN-25 Larger',	'64d2675db4440_WEL-MVR-NN-25-Larger.png',	'image/png',	'public',	'public',	14316,	'[]',	'[]',	'[]',	418,	'2023-08-08 16:03:42',	'2023-08-08 16:03:42'),
(619,	'sensors',	46,	'9292a734-1df1-4dfb-ba4b-6fd2018a23b4',	'diagram_img',	'64d2682f7f775_Single Corrosion',	'64d2682f7f775_Single-Corrosion.png',	'image/png',	'public',	'public',	5186,	'[]',	'[]',	'[]',	421,	'2023-08-08 16:07:13',	'2023-08-08 16:07:13'),
(620,	'sensors',	55,	'24da172b-a0c6-49a4-9238-a0e0e9447e38',	'diagram_img',	'64d2685be476c_Two Corrosion',	'64d2685be476c_Two-Corrosion.png',	'image/png',	'public',	'public',	6628,	'[]',	'[]',	'[]',	422,	'2023-08-08 16:07:58',	'2023-08-08 16:07:58'),
(621,	'sensors',	66,	'0a30f849-7617-4e74-9e7b-6a9ffbcc97eb',	'diagram_img',	'64d268893a098_Single Corrosion Pyxis',	'64d268893a098_Single-Corrosion-Pyxis.png',	'image/png',	'public',	'public',	5202,	'[]',	'[]',	'[]',	423,	'2023-08-08 16:08:43',	'2023-08-08 16:08:43'),
(622,	'sensors',	67,	'0eeb23ea-9e99-4a75-bd47-1db25839970d',	'diagram_img',	'64d268b2b4c73_Two Corrosion Pyxis',	'64d268b2b4c73_Two-Corrosion-Pyxis.png',	'image/png',	'public',	'public',	7602,	'[]',	'[]',	'[]',	424,	'2023-08-08 16:09:24',	'2023-08-08 16:09:24'),
(623,	'panel_options',	142,	'f4d95c41-0f2d-4228-a19d-1fd3146ed6b1',	'diagram_img',	'64d268e4537af_190997-L 25 larger',	'64d268e4537af_190997-L-25-larger.png',	'image/png',	'public',	'public',	4513,	'[]',	'[]',	'[]',	425,	'2023-08-08 16:10:19',	'2023-08-08 16:10:19'),
(624,	'panel_options',	124,	'794dd9f9-f330-45c2-8c73-d006ca7898f7',	'diagram_img',	'64d26983f1333_190997-L 25 larger',	'64d26983f1333_190997-L-25-larger.png',	'image/png',	'public',	'public',	4513,	'[]',	'[]',	'[]',	426,	'2023-08-08 16:12:53',	'2023-08-08 16:12:53'),
(625,	'panel_options',	95,	'1d10032e-932e-4d4e-8f74-b09d80c3bccf',	'diagram_img',	'64d26add76d16_standart-left  Union-Gray Plumb  No corr Blnkpipe',	'64d26add76d16_standart-left--Union-Gray-Plumb--No-corr-Blnkpipe.png',	'image/png',	'public',	'public',	10555,	'[]',	'[]',	'[]',	427,	'2023-08-08 16:18:41',	'2023-08-08 16:18:41'),
(626,	'panel_options',	96,	'10d19fb4-0214-4384-8366-6718e886a696',	'diagram_img',	'64d26af4b2968_standart-left  4 Union- No corr Blnkpipe',	'64d26af4b2968_standart-left--4-Union--No-corr-Blnkpipe.png',	'image/png',	'public',	'public',	13181,	'[]',	'[]',	'[]',	428,	'2023-08-08 16:19:03',	'2023-08-08 16:19:03'),
(627,	'panel_options',	97,	'54099c4c-3b00-415e-a401-bc45be3bc2e1',	'diagram_img',	'64d26b1316789_camlockleftBlank Gray Pipe',	'64d26b1316789_camlockleftBlank-Gray-Pipe.png',	'image/png',	'public',	'public',	11187,	'[]',	'[]',	'[]',	429,	'2023-08-08 16:19:32',	'2023-08-08 16:19:32'),
(628,	'panel_options',	98,	'a2933167-605c-4de1-91f9-19c62a4e74ab',	'diagram_img',	'64d26b1f03377_camlockleftBlank 4 unit',	'64d26b1f03377_camlockleftBlank-4-unit.png',	'image/png',	'public',	'public',	14635,	'[]',	'[]',	'[]',	430,	'2023-08-08 16:19:45',	'2023-08-08 16:19:45'),
(633,	'panel_options',	65,	'6b576203-3e7d-484d-90ca-606a2cc4c9ec',	'diagram_img',	'64d2bb553ff04_Lakos-T2C-100-30',	'64d2bb553ff04_Lakos-T2C-100-30.png',	'image/png',	'public',	'public',	7024,	'[]',	'[]',	'[]',	435,	'2023-08-08 22:02:00',	'2023-08-08 22:02:00'),
(634,	'panel_options',	66,	'e5a9715c-f7c7-4a0b-88bf-8c3fbef9dd50',	'diagram_img',	'64d2bb68a5e9b_Ron-Vik',	'64d2bb68a5e9b_Ron-Vik.png',	'image/png',	'public',	'public',	2193,	'[]',	'[]',	'[]',	436,	'2023-08-08 22:02:18',	'2023-08-08 22:02:18'),
(635,	'panel_options',	67,	'fcd7242a-708e-40ce-a085-fe5def94724c',	'diagram_img',	'64d2bb764125c_Asahi-Strainer-RTL',	'64d2bb764125c_Asahi-Strainer-RTL.png',	'image/png',	'public',	'public',	7706,	'[]',	'[]',	'[]',	437,	'2023-08-08 22:02:31',	'2023-08-08 22:02:31'),
(636,	'panel_options',	68,	'489d5361-dd7a-4ef8-b6c9-ad3aee4b8895',	'diagram_img',	'64d2bb83da6fe_Banjo-Strainer-RTL',	'64d2bb83da6fe_Banjo-Strainer-RTL.png',	'image/png',	'public',	'public',	6159,	'[]',	'[]',	'[]',	438,	'2023-08-08 22:02:45',	'2023-08-08 22:02:45'),
(638,	'panel_options',	123,	'a0d5fa88-1b4e-4784-ab09-e8380a39decd',	'diagram_img',	'64d2bf0f106fa_190997-L 25 larger',	'64d2bf0f106fa_190997-L-25-larger.png',	'image/png',	'public',	'public',	4513,	'[]',	'[]',	'[]',	440,	'2023-08-08 22:17:53',	'2023-08-08 22:17:53'),
(642,	'panel_controllers',	5,	'65abe13a-bc97-4b5e-9490-765586d94c3d',	'diagram_img',	'64de2c605a383_64d26554b2d86_W6-Int',	'64de2c605a383_64d26554b2d86_W6-Int.png',	'image/png',	'public',	'public',	35203,	'[]',	'[]',	'[]',	441,	'2023-08-17 14:19:13',	'2023-08-17 14:19:13'),
(643,	'sensors',	81,	'aee2c414-1645-4ad9-9eeb-c19562e504c9',	'diagram_img',	'64e66c91cb1aa_WEL-MVR-NN-25 Larger',	'64e66c91cb1aa_WEL-MVR-NN-25-Larger.png',	'image/png',	'public',	'public',	14316,	'[]',	'[]',	'[]',	442,	'2023-08-23 20:31:16',	'2023-08-23 20:31:16'),
(649,	'panel_options',	119,	'e17c9bfc-69bb-4954-b4d0-9b720948ef7f',	'diagram_img',	'64e67a216e107_2 Pump Shelf',	'64e67a216e107_2-Pump-Shelf.png',	'image/png',	'public',	'public',	1937,	'[]',	'[]',	'[]',	448,	'2023-08-23 21:29:07',	'2023-08-23 21:29:07'),
(650,	'panel_options',	120,	'6a8bb1e3-1e59-481f-b722-1a8560e6e081',	'diagram_img',	'64e67a2eb3d0f_3 pump shelf',	'64e67a2eb3d0f_3-pump-shelf.png',	'image/png',	'public',	'public',	3211,	'[]',	'[]',	'[]',	449,	'2023-08-23 21:29:20',	'2023-08-23 21:29:20'),
(651,	'panel_options',	240,	'ba1990db-5597-4b16-844a-def80a5e5639',	'diagram_img',	'64ee345785c0e_4 Pump Shelf',	'64ee345785c0e_4-Pump-Shelf.png',	'image/png',	'public',	'public',	3298,	'[]',	'[]',	'[]',	450,	'2023-08-29 18:09:29',	'2023-08-29 18:09:29'),
(652,	'panel_options',	241,	'45f7d7bc-bbe4-47c6-af1c-3474eaf98e93',	'diagram_img',	'64ee34db0447d_4 Pump Shelf',	'64ee34db0447d_4-Pump-Shelf.png',	'image/png',	'public',	'public',	3298,	'[]',	'[]',	'[]',	451,	'2023-08-29 18:11:44',	'2023-08-29 18:11:44'),
(654,	'accessories',	118,	'0873e4c8-a429-467e-9f34-31ea086bedf1',	'sheets',	'6515e8a974573_180165_EZ11_Brochure',	'6515e8a974573_180165_EZ11_Brochure.pdf',	'application/pdf',	'public',	'public',	1312201,	'[]',	'[]',	'[]',	453,	'2023-09-28 20:57:15',	'2023-09-28 20:57:15'),
(655,	'accessories',	119,	'd17bf297-21c9-4c8a-a238-b092accd3e26',	'sheets',	'6515e8c476a84_180165_EZ11_Brochure',	'6515e8c476a84_180165_EZ11_Brochure.pdf',	'application/pdf',	'public',	'public',	1312201,	'[]',	'[]',	'[]',	454,	'2023-09-28 20:57:42',	'2023-09-28 20:57:42'),
(656,	'accessories',	63,	'8df9adc8-0c7b-492e-91c2-ef8bb1330dbd',	'sheets',	'6515e9b434652_97721064_DDE_610_',	'6515e9b434652_97721064_DDE_610_.pdf',	'application/pdf',	'public',	'public',	241606,	'[]',	'[]',	'[]',	455,	'2023-09-28 21:01:43',	'2023-09-28 21:01:43'),
(657,	'accessories',	62,	'57e6072c-ff7d-470f-8dc7-2d0eef17b69d',	'sheets',	'6515ea22eb814_97721076_DDE_610_',	'6515ea22eb814_97721076_DDE_610_.pdf',	'application/pdf',	'public',	'public',	241390,	'[]',	'[]',	'[]',	456,	'2023-09-28 21:03:32',	'2023-09-28 21:03:32'),
(658,	'accessories',	100,	'15c45a4a-4418-461c-9adf-aa4f773b740c',	'sheets',	'6515ea7f097e8_MJ-MJH-Series',	'6515ea7f097e8_MJ-MJH-Series.pdf',	'application/pdf',	'public',	'public',	1619868,	'[]',	'[]',	'[]',	457,	'2023-09-28 21:05:04',	'2023-09-28 21:05:04'),
(659,	'accessories',	102,	'1712f7cf-8003-4e7d-abde-dbae70a81326',	'sheets',	'6515ead65d7c2_B224+LF120US Data Sheet',	'6515ead65d7c2_B224+LF120US-Data-Sheet.pdf',	'application/pdf',	'public',	'public',	189159,	'[]',	'[]',	'[]',	458,	'2023-09-28 21:06:35',	'2023-09-28 21:06:35'),
(660,	'App\\Models\\Elbow',	1,	'ff87620a-d0bd-46d3-9870-0dfcae1c5c99',	'diagram_img',	'651a56333de8d_rt',	'651a56333de8d_rt.png',	'image/png',	'public',	'public',	418,	'[]',	'[]',	'[]',	459,	'2023-10-02 05:33:39',	'2023-10-02 05:33:39'),
(661,	'App\\Models\\Elbow',	2,	'c728c9b2-aa7a-49ef-9fd5-b5b8bc631533',	'diagram_img',	'651a5649aacd7_rb',	'651a5649aacd7_rb.png',	'image/png',	'public',	'public',	383,	'[]',	'[]',	'[]',	460,	'2023-10-02 05:34:02',	'2023-10-02 05:34:02'),
(662,	'App\\Models\\Elbow',	3,	'cc35ea3d-f927-4f93-aff1-5786a41d0823',	'diagram_img',	'651a5675c69ef_lt',	'651a5675c69ef_lt.png',	'image/png',	'public',	'public',	391,	'[]',	'[]',	'[]',	461,	'2023-10-02 05:34:47',	'2023-10-02 05:34:47'),
(663,	'App\\Models\\Elbow',	4,	'308ce456-5105-4445-b418-93d878dc9990',	'diagram_img',	'651a568d137cc_lb',	'651a568d137cc_lb.png',	'image/png',	'public',	'public',	403,	'[]',	'[]',	'[]',	462,	'2023-10-02 05:35:09',	'2023-10-02 05:35:09'),
(665,	'sensors',	64,	'91e5c0b9-c3b0-4874-85e1-0fa213b50895',	'diagram_img',	'652823c4e9909_ST500-PYXIS-V larger1 A',	'652823c4e9909_ST500-PYXIS-V-larger1-A.png',	'image/png',	'public',	'public',	14116,	'[]',	'[]',	'[]',	463,	'2023-10-12 16:50:15',	'2023-10-12 16:50:15'),
(666,	'sensors',	61,	'837de2b7-103b-4690-bf72-76edb08bbae9',	'diagram_img',	'652823d934367_ST500-PYXIS-V larger1 A',	'652823d934367_ST500-PYXIS-V-larger1-A.png',	'image/png',	'public',	'public',	14116,	'[]',	'[]',	'[]',	464,	'2023-10-12 16:50:35',	'2023-10-12 16:50:35'),
(667,	'sensors',	62,	'1b25d066-3665-4bb9-b215-748fe40e392b',	'diagram_img',	'652823f0eca2e_2800-000-A-1 larger A',	'652823f0eca2e_2800-000-A-1-larger-A.png',	'image/png',	'public',	'public',	1909,	'[]',	'[]',	'[]',	465,	'2023-10-12 16:50:59',	'2023-10-12 16:50:59'),
(668,	'panel_options',	106,	'ab0295e6-0ada-4554-b2e4-c43079eeabb5',	'diagram_img',	'6528241651fa7_H2T-RM-007-larger A',	'6528241651fa7_H2T-RM-007-larger-A.png',	'image/png',	'public',	'public',	10062,	'[]',	'[]',	'[]',	466,	'2023-10-12 16:51:36',	'2023-10-12 16:51:36'),
(669,	'panel_options',	109,	'9cdb55e0-c9f7-4f4f-9517-c354dff2415f',	'diagram_img',	'6528248ca9ea7_CV100-TTB a',	'6528248ca9ea7_CV100-TTB-a.png',	'image/png',	'public',	'public',	885,	'[]',	'[]',	'[]',	467,	'2023-10-12 16:53:34',	'2023-10-12 16:53:34'),
(670,	'panel_options',	81,	'5f4851b1-24a4-4e8c-b556-ade8a9e42b93',	'diagram_img',	'6528249e20aab_HAYWARD-ball-valve H A',	'6528249e20aab_HAYWARD-ball-valve-H-A.png',	'image/png',	'public',	'public',	1519,	'[]',	'[]',	'[]',	468,	'2023-10-12 16:53:52',	'2023-10-12 16:53:52'),
(671,	'panel_options',	82,	'f2bec870-cadd-4daa-a438-cd78eba339c2',	'diagram_img',	'652824ac37ac1_HAYWARD-Tru Union Ball-Valve-1-H A',	'652824ac37ac1_HAYWARD-Tru-Union-Ball-Valve-1-H-A.png',	'image/png',	'public',	'public',	2603,	'[]',	'[]',	'[]',	469,	'2023-10-12 16:54:05',	'2023-10-12 16:54:05'),
(672,	'panel_options',	233,	'10596aad-6da7-4798-a222-c7f1cba0fdc0',	'diagram_img',	'652824c878359_PPSV010822W-ttb A',	'652824c878359_PPSV010822W-ttb-A.png',	'image/png',	'public',	'public',	1034,	'[]',	'[]',	'[]',	470,	'2023-10-12 16:54:33',	'2023-10-12 16:54:33'),
(673,	'panel_options',	131,	'7baca5c5-e81c-413f-8e76-2d7c3f1077c7',	'diagram_img',	'652824e0da4dc_Tee Inj A',	'652824e0da4dc_Tee-Inj-A.png',	'image/png',	'public',	'public',	1182,	'[]',	'[]',	'[]',	471,	'2023-10-12 16:54:58',	'2023-10-12 16:54:58'),
(674,	'panel_options',	132,	'c5410a44-e6da-4947-8273-bec8d19d2738',	'diagram_img',	'652824f04ccd1_Tee Inj A',	'652824f04ccd1_Tee-Inj-A.png',	'image/png',	'public',	'public',	1182,	'[]',	'[]',	'[]',	472,	'2023-10-12 16:55:13',	'2023-10-12 16:55:13'),
(675,	'panel_options',	133,	'600b8923-2bc6-4735-9335-fa9793808891',	'diagram_img',	'652824fe71ce9_Inj points 2 A',	'652824fe71ce9_Inj-points-2-A.png',	'image/png',	'public',	'public',	1722,	'[]',	'[]',	'[]',	473,	'2023-10-12 16:55:28',	'2023-10-12 16:55:28'),
(676,	'panel_options',	135,	'5fb2a64a-5ec8-4035-97b9-88c3c0c8b14e',	'diagram_img',	'65282520d1181_Inj points 4 A',	'65282520d1181_Inj-points-4-A.png',	'image/png',	'public',	'public',	2491,	'[]',	'[]',	'[]',	474,	'2023-10-12 16:56:02',	'2023-10-12 16:56:02'),
(677,	'panel_options',	139,	'5e5e09aa-ab86-499b-ba94-ef71161d7134',	'diagram_img',	'6528252d4bdd4_3 Inj Points A',	'6528252d4bdd4_3-Inj-Points-A.png',	'image/png',	'public',	'public',	2222,	'[]',	'[]',	'[]',	475,	'2023-10-12 16:56:14',	'2023-10-12 16:56:14'),
(678,	'App\\Models\\Elbow',	5,	'5b5934b2-c574-42f5-8a74-e09caf102666',	'diagram_img',	'65295195d6998_t-Right',	'65295195d6998_t-Right.png',	'image/png',	'public',	'public',	724,	'[]',	'[]',	'[]',	476,	'2023-10-13 14:18:00',	'2023-10-13 14:18:00'),
(679,	'App\\Models\\Elbow',	6,	'05b17cfa-757d-4ded-830c-44d34122e9a8',	'diagram_img',	'652951b54cd2f_t-left',	'652951b54cd2f_t-left.png',	'image/png',	'public',	'public',	727,	'[]',	'[]',	'[]',	477,	'2023-10-13 14:18:31',	'2023-10-13 14:18:31'),
(680,	'panel_controllers',	81,	'0e2b3789-a89b-4e80-aebc-66c511b6fbc8',	'diagram_img',	'652fe286a9dcf_MegaTouch',	'652fe286a9dcf_MegaTouch.png',	'image/png',	'public',	'public',	8611,	'[]',	'[]',	'[]',	478,	'2023-10-18 13:49:59',	'2023-10-18 13:49:59'),
(681,	'panel_controllers',	81,	'c88f8d4f-c4c2-45a3-b66f-a96d4e28b56b',	'sheets',	'652fe27f42ef0_ZDEVICLIENT2',	'652fe27f42ef0_ZDEVICLIENT2.pdf',	'application/pdf',	'public',	'public',	77358,	'[]',	'[]',	'[]',	479,	'2023-10-18 13:49:59',	'2023-10-18 13:49:59');

CREATE TABLE `migrations` (
  `id` int unsigned NOT NULL AUTO_INCREMENT,
  `migration` varchar(255) CHARACTER SET utf8mb4 COLLATE utf8mb4_unicode_ci NOT NULL,
  `batch` int NOT NULL,
  PRIMARY KEY (`id`) USING BTREE
) ENGINE=InnoDB DEFAULT CHARSET=utf8mb4 COLLATE=utf8mb4_unicode_ci;

INSERT INTO `migrations` (`id`, `migration`, `batch`) VALUES
(1,	'2014_10_12_100000_create_password_resets_table',	1),
(2,	'2019_12_14_000001_create_personal_access_tokens_table',	1),
(3,	'2021_04_16_000001_create_media_table',	1),
(4,	'2021_04_16_000002_create_organizations_table',	1),
(5,	'2021_04_16_000003_create_categories_table',	1),
(6,	'2021_04_16_000004_create_accessories_table',	1),
(7,	'2021_04_16_000005_create_discount_profiles_table',	1),
(8,	'2021_04_16_000006_create_panel_options_table',	1),
(9,	'2021_04_16_000007_create_sensors_table',	1),
(10,	'2021_04_16_000008_create_cards_table',	1),
(11,	'2021_04_16_000009_create_permissions_table',	1),
(12,	'2021_04_16_000010_create_manufacturers_table',	1),
(13,	'2021_04_16_000011_create_parts_table',	1),
(14,	'2021_04_16_000012_create_panel_controllers_table',	1),
(15,	'2021_04_16_000013_create_users_table',	1),
(16,	'2021_04_16_000014_create_roles_table',	1),
(17,	'2021_04_16_000015_create_quotes_table',	1),
(18,	'2021_04_16_000016_create_panel_option_quote_pivot_table',	1),
(19,	'2021_04_16_000017_create_quote_sensor_pivot_table',	1),
(20,	'2021_04_16_000018_create_card_quote_pivot_table',	1),
(21,	'2021_04_16_000019_create_panel_controller_panel_option_pivot_table',	1),
(22,	'2021_04_16_000020_create_organization_user_pivot_table',	1),
(23,	'2021_04_16_000021_create_discount_profile_organization_pivot_table',	1),
(24,	'2021_04_16_000022_create_card_panel_controller_pivot_table',	1),
(25,	'2021_04_16_000023_create_accessory_quote_pivot_table',	1),
(26,	'2021_04_16_000024_create_card_sensor_pivot_table',	1),
(27,	'2021_04_16_000025_create_permission_role_pivot_table',	1),
(28,	'2021_04_16_000026_create_role_user_pivot_table',	1),
(29,	'2021_04_16_000027_add_relationship_fields_to_accessories_table',	1),
(30,	'2021_04_16_000028_add_relationship_fields_to_discount_profiles_table',	1),
(31,	'2021_04_16_000029_add_relationship_fields_to_quotes_table',	1),
(32,	'2021_04_16_000030_add_relationship_fields_to_users_table',	1),
(33,	'2021_04_16_000031_add_relationship_fields_to_panel_options_table',	1),
(34,	'2021_04_16_000032_add_relationship_fields_to_sensors_table',	1),
(35,	'2021_04_16_000033_add_relationship_fields_to_cards_table',	1),
(36,	'2021_04_16_000034_add_relationship_fields_to_panel_controllers_table',	1),
(37,	'2021_04_16_000035_add_relationship_fields_to_categories_table',	1),
(38,	'2021_05_06_064158_add_changes_to_quote_for_polymorphic_relations',	2),
(39,	'2021_05_07_084138_add_quote_id_to_quote_items',	3),
(40,	'2021_05_08_110840_add_model_number_to_quote',	4),
(41,	'2021_05_08_115505_add_communication_flag_to_options',	5),
(42,	'2023_09_22_124047_create_elbows_table',	6),
(44,	'2023_10_09_054920_create_deleted_users_table',	7),
(45,	'2023_11_03_130057_add_sample_value_field_in_panel_controllers_table',	8),
(46,	'2023_11_16_124444_add_field_to_pricing_options_table',	9);

CREATE TABLE `option_option` (
  `option_1` int NOT NULL,
  `option_2` int NOT NULL
) ENGINE=InnoDB DEFAULT CHARSET=utf8mb3;

INSERT INTO `option_option` (`option_1`, `option_2`) VALUES
(5,	54),
(57,	54),
(54,	57),
(64,	94),
(88,	86),
(89,	86),
(90,	86),
(91,	86),
(92,	86),
(93,	86),
(94,	86),
(79,	94),
(85,	90),
(86,	94);

CREATE TABLE `organization_panel_controller` (
  `panel_controller_id` int NOT NULL,
  `organization_id` int NOT NULL
) ENGINE=InnoDB DEFAULT CHARSET=utf8mb3;

INSERT INTO `organization_panel_controller` (`panel_controller_id`, `organization_id`) VALUES
(9,	126),
(9,	1),
(9,	16),
(9,	18),
(9,	19),
(9,	20),
(9,	22),
(9,	23),
(9,	24),
(9,	25),
(9,	26),
(9,	27),
(9,	28),
(9,	29),
(9,	30),
(9,	31),
(9,	32),
(9,	33),
(9,	34),
(9,	36),
(9,	37),
(9,	38),
(9,	39),
(9,	40),
(9,	41),
(9,	42),
(9,	43),
(9,	44),
(9,	46),
(9,	45),
(9,	47),
(9,	48),
(9,	49),
(9,	50),
(9,	51),
(9,	53),
(9,	55),
(9,	56),
(9,	13),
(9,	76),
(9,	71),
(9,	74),
(9,	78),
(9,	80),
(9,	77),
(9,	81),
(9,	83),
(9,	84),
(9,	87),
(9,	89),
(9,	91),
(9,	94),
(9,	95),
(9,	92),
(9,	90),
(9,	88),
(9,	86),
(9,	85),
(9,	82),
(9,	79),
(9,	75),
(9,	73),
(9,	72),
(9,	70),
(9,	69),
(9,	67),
(9,	66),
(9,	64),
(9,	63),
(9,	62),
(9,	61),
(9,	59),
(9,	58),
(9,	54),
(9,	65),
(9,	52),
(9,	21),
(8,	126),
(8,	1),
(8,	16),
(8,	18),
(8,	19),
(8,	20),
(8,	22),
(8,	23),
(8,	24),
(8,	25),
(8,	26),
(8,	27),
(8,	28),
(8,	29),
(8,	30),
(8,	31),
(8,	32),
(8,	33),
(8,	34),
(8,	36),
(8,	37),
(8,	38),
(8,	39),
(8,	40),
(8,	41),
(8,	42),
(8,	43),
(8,	44),
(8,	46),
(8,	45),
(8,	47),
(8,	48),
(8,	49),
(8,	50),
(8,	51),
(8,	53),
(8,	55),
(8,	56),
(8,	13),
(8,	57),
(8,	76),
(8,	71),
(8,	74),
(8,	78),
(8,	80),
(8,	77),
(8,	81),
(8,	83),
(8,	84),
(8,	87),
(8,	89),
(8,	91),
(8,	94),
(8,	95),
(8,	92),
(8,	90),
(8,	88),
(8,	86),
(8,	85),
(8,	82),
(8,	79),
(8,	75),
(8,	73),
(8,	72),
(8,	70),
(8,	69),
(8,	107),
(8,	68),
(8,	125),
(8,	67),
(8,	66),
(8,	64),
(8,	63),
(8,	62),
(8,	61),
(8,	59),
(8,	58),
(8,	54),
(8,	65),
(8,	52),
(8,	21),
(13,	126),
(13,	1),
(13,	16),
(13,	18),
(13,	19),
(13,	20),
(13,	22),
(13,	23),
(13,	24),
(13,	25),
(13,	26),
(13,	27),
(13,	28),
(13,	29),
(13,	30),
(13,	31),
(13,	32),
(13,	33),
(13,	34),
(13,	36),
(13,	37),
(13,	38),
(13,	39),
(13,	40),
(13,	41),
(13,	42),
(13,	43),
(13,	44),
(13,	46),
(13,	45),
(13,	47),
(13,	48),
(13,	49),
(13,	50),
(13,	51),
(13,	53),
(13,	55),
(13,	56),
(13,	13),
(13,	57),
(13,	76),
(13,	71),
(13,	74),
(13,	78),
(13,	80),
(13,	77),
(13,	81),
(13,	83),
(13,	84),
(13,	87),
(13,	89),
(13,	91),
(13,	94),
(13,	95),
(13,	92),
(13,	90),
(13,	88),
(13,	86),
(13,	85),
(13,	82),
(13,	79),
(13,	75),
(13,	73),
(13,	72),
(13,	70),
(13,	69),
(13,	107),
(13,	68),
(13,	125),
(13,	67),
(13,	66),
(13,	64),
(13,	63),
(13,	62),
(13,	61),
(13,	59),
(13,	58),
(13,	54),
(13,	65),
(13,	52),
(13,	21),
(12,	126),
(12,	1),
(12,	16),
(12,	18),
(12,	19),
(12,	20),
(12,	22),
(12,	23),
(12,	24),
(12,	25),
(12,	26),
(12,	27),
(12,	28),
(12,	29),
(12,	30),
(12,	31),
(12,	32),
(12,	33),
(12,	34),
(12,	36),
(12,	37),
(12,	38),
(12,	39),
(12,	40),
(12,	41),
(12,	42),
(12,	43),
(12,	44),
(12,	46),
(12,	45),
(12,	47),
(12,	48),
(12,	49),
(12,	50),
(12,	51),
(12,	53),
(12,	55),
(12,	56),
(12,	13),
(12,	57),
(12,	76),
(12,	71),
(12,	74),
(12,	78),
(12,	80),
(12,	77),
(12,	81),
(12,	83),
(12,	84),
(12,	87),
(12,	89),
(12,	91),
(12,	94),
(12,	95),
(12,	92),
(12,	90),
(12,	88),
(12,	86),
(12,	85),
(12,	82),
(12,	79),
(12,	75),
(12,	73),
(12,	72),
(12,	70),
(12,	69),
(12,	107),
(12,	68),
(12,	125),
(12,	67),
(12,	66),
(12,	64),
(12,	63),
(12,	62),
(12,	61),
(12,	59),
(12,	58),
(12,	54),
(12,	65),
(12,	52),
(12,	21),
(5,	126),
(5,	1),
(5,	16),
(5,	18),
(5,	19),
(5,	20),
(5,	22),
(5,	23),
(5,	24),
(5,	25),
(5,	26),
(5,	27),
(5,	28),
(5,	29),
(5,	30),
(5,	31),
(5,	32),
(5,	33),
(5,	34),
(5,	36),
(5,	37),
(5,	38),
(5,	39),
(5,	40),
(5,	41),
(5,	42),
(5,	43),
(5,	44),
(5,	46),
(5,	45),
(5,	47),
(5,	48),
(5,	49),
(5,	50),
(5,	51),
(5,	53),
(5,	55),
(5,	56),
(5,	13),
(5,	76),
(5,	71),
(5,	74),
(5,	78),
(5,	80),
(5,	77),
(5,	81),
(5,	83),
(5,	84),
(5,	87),
(5,	89),
(5,	91),
(5,	94),
(5,	95),
(5,	92),
(5,	90),
(5,	88),
(5,	86),
(5,	85),
(5,	82),
(5,	79),
(5,	75),
(5,	73),
(5,	72),
(5,	70),
(5,	69),
(5,	67),
(5,	66),
(5,	64),
(5,	63),
(5,	62),
(5,	61),
(5,	59),
(5,	58),
(5,	54),
(5,	65),
(5,	52),
(5,	21),
(63,	35),
(64,	35),
(55,	35),
(55,	13),
(56,	35),
(56,	13),
(57,	35),
(57,	13),
(58,	35),
(58,	13),
(59,	35),
(59,	13),
(60,	35),
(60,	13),
(65,	35),
(64,	13),
(65,	13),
(9,	127),
(9,	128),
(12,	127),
(12,	128),
(5,	127),
(5,	128),
(61,	35),
(9,	136),
(9,	130),
(9,	135),
(5,	136),
(5,	135);

CREATE TABLE `organization_quote` (
  `quote_id` bigint unsigned NOT NULL,
  `organization_id` bigint unsigned NOT NULL,
  KEY `quote_id_fk_3689w8691` (`quote_id`) USING BTREE,
  KEY `sensor_id_fk_3689w8691` (`organization_id`) USING BTREE,
  CONSTRAINT `quote_id_fk_3689w8691` FOREIGN KEY (`quote_id`) REFERENCES `quotes` (`id`) ON DELETE CASCADE,
  CONSTRAINT `sensor_id_fk_3689w8691` FOREIGN KEY (`organization_id`) REFERENCES `organizations` (`id`) ON DELETE CASCADE
) ENGINE=InnoDB DEFAULT CHARSET=utf8mb4 COLLATE=utf8mb4_unicode_ci;

INSERT INTO `organization_quote` (`quote_id`, `organization_id`) VALUES
(118,	35),
(118,	13),
(138,	68);

CREATE TABLE `organization_user` (
  `organization_id` bigint unsigned NOT NULL,
  `user_id` bigint unsigned NOT NULL,
  KEY `organization_id_fk_3645553` (`organization_id`) USING BTREE,
  KEY `user_id_fk_3645553` (`user_id`) USING BTREE,
  CONSTRAINT `organization_id_fk_3645553` FOREIGN KEY (`organization_id`) REFERENCES `organizations` (`id`) ON DELETE CASCADE,
  CONSTRAINT `user_id_fk_3645553` FOREIGN KEY (`user_id`) REFERENCES `users` (`id`) ON DELETE CASCADE
) ENGINE=InnoDB DEFAULT CHARSET=utf8mb4 COLLATE=utf8mb4_unicode_ci;

INSERT INTO `organization_user` (`organization_id`, `user_id`) VALUES
(1,	3),
(1,	4),
(1,	5),
(13,	6),
(13,	7),
(13,	1),
(16,	13),
(1,	14),
(1,	15),
(1,	17),
(18,	18),
(19,	19),
(19,	20),
(19,	21),
(20,	22),
(20,	23),
(20,	24),
(20,	25),
(20,	26),
(20,	27),
(20,	28),
(20,	29),
(22,	30),
(23,	31),
(23,	32),
(24,	33),
(25,	34),
(21,	35),
(21,	36),
(26,	37),
(26,	38),
(26,	39),
(27,	40),
(27,	41),
(28,	42),
(29,	43),
(30,	44),
(30,	45),
(31,	46),
(32,	47),
(33,	48),
(34,	49),
(35,	50),
(35,	51),
(21,	52),
(21,	53),
(21,	54),
(35,	60),
(36,	65),
(21,	66),
(36,	67),
(21,	68),
(37,	69),
(21,	70),
(38,	71),
(39,	72),
(21,	73),
(40,	74),
(21,	75),
(41,	76),
(21,	77),
(42,	78),
(21,	79),
(43,	80),
(21,	81),
(43,	82),
(43,	83),
(21,	84),
(44,	85),
(45,	86),
(46,	87),
(47,	88),
(48,	89),
(49,	91),
(49,	92),
(21,	93),
(21,	94),
(50,	95),
(50,	96),
(50,	97),
(21,	98),
(51,	99),
(51,	100),
(21,	101),
(51,	102),
(51,	103),
(51,	104),
(21,	105),
(51,	106),
(51,	107),
(51,	108),
(51,	109),
(51,	110),
(52,	111),
(53,	112),
(55,	113),
(54,	114),
(56,	115),
(58,	137),
(59,	143),
(61,	146),
(62,	147),
(62,	148),
(63,	149),
(64,	150),
(65,	151),
(66,	152),
(67,	153),
(69,	155),
(70,	156),
(72,	157),
(71,	158),
(73,	159),
(74,	160),
(76,	161),
(77,	162),
(75,	163),
(78,	164),
(80,	165),
(79,	166),
(81,	167),
(83,	168),
(82,	169),
(84,	170),
(82,	171),
(84,	172),
(84,	173),
(82,	174),
(84,	175),
(84,	176),
(84,	177),
(85,	178),
(84,	179),
(85,	180),
(84,	181),
(84,	182),
(84,	183),
(86,	184),
(87,	185),
(88,	186),
(89,	187),
(88,	188),
(89,	189),
(89,	190),
(90,	191),
(91,	192),
(93,	193),
(92,	194),
(93,	195),
(93,	196),
(93,	197),
(93,	198),
(94,	199),
(95,	200),
(92,	201),
(1,	204),
(1,	205),
(1,	207),
(1,	209),
(1,	211),
(1,	213),
(13,	215),
(13,	216),
(13,	217),
(1,	218),
(13,	219),
(1,	220),
(13,	221),
(13,	222),
(13,	223),
(1,	224),
(1,	226),
(1,	227),
(1,	228),
(1,	229),
(13,	231),
(99,	233),
(99,	234),
(99,	235),
(1,	236),
(100,	237),
(100,	238),
(20,	239),
(1,	240),
(1,	241),
(1,	243),
(13,	245),
(1,	246),
(1,	249),
(1,	251),
(13,	253),
(13,	255),
(127,	294),
(127,	295),
(128,	296),
(130,	297),
(13,	298),
(16,	299),
(21,	318),
(126,	319),
(128,	323),
(126,	325),
(126,	327),
(126,	328),
(13,	329),
(13,	331),
(13,	333),
(13,	334),
(13,	336),
(13,	339),
(13,	340),
(126,	342),
(126,	344),
(13,	345),
(126,	347),
(126,	348),
(126,	349),
(126,	350),
(126,	351),
(126,	352),
(13,	353),
(13,	354),
(13,	355),
(13,	357),
(13,	358),
(13,	359),
(137,	362),
(137,	363),
(137,	364),
(138,	365),
(138,	366),
(143,	367);

CREATE TABLE `organizations` (
  `id` bigint unsigned NOT NULL AUTO_INCREMENT,
  `name` varchar(255) CHARACTER SET utf8mb4 COLLATE utf8mb4_unicode_ci NOT NULL,
  `code` varchar(255) CHARACTER SET utf8mb4 COLLATE utf8mb4_unicode_ci DEFAULT NULL,
  `discount_profile_id` int DEFAULT NULL,
  `territory_profile_id` int DEFAULT NULL,
  `discount` int DEFAULT NULL,
  `multiplier` int DEFAULT '0',
  `home_iframe_url` longtext CHARACTER SET utf8mb4 COLLATE utf8mb4_unicode_ci,
  `special_organization` tinyint(1) DEFAULT '0',
  `special_calculation` tinyint(1) DEFAULT '0',
  `created_at` timestamp NULL DEFAULT NULL,
  `updated_at` timestamp NULL DEFAULT NULL,
  `deleted_at` timestamp NULL DEFAULT NULL,
  PRIMARY KEY (`id`) USING BTREE
) ENGINE=InnoDB DEFAULT CHARSET=utf8mb4 COLLATE=utf8mb4_unicode_ci;

INSERT INTO `organizations` (`id`, `name`, `code`, `discount_profile_id`, `territory_profile_id`, `discount`, `multiplier`, `home_iframe_url`, `special_organization`, `special_calculation`, `created_at`, `updated_at`, `deleted_at`) VALUES
(1,	'Advanced Water Company',	'0002',	13,	21,	NULL,	100,	'http://info.aquaphoenixsci.com/panel-builder/homepage/test',	0,	0,	'2021-04-18 09:27:40',	'2021-09-28 18:48:58',	NULL),
(2,	'H2trOnics Test',	NULL,	0,	NULL,	NULL,	0,	'',	0,	0,	'2021-04-18 09:29:45',	'2021-04-21 06:18:47',	'2021-04-21 06:18:47'),
(3,	'New Org',	NULL,	0,	NULL,	NULL,	0,	'',	0,	0,	'2021-04-20 10:15:47',	'2021-04-20 15:07:13',	'2021-04-20 15:07:13'),
(4,	'org',	NULL,	0,	NULL,	NULL,	0,	'',	0,	0,	'2021-04-20 10:19:18',	'2021-04-20 15:07:09',	'2021-04-20 15:07:09'),
(5,	'iuhiu',	NULL,	0,	NULL,	NULL,	0,	'',	0,	0,	'2021-04-20 10:20:05',	'2021-04-20 15:07:06',	'2021-04-20 15:07:06'),
(6,	'jhjhj',	NULL,	0,	NULL,	NULL,	0,	'',	0,	0,	'2021-04-20 10:20:12',	'2021-04-20 15:06:23',	'2021-04-20 15:06:23'),
(7,	'jhbkjk8',	NULL,	0,	NULL,	NULL,	0,	'',	0,	0,	'2021-04-20 10:21:07',	'2021-04-20 15:06:19',	'2021-04-20 15:06:19'),
(8,	'kjkjусусуусусвус',	NULL,	0,	NULL,	NULL,	0,	'',	0,	0,	'2021-04-20 10:22:20',	'2021-04-20 15:03:33',	'2021-04-20 15:03:33'),
(9,	'090098',	NULL,	0,	NULL,	NULL,	0,	'',	0,	0,	'2021-04-20 10:23:29',	'2021-04-20 15:03:18',	'2021-04-20 15:03:18'),
(10,	'Egilax Inc.',	NULL,	0,	NULL,	NULL,	0,	'',	0,	0,	'2021-04-20 15:07:30',	'2021-04-20 15:18:52',	'2021-04-20 15:18:52'),
(11,	'dcsxz',	NULL,	0,	NULL,	NULL,	0,	'',	0,	0,	'2021-04-20 15:22:30',	'2021-04-20 15:23:52',	'2021-04-20 15:23:52'),
(12,	'scscscs',	NULL,	0,	NULL,	NULL,	0,	'',	0,	0,	'2021-04-20 15:23:42',	'2021-04-20 15:24:55',	'2021-04-20 15:24:55'),
(13,	'AquaPhoenix Scientific',	'H2T',	13,	21,	NULL,	100,	'https://info.aquaphoenixsci.com/panel-builder/splashscreen',	0,	0,	'2021-04-21 06:24:15',	'2023-09-22 19:22:09',	NULL),
(14,	'test',	NULL,	0,	NULL,	NULL,	0,	'',	0,	0,	'2021-05-10 10:19:03',	'2021-05-18 12:48:58',	'2021-05-18 12:48:58'),
(15,	'XYZ Water',	NULL,	2,	NULL,	NULL,	0,	'https://demo2.eservicereport.com/files/artwork/logo_report.png?0.08987562198725096',	0,	0,	'2021-05-12 06:36:07',	'2021-05-13 00:29:21',	'2021-05-13 00:29:21'),
(16,	'AFCO',	'C0302',	13,	0,	NULL,	100,	'http://info.aquaphoenixsci.com/panel-builder/homepage/test',	0,	0,	'2021-05-18 12:45:37',	'2021-09-28 18:40:44',	NULL),
(17,	'AFCO',	NULL,	2,	NULL,	NULL,	0,	'http://info.aquaphoenixsci.com/panel-builder/homepage/test',	0,	0,	'2021-05-18 13:54:50',	'2021-05-18 13:57:00',	'2021-05-18 13:57:00'),
(18,	'All In One Solution LLC',	'C5157',	13,	0,	NULL,	100,	'http://info.aquaphoenixsci.com/panel-builder/homepage/test',	0,	0,	'2021-05-18 14:14:27',	'2021-09-28 18:49:15',	NULL),
(19,	'Anderson Chemical',	'C1412',	13,	0,	NULL,	100,	'http://info.aquaphoenixsci.com/panel-builder/homepage/test',	0,	0,	'2021-05-18 14:16:05',	'2021-09-28 18:49:24',	NULL),
(20,	'Apollo Water Services',	'C5218',	43,	0,	NULL,	100,	'http://info.aquaphoenixsci.com/panel-builder/homepage/test',	1,	0,	'2021-05-18 14:18:30',	'2023-09-28 15:01:12',	NULL),
(21,	'Zee Company',	'C0152',	13,	0,	NULL,	100,	'http://info.aquaphoenixsci.com/panel-builder/homepage/test',	0,	0,	'2021-05-18 14:21:55',	'2021-09-28 18:41:24',	NULL),
(22,	'Aqua Science',	'C0066',	13,	0,	NULL,	100,	'http://info.aquaphoenixsci.com/panel-builder/homepage/test',	0,	0,	'2021-05-18 14:23:50',	'2021-09-28 18:49:43',	NULL),
(23,	'Aqua Solutions Water Consulting',	'C1508',	7,	21,	NULL,	100,	'http://info.aquaphoenixsci.com/panel-builder/homepage/test',	1,	1,	'2021-05-18 14:25:09',	'2022-03-21 20:34:32',	NULL),
(24,	'Aqua-Chem Inc.',	'C1508',	13,	0,	NULL,	100,	'http://info.aquaphoenixsci.com/panel-builder/homepage/test',	0,	0,	'2021-05-18 14:26:49',	'2021-09-28 18:50:10',	NULL),
(25,	'Aqua-Vize Water Solutions, Inc.',	'C0604',	13,	0,	NULL,	100,	'http://info.aquaphoenixsci.com/panel-builder/homepage/test',	0,	0,	'2021-05-18 14:27:45',	'2021-09-28 18:50:17',	NULL),
(26,	'AquaLogic Water Consulting',	NULL,	13,	0,	NULL,	100,	'http://info.aquaphoenixsci.com/panel-builder/homepage/test',	0,	0,	'2021-05-18 14:37:08',	'2021-09-28 18:50:24',	NULL),
(27,	'AquaTrol Momar',	'C4890',	13,	0,	NULL,	100,	'http://info.aquaphoenixsci.com/panel-builder/homepage/test',	0,	0,	'2021-05-18 14:40:25',	'2021-09-28 18:50:34',	NULL),
(28,	'Athlon Solutions',	'C3482',	13,	0,	NULL,	100,	'http://info.aquaphoenixsci.com/panel-builder/homepage/test',	0,	0,	'2021-05-18 14:42:16',	'2021-09-28 18:50:40',	NULL),
(29,	'Barclay Water Management',	'C0137',	13,	0,	NULL,	100,	'http://info.aquaphoenixsci.com/panel-builder/homepage/test',	0,	0,	'2021-05-18 14:43:12',	'2021-09-28 18:50:46',	NULL),
(30,	'Basin Water Resources',	'C4759',	13,	0,	NULL,	100,	'http://info.aquaphoenixsci.com/panel-builder/homepage/test',	0,	0,	'2021-05-18 14:44:07',	'2021-09-28 18:50:57',	NULL),
(31,	'Bond Water Technologies Inc.',	'C0164',	13,	0,	NULL,	100,	'http://info.aquaphoenixsci.com/panel-builder/homepage/test',	0,	0,	'2021-05-18 14:45:34',	'2021-09-28 18:51:06',	NULL),
(32,	'Cannon Water Technology, Inc.',	'C0195',	13,	0,	NULL,	100,	'http://info.aquaphoenixsci.com/panel-builder/homepage/test',	0,	0,	'2021-05-18 14:47:34',	'2021-09-28 18:51:13',	NULL),
(33,	'Capital Technologies Inc.',	'C0197',	13,	0,	NULL,	100,	'http://info.aquaphoenixsci.com/panel-builder/homepage/test',	0,	0,	'2021-05-18 14:53:14',	'2021-09-28 18:51:20',	NULL),
(34,	'Capture H2O, Inc.',	'C3139',	13,	0,	NULL,	100,	'http://info.aquaphoenixsci.com/panel-builder/homepage/test',	0,	0,	'2021-05-18 14:55:21',	'2021-09-28 18:51:27',	NULL),
(35,	'ChemTreat, Inc.',	'C0248',	16,	20,	NULL,	200,	'http://info.aquaphoenixsci.com/panel-builder/homepage/test',	1,	1,	'2021-05-18 14:56:16',	'2021-10-13 00:12:00',	NULL),
(36,	'Chemco Products Company',	'C0228',	13,	0,	NULL,	100,	'http://info.aquaphoenixsci.com/panel-builder/homepage/test',	0,	0,	'2021-05-18 15:20:09',	'2021-09-28 18:51:38',	NULL),
(37,	'Chemical System, Inc.',	'C0239',	13,	0,	NULL,	100,	'http://info.aquaphoenixsci.com/panel-builder/homepage/test',	0,	0,	'2021-05-18 15:21:34',	'2021-09-28 18:51:48',	NULL),
(38,	'Chemsearch',	'C4818',	13,	0,	NULL,	100,	'http://info.aquaphoenixsci.com/panel-builder/homepage/test',	0,	0,	'2021-05-18 15:22:34',	'2021-09-28 18:51:56',	NULL),
(39,	'Chemspec LLC',	'C5205',	13,	0,	NULL,	100,	'http://info.aquaphoenixsci.com/panel-builder/homepage/test',	0,	0,	'2021-05-18 15:23:30',	'2021-09-28 18:52:02',	NULL),
(40,	'Chemtron Corporation',	'C0250',	13,	0,	NULL,	100,	'http://info.aquaphoenixsci.com/panel-builder/homepage/test',	1,	0,	'2021-05-18 15:24:27',	'2021-09-28 18:53:07',	NULL),
(41,	'Chemworld',	'C1573',	13,	0,	NULL,	100,	'http://info.aquaphoenixsci.com/panel-builder/homepage/test',	0,	0,	'2021-05-18 15:26:11',	'2021-09-28 18:53:14',	NULL),
(42,	'Chimie Solution',	'C4215',	13,	0,	NULL,	100,	'http://info.aquaphoenixsci.com/panel-builder/homepage/test',	0,	0,	'2021-05-18 15:27:47',	'2021-09-28 18:53:20',	NULL),
(43,	'Clarity Water Technologies',	'C0258',	13,	0,	NULL,	100,	'http://info.aquaphoenixsci.com/panel-builder/homepage/test',	0,	0,	'2021-05-18 15:29:00',	'2021-09-28 18:53:30',	NULL),
(44,	'Condor Technologies',	'C0274',	13,	0,	NULL,	100,	'http://info.aquaphoenixsci.com/panel-builder/homepage/test',	0,	0,	'2021-05-18 15:31:09',	'2021-09-28 18:53:37',	NULL),
(45,	'ECOWATERLAB SOLUTIONS',	'C4837',	13,	0,	NULL,	100,	'http://info.aquaphoenixsci.com/panel-builder/homepage/test',	0,	0,	'2021-05-18 15:32:08',	'2021-09-28 18:53:50',	NULL),
(46,	'Earthwise Environmental',	'C0353',	13,	0,	NULL,	100,	'http://info.aquaphoenixsci.com/panel-builder/homepage/test',	0,	0,	'2021-05-18 15:33:01',	'2021-09-28 18:53:44',	NULL),
(47,	'Environmental Water Enterprises',	'C0387',	13,	0,	NULL,	100,	'http://info.aquaphoenixsci.com/panel-builder/homepage/test',	0,	0,	'2021-05-18 15:33:58',	'2021-09-28 18:53:57',	NULL),
(48,	'Evergreen Chemical Company',	'C3027',	13,	0,	NULL,	100,	'http://info.aquaphoenixsci.com/panel-builder/homepage/test',	0,	0,	'2021-05-18 15:35:04',	'2021-09-28 18:54:06',	NULL),
(49,	'Experienced Water Solutions',	'C2783',	13,	0,	NULL,	100,	'http://info.aquaphoenixsci.com/panel-builder/homepage/test',	0,	0,	'2021-05-18 15:36:08',	'2021-09-28 18:54:12',	NULL),
(50,	'FCT Water',	'C1811',	13,	0,	NULL,	100,	'http://info.aquaphoenixsci.com/panel-builder/homepage/test',	0,	0,	'2021-05-18 15:39:14',	'2021-09-28 18:54:25',	NULL),
(51,	'Fremont Industries',	'C0423',	13,	0,	NULL,	100,	'http://info.aquaphoenixsci.com/panel-builder/homepage/test',	0,	0,	'2021-05-18 15:41:26',	'2021-09-28 18:54:32',	NULL),
(52,	'Xelera, Inc.',	'C1170',	13,	0,	NULL,	100,	'http://info.aquaphoenixsci.com/panel-builder/homepage/test',	0,	0,	'2021-05-18 15:45:54',	'2021-09-28 18:41:32',	NULL),
(53,	'Gotham Technologies Inc.',	'C0459',	13,	0,	NULL,	100,	'http://info.aquaphoenixsci.com/panel-builder/homepage/test',	0,	0,	'2021-05-18 15:47:32',	'2021-09-28 18:54:41',	NULL),
(54,	'Weas Engineering',	'C1065',	43,	0,	NULL,	100,	'http://info.aquaphoenixsci.com/panel-builder/homepage/test',	1,	0,	'2021-05-18 15:48:28',	'2023-09-28 15:03:17',	NULL),
(55,	'Guardian-IPCO Inc.',	'C0469',	43,	0,	NULL,	100,	'http://info.aquaphoenixsci.com/panel-builder/homepage/test',	0,	0,	'2021-05-18 15:48:31',	'2023-09-28 15:03:06',	NULL),
(56,	'H-O-H Water Technology',	'C0503',	13,	0,	NULL,	100,	'http://info.aquaphoenixsci.com/panel-builder/homepage/test',	0,	0,	'2021-05-18 15:49:23',	'2021-09-28 18:55:08',	NULL),
(57,	'H2trOnics Demo',	'9999',	13,	21,	NULL,	100,	'https://info.aquaphoenixsci.com/panel-builder/splashscreen?hs_preview=wjYNUJJZ-27589826044',	0,	0,	'2021-05-18 15:50:37',	'2023-08-23 19:34:48',	'2023-08-23 19:34:48'),
(58,	'Watertech of America Inc.',	'C1063',	13,	0,	NULL,	100,	'http://info.aquaphoenixsci.com/panel-builder/homepage/test',	0,	0,	'2021-05-18 15:50:39',	'2021-09-28 18:41:51',	NULL),
(59,	'Water Treatment Services LLC',	'C2876',	13,	0,	NULL,	100,	'http://info.aquaphoenixsci.com/panel-builder/homepage/test',	0,	0,	'2021-05-18 16:04:22',	'2021-09-28 18:41:57',	NULL),
(60,	'Water Treatment Services LLC',	NULL,	2,	NULL,	NULL,	0,	'http://info.aquaphoenixsci.com/panel-builder/homepage/test',	0,	0,	'2021-05-18 16:13:20',	'2021-05-18 16:13:40',	'2021-05-18 16:13:40'),
(61,	'Water Treatment Services',	'C2876',	2,	0,	NULL,	100,	'http://info.aquaphoenixsci.com/panel-builder/homepage/test',	0,	0,	'2021-05-18 16:14:22',	'2021-09-28 18:42:07',	NULL),
(62,	'Water Tech Inc.',	'C1052',	13,	0,	NULL,	100,	'http://info.aquaphoenixsci.com/panel-builder/homepage/test',	0,	0,	'2021-05-18 16:16:16',	'2021-09-28 18:42:14',	NULL),
(63,	'Water Partners',	NULL,	13,	0,	NULL,	100,	'http://info.aquaphoenixsci.com/panel-builder/homepage/test',	0,	0,	'2021-05-18 16:22:29',	'2021-09-28 18:42:19',	NULL),
(64,	'Water One Edited',	'C2276',	13,	0,	NULL,	100,	'http://info.aquaphoenixsci.com/panel-builder/homepage/test',	0,	0,	'2021-05-18 16:26:46',	'2021-09-28 18:42:33',	NULL),
(65,	'WMC Water Management',	'C5132',	13,	0,	NULL,	100,	'http://info.aquaphoenixsci.com/panel-builder/homepage/test',	0,	0,	'2021-05-18 16:30:21',	'2021-09-28 18:41:39',	NULL),
(66,	'Veolia Water Technologies',	'C2840',	13,	0,	NULL,	100,	'http://info.aquaphoenixsci.com/panel-builder/homepage/test',	0,	0,	'2021-05-18 16:31:45',	'2021-09-28 18:42:38',	NULL),
(67,	'Trinity Water Solutions',	'C5161',	13,	0,	NULL,	100,	'http://info.aquaphoenixsci.com/panel-builder/homepage/test',	0,	0,	'2021-05-18 16:33:36',	'2021-09-28 18:42:44',	NULL),
(68,	'Test Company',	NULL,	2,	0,	NULL,	100,	'http://info.aquaphoenixsci.com/panel-builder/homepage/test',	0,	0,	'2021-05-18 16:35:39',	'2023-08-28 13:44:34',	'2023-08-28 13:44:34'),
(69,	'Synthex Organics',	'C3852',	13,	0,	NULL,	100,	'http://info.aquaphoenixsci.com/panel-builder/homepage/test',	0,	0,	'2021-05-18 16:41:19',	'2021-09-28 18:43:20',	NULL),
(70,	'Sustainachem',	NULL,	13,	NULL,	NULL,	0,	'http://info.aquaphoenixsci.com/panel-builder/homepage/test',	0,	0,	'2021-05-18 16:43:36',	'2021-06-08 01:39:15',	NULL),
(71,	'HS Aqua',	NULL,	13,	0,	NULL,	100,	'http://info.aquaphoenixsci.com/panel-builder/homepage/test',	0,	0,	'2021-05-18 16:46:48',	'2021-09-28 18:48:02',	NULL),
(72,	'Summit Laboratories',	NULL,	13,	0,	NULL,	100,	'http://info.aquaphoenixsci.com/panel-builder/homepage/test',	0,	0,	'2021-05-18 16:46:55',	'2021-09-28 18:43:27',	NULL),
(73,	'Suez',	'C4970',	13,	0,	NULL,	100,	'http://info.aquaphoenixsci.com/panel-builder/homepage/test',	0,	0,	'2021-05-18 16:48:55',	'2021-09-28 18:43:40',	NULL),
(74,	'HWTR, LLC',	'C5188',	13,	0,	NULL,	100,	'http://info.aquaphoenixsci.com/panel-builder/homepage/test',	0,	0,	'2021-05-18 16:49:56',	'2021-09-28 18:47:55',	NULL),
(75,	'Steam-Co, LLC',	'C2605',	13,	0,	NULL,	100,	'http://info.aquaphoenixsci.com/panel-builder/homepage/test',	0,	0,	'2021-05-18 16:50:32',	'2021-09-28 18:43:47',	NULL),
(76,	'Hoffman Water',	'C5113',	13,	0,	NULL,	100,	'http://info.aquaphoenixsci.com/panel-builder/homepage/test',	0,	0,	'2021-05-18 16:51:08',	'2021-09-28 18:48:16',	NULL),
(77,	'ISI Water Chemistries',	'C0520',	13,	0,	NULL,	100,	'http://info.aquaphoenixsci.com/panel-builder/homepage/test',	0,	0,	'2021-05-18 16:52:04',	'2021-09-28 18:47:35',	NULL),
(78,	'Industrial Water Engineering',	'C0521',	13,	0,	NULL,	100,	'http://info.aquaphoenixsci.com/panel-builder/homepage/test',	0,	0,	'2021-05-18 16:53:16',	'2021-09-28 18:47:48',	NULL),
(79,	'Specialty Chemicals Inc.',	'C3832',	13,	0,	NULL,	100,	'http://info.aquaphoenixsci.com/panel-builder/homepage/test',	0,	0,	'2021-05-18 16:53:41',	'2021-09-28 18:44:00',	NULL),
(80,	'Industrial Water Technologies, Inc.',	'C0522',	13,	0,	NULL,	100,	'http://info.aquaphoenixsci.com/panel-builder/homepage/test',	0,	0,	'2021-05-18 16:54:08',	'2021-09-28 18:55:47',	NULL),
(81,	'Jaytech Inc.',	'C0553',	13,	0,	NULL,	100,	'1290 Osborne Rd. NE, Minneapolis, MN 55432',	0,	0,	'2021-05-18 16:55:02',	'2021-09-28 18:47:28',	NULL),
(82,	'Southwest Engineers',	'C0920',	13,	0,	NULL,	100,	'http://info.aquaphoenixsci.com/panel-builder/homepage/test',	0,	0,	'2021-05-18 16:55:31',	'2021-09-28 18:44:05',	NULL),
(83,	'Keytech Water Management',	'C0589',	13,	0,	NULL,	100,	'http://info.aquaphoenixsci.com/panel-builder/homepage/test',	0,	0,	'2021-05-18 16:56:01',	'2021-09-28 18:47:20',	NULL),
(84,	'Kroff Chemical Company',	'C0598',	13,	0,	NULL,	100,	'http://info.aquaphoenixsci.com/panel-builder/homepage/test',	0,	0,	'2021-05-18 16:56:59',	'2021-09-28 18:47:13',	NULL),
(85,	'Southeastern Laboratories, Inc.',	'C0916',	13,	0,	NULL,	100,	'http://info.aquaphoenixsci.com/panel-builder/homepage/test',	0,	0,	'2021-05-18 16:59:14',	'2021-09-28 18:44:11',	NULL),
(86,	'Solid Blend Technologies',	'C0909',	13,	0,	NULL,	100,	'http://info.aquaphoenixsci.com/panel-builder/homepage/test',	0,	0,	'2021-05-18 17:01:48',	'2021-09-28 18:44:28',	NULL),
(87,	'Legionella Compliance Solutions',	'C1717',	13,	0,	NULL,	100,	'http://info.aquaphoenixsci.com/panel-builder/homepage/test',	0,	0,	'2021-05-18 17:03:02',	'2021-09-28 18:47:07',	NULL),
(88,	'Seaco',	'C0872',	13,	0,	NULL,	100,	'http://info.aquaphoenixsci.com/panel-builder/homepage/test',	0,	0,	'2021-05-18 17:03:30',	'2021-09-28 18:44:35',	NULL),
(89,	'Lone Wolf Technologies',	'C3824',	13,	0,	NULL,	100,	'http://info.aquaphoenixsci.com/panel-builder/homepage/test',	0,	0,	'2021-05-18 17:04:07',	'2021-09-28 18:47:00',	NULL),
(90,	'San Joaquin Chemicals',	'C0860',	13,	0,	NULL,	100,	'http://info.aquaphoenixsci.com/panel-builder/homepage/test',	0,	0,	'2021-05-18 17:05:46',	'2021-09-28 18:44:50',	NULL),
(91,	'Nashville Chemical',	'C0708',	13,	0,	NULL,	100,	'http://info.aquaphoenixsci.com/panel-builder/homepage/test',	0,	0,	'2021-05-18 17:06:59',	'2021-09-28 18:46:41',	NULL),
(92,	'Rochester Midland Corporation',	'C0845',	13,	0,	NULL,	100,	'http://info.aquaphoenixsci.com/panel-builder/homepage/test',	0,	0,	'2021-05-18 17:07:43',	'2021-09-28 18:46:21',	NULL),
(93,	'ORG TEST',	NULL,	13,	NULL,	NULL,	0,	'https://info.aquaphoenixsci.com/panel-builder/homepage/test',	0,	0,	'2021-05-18 17:08:07',	'2021-06-22 01:26:48',	'2021-06-22 01:26:48'),
(94,	'Precision Chemical',	'C0794',	13,	0,	NULL,	100,	'http://info.aquaphoenixsci.com/panel-builder/homepage/test',	0,	0,	'2021-05-18 17:11:40',	'2021-09-28 18:46:35',	NULL),
(95,	'R2J Chemical Services.com',	'C0823',	13,	0,	NULL,	100,	'http://info.aquaphoenixsci.com/panel-builder/homepage/test',	0,	0,	'2021-05-18 17:12:41',	'2021-09-28 18:46:28',	NULL),
(96,	'TEST123',	NULL,	2,	NULL,	NULL,	0,	'a@a.com',	0,	0,	'2021-05-18 18:45:28',	'2021-05-18 18:46:30',	'2021-05-18 18:46:30'),
(97,	'test',	NULL,	2,	NULL,	NULL,	0,	NULL,	0,	0,	'2021-05-20 10:59:32',	'2021-05-20 10:59:39',	'2021-05-20 10:59:39'),
(98,	'Test123',	NULL,	2,	NULL,	NULL,	0,	NULL,	0,	0,	'2021-05-21 17:46:38',	'2021-05-21 17:47:44',	'2021-05-21 17:47:44'),
(99,	'Dallas TEST',	NULL,	4,	NULL,	NULL,	0,	'http://panelbuilder.meacado.com/app/organizations',	0,	0,	'2021-05-21 17:49:40',	'2021-05-21 18:15:25',	'2021-05-21 18:15:25'),
(100,	'New Taylor',	NULL,	1,	NULL,	NULL,	0,	'www.google.com',	0,	0,	'2021-05-21 18:41:24',	'2021-05-21 18:42:49',	'2021-05-21 18:42:49'),
(101,	'TEST AQUA 123',	NULL,	13,	NULL,	NULL,	0,	'http://panelbuilder.meacado.com/app/organizations',	0,	0,	'2021-05-21 19:11:54',	'2021-06-08 01:41:58',	'2021-06-08 01:41:58'),
(102,	'ічіцвчу',	NULL,	7,	NULL,	NULL,	0,	'увчувч',	0,	0,	'2021-06-09 17:11:00',	'2021-06-09 17:11:13',	'2021-06-09 17:11:13'),
(103,	'увсувс',	NULL,	7,	NULL,	NULL,	0,	'увсувс',	NULL,	0,	'2021-06-09 17:11:31',	'2021-06-09 17:11:40',	'2021-06-09 17:11:40'),
(104,	'TestJune',	'code333',	13,	NULL,	NULL,	0,	NULL,	NULL,	0,	'2021-06-30 18:14:50',	'2021-06-30 18:18:08',	'2021-06-30 18:18:08'),
(105,	'TestLK',	'code337',	13,	NULL,	NULL,	0,	NULL,	NULL,	0,	'2021-06-30 20:27:44',	'2021-09-17 01:26:51',	'2021-09-17 01:26:51'),
(106,	'TEST!@#',	'TEST!@#',	13,	NULL,	NULL,	0,	NULL,	NULL,	0,	'2021-06-30 20:31:09',	'2021-08-13 08:32:44',	'2021-08-13 08:32:44'),
(107,	'Test',	'T1234',	13,	0,	NULL,	100,	'www.google.com',	NULL,	0,	'2021-07-09 01:06:28',	'2023-10-03 09:48:23',	'2023-10-03 09:48:23'),
(108,	'jgjghj',	'jhgjhg',	13,	NULL,	NULL,	0,	'hjhgjh',	NULL,	0,	'2021-08-13 08:32:23',	'2021-08-13 08:32:34',	'2021-08-13 08:32:34'),
(109,	'test',	'hgfd',	NULL,	0,	NULL,	0,	'grfd',	NULL,	0,	'2021-09-06 15:53:27',	'2021-09-06 17:05:15',	'2021-09-06 17:05:15'),
(110,	'test',	'hgfd',	NULL,	0,	NULL,	0,	'grfd',	NULL,	0,	'2021-09-06 15:53:32',	'2021-09-06 17:05:08',	'2021-09-06 17:05:08'),
(111,	'test',	'hgfd',	13,	20,	NULL,	100,	'grfd',	NULL,	0,	'2021-09-06 15:55:00',	'2021-09-06 17:04:26',	'2021-09-06 17:04:26'),
(112,	'decdedc',	'edcedc',	NULL,	0,	NULL,	0,	'edcedc',	NULL,	0,	'2021-09-06 16:17:01',	'2021-09-06 17:05:11',	'2021-09-06 17:05:11'),
(113,	'decdedc',	'edcedc',	NULL,	0,	NULL,	0,	'edcedc',	NULL,	0,	'2021-09-06 16:18:53',	'2021-09-06 17:05:00',	'2021-09-06 17:05:00'),
(114,	'decdedc',	'edcedc',	NULL,	0,	NULL,	0,	'edcedc',	NULL,	0,	'2021-09-06 16:19:11',	'2021-09-06 17:05:04',	'2021-09-06 17:05:04'),
(115,	'eecf',	'efcef',	7,	20,	NULL,	120,	'efcefc',	NULL,	0,	'2021-09-06 16:38:49',	'2021-09-06 17:04:57',	'2021-09-06 17:04:57'),
(116,	'eecf',	'efcef',	7,	20,	NULL,	120,	'efcefc',	NULL,	0,	'2021-09-06 16:39:29',	'2021-09-06 17:04:53',	'2021-09-06 17:04:53'),
(117,	'decedc',	'edcedc',	7,	20,	NULL,	23230,	'edced',	NULL,	0,	'2021-09-06 16:40:46',	'2021-09-06 17:04:49',	'2021-09-06 17:04:49'),
(118,	'edcedc',	'ecdedc',	16,	20,	NULL,	1210,	'cdedcedc',	NULL,	0,	'2021-09-06 16:42:31',	'2021-09-06 17:04:38',	'2021-09-06 17:04:38'),
(119,	'sdc',	'sdc',	7,	20,	NULL,	120,	'sdc',	NULL,	0,	'2021-09-06 16:47:00',	'2021-09-06 17:04:34',	'2021-09-06 17:04:34'),
(120,	'увсувс',	'увсувс',	7,	20,	NULL,	120,	'увсувс',	NULL,	0,	'2021-09-06 16:54:03',	'2021-09-06 17:04:41',	'2021-09-06 17:04:41'),
(121,	'wdwdc',	'wde',	7,	20,	NULL,	20,	'wedwed',	NULL,	0,	'2021-09-06 16:57:15',	'2021-09-06 17:04:31',	'2021-09-06 17:04:31'),
(122,	'123',	'123',	13,	20,	NULL,	120,	'123',	NULL,	0,	'2021-09-06 17:06:05',	'2021-09-06 19:41:45',	'2021-09-06 19:41:45'),
(123,	'123',	'123',	NULL,	0,	NULL,	0,	'123',	NULL,	0,	'2021-09-06 17:07:05',	'2021-09-06 19:42:21',	'2021-09-06 19:42:21'),
(124,	'543',	'543',	7,	20,	NULL,	0,	'345',	NULL,	0,	'2021-09-06 19:42:09',	'2021-09-06 19:42:24',	'2021-09-06 19:42:24'),
(125,	'Testlaila',	'ert',	13,	0,	NULL,	100,	NULL,	NULL,	0,	'2021-09-17 01:27:14',	'2023-08-28 13:44:27',	'2023-08-28 13:44:27'),
(126,	'Acme Water Treatment',	'123456789',	13,	0,	NULL,	100,	NULL,	NULL,	0,	'2021-09-28 18:39:58',	'2021-09-28 18:58:12',	NULL),
(127,	'Mechanical Chemistry',	'6969',	13,	21,	NULL,	100,	'https://info.aquaphoenixsci.com/panel-builder/splashscreen',	NULL,	NULL,	'2021-11-10 20:46:34',	'2021-11-11 23:55:32',	NULL),
(128,	'New Org',	'1212111',	13,	21,	NULL,	100,	'https://info.aquaphoenixsci.com/panel-builder/splashscreen',	NULL,	NULL,	'2021-11-11 23:56:43',	'2023-10-31 20:07:18',	NULL),
(129,	'New Org',	'1212111',	13,	21,	NULL,	100,	'google.com',	NULL,	NULL,	'2021-11-11 23:56:43',	'2021-11-11 23:57:29',	'2021-11-11 23:57:29'),
(130,	'AWT Training',	NULL,	NULL,	0,	NULL,	0,	NULL,	NULL,	NULL,	'2022-02-15 00:00:05',	'2022-02-15 00:00:05',	NULL),
(131,	'Aquaphoenix Scientific',	'00001',	NULL,	0,	NULL,	0,	NULL,	NULL,	NULL,	'2022-12-29 21:18:00',	'2022-12-29 21:18:45',	'2022-12-29 21:18:45'),
(132,	'TAYLOR',	'1231',	NULL,	0,	NULL,	0,	NULL,	NULL,	NULL,	'2022-12-29 21:19:56',	'2022-12-29 21:20:19',	'2022-12-29 21:20:19'),
(133,	'LAILA',	'123',	13,	0,	NULL,	0,	NULL,	NULL,	NULL,	'2022-12-29 21:20:34',	'2022-12-29 21:20:54',	'2022-12-29 21:20:54'),
(134,	'ABCD',	'asd',	7,	20,	NULL,	0,	NULL,	NULL,	NULL,	'2022-12-29 21:21:48',	'2022-12-29 21:22:17',	'2022-12-29 21:22:17'),
(135,	'Western Water Technologies',	'C1078',	43,	0,	NULL,	100,	NULL,	NULL,	NULL,	'2023-09-28 15:02:34',	'2023-09-28 15:02:34',	NULL),
(136,	'Aqua Treat Solutions, Inc.',	'C0069',	43,	0,	NULL,	100,	NULL,	NULL,	NULL,	'2023-09-28 15:04:12',	'2023-09-28 15:04:12',	NULL),
(137,	'Hetal Org',	NULL,	NULL,	0,	NULL,	0,	NULL,	NULL,	NULL,	'2023-10-05 04:51:08',	'2023-10-05 04:51:08',	NULL),
(138,	'Hetal Org',	NULL,	NULL,	0,	NULL,	0,	NULL,	NULL,	NULL,	'2023-10-09 06:52:40',	'2023-10-09 06:52:40',	NULL),
(139,	'QAOrg1234',	'QAOrg123',	NULL,	0,	NULL,	0,	NULL,	NULL,	NULL,	'2023-10-23 05:31:18',	'2023-10-23 05:38:46',	'2023-10-23 05:38:46'),
(140,	'QAOrg123',	'QAOrg123',	NULL,	0,	NULL,	0,	NULL,	NULL,	NULL,	'2023-10-23 05:31:40',	'2023-10-23 05:38:50',	'2023-10-23 05:38:50'),
(141,	'ALEXAQA ORG123',	'ALEXAQA ORG123',	NULL,	0,	NULL,	0,	NULL,	NULL,	NULL,	'2023-10-23 05:40:21',	'2023-10-23 05:43:25',	'2023-10-23 05:43:25'),
(142,	'ALEXAQAORG123',	'ALEXAQAORG123',	NULL,	0,	NULL,	0,	NULL,	NULL,	NULL,	'2023-10-23 05:41:55',	'2023-10-23 05:45:10',	'2023-10-23 05:45:10'),
(143,	'QAORG123',	'QAORG123',	NULL,	22,	NULL,	0,	NULL,	NULL,	NULL,	'2023-10-23 05:45:59',	'2023-11-20 05:16:28',	NULL),
(144,	'QAORG1234',	'QAORG123',	NULL,	0,	NULL,	0,	NULL,	NULL,	NULL,	'2023-10-23 05:46:10',	'2023-10-23 05:46:10',	NULL),
(145,	'QAOrganization123',	'QAOrganization123',	NULL,	0,	NULL,	0,	NULL,	NULL,	NULL,	'2023-10-23 05:54:45',	'2023-10-23 05:54:45',	NULL),
(146,	'AAAAAA',	'AAAAA',	NULL,	0,	NULL,	0,	NULL,	NULL,	NULL,	'2023-10-23 06:16:50',	'2023-10-27 13:23:18',	'2023-10-27 13:23:18'),
(147,	'AAAAAAa',	NULL,	NULL,	0,	NULL,	0,	NULL,	NULL,	NULL,	'2023-10-23 06:17:02',	'2023-10-27 13:23:13',	'2023-10-27 13:23:13');

CREATE TABLE `panel_controller_organization` (
  `panel_controller_id` int NOT NULL,
  `organization_id` int NOT NULL
) ENGINE=InnoDB DEFAULT CHARSET=utf8mb3;


CREATE TABLE `panel_controller_panel_option` (
  `panel_controller_id` bigint unsigned NOT NULL,
  `panel_option_id` bigint unsigned NOT NULL,
  KEY `panel_controller_id_fk_3683298` (`panel_controller_id`) USING BTREE,
  KEY `panel_option_id_fk_3683298` (`panel_option_id`) USING BTREE,
  CONSTRAINT `panel_controller_id_fk_3683298` FOREIGN KEY (`panel_controller_id`) REFERENCES `panel_controllers` (`id`) ON DELETE CASCADE,
  CONSTRAINT `panel_option_id_fk_3683298` FOREIGN KEY (`panel_option_id`) REFERENCES `panel_options` (`id`) ON DELETE CASCADE
) ENGINE=InnoDB DEFAULT CHARSET=utf8mb4 COLLATE=utf8mb4_unicode_ci;

INSERT INTO `panel_controller_panel_option` (`panel_controller_id`, `panel_option_id`) VALUES
(9,	28),
(9,	27),
(9,	29),
(9,	4),
(9,	12),
(9,	111),
(9,	88),
(8,	88),
(13,	88),
(12,	88),
(5,	88),
(10,	116),
(11,	116),
(12,	79),
(5,	79),
(9,	85),
(12,	85),
(5,	85),
(9,	86),
(12,	86),
(5,	86),
(9,	95),
(5,	95),
(9,	96),
(5,	96),
(9,	97),
(5,	97),
(9,	98),
(5,	98),
(9,	106),
(5,	106),
(9,	82),
(5,	82),
(9,	81),
(5,	81),
(5,	4),
(9,	6),
(8,	6),
(13,	6),
(10,	6),
(11,	6),
(12,	6),
(5,	6),
(9,	7),
(5,	7),
(5,	12),
(9,	65),
(5,	65),
(9,	66),
(5,	66),
(9,	67),
(5,	67),
(9,	68),
(5,	68),
(9,	73),
(12,	73),
(5,	73),
(9,	74),
(8,	74),
(13,	74),
(12,	74),
(5,	74),
(9,	75),
(8,	75),
(13,	75),
(12,	75),
(5,	75),
(9,	76),
(8,	76),
(13,	76),
(12,	76),
(5,	76),
(9,	89),
(8,	89),
(13,	89),
(12,	89),
(5,	89),
(9,	90),
(8,	90),
(13,	90),
(12,	90),
(5,	90),
(8,	91),
(13,	91),
(12,	91),
(8,	92),
(13,	92),
(12,	92),
(8,	93),
(13,	93),
(12,	93),
(8,	94),
(13,	94),
(12,	94),
(9,	109),
(5,	109),
(5,	111),
(5,	117),
(5,	118),
(9,	119),
(5,	119),
(9,	120),
(5,	120),
(10,	122),
(11,	122),
(9,	123),
(5,	124),
(9,	126),
(9,	127),
(9,	128),
(9,	130),
(12,	130),
(5,	130),
(9,	129),
(12,	129),
(5,	129),
(9,	131),
(5,	131),
(9,	132),
(5,	132),
(9,	133),
(5,	133),
(9,	135),
(5,	135),
(5,	137),
(9,	138),
(8,	138),
(13,	138),
(9,	139),
(5,	139),
(55,	140),
(55,	141),
(55,	142),
(56,	142),
(57,	142),
(58,	142),
(59,	142),
(56,	140),
(57,	140),
(58,	140),
(59,	140),
(56,	141),
(57,	141),
(58,	141),
(59,	141),
(55,	143),
(56,	143),
(57,	143),
(58,	143),
(59,	143),
(55,	144),
(56,	144),
(57,	144),
(58,	144),
(59,	144),
(60,	145),
(60,	141),
(61,	123),
(61,	126),
(61,	127),
(61,	128),
(61,	129),
(61,	130),
(61,	29),
(61,	27),
(61,	138),
(61,	28),
(61,	148),
(61,	146),
(61,	149),
(61,	154),
(61,	156),
(61,	157),
(61,	158),
(61,	159),
(61,	160),
(61,	161),
(61,	184),
(61,	185),
(61,	188),
(61,	189),
(61,	190),
(61,	191),
(61,	192),
(61,	193),
(61,	194),
(61,	195),
(61,	196),
(61,	197),
(61,	198),
(61,	199),
(61,	200),
(61,	201),
(61,	202),
(9,	79),
(61,	203),
(61,	204),
(61,	205),
(63,	124),
(63,	129),
(64,	129),
(63,	130),
(64,	130),
(63,	117),
(63,	118),
(63,	148),
(64,	148),
(63,	146),
(64,	146),
(63,	184),
(64,	184),
(63,	185),
(64,	185),
(63,	149),
(64,	149),
(64,	188),
(63,	189),
(64,	189),
(63,	190),
(64,	190),
(63,	191),
(64,	191),
(63,	192),
(64,	192),
(63,	193),
(64,	193),
(63,	194),
(64,	194),
(63,	154),
(64,	154),
(63,	156),
(64,	156),
(63,	157),
(64,	157),
(63,	158),
(64,	158),
(63,	195),
(64,	195),
(63,	159),
(64,	159),
(63,	196),
(64,	196),
(63,	197),
(64,	197),
(63,	160),
(64,	160),
(63,	203),
(64,	203),
(63,	204),
(64,	204),
(63,	205),
(64,	205),
(63,	161),
(64,	161),
(63,	198),
(64,	198),
(63,	199),
(64,	199),
(63,	200),
(64,	200),
(61,	214),
(9,	214),
(61,	215),
(9,	215),
(61,	224),
(9,	224),
(61,	225),
(9,	225),
(61,	226),
(9,	226),
(61,	227),
(9,	227),
(61,	120),
(63,	120),
(61,	119),
(63,	119),
(63,	201),
(64,	201),
(63,	202),
(64,	202),
(65,	144),
(65,	143),
(65,	141),
(60,	147),
(65,	228),
(65,	142),
(55,	147),
(56,	147),
(57,	147),
(58,	147),
(59,	147),
(65,	147),
(9,	229),
(5,	229),
(12,	230),
(9,	231),
(5,	231),
(61,	233),
(63,	233),
(9,	233),
(5,	233),
(5,	234),
(71,	239),
(5,	224),
(63,	224),
(9,	241),
(61,	241),
(5,	241),
(63,	241),
(61,	242),
(63,	242),
(61,	243),
(63,	243),
(9,	242),
(5,	242),
(9,	243),
(5,	243),
(65,	140);

CREATE TABLE `panel_controllers` (
  `id` bigint unsigned NOT NULL AUTO_INCREMENT,
  `name` varchar(255) CHARACTER SET utf8mb4 COLLATE utf8mb4_unicode_ci NOT NULL,
  `model_number` varchar(255) CHARACTER SET utf8mb4 COLLATE utf8mb4_unicode_ci DEFAULT NULL,
  `code` varchar(255) CHARACTER SET utf8mb4 COLLATE utf8mb4_unicode_ci DEFAULT NULL,
  `tag` varchar(255) CHARACTER SET utf8mb4 COLLATE utf8mb4_unicode_ci DEFAULT NULL,
  `price` decimal(15,2) DEFAULT NULL,
  `description` longtext CHARACTER SET utf8mb4 COLLATE utf8mb4_unicode_ci,
  `note` varchar(255) CHARACTER SET utf8mb4 COLLATE utf8mb4_unicode_ci DEFAULT NULL,
  `card_slots` int NOT NULL,
  `max_sensors` int DEFAULT '5',
  `panel_code` varchar(255) CHARACTER SET utf8mb4 COLLATE utf8mb4_unicode_ci DEFAULT NULL,
  `sort_index` int DEFAULT NULL,
  `relays_number` int DEFAULT NULL,
  `diagram_position` int DEFAULT NULL,
  `created_at` timestamp NULL DEFAULT NULL,
  `updated_at` timestamp NULL DEFAULT NULL,
  `deleted_at` timestamp NULL DEFAULT NULL,
  `manufacturer_id` bigint unsigned DEFAULT NULL,
  `sample_value` varchar(255) COLLATE utf8mb4_unicode_ci DEFAULT NULL,
  PRIMARY KEY (`id`) USING BTREE,
  KEY `manufacturer_fk_3653052` (`manufacturer_id`) USING BTREE,
  CONSTRAINT `manufacturer_fk_3653052` FOREIGN KEY (`manufacturer_id`) REFERENCES `manufacturers` (`id`)
) ENGINE=InnoDB DEFAULT CHARSET=utf8mb4 COLLATE=utf8mb4_unicode_ci;

INSERT INTO `panel_controllers` (`id`, `name`, `model_number`, `code`, `tag`, `price`, `description`, `note`, `card_slots`, `max_sensors`, `panel_code`, `sort_index`, `relays_number`, `diagram_position`, `created_at`, `updated_at`, `deleted_at`, `manufacturer_id`, `sample_value`) VALUES
(1,	'MicroVision EX',	'MVEC',	NULL,	'MVEC',	1703.05,	'<p>&nbsp;EX controller can have up to 10 digital inputs.</p>',	NULL,	4,	5,	NULL,	NULL,	6,	NULL,	'2021-04-24 08:16:33',	'2021-05-27 03:27:40',	'2021-05-27 03:27:40',	8,	NULL),
(2,	'MegaTron XS',	'XS',	NULL,	'XS',	899.00,	'<p>XS controller with five powered relays</p>',	NULL,	1,	5,	NULL,	NULL,	0,	NULL,	'2021-04-24 08:17:43',	'2021-05-27 03:27:40',	'2021-05-27 03:27:40',	9,	NULL),
(3,	'Aegis II Controller',	'AGIB006W0T1CT',	NULL,	'PA-2',	3310.00,	'<p>ProMinent Aegis II Controller, Base Model, 5 Prewired Powered Pigtails, CTFS Sensor</p>',	NULL,	4,	5,	NULL,	NULL,	0,	NULL,	'2021-04-24 08:18:50',	'2021-05-19 19:38:45',	'2021-05-19 19:38:45',	20,	NULL),
(4,	'W900 Series(8 Prewired Powered Relays)',	'WCT900P',	NULL,	'WCT900P',	2781.00,	'<p>Walchem W900 Series Tower Controller, 8 Prewired Powered Relays, 12 Digital Inputs</p>',	NULL,	4,	5,	NULL,	NULL,	0,	NULL,	'2021-04-24 08:19:53',	'2021-05-28 08:46:32',	'2021-05-28 08:46:32',	19,	NULL),
(5,	'W6-Intuition',	'WCT6',	'controller,options.relay_qty_and_type,options.power_cord,cards,options.analog_inputs_outputs,options.communication_protocols,-,options.flow_switch, sensors,',	'WCT6',	995.00,	'<p>Walchem W600 Series Tower Controller, 6 Powered Relays, Hardwired, 6 Digital Inputs</p>',	NULL,	2,	4,	'options.panel_size,options.panel_material,-,options.corrosion_coupon_rack,options.rotameter,options.check,options.isolation_valves,options.strainers,options.plumbing_size',	-1,	0,	NULL,	'2021-04-24 08:20:55',	'2023-11-08 15:21:20',	NULL,	19,	'N'),
(6,	'Test',	'T456',	NULL,	'FHJV',	456.46,	NULL,	NULL,	4,	5,	NULL,	NULL,	NULL,	NULL,	'2021-04-26 08:21:12',	'2021-04-26 08:25:21',	'2021-04-26 08:25:21',	19,	NULL),
(7,	'dc dc',	'dc dc',	NULL,	'ddd',	444.00,	NULL,	NULL,	4,	5,	NULL,	NULL,	NULL,	NULL,	'2021-04-27 18:23:12',	'2021-04-27 18:25:50',	'2021-04-27 18:25:50',	19,	NULL),
(8,	'W900 Series (8 Powered Relays, Hardwired)',	'WCT900H',	'controller,-,cards,options.controller_communications,options.communication_protocols,-,options.flow_switch,sensors',	'WCT900H',	2621.00,	NULL,	NULL,	4,	5,	'options.panel_size,options.panel_material,-,options.corrosion_coupon_rack,options.rotameter,options.check,options.isolation_valves,options.strainers',	-4,	NULL,	NULL,	'2021-05-07 17:20:47',	'2021-11-02 01:14:02',	'2021-11-02 01:14:02',	19,	NULL),
(9,	'WCT9-Intuition',	'WCT9-Intuition',	'controller,options.relay_qty_and_type,options.power_cord,cards,options.controller_communications,options.communication_protocols,options.aux_power_supply,-,options.flow_switch,sensors',	'C9',	2496.00,	NULL,	NULL,	4,	6,	'options.panel_size,options.panel_material,-,options.corrosion_coupon_rack,options.rotameter,options.check,options.isolation_valves,options.strainers,options.plumbing_size',	-5,	NULL,	NULL,	'2021-05-07 17:21:36',	'2023-11-08 15:21:11',	NULL,	19,	'N'),
(10,	'W900 Series (4 Powered Relays, 4 Dry Relays, Prewired)',	'WCT930P',	'controller,-,cards,options.controller_communications,options.communication_protocols,-,options.flow_switch,sensors',	'WCT930P',	2718.00,	NULL,	NULL,	4,	6,	'options.panel_size,options.panel_material,-,options.corrosion_coupon_rack,options.rotameter,options.check,options.isolation_valves,options.strainers',	NULL,	NULL,	NULL,	'2021-05-07 17:22:18',	'2021-07-02 01:55:05',	'2021-07-02 01:55:05',	19,	NULL),
(11,	'W900 Series (4 Powered Relays, 4 Dry Relays, Hardwired)',	'WCT930H',	'controller,-,cards,options.controller_communications,options.communication_protocols,-,options.flow_switch,sensors',	'WCT930H',	2621.00,	NULL,	NULL,	4,	6,	'options.panel_size,options.panel_material,-,options.corrosion_coupon_rack,options.rotameter,options.check,options.isolation_valves,options.strainers',	NULL,	NULL,	NULL,	'2021-05-07 17:22:58',	'2021-07-02 01:55:08',	'2021-07-02 01:55:08',	19,	NULL),
(12,	'W600 Series (6 Powered Relays, Prewired)',	'WCT600P',	'controller,-,cards,options.analog_inputs_outputs,options.communication_protocols,-,sensors,-,options.flow_switch',	'WCT600P',	1064.00,	NULL,	NULL,	2,	2,	'options.panel_size,options.panel_material,-,options.corrosion_coupon_rack,options.rotameter,options.check,options.isolation_valves,options.strainers',	-2,	NULL,	NULL,	'2021-05-07 17:23:31',	'2022-08-10 19:40:48',	'2022-08-10 19:40:48',	19,	NULL),
(13,	'W900 Series (7 Powered Relays, 1 Dry Relay, Prewired)',	'WCT910P',	'controller,-,cards,options.controller_communications,options.communication_protocols,-,options.flow_switch,sensors',	'WCT910P',	2765.00,	NULL,	NULL,	4,	6,	'options.panel_size,options.panel_material,-,options.corrosion_coupon_rack,options.rotameter,options.check,options.isolation_valves,options.strainers',	-3,	NULL,	NULL,	'2021-05-07 17:24:00',	'2021-11-02 01:14:06',	'2021-11-02 01:14:06',	19,	NULL),
(17,	'asdasd',	'asdasd',	NULL,	'asda',	123.00,	NULL,	NULL,	4,	5,	NULL,	NULL,	NULL,	NULL,	'2021-05-16 05:26:05',	'2021-05-16 05:30:18',	'2021-05-16 05:30:18',	18,	NULL),
(18,	'test',	'123',	NULL,	'sdd',	2323.00,	NULL,	NULL,	4,	5,	NULL,	NULL,	NULL,	NULL,	'2021-05-16 13:03:20',	'2021-05-16 14:16:01',	'2021-05-16 14:16:01',	19,	NULL),
(19,	'asdasd',	'123',	NULL,	'ww',	123.00,	NULL,	NULL,	4,	5,	NULL,	NULL,	NULL,	NULL,	'2021-05-16 14:19:15',	'2021-05-16 14:24:57',	'2021-05-16 14:24:57',	19,	NULL),
(20,	'sadasd',	'asd',	NULL,	'we',	23.00,	NULL,	NULL,	4,	5,	NULL,	NULL,	NULL,	NULL,	'2021-05-16 14:25:23',	'2021-05-16 14:25:55',	'2021-05-16 14:25:55',	19,	NULL),
(21,	'asdad',	'qwe',	NULL,	'213',	123123.00,	NULL,	NULL,	4,	5,	NULL,	NULL,	NULL,	NULL,	'2021-05-16 14:26:13',	'2021-05-16 16:42:13',	'2021-05-16 16:42:13',	19,	NULL),
(22,	'dasdasd',	'a',	NULL,	'qq',	1323.00,	NULL,	NULL,	4,	5,	NULL,	NULL,	NULL,	NULL,	'2021-05-16 16:01:59',	'2021-05-16 16:42:11',	'2021-05-16 16:42:11',	18,	NULL),
(24,	'test',	'qwe',	NULL,	'23',	323.00,	NULL,	NULL,	4,	5,	NULL,	NULL,	NULL,	NULL,	'2021-05-16 18:05:40',	'2021-05-16 18:05:46',	'2021-05-16 18:05:46',	19,	NULL),
(25,	'test',	'123',	NULL,	'23',	23.00,	NULL,	NULL,	4,	5,	NULL,	NULL,	NULL,	NULL,	'2021-05-16 18:06:32',	'2021-05-16 18:15:54',	'2021-05-16 18:15:54',	19,	NULL),
(26,	'test',	'1qqe',	NULL,	'123',	1233.00,	NULL,	NULL,	4,	5,	NULL,	NULL,	NULL,	NULL,	'2021-05-16 21:51:30',	'2021-05-16 21:52:44',	'2021-05-16 21:52:44',	17,	NULL),
(27,	'test',	'123',	NULL,	'11',	1333.00,	NULL,	NULL,	4,	5,	NULL,	NULL,	NULL,	NULL,	'2021-05-17 02:02:49',	'2021-05-17 03:37:53',	'2021-05-17 03:37:53',	19,	NULL),
(28,	'fgdfg',	'123',	NULL,	'qwe',	123.00,	NULL,	NULL,	4,	5,	NULL,	NULL,	NULL,	NULL,	'2021-05-17 02:24:14',	'2021-05-17 02:24:22',	'2021-05-17 02:24:22',	17,	NULL),
(29,	'test',	'123',	NULL,	'11',	1333.00,	NULL,	NULL,	4,	5,	NULL,	NULL,	NULL,	NULL,	'2021-05-17 02:02:49',	'2021-05-17 03:20:13',	'2021-05-17 03:20:13',	19,	NULL),
(30,	'test',	'123',	NULL,	'11',	1333.00,	NULL,	NULL,	4,	5,	NULL,	NULL,	NULL,	NULL,	'2021-05-17 02:02:49',	'2021-05-17 03:20:11',	'2021-05-17 03:20:11',	19,	NULL),
(31,	'jjjj',	'qweasd',	NULL,	'123',	1.00,	NULL,	NULL,	4,	5,	NULL,	NULL,	NULL,	NULL,	'2021-05-17 04:04:35',	'2021-05-17 04:05:54',	'2021-05-17 04:05:54',	19,	NULL),
(32,	'testasd',	'123',	NULL,	'qe',	123123.00,	NULL,	NULL,	123,	5,	NULL,	NULL,	NULL,	NULL,	'2021-05-17 16:44:54',	'2021-05-17 16:50:59',	'2021-05-17 16:50:59',	17,	NULL),
(33,	'testasdasd',	'123',	NULL,	'fasdf',	1234.00,	NULL,	NULL,	2,	5,	NULL,	NULL,	NULL,	NULL,	'2021-05-17 18:11:34',	'2021-05-17 18:44:50',	'2021-05-17 18:44:50',	19,	NULL),
(34,	'zxczxcqwe',	'asd',	NULL,	'q',	123.00,	NULL,	NULL,	4,	5,	NULL,	NULL,	NULL,	NULL,	'2021-05-17 18:36:26',	'2021-05-17 18:44:52',	'2021-05-17 18:44:52',	19,	NULL),
(35,	'asdasd',	'asdas',	NULL,	'asd',	NULL,	NULL,	NULL,	4,	5,	NULL,	NULL,	NULL,	NULL,	'2021-05-17 18:40:33',	'2021-05-17 18:44:53',	'2021-05-17 18:44:53',	19,	NULL),
(36,	'asd',	'zxc',	NULL,	'QWE',	123.00,	NULL,	NULL,	4,	5,	NULL,	NULL,	NULL,	NULL,	'2021-05-17 18:42:15',	'2021-05-17 18:44:54',	'2021-05-17 18:44:54',	18,	NULL),
(38,	'asd',	'qwe',	NULL,	'qweqwe',	123.00,	NULL,	NULL,	4,	5,	NULL,	NULL,	NULL,	NULL,	'2021-05-20 10:33:25',	'2021-05-20 10:43:50',	'2021-05-20 10:43:50',	19,	NULL),
(42,	'test',	'test',	NULL,	'test',	12.00,	NULL,	NULL,	4,	5,	NULL,	NULL,	NULL,	NULL,	'2021-05-20 17:16:04',	'2021-05-20 17:16:09',	'2021-05-20 17:16:09',	20,	NULL),
(43,	'qwert',	'qweer',	NULL,	'qwe',	-1.00,	NULL,	NULL,	4,	5,	NULL,	NULL,	NULL,	NULL,	'2021-05-21 15:24:12',	'2021-05-21 17:46:49',	'2021-05-21 17:46:49',	2,	NULL),
(44,	'qwe',	'as12',	NULL,	'123',	1234.00,	NULL,	NULL,	4,	5,	NULL,	NULL,	NULL,	NULL,	'2021-05-26 12:41:51',	'2021-05-26 15:10:58',	'2021-05-26 15:10:58',	9,	NULL),
(45,	'Newname1111',	'qw12',	NULL,	'n1',	101100000.00,	NULL,	NULL,	7,	5,	NULL,	NULL,	NULL,	NULL,	'2021-05-26 18:56:09',	'2021-05-27 03:27:43',	'2021-05-27 03:27:43',	19,	NULL),
(46,	'qwEdit',	'12qw',	NULL,	'3434',	94.00,	NULL,	NULL,	5,	5,	NULL,	NULL,	NULL,	NULL,	'2021-05-26 18:57:14',	'2021-05-27 03:27:45',	'2021-05-27 03:27:45',	15,	NULL),
(47,	'qw12',	'123',	NULL,	'34',	790.00,	NULL,	NULL,	7,	5,	NULL,	NULL,	NULL,	NULL,	'2021-05-26 18:58:31',	'2021-05-27 03:27:47',	'2021-05-27 03:27:47',	19,	NULL),
(48,	'12',	'qw12',	NULL,	'qw',	222.00,	NULL,	NULL,	1234,	5,	NULL,	NULL,	NULL,	NULL,	'2021-05-26 19:04:36',	'2021-05-27 03:27:49',	'2021-05-27 03:27:49',	19,	NULL),
(49,	'testDallas',	'3456',	NULL,	'3456',	3050.00,	NULL,	NULL,	4,	5,	NULL,	NULL,	NULL,	NULL,	'2021-05-26 19:22:48',	'2021-05-27 03:27:51',	'2021-05-27 03:27:51',	19,	NULL),
(50,	'DallasTest',	'23456',	NULL,	'123',	7.00,	NULL,	NULL,	5,	5,	NULL,	NULL,	NULL,	NULL,	'2021-05-26 19:25:15',	'2021-05-27 03:27:53',	'2021-05-27 03:27:53',	19,	NULL),
(53,	'adsasdasd',	'dweasasdasda',	NULL,	'dwe',	123.00,	NULL,	NULL,	4,	5,	NULL,	NULL,	NULL,	NULL,	'2021-05-30 06:05:43',	'2021-05-30 06:37:08',	'2021-05-30 06:37:08',	19,	NULL),
(54,	'asdassad',	'asdasdad',	NULL,	'asdasdasd',	23.00,	NULL,	NULL,	4,	5,	NULL,	NULL,	NULL,	NULL,	'2021-05-30 06:36:54',	'2021-05-30 06:37:00',	'2021-05-30 06:37:00',	19,	NULL),
(55,	'CT Solutions Bronze Package',	'CT Solutions Bronze Package',	'controller',	'CTS-BR-W600A',	4251.00,	NULL,	NULL,	1,	1,	'options.panel_size',	NULL,	NULL,	NULL,	'2021-08-25 20:23:41',	'2021-11-05 22:31:09',	NULL,	71,	NULL),
(56,	'CT Solutions Silver Package',	'CT Solutions Silver Package',	'controller',	'CTS-SL-W600T',	5275.42,	NULL,	NULL,	1,	1,	'options.panel_size',	NULL,	NULL,	NULL,	'2021-09-20 22:29:18',	'2021-11-05 22:31:19',	NULL,	71,	NULL),
(57,	'CT Solutions Silver Package - PH',	'CT Solutions Silver Package - PH',	'controller',	'CTS-SL-W600T-PH',	5240.40,	NULL,	NULL,	1,	1,	'options.panel_size',	NULL,	NULL,	NULL,	'2021-09-20 22:34:01',	'2021-11-05 22:32:27',	NULL,	71,	NULL),
(58,	'CT Solutions Gold Package',	'CT Solutions Gold Package',	'controller',	'CTS-GL-W910T',	6838.96,	NULL,	NULL,	1,	1,	'options.panel_size',	NULL,	NULL,	NULL,	'2021-09-20 22:55:49',	'2021-11-05 22:32:34',	NULL,	71,	NULL),
(59,	'CT Solutions Platinum Package',	'CT Solutions Platinum Package',	'controller',	'CTS-PL-W910T',	8785.66,	NULL,	NULL,	1,	1,	'options.panel_size',	NULL,	NULL,	NULL,	'2021-09-20 22:56:51',	'2021-11-05 22:32:41',	NULL,	71,	NULL),
(60,	'Test modem',	'Test modem',	'controller',	'Test Modem',	5000.00,	NULL,	NULL,	1,	1,	'options.panel_size',	NULL,	NULL,	NULL,	'2021-09-21 01:21:03',	'2022-10-10 17:59:06',	'2022-10-10 17:59:06',	62,	NULL),
(61,	'CT9 Intuition Series',	'CSCT9',	'controller,options.relay_qty_and_type,options.power_cord,cards,options.controller_communications,options.communication_protocols,options.aux_power_supply,-,options.flow_switch,sensors',	'CSCT9',	2546.00,	NULL,	NULL,	4,	6,	'options.panel_size,options.panel_material',	-5,	NULL,	NULL,	'2021-10-13 01:21:26',	'2022-08-18 23:05:30',	NULL,	19,	NULL),
(63,	'CT WCT6-Intuition',	'CTCS6',	'controller,options.relay_qty_and_type,options.power_cord,cards,options.analog_inputs_outputs,options.communication_protocols,-,options.flow_switch, sensors,',	'CTCST6',	1045.00,	NULL,	NULL,	2,	4,	'options.panel_size,options.panel_material',	-1,	NULL,	NULL,	'2021-11-02 17:06:02',	'2022-08-18 23:07:50',	NULL,	19,	NULL),
(64,	'CT WCT600H (6 Relays Hardwired',	'WCT600H',	'controller,-,cards,options.analog_inputs_outputs,options.communication_protocols,-,sensors,-,options.flow_switch',	'WCT600H',	898.00,	NULL,	NULL,	2,	2,	'options.panel_size,options.panel_material',	-1,	NULL,	NULL,	'2021-11-02 17:14:31',	'2022-08-18 23:05:16',	'2022-08-18 23:05:16',	19,	NULL),
(65,	'CT Solutions Bronze Package with Data Plan',	'CT Solutions Bronze Package with Data Plan',	'controller',	'CTS-BR-W600A',	4251.00,	NULL,	NULL,	1,	1,	'Line Break',	NULL,	NULL,	NULL,	'2021-11-04 22:54:31',	'2021-11-05 22:33:14',	NULL,	71,	NULL),
(66,	'test1',	'm1',	'qwerty',	's11',	120.00,	NULL,	NULL,	4,	5,	'rtyu',	NULL,	NULL,	NULL,	'2022-03-21 20:13:55',	'2022-05-18 23:03:58',	'2022-05-18 23:03:58',	19,	NULL),
(67,	'test1',	'm1',	'qwerty',	's11',	120.00,	NULL,	NULL,	4,	5,	'rtyu',	NULL,	NULL,	NULL,	'2022-03-21 20:13:59',	'2022-05-18 23:04:01',	'2022-05-18 23:04:01',	19,	NULL),
(68,	'tyy',	'tyr',	'qwert',	'qwer',	2.00,	NULL,	NULL,	4,	2,	'asdf',	NULL,	NULL,	NULL,	'2022-03-21 20:15:30',	'2022-05-18 23:04:04',	'2022-05-18 23:04:04',	19,	NULL),
(69,	'test',	'modtest',	'Test1',	'1234test',	3.00,	NULL,	NULL,	5,	3,	'test1',	NULL,	NULL,	NULL,	'2022-03-21 20:38:16',	'2022-05-18 23:04:10',	'2022-05-18 23:04:10',	19,	NULL),
(70,	'qwert123',	'123',	'qwert',	'qwer',	3.00,	NULL,	NULL,	4,	2,	'qwert',	-3,	NULL,	NULL,	'2022-03-21 20:40:18',	'2022-10-10 17:58:53',	'2022-10-10 17:58:53',	65,	NULL),
(71,	'NEW TIGER',	'123',	'NLKJ555',	'123',	555.00,	NULL,	NULL,	4,	2,	'NLK555',	-2,	NULL,	NULL,	'2022-12-29 23:20:32',	'2022-12-29 23:20:32',	NULL,	79,	NULL),
(72,	'NEW TIGER',	'123',	'NLKJ555',	'123',	555.00,	NULL,	NULL,	4,	2,	'NLK555',	NULL,	NULL,	NULL,	'2022-12-29 23:20:44',	'2022-12-29 23:25:37',	'2022-12-29 23:25:37',	79,	NULL),
(74,	'Tiger New after FIX',	'a12325',	'N17234178',	'asdasd',	999.00,	NULL,	NULL,	4,	1,	'123414',	NULL,	NULL,	NULL,	'2023-04-17 18:18:28',	'2023-08-02 14:05:30',	'2023-08-02 14:05:30',	67,	NULL),
(75,	'AFTER FIX',	'123132',	'12313',	'123123',	1231231.00,	NULL,	NULL,	4,	12,	'13123',	NULL,	NULL,	NULL,	'2023-04-17 18:22:03',	'2023-08-02 14:05:19',	'2023-08-02 14:05:19',	62,	NULL),
(76,	'FIX TEST',	'123',	'12313',	'123',	123132.00,	NULL,	NULL,	4,	1,	'123123',	NULL,	NULL,	NULL,	'2023-04-17 18:24:21',	'2023-08-02 14:05:24',	'2023-08-02 14:05:24',	65,	NULL),
(77,	'test',	'test',	'test',	'test',	1.00,	NULL,	NULL,	4,	2,	'tet',	NULL,	NULL,	NULL,	'2023-04-17 22:46:47',	'2023-07-11 21:58:02',	'2023-07-11 21:58:02',	19,	NULL),
(78,	'test',	'test',	'2342',	'dsafa',	34.00,	NULL,	NULL,	4,	3,	'23423',	NULL,	NULL,	NULL,	'2023-04-17 22:49:35',	'2023-08-02 14:05:14',	'2023-08-02 14:05:14',	62,	NULL),
(79,	'MagatronXS',	'XS',	NULL,	'XS',	6500.00,	NULL,	NULL,	40,	6,	NULL,	NULL,	NULL,	NULL,	'2023-10-11 13:47:36',	'2023-10-11 13:47:36',	NULL,	66,	NULL),
(81,	'rerwewrrew',	'werewrewrew',	NULL,	'ewrrewerw',	50.00,	NULL,	NULL,	4,	5,	NULL,	NULL,	NULL,	NULL,	'2023-10-18 13:47:37',	'2023-10-18 13:50:21',	'2023-10-18 13:50:21',	19,	NULL),
(85,	'sdasdfasdas',	'dsasdadsda',	NULL,	'assadd',	500.00,	NULL,	NULL,	4,	5,	NULL,	NULL,	NULL,	NULL,	'2023-10-18 13:57:13',	'2023-10-18 14:06:32',	'2023-10-18 14:06:32',	19,	NULL),
(86,	'QAController123',	'QAControllerModel123',	NULL,	'Tag13',	2023.00,	NULL,	NULL,	4,	2,	NULL,	NULL,	NULL,	NULL,	'2023-10-23 05:59:09',	'2023-10-30 14:28:46',	'2023-10-30 14:28:46',	62,	NULL),
(87,	'QA Controller',	'QC',	'controller,options.relay_qty_and_type,options.power_cord,cards,options.controller_communications,options.communication_protocols,options.aux_power_supply,-,options.flow_switch,sensors',	'QC',	150.00,	NULL,	NULL,	4,	6,	'options.panel_size,options.panel_material,-,options.corrosion_coupon_rack,options.rotameter,options.check,options.isolation_valves,options.strainers,options.plumbing_size',	NULL,	NULL,	NULL,	'2023-10-23 06:13:27',	'2023-10-23 06:13:27',	NULL,	94,	NULL),
(88,	'QA Con',	'QCC',	NULL,	'QCC',	20233.00,	NULL,	NULL,	4,	2,	NULL,	NULL,	NULL,	NULL,	'2023-10-23 06:15:15',	'2023-10-23 06:15:25',	'2023-10-23 06:15:25',	62,	NULL),
(89,	'QASTAGECONTROLL',	'QAMODEL',	NULL,	'QATAG',	30.00,	NULL,	NULL,	4,	4,	NULL,	NULL,	NULL,	NULL,	'2023-11-06 12:12:27',	'2023-11-06 12:35:43',	'2023-11-06 12:35:43',	19,	'2'),
(90,	'QACONTROLLER611',	'QAMOD611',	NULL,	'TAG611',	20.00,	NULL,	NULL,	4,	4,	NULL,	NULL,	NULL,	NULL,	'2023-11-06 13:14:33',	'2023-11-06 13:18:34',	'2023-11-06 13:18:34',	19,	'S');

CREATE TABLE `panel_option_quote` (
  `quote_id` bigint unsigned NOT NULL,
  `panel_option_id` bigint unsigned NOT NULL,
  KEY `quote_id_fk_3689870` (`quote_id`) USING BTREE,
  KEY `panel_option_id_fk_3689870` (`panel_option_id`) USING BTREE,
  CONSTRAINT `panel_option_id_fk_3689870` FOREIGN KEY (`panel_option_id`) REFERENCES `panel_options` (`id`) ON DELETE CASCADE,
  CONSTRAINT `quote_id_fk_3689870` FOREIGN KEY (`quote_id`) REFERENCES `quotes` (`id`) ON DELETE CASCADE
) ENGINE=InnoDB DEFAULT CHARSET=utf8mb4 COLLATE=utf8mb4_unicode_ci;


CREATE TABLE `panel_options` (
  `id` bigint unsigned NOT NULL AUTO_INCREMENT,
  `name` varchar(255) CHARACTER SET utf8mb4 COLLATE utf8mb4_unicode_ci NOT NULL,
  `model_number` varchar(255) CHARACTER SET utf8mb4 COLLATE utf8mb4_unicode_ci DEFAULT NULL,
  `code` varchar(255) CHARACTER SET utf8mb4 COLLATE utf8mb4_unicode_ci DEFAULT NULL,
  `tag` varchar(255) CHARACTER SET utf8mb4 COLLATE utf8mb4_unicode_ci DEFAULT NULL,
  `price` decimal(15,2) DEFAULT NULL,
  `description` longtext CHARACTER SET utf8mb4 COLLATE utf8mb4_unicode_ci,
  `sort_index` int DEFAULT NULL,
  `skip` tinyint(1) DEFAULT '0',
  `note` varchar(255) CHARACTER SET utf8mb4 COLLATE utf8mb4_unicode_ci DEFAULT NULL,
  `type` varchar(255) CHARACTER SET utf8mb4 COLLATE utf8mb4_unicode_ci DEFAULT NULL,
  `diagram_position` int DEFAULT NULL,
  `created_at` timestamp NULL DEFAULT NULL,
  `updated_at` timestamp NULL DEFAULT NULL,
  `deleted_at` timestamp NULL DEFAULT NULL,
  `manufacturer_id` bigint unsigned DEFAULT NULL,
  `parent_id` bigint unsigned DEFAULT NULL,
  `category_id` bigint unsigned DEFAULT NULL,
  `communication` tinyint(1) NOT NULL DEFAULT '0',
  `max_inputs` int DEFAULT NULL,
  PRIMARY KEY (`id`) USING BTREE,
  KEY `manufacturer_fk_3675699` (`manufacturer_id`) USING BTREE,
  KEY `parent_fk_3683301` (`parent_id`) USING BTREE,
  KEY `category_fk_3690027` (`category_id`) USING BTREE,
  CONSTRAINT `category_fk_3690027` FOREIGN KEY (`category_id`) REFERENCES `categories` (`id`),
  CONSTRAINT `manufacturer_fk_3675699` FOREIGN KEY (`manufacturer_id`) REFERENCES `manufacturers` (`id`),
  CONSTRAINT `parent_fk_3683301` FOREIGN KEY (`parent_id`) REFERENCES `panel_options` (`id`)
) ENGINE=InnoDB DEFAULT CHARSET=utf8mb4 COLLATE=utf8mb4_unicode_ci;

INSERT INTO `panel_options` (`id`, `name`, `model_number`, `code`, `tag`, `price`, `description`, `sort_index`, `skip`, `note`, `type`, `diagram_position`, `created_at`, `updated_at`, `deleted_at`, `manufacturer_id`, `parent_id`, `category_id`, `communication`, `max_inputs`) VALUES
(1,	'3333wedwd',	'sdsdf',	NULL,	'fdsfdsfsdf',	345.00,	NULL,	NULL,	0,	NULL,	NULL,	NULL,	'2021-04-26 16:22:37',	'2021-04-26 16:26:25',	'2021-04-26 16:26:25',	NULL,	NULL,	27,	0,	NULL),
(2,	'ecdecde',	'rdcw',	NULL,	'redws',	34.00,	NULL,	NULL,	0,	NULL,	NULL,	NULL,	'2021-04-27 18:24:20',	'2021-04-27 18:26:16',	'2021-04-27 18:26:16',	NULL,	NULL,	34,	0,	NULL),
(3,	'rcfedxssss',	'cedxw',	NULL,	'ced',	54.00,	NULL,	NULL,	0,	NULL,	NULL,	NULL,	'2021-04-27 18:52:13',	'2021-04-27 18:52:26',	'2021-04-27 18:52:26',	NULL,	NULL,	34,	0,	NULL),
(4,	'Modem Millie, 1 Year, Multi Carrier up to 200 MB, with w/Activation Fee US',	'Modem Millie, 1 Year, Multi-Carrier up to 200 MB, with w/Activation Fee US',	NULL,	'MM-MULTI-US02',	252.00,	NULL,	NULL,	1,	NULL,	'null',	NULL,	'2021-04-28 08:08:08',	'2023-09-08 14:50:32',	NULL,	54,	NULL,	40,	1,	NULL),
(5,	'(Enclosure, 36wx36H, Black ABS w/ window, sch80 PVC Plumbing)',	'(Enclosure, 36wx36H, Black ABS w/ window, sch80 PVC Plumbing)',	NULL,	'Panel P4-A',	50.00,	NULL,	NULL,	0,	NULL,	NULL,	NULL,	'2021-05-07 13:48:35',	'2021-05-28 23:33:25',	'2021-05-28 23:33:25',	NULL,	NULL,	59,	0,	NULL),
(6,	'Flow Direction Inlet Right/Outlet Left',	'Flow Direction Inlet Right/Outlet Left',	NULL,	'BR/TL',	0.00,	NULL,	NULL,	0,	NULL,	NULL,	NULL,	'2021-05-07 13:49:06',	'2021-06-07 23:26:16',	NULL,	54,	NULL,	60,	0,	NULL),
(7,	'Modem Millie 1 year, Multi-Carrier up to 500MB/month W/Activation Fee',	'Modem Millie 1 year, Multi-Carrier  up to 500MB/month W/Activation Fee',	NULL,	'MM-MULTI-US05',	300.00,	NULL,	NULL,	1,	NULL,	'null',	NULL,	'2021-05-07 14:57:04',	'2023-09-08 14:50:47',	NULL,	70,	NULL,	40,	1,	NULL),
(8,	'Three Feed Timer',	'F3',	NULL,	'Three Feed Timer',	590.00,	NULL,	NULL,	0,	NULL,	NULL,	NULL,	'2021-05-07 15:00:29',	'2021-06-07 23:26:51',	'2021-06-07 23:26:51',	NULL,	NULL,	61,	0,	NULL),
(9,	'Five Feed Timer',	'F5',	NULL,	'Five Feed Timer',	550.00,	NULL,	NULL,	0,	NULL,	NULL,	NULL,	'2021-05-07 15:00:54',	'2021-06-07 23:26:55',	'2021-06-07 23:26:55',	NULL,	NULL,	61,	0,	NULL),
(10,	'Six Feed Timer',	'F6',	NULL,	'Six Feed Timer',	673.00,	NULL,	NULL,	0,	NULL,	NULL,	NULL,	'2021-05-07 15:01:22',	'2021-06-07 23:26:58',	'2021-06-07 23:26:58',	NULL,	NULL,	61,	0,	NULL),
(11,	'Pulsa Link cloud communications',	'E',	NULL,	'CELL-CUM',	391.00,	NULL,	NULL,	0,	NULL,	NULL,	NULL,	'2021-05-07 15:08:26',	'2021-06-07 23:27:02',	'2021-06-07 23:27:02',	NULL,	NULL,	NULL,	0,	NULL),
(12,	'Modem Millie 1 port w/ WiFi, Multi Provider',	'Modem Millie 1 port w/ WiFi, Multi Provider (Plan Purchased Separately)',	NULL,	'MM-T10-MULTI',	634.13,	NULL,	NULL,	1,	NULL,	'null',	NULL,	'2021-05-07 15:43:01',	'2023-08-23 20:46:30',	NULL,	70,	NULL,	63,	0,	NULL),
(13,	'Dual Channel Corrosion',	'H',	NULL,	'H',	682.00,	NULL,	NULL,	0,	NULL,	'null',	NULL,	'2021-05-07 16:17:41',	'2021-06-08 21:48:00',	'2021-06-08 21:48:00',	48,	NULL,	64,	0,	NULL),
(14,	'ADV Four 4-20mA isolated inputs',	'Four 4-20mA isolated inputs',	NULL,	'N4',	432.00,	NULL,	NULL,	0,	NULL,	'null',	NULL,	'2021-05-07 16:18:07',	'2021-06-09 00:39:57',	'2021-06-09 00:39:57',	48,	NULL,	64,	0,	NULL),
(15,	'ADV Eight 4-20mA isolated inputs',	'N8',	NULL,	'N8',	900.00,	NULL,	NULL,	0,	NULL,	NULL,	NULL,	'2021-05-07 16:18:30',	'2021-06-09 00:40:03',	'2021-06-09 00:40:03',	NULL,	NULL,	64,	0,	NULL),
(16,	'ADV Four 4-20mA outputs',	'O4',	NULL,	'N4',	432.00,	NULL,	NULL,	0,	NULL,	NULL,	NULL,	'2021-05-07 16:19:01',	'2021-06-09 00:40:07',	'2021-06-09 00:40:07',	NULL,	NULL,	64,	0,	NULL),
(17,	'ADV Four isolated 4-20mA inputs and four 4-20mA outputs',	'N4O4',	NULL,	'N4O4',	864.00,	NULL,	NULL,	0,	NULL,	NULL,	NULL,	'2021-05-07 16:19:26',	'2021-06-09 00:40:12',	'2021-06-09 00:40:12',	NULL,	NULL,	64,	0,	NULL),
(18,	'ADV Communications with Lonworks connection',	'H31',	NULL,	'H31',	1076.00,	NULL,	NULL,	0,	NULL,	NULL,	NULL,	'2021-05-07 16:20:25',	'2021-06-07 23:31:16',	NULL,	NULL,	NULL,	65,	0,	NULL),
(19,	'ADV Communications card with CAT5 and wifi connections.',	'H',	NULL,	'H',	519.00,	NULL,	NULL,	0,	NULL,	NULL,	NULL,	'2021-05-07 16:20:47',	'2021-06-07 23:31:24',	NULL,	NULL,	NULL,	65,	0,	NULL),
(20,	'ADV Communications with Modbus connection',	'H11',	NULL,	'H11',	885.00,	NULL,	NULL,	0,	NULL,	NULL,	NULL,	'2021-05-07 16:21:13',	'2021-06-07 23:31:32',	NULL,	NULL,	NULL,	65,	0,	NULL),
(21,	'ADV Communications with BACNET connection',	'H21',	NULL,	'H21',	885.00,	NULL,	NULL,	0,	NULL,	NULL,	NULL,	'2021-05-07 16:21:39',	'2021-06-07 23:31:40',	NULL,	NULL,	NULL,	65,	0,	NULL),
(22,	'ADV One Feed Timer',	'F1',	NULL,	'F1',	110.00,	NULL,	NULL,	0,	NULL,	NULL,	NULL,	'2021-05-07 17:17:04',	'2021-06-07 23:31:56',	NULL,	NULL,	NULL,	61,	0,	NULL),
(23,	'ADV Two Feed Timers',	'F2',	NULL,	'F2',	220.00,	NULL,	NULL,	0,	NULL,	NULL,	NULL,	'2021-05-07 17:17:27',	'2021-06-07 23:32:06',	NULL,	NULL,	NULL,	61,	0,	NULL),
(24,	'ADV Three Feed Timers',	'F3',	NULL,	'F3',	330.00,	NULL,	NULL,	0,	NULL,	NULL,	NULL,	'2021-05-07 17:17:56',	'2021-06-07 23:32:14',	NULL,	NULL,	NULL,	61,	0,	NULL),
(25,	'ADV Four Feed Timers',	'F4',	NULL,	'F4',	440.00,	NULL,	NULL,	0,	NULL,	NULL,	NULL,	'2021-05-07 17:18:21',	'2021-06-07 23:32:23',	NULL,	NULL,	NULL,	61,	0,	NULL),
(26,	'Five Feed Timers',	'F5',	NULL,	'F5',	550.00,	NULL,	NULL,	0,	NULL,	NULL,	NULL,	'2021-05-07 17:18:47',	'2021-05-07 17:18:47',	NULL,	NULL,	NULL,	61,	0,	NULL),
(27,	'Dual Connection, Ethernet and WiFi',	'D',	NULL,	'D',	226.00,	NULL,	-1,	0,	NULL,	'null',	NULL,	'2021-05-07 17:26:52',	'2021-08-10 23:11:12',	NULL,	48,	NULL,	66,	1,	NULL),
(28,	'Modbus/BACnet TCP Protocol Option',	'Modbus TCP and BACnet',	NULL,	'M',	339.00,	NULL,	NULL,	0,	NULL,	'null',	NULL,	'2021-05-07 17:27:39',	'2022-08-10 18:07:09',	NULL,	48,	NULL,	134,	1,	NULL),
(29,	'Single Connection, WiFi Only',	'W',	NULL,	'W',	226.00,	NULL,	-2,	0,	NULL,	NULL,	NULL,	'2021-05-07 17:28:03',	'2022-08-10 18:05:11',	NULL,	48,	NULL,	66,	0,	NULL),
(30,	'Dual Channel Corrosion',	'H',	NULL,	'H',	682.00,	NULL,	NULL,	0,	NULL,	NULL,	NULL,	'2021-05-07 17:31:06',	'2021-05-07 17:31:06',	NULL,	NULL,	NULL,	67,	0,	NULL),
(31,	'Dual 4-20mA Outputs',	'191915',	NULL,	'AO-1',	226.00,	NULL,	NULL,	0,	NULL,	NULL,	NULL,	'2021-05-07 17:31:29',	'2021-05-07 17:31:29',	NULL,	NULL,	NULL,	67,	0,	NULL),
(32,	'Quad 4-20mA Outputs',	'191916',	NULL,	'AO-2',	335.00,	NULL,	NULL,	0,	NULL,	NULL,	NULL,	'2021-05-07 17:31:53',	'2021-05-07 17:31:53',	NULL,	NULL,	NULL,	67,	0,	NULL),
(33,	'Dual 4-20mA Inputs & Quad 4-20mA Outputs',	'191918',	NULL,	'AIAO',	515.00,	NULL,	NULL,	0,	NULL,	NULL,	NULL,	'2021-05-07 17:32:16',	'2021-05-07 17:32:16',	NULL,	NULL,	NULL,	67,	0,	NULL),
(34,	'Dual Sensor Inputs',	'191910',	NULL,	'SI-1',	380.00,	NULL,	NULL,	0,	NULL,	NULL,	NULL,	'2021-05-07 17:32:47',	'2021-05-07 17:32:47',	NULL,	NULL,	NULL,	67,	0,	NULL),
(35,	'Dual 4-20mA Analog Inputs',	'191912',	NULL,	'AI-2',	296.00,	NULL,	NULL,	0,	NULL,	NULL,	NULL,	'2021-05-07 17:33:16',	'2021-05-07 17:33:16',	NULL,	NULL,	NULL,	67,	0,	NULL),
(36,	'Quad 4-20mA Analog Inputs',	'191913',	NULL,	'AI-3',	475.00,	NULL,	NULL,	0,	NULL,	NULL,	NULL,	'2021-05-07 17:33:44',	'2021-05-07 17:33:44',	NULL,	NULL,	NULL,	67,	0,	NULL),
(37,	'Six 4-20mA Analog Inputs',	'191914',	NULL,	'AI-4',	655.00,	NULL,	NULL,	0,	NULL,	NULL,	NULL,	'2021-05-07 17:34:10',	'2021-05-07 17:34:10',	NULL,	NULL,	NULL,	67,	0,	NULL),
(38,	'test sensor',	'1112',	NULL,	NULL,	3333.00,	NULL,	NULL,	0,	NULL,	'sensors',	NULL,	'2021-05-16 03:02:38',	'2021-05-17 04:04:56',	'2021-05-17 04:04:56',	3,	NULL,	NULL,	0,	5),
(39,	'Test1',	'sd-123',	NULL,	'fasfd',	1234.34,	NULL,	NULL,	0,	NULL,	NULL,	NULL,	'2021-05-16 03:33:07',	'2021-05-16 21:52:30',	'2021-05-16 21:52:30',	NULL,	NULL,	60,	0,	NULL),
(40,	'test123',	'qasd',	NULL,	'33',	1234.00,	NULL,	NULL,	0,	NULL,	NULL,	NULL,	'2021-05-16 21:52:08',	'2021-05-16 21:52:32',	'2021-05-16 21:52:32',	NULL,	NULL,	32,	1,	NULL),
(41,	'test',	'123',	NULL,	'123',	1231.00,	NULL,	NULL,	0,	NULL,	NULL,	NULL,	'2021-05-17 04:00:22',	'2021-05-17 04:04:52',	'2021-05-17 04:04:52',	NULL,	NULL,	31,	1,	NULL),
(42,	'test124',	'qwe',	NULL,	'123',	2155.00,	NULL,	NULL,	0,	NULL,	NULL,	NULL,	'2021-05-17 04:03:23',	'2021-05-17 04:04:54',	'2021-05-17 04:04:54',	NULL,	NULL,	32,	0,	NULL),
(43,	'testd123',	'asdasd',	NULL,	'qe',	3.00,	NULL,	NULL,	0,	NULL,	NULL,	NULL,	'2021-05-17 12:28:28',	'2021-05-17 16:50:52',	'2021-05-17 16:50:52',	NULL,	NULL,	33,	0,	NULL),
(44,	'asd',	'asdqwe',	'123',	'zxcasd',	22.00,	NULL,	NULL,	0,	NULL,	'null',	NULL,	'2021-05-17 12:35:41',	'2021-05-17 16:50:54',	'2021-05-17 16:50:54',	NULL,	NULL,	NULL,	0,	1),
(45,	'test123',	'asd',	NULL,	'qwe',	143.00,	NULL,	NULL,	0,	NULL,	'null',	NULL,	'2021-05-17 18:20:36',	'2021-05-18 02:51:56',	'2021-05-18 02:51:56',	NULL,	NULL,	33,	0,	NULL),
(46,	'dfgdf',	'qwe',	NULL,	NULL,	123.00,	NULL,	NULL,	0,	NULL,	'null',	NULL,	'2021-05-17 18:21:15',	'2021-05-17 18:21:47',	'2021-05-17 18:21:47',	NULL,	NULL,	31,	0,	NULL),
(47,	'zxcxzc',	'asd',	NULL,	'qweqwe',	141.00,	NULL,	NULL,	0,	NULL,	'null',	NULL,	'2021-05-17 18:22:06',	'2021-05-18 02:51:58',	'2021-05-18 02:51:58',	NULL,	NULL,	71,	0,	NULL),
(48,	'tests',	'qwe',	NULL,	'123',	123.00,	NULL,	NULL,	0,	NULL,	'null',	NULL,	'2021-05-17 18:22:45',	'2021-05-18 02:51:59',	'2021-05-18 02:51:59',	NULL,	NULL,	71,	0,	NULL),
(49,	'asdasdzxc',	'123',	NULL,	'qew',	1.00,	NULL,	NULL,	0,	NULL,	'null',	NULL,	'2021-05-17 18:26:50',	'2021-05-18 02:52:01',	'2021-05-18 02:52:01',	NULL,	NULL,	71,	0,	NULL),
(50,	'sdasdasd',	'qweasd',	NULL,	'qq',	113.00,	NULL,	NULL,	0,	NULL,	'null',	NULL,	'2021-05-17 18:46:09',	'2021-05-18 02:52:03',	'2021-05-18 02:52:03',	NULL,	NULL,	76,	0,	NULL),
(51,	'zxxczcx',	'adsasd',	NULL,	'asd',	143.00,	NULL,	NULL,	0,	NULL,	'null',	NULL,	'2021-05-17 18:48:56',	'2021-05-18 02:52:05',	'2021-05-18 02:52:05',	NULL,	NULL,	76,	0,	NULL),
(52,	'Test',	NULL,	NULL,	NULL,	0.00,	NULL,	NULL,	0,	NULL,	'other',	NULL,	'2021-05-19 17:06:26',	'2021-05-21 13:43:06',	'2021-05-21 13:43:06',	NULL,	NULL,	NULL,	0,	NULL),
(53,	'20x30',	'sets',	NULL,	'test',	123.00,	NULL,	NULL,	0,	NULL,	'null',	NULL,	'2021-05-20 16:59:46',	'2021-05-20 17:44:11',	'2021-05-20 17:44:11',	NULL,	NULL,	59,	0,	NULL),
(54,	'ChemTreat Solutions Enclosure - 36\"x 36\" Black ABS w/ window, sch80 PVC Plumbing',	'36 x 36',	NULL,	'wqe',	123.00,	NULL,	NULL,	0,	NULL,	NULL,	NULL,	'2021-05-20 17:03:44',	'2021-05-28 23:09:48',	'2021-05-28 23:09:48',	NULL,	NULL,	31,	0,	NULL),
(55,	'test',	'test',	NULL,	'test',	1.00,	NULL,	NULL,	0,	NULL,	'sensors',	NULL,	'2021-05-20 17:15:35',	'2021-05-20 17:44:43',	'2021-05-20 17:44:43',	NULL,	NULL,	31,	0,	12),
(56,	'Chemtreat Solutions Panel Gray PVC - 33\"h X 22\"w - Sch80 PVC Piping - complete system, no pumps',	'Chemtreat Solutions Panel Gray PVC',	NULL,	'PVC',	200.00,	NULL,	NULL,	0,	NULL,	'null',	NULL,	'2021-05-20 17:45:26',	'2021-05-20 17:45:26',	NULL,	NULL,	NULL,	NULL,	0,	NULL),
(57,	'test123',	'123',	NULL,	'123',	123.00,	NULL,	NULL,	0,	NULL,	'null',	NULL,	'2021-05-20 20:47:23',	'2021-05-22 18:06:35',	'2021-05-22 18:06:35',	NULL,	NULL,	59,	0,	NULL),
(58,	'Test',	'test',	NULL,	'test',	-4.00,	NULL,	NULL,	0,	NULL,	NULL,	NULL,	'2021-05-21 13:37:17',	'2021-05-21 13:42:40',	'2021-05-21 13:42:40',	NULL,	NULL,	36,	0,	NULL),
(59,	'Test2',	'fasdf',	NULL,	'sdf',	0.00,	NULL,	NULL,	0,	NULL,	NULL,	NULL,	'2021-05-21 13:37:46',	'2021-05-21 13:42:43',	'2021-05-21 13:42:43',	NULL,	NULL,	NULL,	0,	NULL),
(60,	'Test3',	'wef',	NULL,	'wef',	-5.00,	NULL,	NULL,	0,	NULL,	NULL,	NULL,	'2021-05-21 13:40:04',	'2021-05-21 13:42:46',	'2021-05-21 13:42:46',	NULL,	NULL,	31,	0,	NULL),
(61,	'Test Category',	'T700',	NULL,	'test',	1.00,	NULL,	NULL,	0,	NULL,	NULL,	NULL,	'2021-05-21 13:41:18',	'2021-05-22 17:58:00',	'2021-05-22 17:58:00',	NULL,	NULL,	31,	0,	NULL),
(62,	'Aacer Flooring',	'ters',	NULL,	'test',	2.00,	NULL,	NULL,	0,	NULL,	'null',	NULL,	'2021-05-21 15:06:59',	'2021-06-07 23:33:32',	'2021-06-07 23:33:32',	NULL,	NULL,	67,	0,	NULL),
(63,	'so',	'qwe',	NULL,	'123',	5.00,	NULL,	NULL,	0,	NULL,	'null',	NULL,	'2021-05-24 18:48:40',	'2021-05-26 12:45:18',	'2021-05-26 12:45:18',	NULL,	NULL,	36,	0,	NULL),
(64,	'Panel - 24\" X 24\" Basic (For Cont and Sens Only)',	'Panel, 24\" X 24\"',	NULL,	'P1',	473.00,	NULL,	NULL,	0,	NULL,	'null',	NULL,	'2021-05-26 14:00:44',	'2021-07-14 01:39:52',	'2021-07-14 01:39:52',	53,	NULL,	59,	0,	NULL),
(65,	'Twist to Clean',	'TP',	NULL,	'TP',	151.54,	NULL,	NULL,	0,	NULL,	'null',	NULL,	'2021-05-26 14:43:30',	'2022-01-03 22:47:07',	NULL,	55,	NULL,	116,	0,	NULL),
(66,	'Tee Style Strainer',	'TS',	NULL,	'TS',	61.30,	NULL,	NULL,	0,	NULL,	'null',	NULL,	'2021-05-26 14:44:05',	'2022-01-03 22:47:20',	NULL,	53,	NULL,	116,	0,	NULL),
(67,	'Asahi Wye Strainer',	'A',	NULL,	'A',	139.51,	NULL,	NULL,	0,	NULL,	'null',	NULL,	'2021-05-26 14:44:34',	'2022-01-03 22:47:31',	NULL,	53,	NULL,	116,	0,	NULL),
(68,	'Banjo Strainer',	'B',	NULL,	'B',	91.38,	NULL,	NULL,	0,	NULL,	'null',	NULL,	'2021-05-26 14:44:58',	'2022-01-03 22:47:41',	NULL,	53,	NULL,	116,	0,	NULL),
(69,	'Twist to Clean (for Dual Flow Loop Systems)',	'a',	NULL,	'TPD',	264.50,	NULL,	NULL,	0,	NULL,	'null',	NULL,	'2021-05-26 14:46:57',	'2021-05-27 17:59:28',	'2021-05-27 17:59:28',	NULL,	NULL,	116,	0,	NULL),
(70,	'Asahi Wye Strainer (for Dual Flow Loop Systems)',	'AD',	NULL,	'AD',	107.00,	NULL,	NULL,	0,	NULL,	'null',	NULL,	'2021-05-26 14:49:14',	'2021-05-27 17:59:24',	'2021-05-27 17:59:24',	NULL,	NULL,	116,	0,	NULL),
(71,	'TSD = Tee Style Strainer (for Dual Flow Loop Systems)',	'TSD',	NULL,	'TSD',	243.50,	NULL,	NULL,	0,	NULL,	'null',	NULL,	'2021-05-26 14:49:54',	'2021-05-27 17:59:27',	'2021-05-27 17:59:27',	NULL,	NULL,	116,	0,	NULL),
(72,	'Banjo Strainer (for Dual Flow Loop Systems)',	'BD',	NULL,	'BD',	159.50,	NULL,	NULL,	0,	NULL,	'null',	NULL,	'2021-05-26 14:50:33',	'2021-05-27 17:59:30',	'2021-05-27 17:59:30',	NULL,	NULL,	116,	0,	NULL),
(73,	'In Bottom Right, Out Top Left',	'PBR-TL',	NULL,	'PBR-TL',	0.00,	NULL,	NULL,	1,	NULL,	'null',	NULL,	'2021-05-26 14:54:32',	'2021-07-15 17:42:06',	NULL,	53,	NULL,	117,	0,	NULL),
(74,	'In Bottom Right, Out Top Right',	'PBR-TR',	NULL,	'PBR-TR',	0.00,	NULL,	NULL,	1,	NULL,	'null',	NULL,	'2021-05-26 14:55:57',	'2021-07-15 17:42:10',	NULL,	53,	NULL,	117,	0,	NULL),
(75,	'In Bottom Left, Out Top Right',	'PBL-TR',	NULL,	'PBL-TR',	0.00,	NULL,	NULL,	1,	NULL,	'null',	NULL,	'2021-05-26 14:56:18',	'2021-07-15 17:42:15',	NULL,	53,	NULL,	117,	0,	NULL),
(76,	'In Bottom Left, Out Top Left',	'PBL-TL',	NULL,	'PBL-TL',	0.00,	NULL,	NULL,	1,	NULL,	'null',	NULL,	'2021-05-26 14:56:40',	'2021-07-15 17:42:20',	NULL,	53,	NULL,	117,	0,	NULL),
(77,	'In Bottom Left, Out Top Left',	'BL-TL',	NULL,	'BL-TL',	0.00,	NULL,	NULL,	0,	NULL,	'null',	NULL,	'2021-05-26 14:56:55',	'2021-06-07 23:38:07',	'2021-06-07 23:38:07',	NULL,	NULL,	117,	0,	NULL),
(78,	'In/Out Left, In/Out Right (Standard Dual Flow Configuration)',	'BL/TL-BR/TR',	NULL,	'BL/TL-BR/TR',	0.00,	NULL,	NULL,	0,	NULL,	'null',	NULL,	'2021-05-26 14:57:18',	'2021-05-28 23:10:26',	'2021-05-28 23:10:26',	NULL,	NULL,	117,	0,	NULL),
(79,	'Panel - 22\"W X 33\"H ( For Cont, Sens, Rotameter, and Check Only)',	'Panel, 22\"W X 33\"H',	NULL,	'P2',	773.44,	NULL,	NULL,	0,	NULL,	'null',	NULL,	'2021-05-26 15:10:43',	'2022-01-03 22:17:54',	NULL,	53,	NULL,	59,	0,	NULL),
(80,	'No Valves',	'No additional capability',	NULL,	'N',	0.00,	NULL,	NULL,	0,	NULL,	'null',	NULL,	'2021-05-26 15:32:33',	'2021-06-08 23:28:57',	'2021-06-08 23:28:57',	53,	NULL,	34,	0,	NULL),
(81,	'Standard Ball Valve (PVC)',	'Standard Ball Valve (PVC)',	NULL,	'P',	103.41,	NULL,	NULL,	0,	NULL,	'null',	NULL,	'2021-05-26 15:33:01',	'2022-01-03 22:46:33',	NULL,	53,	NULL,	34,	0,	NULL),
(82,	'True Union Ball Valve (PVC)',	'True Union Ball Valve (PVC)',	NULL,	'U',	223.73,	NULL,	NULL,	0,	NULL,	'null',	NULL,	'2021-05-26 15:33:27',	'2022-01-03 22:46:45',	NULL,	53,	NULL,	34,	0,	NULL),
(83,	'Standard Ball Valve (PVC) (for Dual Flow Loop Systems)',	'Standard Ball Valve (PVC) (for Dual Flow Loop Systems)',	NULL,	'PD',	180.50,	NULL,	NULL,	0,	NULL,	'null',	NULL,	'2021-05-26 15:34:07',	'2021-05-27 17:59:18',	'2021-05-27 17:59:18',	NULL,	NULL,	34,	0,	NULL),
(84,	'True Union Ball Valve (PVC) (for Dual Flow Loop Systems)',	'True Union Ball Valve (PVC) (for Dual Flow Loop Systems)',	NULL,	'UD',	390.50,	NULL,	NULL,	0,	NULL,	'null',	NULL,	'2021-05-26 15:34:40',	'2021-05-27 17:59:20',	'2021-05-27 17:59:20',	NULL,	NULL,	34,	0,	NULL),
(85,	'Panel - 40\"H X 30\"W ( For Complete System, No Pumps)',	'Panel, 40\"H X 30\"W',	NULL,	'P3',	932.43,	NULL,	NULL,	0,	NULL,	'null',	NULL,	'2021-05-26 15:38:07',	'2022-01-03 22:18:10',	NULL,	53,	NULL,	59,	0,	NULL),
(86,	'Panel 48\" X 48\" (for complete Racks w Pump shelf and/or INJ Points)',	'Panel, 48\" X 48\"',	NULL,	'P4',	985.42,	NULL,	NULL,	0,	NULL,	'null',	NULL,	'2021-05-26 15:38:36',	'2022-01-03 22:18:28',	NULL,	53,	NULL,	59,	0,	NULL),
(87,	'Enclosure - 36\" X 36\" Black ABS With Window  (For Complete System, No Pumps)',	'Enclosure - 36\" X 36\" Black ABS With Window  (For Complete System, No Pumps)',	NULL,	'E1',	1376.05,	NULL,	NULL,	0,	NULL,	'null',	NULL,	'2021-05-26 15:39:04',	'2021-06-07 23:18:36',	'2021-06-07 23:18:36',	NULL,	NULL,	59,	0,	NULL),
(88,	'3/8\" SCH80 PVC Gray',	'3/8\" SCH80 PVC Gray',	NULL,	'P',	0.00,	NULL,	NULL,	0,	NULL,	'null',	NULL,	'2021-05-26 15:39:52',	'2021-06-07 23:38:50',	NULL,	53,	NULL,	31,	0,	NULL),
(89,	'1/2\" White HDPE',	'1/2\" White HDPE',	NULL,	'HW',	0.00,	NULL,	NULL,	0,	NULL,	'null',	NULL,	'2021-05-26 15:40:16',	'2021-06-07 23:39:21',	NULL,	53,	NULL,	31,	0,	NULL),
(90,	'1/2\" Black HDPE',	'1/2\" Black HDPE',	NULL,	'HB',	0.00,	NULL,	NULL,	0,	NULL,	'null',	NULL,	'2021-05-26 15:40:37',	'2021-06-07 23:39:31',	NULL,	53,	NULL,	31,	0,	NULL),
(91,	'1/2\" Black HDPE w/ White Engraved Logo',	'1/2\" Black HDPE w/ White Engraved Logo',	NULL,	'BLWT',	0.00,	NULL,	NULL,	0,	NULL,	'null',	NULL,	'2021-05-26 15:41:14',	'2023-08-28 14:03:21',	'2023-08-28 14:03:21',	53,	NULL,	31,	0,	NULL),
(92,	'1/2\" Blue HDPE w/ White Engraved Logo',	'1/2\" Blue HDPE w/ White Engraved Logo',	NULL,	'BUWT',	0.00,	NULL,	NULL,	0,	NULL,	'null',	NULL,	'2021-05-26 15:41:40',	'2023-08-28 14:03:32',	'2023-08-28 14:03:32',	53,	NULL,	31,	0,	NULL),
(93,	'1/2\" White HDPE w/ Blue Engraved Logo',	'1/2\" White HDPE w/ Blue Engraved Logo',	NULL,	'WTBU',	0.00,	NULL,	NULL,	0,	NULL,	'null',	NULL,	'2021-05-26 15:42:05',	'2023-08-28 14:03:36',	'2023-08-28 14:03:36',	53,	NULL,	31,	0,	NULL),
(94,	'1/2\" White HDPE w/ Green Engraved Logo',	'1/2\" White HDPE w/ Green Engraved Logo',	NULL,	'WTGR',	0.00,	NULL,	NULL,	0,	NULL,	'null',	NULL,	'2021-05-26 15:42:28',	'2023-08-28 14:03:42',	'2023-08-28 14:03:42',	53,	NULL,	31,	0,	NULL),
(95,	'2 Pass Coupon Rack (3/4\" NPT Standard Holder w/ Union)',	'2 Pass Coupon Rack (3/4\" NPT Standard Holder w/ Union)',	NULL,	'2',	235.76,	NULL,	NULL,	0,	NULL,	'null',	NULL,	'2021-05-26 15:45:00',	'2022-01-03 22:38:15',	NULL,	53,	NULL,	32,	0,	NULL),
(96,	'4 Pass Coupon Rack (3/4\" NPT Standard Holder w/ Union)',	'4 Pass Coupon Rack (3/4\" NPT Standard Holder w/ Union)',	NULL,	'4',	354.92,	NULL,	NULL,	0,	NULL,	'null',	NULL,	'2021-05-26 15:45:57',	'2022-01-03 22:38:27',	NULL,	53,	NULL,	32,	0,	4),
(97,	'2 Pass Coupon Rack (1\" CamRack Quick Disconnect)',	'2 Pass Coupon Rack (1\" CamRack Quick Disconnect)',	NULL,	'2C',	344.04,	NULL,	NULL,	0,	NULL,	'null',	NULL,	'2021-05-26 15:46:23',	'2022-01-03 22:38:41',	NULL,	53,	NULL,	32,	0,	NULL),
(98,	'4 Pass Coupon Rack (1\" CamRack Quick Disconnect)',	'4 Pass Coupon Rack (1\" CamRack Quick Disconnect)',	NULL,	'4C',	656.85,	NULL,	NULL,	0,	NULL,	'null',	NULL,	'2021-05-26 15:46:50',	'2022-01-03 22:39:08',	NULL,	53,	NULL,	32,	0,	NULL),
(99,	'4 Pass Coupon Rack (1\" CamRack Quick Disconnect)',	'4 Pass Coupon Rack (1\" CamRack Quick Disconnect)',	NULL,	'4C',	573.25,	NULL,	NULL,	0,	NULL,	'null',	NULL,	'2021-05-26 15:47:49',	'2021-05-26 15:47:55',	'2021-05-26 15:47:55',	NULL,	NULL,	32,	0,	NULL),
(100,	'2 Pass Coupon Rack (3/4\" NPT Standard Holder w/ Union) (for Dual Flow Loop Systems)',	'2 Pass Coupon Rack (3/4\" NPT Standard Holder w/ Union) (for Dual Flow Loop Systems)',	NULL,	'2D',	411.50,	NULL,	NULL,	0,	NULL,	'null',	NULL,	'2021-05-26 15:48:26',	'2021-05-28 23:10:01',	'2021-05-28 23:10:01',	NULL,	NULL,	32,	0,	NULL),
(101,	'4 Pass Coupon Rack (3/4\" NPT Standard Holder w/ Union) (for Dual Flow Loop Systems)',	'4 Pass Coupon Rack (3/4\" NPT Standard Holder w/ Union) (for Dual Flow Loop Systems)',	NULL,	'4D',	519.50,	NULL,	NULL,	0,	NULL,	'null',	NULL,	'2021-05-26 15:49:03',	'2021-05-28 23:10:03',	'2021-05-28 23:10:03',	NULL,	NULL,	32,	0,	NULL),
(102,	'2 Pass Coupon Rack (1\" CamRack Quick Disconnect) (for Dual Flow Loop Systems)',	'2 Pass Coupon Rack (1\" CamRack Quick Disconnect) (for Dual Flow Loop Systems)',	NULL,	'2CD',	600.50,	NULL,	NULL,	0,	NULL,	NULL,	NULL,	'2021-05-26 15:49:38',	'2021-05-28 23:10:06',	'2021-05-28 23:10:06',	NULL,	NULL,	32,	0,	NULL),
(103,	'4 Pass Coupon Rack (1\" CamRack Quick Disconnect) (for Dual Flow Loop Systems)',	'4 Pass Coupon Rack (1\" CamRack Quick Disconnect) (for Dual Flow Loop Systems)',	NULL,	'4CD',	1146.50,	NULL,	NULL,	0,	NULL,	'null',	NULL,	'2021-05-26 15:50:01',	'2021-05-28 23:10:08',	'2021-05-28 23:10:08',	NULL,	NULL,	32,	0,	NULL),
(104,	'None',	'None',	NULL,	'N',	0.00,	NULL,	NULL,	0,	NULL,	'null',	NULL,	'2021-05-26 15:50:22',	'2021-06-08 23:28:36',	'2021-06-08 23:28:36',	53,	NULL,	32,	0,	NULL),
(105,	'None',	'None',	NULL,	'N',	0.00,	NULL,	NULL,	0,	NULL,	'null',	NULL,	'2021-05-26 15:51:00',	'2021-06-08 23:28:47',	'2021-06-08 23:28:47',	53,	NULL,	36,	0,	NULL),
(106,	'Rotameter',	'Rotameter',	NULL,	'R',	153.90,	NULL,	NULL,	0,	NULL,	'null',	NULL,	'2021-05-26 15:51:25',	'2022-01-03 22:46:05',	NULL,	53,	NULL,	36,	0,	NULL),
(107,	'Rotameter (for Dual Flow Loop Systems)',	'Rotameter (for Dual Flow Loop Systems)',	NULL,	'RD',	274.00,	NULL,	NULL,	0,	NULL,	'null',	NULL,	'2021-05-26 15:51:55',	'2021-05-27 17:59:07',	'2021-05-27 17:59:07',	NULL,	NULL,	36,	0,	NULL),
(108,	'None',	'None',	NULL,	'N',	0.00,	NULL,	NULL,	0,	NULL,	'null',	NULL,	'2021-05-26 15:52:46',	'2021-06-08 23:28:51',	'2021-06-08 23:28:51',	53,	NULL,	35,	0,	NULL),
(109,	'Check',	'Check',	NULL,	'B',	85.37,	NULL,	NULL,	0,	NULL,	'null',	NULL,	'2021-05-26 15:53:11',	'2022-01-03 22:46:20',	NULL,	53,	NULL,	35,	0,	NULL),
(110,	'Check (for Dual Flow Loop Systems)',	'Check (for Dual Flow Loop Systems)',	NULL,	'BD',	149.00,	NULL,	NULL,	0,	NULL,	'null',	NULL,	'2021-05-26 15:53:36',	'2021-05-27 17:59:13',	'2021-05-27 17:59:13',	NULL,	NULL,	35,	0,	NULL),
(111,	'Modem Millie, 2 port w/WiFi, Multi Provider',	'Modem Millie MM-T20, •	2 port 4G Multi Provider (Plan Purchased Separately)',	NULL,	'MM-T20-O-MULTI',	815.32,	NULL,	NULL,	1,	NULL,	'null',	NULL,	'2021-05-28 23:38:39',	'2023-08-23 20:47:21',	NULL,	70,	NULL,	63,	0,	NULL),
(112,	'Modem Millie 4 port w/WiFi, 4G LTE, dual SIM capability (Plan purchased separate)',	'Modem MIllie, 4 port 4G modem, WiFi enabled, dual SIM capability, (Plan purchased separate)',	NULL,	'MM-T40',	995.00,	NULL,	NULL,	1,	NULL,	'null',	NULL,	'2021-05-28 23:39:41',	'2021-11-05 23:57:56',	'2021-11-05 23:57:56',	70,	NULL,	63,	0,	NULL),
(113,	'None',	'N',	NULL,	'N',	0.00,	NULL,	NULL,	0,	NULL,	'null',	NULL,	'2021-06-02 19:39:56',	'2021-06-08 23:25:48',	'2021-06-08 23:25:48',	48,	NULL,	66,	1,	NULL),
(114,	'None',	'N',	NULL,	'N',	0.00,	NULL,	NULL,	0,	NULL,	'null',	NULL,	'2021-06-02 20:22:57',	'2021-06-08 23:25:42',	'2021-06-08 23:25:42',	48,	NULL,	134,	0,	NULL),
(115,	'PTSA',	'Pysxis',	NULL,	'PY',	1776.00,	NULL,	NULL,	0,	NULL,	'sensors',	NULL,	'2021-06-03 19:36:36',	'2021-06-07 18:45:16',	'2021-06-07 18:45:16',	NULL,	NULL,	62,	0,	1),
(116,	'Flowswitch W900',	'Loose Flow Switch Manifold, 20 foot cables, Low Pressure',	NULL,	'L',	158.00,	NULL,	NULL,	0,	NULL,	'null',	NULL,	'2021-06-04 19:55:57',	'2021-06-07 23:43:59',	'2021-07-01 04:00:00',	48,	NULL,	37,	0,	NULL),
(117,	'W6 Ethernet card with Modbus TCP + BACnet',	'Ethernet card with Modbus TCP + BACnet',	NULL,	'M',	678.00,	NULL,	NULL,	0,	NULL,	'null',	NULL,	'2021-06-08 00:54:39',	'2023-08-09 13:57:04',	NULL,	48,	NULL,	134,	0,	NULL),
(118,	'W6 Ethernet Only',	'Ethernet card',	NULL,	'E',	339.00,	NULL,	NULL,	0,	NULL,	'null',	NULL,	'2021-06-08 00:55:38',	'2023-08-09 13:55:42',	NULL,	48,	NULL,	134,	1,	NULL),
(119,	'2 pump shelf, (Requires P3 BR/TL or BL/TR or P4 Panel)',	'Panel Mtd Black Poly top 12\", SS brackets, 2 Pump Shelf',	NULL,	'H2-PS-2-SB',	267.61,	NULL,	NULL,	1,	NULL,	'null',	NULL,	'2021-06-08 01:05:54',	'2023-08-31 13:22:56',	NULL,	53,	NULL,	137,	0,	NULL),
(120,	'3 pump shelf, (Requires P4 Panel)',	'Panel Mtd Black Poly top 18\", SS brackets, 3 Pump Shelf',	NULL,	'H2-PS-3-SB',	275.23,	NULL,	NULL,	1,	NULL,	'null',	NULL,	'2021-06-08 01:06:29',	'2023-08-29 17:56:36',	NULL,	53,	NULL,	137,	0,	NULL),
(121,	'None',	'None',	NULL,	'N',	0.00,	NULL,	NULL,	0,	NULL,	'null',	NULL,	'2021-06-08 01:23:12',	'2021-06-08 01:23:12',	NULL,	48,	NULL,	128,	0,	NULL),
(122,	'W6 Flowswitch',	'Flowswitch-Panel Ready',	NULL,	'H2',	0.00,	NULL,	NULL,	0,	NULL,	'null',	NULL,	'2021-06-08 17:47:42',	'2021-06-08 17:47:42',	'2021-07-01 04:00:00',	54,	NULL,	37,	0,	NULL),
(123,	'Flow Switch Manifold, 20 foot cables, Low Pressure',	'Loose Flow Switch Manifold, 20 foot cables, Low Pressure',	NULL,	'L',	308.00,	NULL,	NULL,	0,	NULL,	'null',	NULL,	'2021-06-08 17:53:06',	'2022-08-10 18:04:51',	NULL,	48,	NULL,	139,	0,	NULL),
(124,	'Loose Flow Switch Manifold, 20 foot cables, Low Pressure',	'Loose Flow Switch Manifold, 20 foot cables, Low Pressure',	NULL,	'L',	266.00,	NULL,	NULL,	0,	NULL,	'null',	NULL,	'2021-06-08 17:54:12',	'2022-08-18 21:55:15',	NULL,	48,	NULL,	139,	0,	NULL),
(125,	'None',	'N',	NULL,	'N',	0.00,	NULL,	NULL,	0,	NULL,	'null',	NULL,	'2021-06-08 20:32:46',	'2021-06-08 23:29:02',	'2021-06-08 23:29:02',	53,	NULL,	116,	0,	NULL),
(126,	'Walchem Corrosion electrode tips, carbon steel (pair)',	'Walchem Corrosion electrode tips, carbon steel (pair)',	NULL,	'103787',	78.00,	NULL,	NULL,	1,	NULL,	'null',	NULL,	'2021-06-08 20:57:48',	'2022-08-10 18:06:19',	NULL,	48,	NULL,	140,	0,	NULL),
(127,	'Walchem Corrosion electrode tips, copper (pair)',	'Walchem Corrosion electrode tips, copper (pair)',	NULL,	'103788',	163.00,	NULL,	NULL,	1,	NULL,	'null',	NULL,	'2021-06-08 20:58:42',	'2022-08-10 18:06:30',	NULL,	48,	NULL,	140,	0,	NULL),
(128,	'Walchem Corrosion electrode tips, brass (pair)',	'Walchem Corrosion electrode tips, brass (pair)',	NULL,	'103789',	174.00,	NULL,	NULL,	1,	NULL,	'null',	NULL,	'2021-06-08 21:27:35',	'2022-08-10 18:06:40',	NULL,	48,	NULL,	140,	0,	NULL),
(129,	'Pyxis CE-01 Mild Steel Corrosion Electrode Pair',	'Pyxis CE-01 Mild Steel Corrosion Electrode Pair',	NULL,	'51002',	50.00,	NULL,	NULL,	1,	NULL,	'null',	NULL,	'2021-06-08 21:35:57',	'2021-07-15 17:53:41',	NULL,	56,	NULL,	140,	0,	NULL),
(130,	'Pyxis CE-02 Copper Corrosion Electrode Pair',	'Pyxis CE-02 Copper Corrosion Electrode Pair',	NULL,	'51003',	65.00,	NULL,	NULL,	1,	NULL,	'null',	NULL,	'2021-06-08 21:46:28',	'2021-07-15 17:53:45',	NULL,	56,	NULL,	140,	0,	NULL),
(131,	'One PVC Chemical Injection Point (Requires 48 X 48 Panel)',	'Install Injection Points, 1',	NULL,	'H2-IP1',	0.00,	NULL,	NULL,	1,	NULL,	'null',	NULL,	'2021-06-09 01:01:43',	'2021-07-13 01:28:57',	NULL,	54,	NULL,	141,	0,	NULL),
(132,	'One CPVC Chemical Injection Point (Requires 48 X 48 Panel)',	'Install Injection Points, 1, CPVC',	NULL,	'H2-IP1-CPVC',	31.76,	NULL,	NULL,	1,	NULL,	'null',	NULL,	'2021-06-09 01:03:15',	'2022-01-03 22:48:02',	NULL,	53,	NULL,	141,	0,	NULL),
(133,	'Two PVC Chemical Injection Points (Requires P3 Br/TL or BR/TR or P48 Panel)',	'Install Injection Points, 2',	NULL,	'H2-IP2',	0.00,	NULL,	NULL,	1,	NULL,	'null',	NULL,	'2021-06-09 01:04:00',	'2023-08-31 13:23:35',	NULL,	54,	NULL,	141,	0,	NULL),
(134,	'Three PVC Chemical Injection Points (Requires 48 X 48 Panel)',	'Install Injection Points, 3',	NULL,	'H2-IP3',	0.00,	NULL,	NULL,	0,	NULL,	'null',	NULL,	'2021-06-09 01:04:42',	'2021-06-09 01:04:42',	'2021-10-13 04:00:00',	54,	NULL,	141,	0,	NULL),
(135,	'Four PVC Chemical Injection Points (Requires 48 X 48 Panel)',	'Install Injection Points, 4',	NULL,	'H2-IP4',	0.00,	NULL,	NULL,	1,	NULL,	'null',	NULL,	'2021-06-09 01:05:47',	'2021-07-13 01:29:08',	NULL,	54,	NULL,	141,	0,	NULL),
(136,	'One Dual Isolated 4-20mA Output Card',	'One Dual Isolated Output Card',	NULL,	'A',	253.00,	NULL,	NULL,	0,	NULL,	'null',	NULL,	'2021-06-12 00:53:31',	'2021-06-12 00:53:31',	NULL,	48,	NULL,	64,	0,	NULL),
(137,	'One Dual Isolated 4-20mA Output card',	'One Dual Isolated 4-20mA Output card',	NULL,	'A',	279.00,	NULL,	NULL,	0,	NULL,	'null',	NULL,	'2021-06-12 00:57:24',	'2023-08-09 13:55:00',	NULL,	48,	NULL,	64,	0,	NULL),
(138,	'Ethernet Only',	'Std. Ethernet Connection',	NULL,	'N',	0.00,	NULL,	-3,	0,	NULL,	'null',	NULL,	'2021-06-15 00:21:35',	'2021-06-15 00:21:35',	NULL,	48,	NULL,	66,	0,	NULL),
(139,	'Three PVC Chemical Injection Points (Requires 48 X 48 Panel)',	'3 PVC Injection Points',	NULL,	'H2-IP-3',	0.00,	NULL,	NULL,	1,	NULL,	'null',	NULL,	'2021-07-02 20:54:24',	'2021-07-13 01:29:12',	NULL,	54,	NULL,	141,	0,	NULL),
(140,	'Line break',	'Info',	NULL,	'-------',	0.00,	NULL,	NULL,	0,	NULL,	'null',	NULL,	'2021-08-25 20:40:47',	'2021-08-25 21:05:09',	NULL,	64,	NULL,	59,	0,	NULL),
(141,	'X3',	'X3',	NULL,	'X3',	0.00,	NULL,	NULL,	0,	NULL,	'null',	NULL,	'2021-08-25 20:59:42',	'2023-08-29 13:48:28',	'2023-08-29 13:48:28',	64,	NULL,	31,	0,	NULL),
(142,	'X4',	'X4',	NULL,	'X4',	0.00,	NULL,	-1,	0,	NULL,	'null',	NULL,	'2021-08-25 21:01:03',	'2021-08-25 21:01:03',	NULL,	64,	NULL,	139,	0,	NULL),
(143,	'Data Plan, 500MB/mo w/ Activation for 1 yr',	'Data Plan, 500MB/mo w/ Activation for 1 yr',	NULL,	'GW-DATA-6GBT-Y1',	319.04,	NULL,	NULL,	1,	NULL,	'null',	NULL,	'2021-09-21 00:29:47',	'2021-09-21 00:29:47',	NULL,	54,	NULL,	63,	0,	NULL),
(144,	'Data Plan, 500MB/mo w/ Activation for 1 yr',	'Data Plan, 500MB/mo w/ Activation for 1 yr',	NULL,	'GW-DATA-6GBT-Y1',	319.04,	NULL,	NULL,	1,	NULL,	'null',	NULL,	'2021-09-21 00:31:04',	'2021-09-21 00:31:04',	NULL,	54,	NULL,	40,	0,	NULL),
(145,	'Data service -Multicarrier, Multicounty, 500MB/month (6GB per year)',	'Data service -Multicarrier, Multicounty, 500MB/month (6GB per year)',	NULL,	'GW-DATA-6GBT-Y1',	262.50,	NULL,	NULL,	0,	NULL,	'null',	NULL,	'2021-09-21 01:23:24',	'2021-09-21 01:23:24',	NULL,	54,	NULL,	59,	0,	NULL),
(146,	'Chemtreat Solutions P4 Panel - 48\"h X 48\"w',	'Chemtreat Solutions P4 - 48\"h X 48\"w',	NULL,	'H2-P4-GRAY',	693.20,	NULL,	NULL,	0,	NULL,	'null',	NULL,	'2021-09-29 22:05:57',	'2022-01-06 00:31:56',	NULL,	54,	NULL,	59,	0,	NULL),
(147,	'Gray-PVC',	'Gray',	NULL,	'GRAY',	0.00,	NULL,	NULL,	0,	NULL,	'null',	NULL,	'2021-09-29 22:07:11',	'2021-09-29 22:07:11',	NULL,	54,	NULL,	31,	0,	NULL),
(148,	'Chemtreat Gray PVC Color',	'Gray',	NULL,	'GRAY',	0.00,	NULL,	NULL,	0,	NULL,	'null',	NULL,	'2021-09-29 22:09:48',	'2021-09-29 22:11:17',	NULL,	54,	NULL,	31,	0,	NULL),
(149,	'2 Pass Coupon Rack Gray, Union Coupon Holders',	'2 Pass Coupon Rack Gray, Union Coupon Holders',	NULL,	'H2-CR2',	171.13,	NULL,	NULL,	1,	NULL,	'null',	NULL,	'2021-09-29 22:13:34',	'2022-01-06 00:34:21',	NULL,	54,	NULL,	32,	0,	NULL),
(150,	'Rotameter',	'Rotameter',	NULL,	'H2-RT',	87.86,	NULL,	NULL,	0,	NULL,	'null',	NULL,	'2021-10-13 01:32:18',	'2021-10-13 01:37:00',	'2021-10-13 01:37:00',	54,	NULL,	36,	0,	NULL),
(151,	'Rotometer and Ball Check Combo',	'Rotameter and Ball Check',	NULL,	'H2-RBC',	158.17,	NULL,	NULL,	1,	NULL,	'null',	NULL,	'2021-10-13 01:33:45',	'2021-10-13 01:37:03',	'2021-10-13 01:37:03',	54,	NULL,	36,	0,	NULL),
(152,	'Ball Check Panel Option (No Rotameter)',	'Ball Check Panel Option (No Rotameter)',	NULL,	'H2-RBC',	147.63,	NULL,	NULL,	1,	NULL,	'null',	NULL,	'2021-10-13 01:35:57',	'2021-10-13 01:37:07',	'2021-10-13 01:37:07',	54,	NULL,	36,	0,	NULL),
(153,	'Rotameter and Ball Check',	'Rotameter and Ball Check',	NULL,	'H2-RBC',	158.17,	NULL,	NULL,	1,	NULL,	'null',	NULL,	'2021-10-13 01:38:10',	'2021-10-13 01:38:10',	NULL,	54,	NULL,	147,	0,	NULL),
(154,	'Rotameter and Ball Check',	'Rotameter and Ball Check',	NULL,	'H2-RBC',	170.03,	NULL,	NULL,	1,	NULL,	'null',	NULL,	'2021-10-13 01:39:13',	'2022-01-06 00:36:35',	NULL,	54,	NULL,	147,	0,	NULL),
(155,	'Rotameter Only (no Ball Check)',	'Rotameter Only (no Ball Check)',	NULL,	'H2-RT',	87.86,	NULL,	NULL,	1,	NULL,	'null',	NULL,	'2021-10-13 01:40:13',	'2021-10-13 01:40:13',	NULL,	54,	NULL,	147,	0,	NULL),
(156,	'Rotameter Only (no Ball Check)',	'Rotameter Only (no Ball Check)',	NULL,	'H2-RT',	94.45,	NULL,	NULL,	1,	NULL,	'null',	NULL,	'2021-10-13 01:41:17',	'2022-01-06 00:36:44',	NULL,	54,	NULL,	147,	0,	NULL),
(157,	'Ball Check Panel Option (No Rotameter)',	'Ball Check Panel Option (No Rotameter)',	NULL,	'H2-BC',	75.57,	NULL,	NULL,	1,	NULL,	'null',	NULL,	'2021-10-13 01:42:11',	'2022-01-06 00:36:56',	NULL,	54,	NULL,	147,	0,	NULL),
(158,	'Standard Ball Valve Inlet/Outlet - PVC',	'Standard Ball Valve Inlet/Outlet - PVC',	NULL,	'H2-VLV-P',	74.12,	NULL,	NULL,	1,	NULL,	'null',	NULL,	'2021-10-13 01:43:22',	'2022-01-06 00:37:17',	NULL,	54,	NULL,	34,	0,	NULL),
(159,	'Banjo Strainer, Polypro 1\", w/ SS Flush Valve',	'Banjo Strainer, Polypro 1\", w/ SS Flush Valve',	NULL,	'H2-BANJO',	75.57,	NULL,	NULL,	1,	NULL,	'null',	NULL,	'2021-10-13 01:44:43',	'2022-01-06 00:37:47',	NULL,	54,	NULL,	116,	0,	NULL),
(160,	'Flow Direction - In Bottom Right/Out Top Left',	'Flow Direction - In Bottom Right/Out Top Left',	NULL,	'H2-BR-TL',	947.62,	NULL,	NULL,	1,	NULL,	'null',	NULL,	'2021-10-13 01:45:51',	'2022-01-06 00:43:45',	NULL,	54,	NULL,	117,	0,	NULL),
(161,	'Install Injection Points, 1 (Req P4 Panel size)',	'Install Injection Points, 1 (Req P4 Panel size)',	NULL,	'H2-IP1',	0.00,	NULL,	NULL,	1,	NULL,	'null',	NULL,	'2021-10-13 01:46:30',	'2021-11-01 20:12:21',	NULL,	54,	NULL,	141,	0,	NULL),
(162,	'None',	'No Aux Power Supply',	NULL,	'N',	0.00,	NULL,	NULL,	0,	NULL,	'null',	NULL,	'2021-10-29 23:38:27',	'2021-10-29 23:38:27',	'2021-11-02 04:00:00',	48,	NULL,	149,	0,	NULL),
(163,	'8 powered relays (No Pigtails)',	'8 powered relays',	NULL,	'0000',	394.00,	NULL,	NULL,	0,	NULL,	'null',	NULL,	'2021-10-29 23:43:29',	'2021-10-29 23:49:53',	'2021-11-02 04:00:00',	48,	NULL,	150,	0,	NULL),
(164,	'Brazil power cord, 15 Amp',	'Brazil power cord, 15 Amp',	NULL,	'B',	53.00,	NULL,	NULL,	0,	NULL,	'null',	NULL,	'2021-10-29 23:44:47',	'2021-10-29 23:44:47',	'2021-11-02 04:00:00',	48,	NULL,	148,	0,	NULL),
(165,	'DIN power cord, 15 Amp',	'DIN power cord, 15 Amp',	NULL,	'D',	55.00,	NULL,	NULL,	0,	NULL,	'null',	NULL,	'2021-10-29 23:45:55',	'2021-10-29 23:45:55',	'2021-11-02 04:00:00',	48,	NULL,	148,	0,	NULL),
(166,	'Hardwired - No power cord',	'Hardwired - No power cord',	NULL,	'H',	0.00,	NULL,	-1,	0,	NULL,	'null',	NULL,	'2021-10-29 23:46:24',	'2021-10-29 23:47:00',	'2021-11-02 04:00:00',	48,	NULL,	148,	0,	NULL),
(167,	'USA power cord, 15 Amp',	'USA power cord, 15 Amp',	NULL,	'P',	22.00,	NULL,	-1,	0,	NULL,	'null',	NULL,	'2021-10-29 23:46:52',	'2021-10-29 23:46:54',	'2021-11-02 04:00:00',	48,	NULL,	148,	0,	NULL),
(168,	'12 VDC Auxiliary Power board',	'12 VDC Auxiliary Power board',	NULL,	'L',	172.00,	NULL,	NULL,	0,	NULL,	'null',	NULL,	'2021-10-29 23:47:44',	'2021-10-29 23:47:44',	'2021-11-02 04:00:00',	48,	NULL,	149,	0,	NULL),
(169,	'24 VDC Auxiliary Power Board (most common)',	'24 VDC Auxiliary Power Board',	NULL,	'H',	172.00,	NULL,	NULL,	0,	NULL,	'null',	NULL,	'2021-10-29 23:48:49',	'2021-10-29 23:48:49',	'2021-11-02 04:00:00',	48,	NULL,	149,	0,	NULL),
(170,	'7 powered 1 dry relays (No Pigtails)',	'7 powered 1 dry relays',	NULL,	'1000',	394.00,	NULL,	NULL,	0,	NULL,	'null',	NULL,	'2021-10-29 23:50:38',	'2021-10-29 23:50:38',	'2021-11-02 04:00:00',	48,	NULL,	150,	0,	NULL),
(171,	'2 opto 6 dry relays (No Pigtails)',	'2 opto 6 dry relays',	NULL,	'2000',	394.00,	NULL,	NULL,	0,	NULL,	'null',	NULL,	'2021-10-29 23:51:26',	'2021-10-29 23:51:26',	'2021-11-02 04:00:00',	48,	NULL,	150,	0,	NULL),
(172,	'4 powered 4 dry relays (No Pigtails)',	'4 powered 4 dry relays',	NULL,	'3000',	394.00,	NULL,	NULL,	0,	NULL,	'null',	NULL,	'2021-10-29 23:52:41',	'2021-10-29 23:52:41',	'2021-11-02 04:00:00',	48,	NULL,	150,	0,	NULL),
(173,	'4 opto 4 dry relays (No Pigtails or cable)',	'4 opto 4 dry relays',	NULL,	'4000',	394.00,	NULL,	NULL,	0,	NULL,	'null',	NULL,	'2021-10-29 23:55:00',	'2021-10-29 23:55:00',	'2021-11-02 04:00:00',	48,	NULL,	150,	0,	NULL),
(174,	'4 opto 4 powered relays (No Pigtails or cable)',	'4 opto 4 powered relays',	NULL,	'5000',	394.00,	NULL,	NULL,	0,	NULL,	'null',	NULL,	'2021-10-29 23:55:37',	'2021-10-29 23:55:37',	'2021-11-02 04:00:00',	48,	NULL,	150,	0,	NULL),
(175,	'2 opto 6 powered relays (No Cable or Pigtails)',	'2 opto 6 powered relays',	NULL,	'6000',	394.00,	NULL,	NULL,	0,	NULL,	'null',	NULL,	'2021-10-29 23:56:52',	'2021-10-29 23:56:52',	'2021-11-02 04:00:00',	48,	NULL,	150,	0,	NULL),
(176,	'8 dry relays (No Pigtails)',	'8 dry relays',	NULL,	'7000',	394.00,	NULL,	NULL,	0,	NULL,	'null',	NULL,	'2021-10-29 23:57:38',	'2021-10-29 23:57:38',	'2021-11-02 04:00:00',	48,	NULL,	150,	0,	NULL),
(177,	'8 powered relays with USA pigtails prewired',	'8 powered relays with USA pigtails prewired',	NULL,	'A000',	532.00,	NULL,	-1,	0,	NULL,	'null',	NULL,	'2021-10-29 23:58:18',	'2021-10-30 00:01:28',	'2021-11-02 04:00:00',	48,	NULL,	150,	0,	NULL),
(178,	'7 powered relays with USA pigtails prewired, 1 dry relay',	'7 powered relays with USA pigtails prewired, 1 dry relay',	NULL,	'B000',	516.00,	NULL,	-1,	0,	NULL,	'null',	NULL,	'2021-10-29 23:58:48',	'2021-10-30 00:01:30',	'2021-11-02 04:00:00',	48,	NULL,	150,	0,	NULL),
(179,	'4 powered relays with USA pigtails prewired, 4 dry relays',	'4 powered relays with USA pigtails prewired, 4 dry relays',	NULL,	'C000',	469.00,	NULL,	NULL,	0,	NULL,	'null',	NULL,	'2021-10-29 23:59:23',	'2021-10-29 23:59:23',	'2021-11-02 04:00:00',	48,	NULL,	150,	0,	NULL),
(180,	'4 powered relays with USA pigtails prewired, 4 opto relays with 20 ft. pulse cables',	'4 powered relays with USA pigtails prewired, 4 opto relays with 20 ft. pulse cables',	NULL,	'D000',	532.00,	NULL,	NULL,	0,	NULL,	'null',	NULL,	'2021-10-29 23:59:46',	'2021-10-29 23:59:46',	'2021-11-02 04:00:00',	48,	NULL,	150,	0,	NULL),
(181,	'6 powered relays with USA pigtails prewired, 2 opto relays with 20 ft. pulse cables',	'6 powered relays with USA pigtails prewired, 2 opto relays with 20 ft. pulse cables',	NULL,	'E000',	32.00,	NULL,	NULL,	0,	NULL,	'null',	NULL,	'2021-10-30 00:00:29',	'2021-10-30 00:00:29',	'2021-11-02 04:00:00',	48,	NULL,	150,	0,	NULL),
(182,	'4 dry relays, 4 opto relays with 20 ft. pulse cables',	'4 dry relays, 4 opto relays with 20 ft. pulse cables',	NULL,	'F000',	469.00,	NULL,	NULL,	0,	NULL,	'null',	NULL,	'2021-10-30 00:00:55',	'2021-10-30 00:00:55',	'2021-11-02 04:00:00',	48,	NULL,	150,	0,	NULL),
(183,	'6 dry relays, 2 opto relays with 20 ft. pulse cables',	'6 dry relays, 2 opto relays with 20 ft. pulse cables',	NULL,	'G000',	437.00,	NULL,	NULL,	0,	NULL,	'null',	NULL,	'2021-10-30 00:01:22',	'2021-10-30 00:01:22',	'2021-11-02 04:00:00',	48,	NULL,	150,	0,	NULL),
(184,	'Chemtreat Solutions P2 Panel Gray PVC - 33\"h X 22\"w',	'Chemtreat Solutions P2 Panel Gray PVC - 33\"h X 22\"w',	NULL,	'H2-P2-GRAY',	343.33,	NULL,	NULL,	1,	NULL,	'null',	NULL,	'2021-11-01 19:30:26',	'2022-01-06 00:31:43',	NULL,	54,	NULL,	59,	0,	NULL),
(185,	'Chemtreat Solutions P3 Panel Gray PVC - 40\"h X 30\"w',	'Chemtreat Solutions P3 Panel Gray PVC - 40\"h X 30\"w',	NULL,	'H2-P3-GRAY',	606.01,	NULL,	NULL,	1,	NULL,	'null',	NULL,	'2021-11-01 19:31:39',	'2022-01-06 00:32:13',	NULL,	54,	NULL,	59,	0,	NULL),
(186,	'Chemtreat Solutions P33 Panel Gray PVC - 33\"h X 33\"w',	'Chemtreat Solutions P33 Panel Gray PVC - 33\"h X 33\"w',	NULL,	'H2-P33-GRAY',	563.46,	NULL,	NULL,	1,	NULL,	'null',	NULL,	'2021-11-01 19:32:32',	'2021-11-01 23:36:26',	'2021-11-01 23:36:26',	54,	NULL,	59,	0,	NULL),
(187,	'3 Pass Coupon Rack Gray, Union Coupon Holders',	'3 Pass Coupon Rack Gray, Union Coupon Holders',	NULL,	'H2-CR3',	200.25,	NULL,	NULL,	1,	NULL,	'null',	NULL,	'2021-11-01 19:36:57',	'2021-11-01 19:46:35',	'2021-11-01 19:46:35',	54,	NULL,	32,	0,	NULL),
(188,	'4 Pass Coupon Rack Gray, Union Coupon Holders',	'4 Pass Coupon Rack Gray, Union Coupon Holders',	NULL,	'H2-CR4',	259.42,	NULL,	NULL,	1,	NULL,	'null',	NULL,	'2021-11-01 19:40:52',	'2022-01-06 00:34:38',	NULL,	54,	NULL,	32,	0,	NULL),
(189,	'2 Pass Coupon Rack Clear, Union Coupon Holders',	'2 Pass Coupon Rack Clear, Union Coupon Holders',	NULL,	'H2-CR2C',	170.03,	NULL,	NULL,	1,	NULL,	'null',	NULL,	'2021-11-01 19:44:49',	'2022-01-06 00:34:55',	NULL,	54,	NULL,	32,	0,	NULL),
(190,	'4 Pass Coupon Rack Clear, Union Coupon Holders',	'4 Pass Coupon Rack Clear, Union Coupon Holders',	NULL,	'H2-CR4C',	263.87,	NULL,	NULL,	1,	NULL,	'null',	NULL,	'2021-11-01 19:46:24',	'2022-01-06 00:35:12',	NULL,	54,	NULL,	32,	0,	NULL),
(191,	'2 Pass Coupon Rack Gray, CamLock Coupon Holders',	'2 Pass Coupon Rack Gray, CamLock Coupon Holders',	NULL,	'H2-CR2-CL',	281.35,	NULL,	NULL,	1,	NULL,	'null',	NULL,	'2021-11-01 19:49:30',	'2022-01-06 00:35:30',	NULL,	54,	NULL,	32,	0,	NULL),
(192,	'4 Pass Coupon Rack Gray, CamLock Coupon Holders',	'4 Pass Coupon Rack Gray, CamLock Coupon Holders',	NULL,	'H2-CR4-CL',	458.90,	NULL,	NULL,	1,	NULL,	'null',	NULL,	'2021-11-01 19:50:30',	'2022-01-06 00:35:46',	NULL,	54,	NULL,	32,	0,	NULL),
(193,	'2 Pass Coupon Rack Clear, CamLock Coupon Holders',	'2 Pass Coupon Rack Clear, CamLock Coupon Holders',	NULL,	'H2-CR2C-CL',	287.16,	NULL,	NULL,	1,	NULL,	'null',	NULL,	'2021-11-01 19:51:45',	'2022-01-06 00:36:07',	NULL,	54,	NULL,	32,	0,	NULL),
(194,	'4 Pass Coupon Rack Clear, CamLock Coupon Holders',	'4 Pass Coupon Rack Clear, CamLock Coupon Holders',	NULL,	'H2-CR4C-CL',	482.15,	NULL,	NULL,	1,	NULL,	'null',	NULL,	'2021-11-01 19:54:13',	'2022-01-06 00:36:22',	NULL,	54,	NULL,	32,	0,	NULL),
(195,	'True Union Ball Valve Inlet/Outlet - PVC',	'True Union Ball Valve Inlet/Outlet - PVC',	NULL,	'H2-VLV-U',	160.44,	NULL,	NULL,	1,	NULL,	'null',	NULL,	'2021-11-01 20:01:06',	'2022-01-06 00:37:29',	NULL,	54,	NULL,	34,	0,	NULL),
(196,	'Basket/Tee Strainer',	'Basket/Tee Strainer',	NULL,	'H2-SB',	79.65,	NULL,	NULL,	1,	NULL,	'null',	NULL,	'2021-11-01 20:10:18',	'2022-01-06 00:38:04',	NULL,	54,	NULL,	116,	0,	NULL),
(197,	'Asahi Wye Strainer',	'Asahi Wye Strainer',	NULL,	'H2-WYE',	102.31,	NULL,	NULL,	1,	NULL,	'null',	NULL,	'2021-11-01 20:11:30',	'2022-01-06 00:38:17',	NULL,	54,	NULL,	116,	0,	NULL),
(198,	'Install Injection Points, 2 (Req P4 Panel size)',	'Install Injection Points, 2 (Req P4 Panel size)',	NULL,	'H2-IP2',	0.00,	NULL,	NULL,	1,	NULL,	NULL,	NULL,	'2021-11-01 20:13:20',	'2021-11-01 20:13:20',	NULL,	54,	NULL,	141,	0,	NULL),
(199,	'Install Injection Points, 3 (Req P4 Panel size)',	'Install Injection Points, 3 (Req P4 Panel size)',	NULL,	'H2-IP3',	0.00,	NULL,	NULL,	1,	NULL,	'null',	NULL,	'2021-11-01 20:14:22',	'2021-11-01 20:14:22',	NULL,	54,	NULL,	141,	0,	NULL),
(200,	'Install Injection Points, 4 (Req P4 Panel size)',	'Install Injection Points, 4 (Req P4 Panel size)',	NULL,	'H2-IP4',	0.00,	NULL,	NULL,	1,	NULL,	'null',	NULL,	'2021-11-01 20:15:06',	'2021-11-05 18:56:19',	NULL,	54,	NULL,	141,	0,	NULL),
(201,	'Industrial Modem, Cat 6, 2-Port, WIFI, N4X Enc w/ Clear Door, w/ Activation',	'Industrial Modem, Cat 6, 2-Port, WIFI, N4X Enc w/ Clear Door, w/ Activation',	NULL,	'C0248-GWBR1-C-C6',	592.25,	NULL,	NULL,	1,	NULL,	'null',	NULL,	'2021-11-01 20:20:12',	'2021-11-01 20:20:12',	NULL,	54,	NULL,	63,	0,	NULL),
(202,	'Data Plan, 500MB/mo w/ Activation for 1 yr (C6 version, multi carrier/international)',	'Data Plan, 500MB/mo w/ Activation for 1 yr (C6 version, multi carrier/international)',	NULL,	'GW-DATA-6GBT-Y1',	319.04,	NULL,	NULL,	1,	NULL,	'null',	NULL,	'2021-11-01 20:20:54',	'2021-11-01 20:20:54',	NULL,	54,	NULL,	40,	0,	NULL),
(203,	'Flow Direction - In Bottom Right/Out Top Right',	'Flow Direction - In Bottom Right/Out Top Right',	NULL,	'H2-BR-TR',	947.62,	NULL,	NULL,	1,	NULL,	'null',	NULL,	'2021-11-01 22:42:52',	'2022-01-06 00:43:36',	NULL,	54,	NULL,	117,	0,	NULL),
(204,	'Flow Direction - In Bottom Left/Out Top Right',	'Flow Direction - In Bottom Left/Out Top Right',	NULL,	'H2-BL-TR',	947.62,	NULL,	NULL,	1,	NULL,	'null',	NULL,	'2021-11-01 22:43:35',	'2022-01-06 00:43:30',	NULL,	54,	NULL,	117,	0,	NULL),
(205,	'Flow Direction - In Bottom Left/Out Top Left',	'Flow Direction - In Bottom Left/Out Top Left',	NULL,	'H2-BL-TL',	947.62,	NULL,	NULL,	1,	NULL,	'null',	NULL,	'2021-11-01 22:44:24',	'2022-01-06 00:43:23',	NULL,	54,	NULL,	117,	0,	NULL),
(206,	'8 powered relays (no Pigtails or cable)',	'8 powered relays',	NULL,	'0000',	394.00,	NULL,	-4,	0,	NULL,	'null',	NULL,	'2021-11-02 17:35:14',	'2022-03-21 18:41:55',	'2022-03-21 18:41:55',	48,	NULL,	150,	0,	NULL),
(207,	'7 powered 1 dry relays (no Pigtails or cable)',	'7 powered 1 dry relays',	NULL,	'1000',	394.00,	NULL,	-2,	0,	NULL,	'null',	NULL,	'2021-11-02 17:35:48',	'2022-03-21 18:41:58',	'2022-03-21 18:41:58',	48,	NULL,	150,	0,	NULL),
(208,	'2 opto 6 dry relays (no Pigtails or cable)',	'2 opto 6 dry relays',	NULL,	'2000',	394.00,	NULL,	-1,	0,	NULL,	'null',	NULL,	'2021-11-02 17:36:21',	'2022-03-21 18:42:17',	'2022-03-21 18:42:17',	48,	NULL,	150,	0,	NULL),
(209,	'4 powered 4 dry relays (no Pigtails or cable)',	'4 powered 4 dry relays',	NULL,	'3000',	394.00,	NULL,	-1,	0,	NULL,	'null',	NULL,	'2021-11-02 17:37:00',	'2022-03-21 18:42:20',	'2022-03-21 18:42:20',	48,	NULL,	150,	0,	NULL),
(210,	'4 opto 4 dry relays (no Pigtails or cable)',	'4 opto 4 dry relays',	NULL,	'4000',	394.00,	NULL,	-1,	0,	NULL,	'null',	NULL,	'2021-11-02 17:37:29',	'2022-03-21 18:42:23',	'2022-03-21 18:42:23',	48,	NULL,	150,	0,	NULL),
(211,	'4 opto 4 powered relays (no Pigtails or cable)',	'4 opto 4 powered relays',	NULL,	'5000',	394.00,	NULL,	-1,	0,	NULL,	'null',	NULL,	'2021-11-02 17:38:00',	'2022-03-21 18:42:26',	'2022-03-21 18:42:26',	48,	NULL,	150,	0,	NULL),
(212,	'2 opto 6 powered relays (no Pigtails or cable)',	'2 opto 6 powered relays',	NULL,	'6000',	394.00,	NULL,	-1,	0,	NULL,	'null',	NULL,	'2021-11-02 17:38:32',	'2022-03-21 18:41:42',	'2022-03-21 18:41:42',	48,	NULL,	150,	0,	NULL),
(213,	'8 dry relays (no Pigtails or cable)',	'8 dry relays',	NULL,	'7000',	394.00,	NULL,	-1,	0,	NULL,	'null',	NULL,	'2021-11-02 17:39:09',	'2022-03-21 18:41:38',	'2022-03-21 18:41:38',	48,	NULL,	150,	0,	NULL),
(214,	'8 powered relays with USA pigtails prewired',	'8 powered relays with USA pigtails prewired',	NULL,	'A000',	615.00,	NULL,	-6,	0,	NULL,	'null',	NULL,	'2021-11-02 17:39:52',	'2022-08-10 18:10:20',	NULL,	48,	NULL,	150,	0,	NULL),
(215,	'7 powered relays with USA pigtails prewired, 1 dry relay',	'7 powered relays with USA pigtails prewired, 1 dry relay',	NULL,	'B000',	590.00,	NULL,	-5,	0,	NULL,	'null',	NULL,	'2021-11-02 17:40:29',	'2022-08-10 18:10:32',	NULL,	48,	NULL,	150,	0,	NULL),
(216,	'4 powered relays with USA pigtails prewired, 4 dry relays',	'4 powered relays with USA pigtails prewired, 4 dry relays',	NULL,	'C000',	490.00,	NULL,	-2,	0,	NULL,	'null',	NULL,	'2021-11-02 17:41:00',	'2022-03-21 18:42:03',	'2022-03-21 18:42:03',	48,	NULL,	150,	0,	NULL),
(217,	'4 powered relays with USA pigtails prewired, 4 opto relays with 20 ft. pulse cables',	'4 powered relays with USA pigtails prewired, 4 opto relays with 20 ft. pulse cables',	NULL,	'D000',	586.00,	NULL,	-2,	0,	NULL,	'null',	NULL,	'2021-11-02 17:41:28',	'2022-03-21 18:42:29',	'2022-03-21 18:42:29',	48,	NULL,	150,	0,	NULL),
(218,	'6 powered relays with USA pigtails prewired, 2 opto relays with 20 ft. pulse cables',	'6 powered relays with USA pigtails prewired, 2 opto relays with 20 ft. pulse cables',	NULL,	'E000',	586.00,	NULL,	-2,	0,	NULL,	'null',	NULL,	'2021-11-02 17:42:14',	'2022-03-21 18:42:07',	'2022-03-21 18:42:07',	48,	NULL,	150,	0,	NULL),
(219,	'4 dry relays, 4 opto relays with 20 ft. pulse cables',	'4 dry relays, 4 opto relays with 20 ft. pulse cables',	NULL,	'F000',	490.00,	NULL,	-2,	0,	NULL,	'null',	NULL,	'2021-11-02 17:42:44',	'2022-03-21 18:42:10',	'2022-03-21 18:42:10',	48,	NULL,	150,	0,	NULL),
(220,	'6 dry relays, 2 opto relays with 20 ft. pulse cables',	'6 dry relays, 2 opto relays with 20 ft. pulse cables',	NULL,	'G000',	442.00,	NULL,	-2,	0,	NULL,	'null',	NULL,	'2021-11-02 17:43:13',	'2022-03-21 18:42:13',	'2022-03-21 18:42:13',	48,	NULL,	150,	0,	NULL),
(221,	'Brazil power cord, 15 Amp',	'Brazil power cord, 15 Amp',	NULL,	'B',	56.00,	NULL,	-1,	0,	NULL,	'null',	NULL,	'2021-11-02 17:47:25',	'2022-03-21 18:39:43',	'2022-03-21 18:39:43',	48,	NULL,	148,	0,	NULL),
(222,	'DIN power cord, 15 Amp',	'DIN power cord, 15 Amp',	NULL,	'D',	56.00,	NULL,	-2,	0,	NULL,	'null',	NULL,	'2021-11-02 17:48:01',	'2022-03-21 18:39:40',	'2022-03-21 18:39:40',	48,	NULL,	148,	0,	NULL),
(223,	'Hardwired - No power cord',	'Hardwired - No power cord',	NULL,	'H',	0.00,	NULL,	-3,	0,	NULL,	'null',	NULL,	'2021-11-02 17:48:28',	'2022-03-21 18:39:34',	'2022-03-21 18:39:34',	48,	NULL,	148,	0,	NULL),
(224,	'USA power cord, 15 Amp',	'USA power cord, 15 Amp',	NULL,	'P',	25.00,	NULL,	-4,	0,	NULL,	'null',	NULL,	'2021-11-02 17:48:54',	'2022-08-10 18:03:55',	NULL,	48,	NULL,	148,	0,	NULL),
(225,	'No Auxiliary Power (DC to power external sensors/Devices)',	'No Aux Pwr',	NULL,	'N',	0.00,	NULL,	NULL,	0,	NULL,	'null',	NULL,	'2021-11-02 17:50:48',	'2021-11-02 17:50:48',	NULL,	48,	NULL,	149,	0,	NULL),
(226,	'12 VDC Auxiliary Power board (Rarely used, verify voltage of devices)',	'12 VDC Aux Pwr',	NULL,	'L',	181.00,	NULL,	NULL,	0,	NULL,	'null',	NULL,	'2021-11-02 17:51:28',	'2022-08-10 18:04:13',	NULL,	48,	NULL,	149,	0,	NULL),
(227,	'24 VDC Auxiliary Power Board',	'24 VDC Aux Pwr',	NULL,	'H',	181.00,	NULL,	-5,	0,	NULL,	'null',	NULL,	'2021-11-02 17:52:12',	'2022-08-10 18:04:21',	NULL,	48,	NULL,	149,	0,	NULL),
(228,	'Data Plan, 500MB/mo W/Activation for 1 yr',	'Data Plan, 500MB/mo W/Activation for 1 yr',	NULL,	'GW-DATA-6GBT-Y1',	319.04,	NULL,	NULL,	1,	NULL,	'null',	NULL,	'2021-11-04 23:02:48',	'2021-11-04 23:02:48',	NULL,	54,	NULL,	59,	0,	NULL),
(229,	'Modem Millie 1 year, Multi-Carrier up to 1GB/month W/Activation Fee',	'Modem Millie 1 year, Multi-Carrier up to 1 GB/month W/Activation Fee',	NULL,	'MM-MULTI-US10',	360.00,	NULL,	NULL,	1,	NULL,	'null',	NULL,	'2021-11-05 23:53:13',	'2023-09-08 14:50:15',	NULL,	54,	NULL,	40,	1,	NULL),
(230,	'Modem Millie 1 year with AT&T up to 500MB/month W/Activation Fee',	'Modem Millie 1 year with AT&T up to 500MB/month W/Activation Fee',	NULL,	'MM-NA-DC05',	300.00,	NULL,	NULL,	1,	NULL,	'null',	NULL,	'2021-11-05 23:56:13',	'2023-09-08 14:51:00',	'2023-09-08 14:51:00',	54,	NULL,	40,	0,	NULL),
(231,	'Modem Millie 4 port w/ WiFi  Multi Provider',	'Modem Millie 1 port w/ WiFi, 4G Multi Provider (Purchase Plan Separately)',	NULL,	'MM-T40-O-MULTI',	1201.84,	NULL,	NULL,	1,	NULL,	'null',	NULL,	'2021-11-06 00:30:28',	'2023-08-23 20:49:24',	NULL,	70,	NULL,	63,	0,	NULL),
(232,	'Modem Millie 2 port w/ WiFi, 4G LTE (Plan AT&T Plan separate)',	'Modem Millie 2 port w/ WiFi, 4G LTE (Plan AT&T Plan separate)',	NULL,	'MM-T20-O-ATT',	791.96,	NULL,	NULL,	1,	NULL,	'null',	NULL,	'2021-11-06 00:31:52',	'2023-09-08 14:45:13',	'2023-09-08 14:45:13',	70,	NULL,	63,	0,	NULL),
(233,	'Sample Port',	'Sample Port',	NULL,	'S',	0.00,	NULL,	NULL,	0,	NULL,	'null',	NULL,	'2021-11-18 20:58:05',	'2021-11-18 20:58:05',	NULL,	53,	NULL,	152,	0,	NULL),
(234,	'6 powered relays with USA pigtails prewired',	'6 powered relays with USA pigtails prewired',	NULL,	'A00',	151.00,	NULL,	NULL,	0,	NULL,	'null',	NULL,	'2022-03-21 20:25:56',	'2022-08-18 21:56:52',	NULL,	48,	NULL,	150,	0,	NULL),
(235,	'test',	'test',	NULL,	'123',	2.00,	NULL,	NULL,	1,	NULL,	'null',	NULL,	'2022-03-21 20:39:14',	'2022-03-21 20:39:14',	NULL,	48,	NULL,	31,	1,	NULL),
(236,	'6 powered relays (No Pigtails)',	'6 powered relays (No Pigtails)',	NULL,	'000',	0.00,	NULL,	NULL,	0,	NULL,	'null',	NULL,	'2022-08-10 19:30:13',	'2022-08-10 19:30:13',	NULL,	48,	NULL,	150,	0,	NULL),
(237,	'USA power cord',	'USA power cord',	NULL,	'P',	24.00,	NULL,	NULL,	0,	NULL,	'null',	NULL,	'2022-08-10 19:31:56',	'2022-08-10 19:31:56',	NULL,	48,	NULL,	148,	0,	NULL),
(238,	'Hardwired - No power cord',	'Hardwired - No power cord',	NULL,	'H',	0.00,	NULL,	NULL,	0,	NULL,	'null',	NULL,	'2022-08-10 19:33:10',	'2022-08-10 19:33:10',	NULL,	48,	NULL,	148,	0,	NULL),
(239,	'TEST TIGER OPTION',	'adf',	NULL,	'sdf',	155.00,	NULL,	NULL,	0,	NULL,	NULL,	NULL,	'2022-12-29 23:38:39',	'2022-12-29 23:38:39',	NULL,	NULL,	NULL,	NULL,	0,	NULL),
(240,	'4 Pump Shelf (Requires P4 panel)',	'Panel Mtd Black Poly top 24\", SS brackets, 2 Pump Shelf',	NULL,	'H2-PS4-SB',	351.73,	NULL,	NULL,	1,	NULL,	'null',	NULL,	'2023-08-29 18:09:29',	'2023-08-29 18:09:29',	NULL,	53,	NULL,	137,	0,	NULL),
(241,	'4 Pump Shelf (Requires P4 Panel)',	'H2-PS-4-SB',	NULL,	'H2-PS-4-SB',	351.73,	NULL,	NULL,	1,	NULL,	'null',	NULL,	'2023-08-29 18:11:44',	'2023-08-29 18:11:44',	NULL,	53,	NULL,	137,	0,	NULL),
(242,	'1\" Plumbing',	'1\" Plumbing',	NULL,	'10',	0.00,	NULL,	NULL,	0,	NULL,	'null',	NULL,	'2023-09-22 19:35:34',	'2023-09-22 19:35:34',	NULL,	53,	NULL,	170,	0,	NULL),
(243,	'3/4\" Plumbing',	'3/4\" Plumbing',	NULL,	'07',	0.00,	NULL,	NULL,	0,	NULL,	'null',	NULL,	'2023-09-22 19:36:26',	'2023-09-22 19:36:26',	NULL,	53,	NULL,	170,	0,	NULL);

